000
CDUS45 KCYS 280726
CLILAR


CLIMATE REPORT
NATIONAL WEATHER SERVICE CHEYENNE WY
126 AM MDT SUN AUG 28 2016


...................................

...THE LARAMIE WY AIRPORT CLIMATE SUMMARY FOR AUGUST 27 2016...

CLIMATE NORMAL PERIOD 1981 TO 2010
CLIMATE RECORD PERIOD 1948 TO 2016


WEATHER ITEM   OBSERVED TIME   RECORD YEAR NORMAL DEPARTURE LAST
                VALUE   (LST)  VALUE       VALUE  FROM      YEAR
                                                  NORMAL
..................................................................
TEMPERATURE (F)
 YESTERDAY
  MAXIMUM         75    412 PM  88    1994  76     -1       71
  MINIMUM         42    546 AM  31    1992  45     -3       52
  AVERAGE         59                        60     -1       62

PRECIPITATION (IN)
  YESTERDAY        0.00          0.33 1967   0.04  -0.04     0.09
  MONTH TO DATE    0.70                      1.09  -0.39     1.12
  SINCE JAN 1      9.72                      8.01   1.71     9.68

DEGREE DAYS
 HEATING
  YESTERDAY        6                         5      1        3
  MONTH TO DATE  104                        80     24       62
  SINCE JUN 1    250                       390   -140      260
  SINCE JUL 1    143                       149     -6      140

 COOLING
  YESTERDAY        0                         0      0        0
  MONTH TO DATE   20                        17      3       30
  SINCE JUN 1    115                        64     51       64
  SINCE JAN 1    115                        64     51       64
..................................................................


WIND (MPH)
  HIGHEST WIND SPEED    24   HIGHEST WIND DIRECTION    SW (230)
  HIGHEST GUST SPEED    35   HIGHEST GUST DIRECTION    SW (240)
  AVERAGE WIND SPEED    11.6


SKY COVER
  AVERAGE SKY COVER 0.1


WEATHER CONDITIONS
 THE FOLLOWING WEATHER WAS RECORDED YESTERDAY.
  NO SIGNIFICANT WEATHER WAS OBSERVED.


RELATIVE HUMIDITY (PERCENT)
 HIGHEST    70           200 AM
 LOWEST     17           100 PM
 AVERAGE    44

..........................................................


THE LARAMIE WY AIRPORT CLIMATE NORMALS FOR TODAY
                         NORMAL    RECORD    YEAR
 MAXIMUM TEMPERATURE (F)   76        86      1954
                                             1948
 MINIMUM TEMPERATURE (F)   44        34      2004


SUNRISE AND SUNSET
AUGUST 28 2016........SUNRISE   626 AM MDT   SUNSET   741 PM MDT
AUGUST 29 2016........SUNRISE   627 AM MDT   SUNSET   739 PM MDT


-  INDICATES NEGATIVE NUMBERS.
R  INDICATES RECORD WAS SET OR TIED.
MM INDICATES DATA IS MISSING.
T  INDICATES TRACE AMOUNT.




$$
