000
CDUS45 KCYS 210738
CLILAR


CLIMATE REPORT
NATIONAL WEATHER SERVICE CHEYENNE WY
138 AM MDT THU AUG 21 2014


...................................

...THE LARAMIE WY AIRPORT CLIMATE SUMMARY FOR AUGUST 20 2014...

CLIMATE NORMAL PERIOD 1981 TO 2010
CLIMATE RECORD PERIOD 1948 TO 2014


WEATHER ITEM   OBSERVED TIME   RECORD YEAR NORMAL DEPARTURE LAST
                VALUE   (LST)  VALUE       VALUE  FROM      YEAR
                                                  NORMAL
..................................................................
TEMPERATURE (F)
 YESTERDAY
  MAXIMUM         75   1218 PM  87    2013  77     -2       87
  MINIMUM         51    536 AM  31    1964  46      5       51
  AVERAGE         63                        62      1       69

PRECIPITATION (IN)
  YESTERDAY        0.04          0.38 1961   0.04   0.00     0.00
  MONTH TO DATE    0.67                      0.85  -0.18     0.28
  SINCE JAN 1      9.83                      7.77   2.06     5.57

DEGREE DAYS
 HEATING
  YESTERDAY        2                         4     -2        0
  MONTH TO DATE   50                        50      0       45
  SINCE JUN 1    347                       360    -13      170
  SINCE JUL 1    105                       119    -14       67

 COOLING
  YESTERDAY        0                         0      0        4
  MONTH TO DATE    2                        17    -15       25
  SINCE JUN 1     67                        64      3      119
  SINCE JAN 1     67                        64      3      119
..................................................................


WIND (MPH)
  HIGHEST WIND SPEED    29   HIGHEST WIND DIRECTION     W (250)
  HIGHEST GUST SPEED    36   HIGHEST GUST DIRECTION     W (250)
  AVERAGE WIND SPEED    12.8


SKY COVER
  AVERAGE SKY COVER 0.3


WEATHER CONDITIONS
 THE FOLLOWING WEATHER WAS RECORDED YESTERDAY.
  LIGHT RAIN


RELATIVE HUMIDITY (PERCENT)
 HIGHEST    93           300 AM
 LOWEST     35          1200 PM
 AVERAGE    64

..........................................................


THE LARAMIE WY AIRPORT CLIMATE NORMALS FOR TODAY
                         NORMAL    RECORD    YEAR
 MAXIMUM TEMPERATURE (F)   77        89      1960
 MINIMUM TEMPERATURE (F)   46        34      1974


SUNRISE AND SUNSET
AUGUST 21 2014........SUNRISE   618 AM MDT   SUNSET   753 PM MDT
AUGUST 22 2014........SUNRISE   619 AM MDT   SUNSET   751 PM MDT


-  INDICATES NEGATIVE NUMBERS.
R  INDICATES RECORD WAS SET OR TIED.
MM INDICATES DATA IS MISSING.
T  INDICATES TRACE AMOUNT.




$$
