000
CDUS45 KCYS 020726
CLILAR


CLIMATE REPORT
NATIONAL WEATHER SERVICE CHEYENNE WY
126 AM MDT WED SEP 2 2015


...................................

...THE LARAMIE WY AIRPORT CLIMATE SUMMARY FOR SEPTEMBER 1 2015...

CLIMATE NORMAL PERIOD 1981 TO 2010
CLIMATE RECORD PERIOD 1948 TO 2015


WEATHER ITEM   OBSERVED TIME   RECORD YEAR NORMAL DEPARTURE LAST
                VALUE   (LST)  VALUE       VALUE  FROM      YEAR
                                                  NORMAL
..................................................................
TEMPERATURE (F)
 YESTERDAY
  MAXIMUM         80    309 PM  87    1995  74      6       69
                                      1954
  MINIMUM         44    546 AM  30    1965  43      1       39
  AVERAGE         62                        59      3       54

PRECIPITATION (IN)
  YESTERDAY        0.13          0.52 1970   0.04   0.09     0.00
  MONTH TO DATE    0.13                      0.04   0.09     0.00
  SINCE JAN 1      9.99                      8.19   1.80    10.79

DEGREE DAYS
 HEATING
  YESTERDAY        3                         6     -3       11
  MONTH TO DATE    3                         6     -3       11
  SINCE SEP 1      3                         6     -3       11
  SINCE JUL 1    152                       178    -26      190

 COOLING
  YESTERDAY        0                         0      0        0
  MONTH TO DATE    0                         0      0        0
  SINCE SEP 1      0                         0      0        0
  SINCE JAN 1     65                        66     -1       67
..................................................................


WIND (MPH)
  HIGHEST WIND SPEED    25   HIGHEST WIND DIRECTION    NW (300)
  HIGHEST GUST SPEED    36   HIGHEST GUST DIRECTION     W (290)
  AVERAGE WIND SPEED    11.2


SKY COVER
  AVERAGE SKY COVER 0.1


WEATHER CONDITIONS
 THE FOLLOWING WEATHER WAS RECORDED YESTERDAY.
  THUNDERSTORM
  RAIN
  LIGHT RAIN


RELATIVE HUMIDITY (PERCENT)
 HIGHEST    86           100 AM
 LOWEST     19          1200 PM
 AVERAGE    53

..........................................................


THE LARAMIE WY AIRPORT CLIMATE NORMALS FOR TODAY
                         NORMAL    RECORD    YEAR
 MAXIMUM TEMPERATURE (F)   74        87      2013
                                             1960
 MINIMUM TEMPERATURE (F)   43        27      2008


SUNRISE AND SUNSET
SEPTEMBER  2 2015.....SUNRISE   630 AM MDT   SUNSET   734 PM MDT
SEPTEMBER  3 2015.....SUNRISE   631 AM MDT   SUNSET   732 PM MDT


-  INDICATES NEGATIVE NUMBERS.
R  INDICATES RECORD WAS SET OR TIED.
MM INDICATES DATA IS MISSING.
T  INDICATES TRACE AMOUNT.




$$
