832
CDUS45 KVEF 240829
CLILAS


CLIMATE REPORT
NATIONAL WEATHER SERVICE LAS VEGAS, NV
126 AM PDT SUN SEP 24 2017


...................................

...THE LAS VEGAS NV CLIMATE SUMMARY FOR SEPTEMBER 23 2017...

CLIMATE NORMAL PERIOD 1981 TO 2010
CLIMATE RECORD PERIOD 1937 TO 2017


WEATHER ITEM   OBSERVED TIME   RECORD YEAR NORMAL DEPARTURE LAST
                VALUE   (LST)  VALUE       VALUE  FROM      YEAR
                                                  NORMAL
..................................................................
TEMPERATURE (F)
 YESTERDAY
  MAXIMUM         75    330 PM 104    1947  91    -16       81
  MINIMUM         59    555 AM  46    1941  68     -9       63
  AVERAGE         67                        80    -13       72

PRECIPITATION (IN)
  YESTERDAY        0.00          0.09 1990   0.01  -0.01     0.00
                                      1958
  MONTH TO DATE    0.46                      0.21   0.25      T
  SINCE OCT 1      3.44                      4.15  -0.71     5.12
  SINCE JAN 1      2.38                      3.02  -0.64     3.71

SNOWFALL (IN)
  YESTERDAY        0.0           0.0    MM   0.0    0.0      0.0
  MONTH TO DATE    0.0                       0.0    0.0      0.0
  SINCE SEP 1      0.0                       0.0    0.0      0.0
  SINCE JUL 1      0.0                       0.0    0.0      0.0
  SNOW DEPTH       0

DEGREE DAYS
 HEATING
  YESTERDAY        0                         0      0        0
  MONTH TO DATE    0                         0      0        0
  SINCE SEP 1      0                         0      0        0
  SINCE JUL 1      0                         0      0        0

 COOLING
  YESTERDAY        2                        15    -13        7
  MONTH TO DATE  454                       438     16      427
  SINCE SEP 1    454                       438     16      427
  SINCE JAN 1   3746                      3287    459     3573
..................................................................


WIND (MPH)
  RESULTANT WIND SPEED  11   RESULTANT WIND DIRECTION   N (10)
  HIGHEST WIND SPEED    23   HIGHEST WIND DIRECTION     N (360)
  HIGHEST GUST SPEED    31   HIGHEST GUST DIRECTION     N (360)
  AVERAGE WIND SPEED    12.8


SKY COVER
  POSSIBLE SUNSHINE  MM
  AVERAGE SKY COVER 0.2


WEATHER CONDITIONS
 THE FOLLOWING WEATHER WAS RECORDED YESTERDAY.
  NO SIGNIFICANT WEATHER WAS OBSERVED.


RELATIVE HUMIDITY (PERCENT)
 HIGHEST    36          1100 PM
 LOWEST     13           400 PM
 AVERAGE    25

..........................................................


THE LAS VEGAS NV CLIMATE NORMALS FOR TODAY
                         NORMAL    RECORD    YEAR
 MAXIMUM TEMPERATURE (F)   91       106      1947
 MINIMUM TEMPERATURE (F)   68        45      1941


SUNRISE AND SUNSET
SEPTEMBER 24 2017.....SUNRISE   630 AM PDT   SUNSET   634 PM PDT
SEPTEMBER 25 2017.....SUNRISE   631 AM PDT   SUNSET   633 PM PDT


-  INDICATES NEGATIVE NUMBERS.
R  INDICATES RECORD WAS SET OR TIED.
MM INDICATES DATA IS MISSING.
T  INDICATES TRACE AMOUNT.




$$
