000
CDUS45 KVEF 260041
CLILAS


CLIMATE REPORT
NATIONAL WEATHER SERVICE LAS VEGAS, NV
438 PM PST THU DEC 25 2014


...................................

...THE LAS VEGAS NV CLIMATE SUMMARY FOR DECEMBER 25 2014...
VALID TODAY AS OF 0400 PM LOCAL TIME.

CLIMATE NORMAL PERIOD 1981 TO 2010
CLIMATE RECORD PERIOD 1937 TO 2014


WEATHER ITEM   OBSERVED TIME   RECORD YEAR NORMAL DEPARTURE LAST
                VALUE   (LST)  VALUE       VALUE  FROM      YEAR
                                                  NORMAL
..................................................................
TEMPERATURE (F)
 TODAY
  MAXIMUM         60   1223 AM  69    1964  56      4       63
  MINIMUM         47    728 AM  17    1948  38      9       42
  AVERAGE         54                        47      7       53

PRECIPITATION (IN)
  TODAY            T             0.66 1994   0.02  -0.02     0.00
  MONTH TO DATE    0.30                      0.38  -0.08     0.05
  SINCE OCT 1      0.30                      1.01  -0.71     1.42
  SINCE JAN 1      1.81                      4.07  -2.26     2.96

SNOWFALL (IN)
  TODAY           MM             T    2008   0.0   MM        0.0
                                      1988
                                      1941
  MONTH TO DATE    0.0                       0.2   -0.2      0.0
  SINCE DEC 1      0.0                       0.2   -0.2      0.0
  SINCE JUL 1      0.0                       0.2   -0.2      0.0
  SNOW DEPTH      MM

DEGREE DAYS
 HEATING
  TODAY           11                        18     -7       12
  MONTH TO DATE  281                       431   -150      454
  SINCE DEC 1    281                       431   -150      454
  SINCE JUL 1    454                       740   -286      717

 COOLING
  TODAY            0                         0      0        0
  MONTH TO DATE    0                         0      0        0
  SINCE DEC 1      0                         0      0        0
  SINCE JAN 1   3970                      3568    402     3766
..................................................................


WIND (MPH)
  RESULTANT WIND SPEED  18   RESULTANT WIND DIRECTION  NW (320)
  HIGHEST WIND SPEED    35   HIGHEST WIND DIRECTION    NW (310)
  HIGHEST GUST SPEED    44   HIGHEST GUST DIRECTION    NW (310)
  AVERAGE WIND SPEED    19.5


SKY COVER
  POSSIBLE SUNSHINE  MM
  AVERAGE SKY COVER 0.5


WEATHER CONDITIONS
 THE FOLLOWING WEATHER WAS RECORDED TODAY.
  LIGHT RAIN


RELATIVE HUMIDITY (PERCENT)
 HIGHEST    42           200 AM
 LOWEST     16          1100 AM
 AVERAGE    29

..........................................................


THE LAS VEGAS NV CLIMATE NORMALS FOR TOMORROW
                         NORMAL    RECORD    YEAR
 MAXIMUM TEMPERATURE (F)   56        73      1980
 MINIMUM TEMPERATURE (F)   38        20      1962


SUNRISE AND SUNSET
DECEMBER 25 2014......SUNRISE   649 AM PST   SUNSET   432 PM PST
DECEMBER 26 2014......SUNRISE   650 AM PST   SUNSET   433 PM PST


-  INDICATES NEGATIVE NUMBERS.
R  INDICATES RECORD WAS SET OR TIED.
MM INDICATES DATA IS MISSING.
T  INDICATES TRACE AMOUNT.




$$
