000
CDUS46 KLOX 280125
CLILAX


CLIMATE REPORT
NATIONAL WEATHER SERVICE LOS ANGELES/OXNARD CA
625 PM PDT THU APR 27 2017


...................................

...THE LOS ANGELES AIRPORT CLIMATE SUMMARY FOR APRIL 27 2017...
VALID TODAY AS OF 0600 PM LOCAL TIME.

CLIMATE NORMAL PERIOD 1981 TO 2010
CLIMATE RECORD PERIOD 1944 TO 2017


WEATHER ITEM   OBSERVED TIME   RECORD YEAR NORMAL DEPARTURE LAST
                VALUE   (LST)  VALUE       VALUE  FROM      YEAR
                                                  NORMAL
..................................................................
TEMPERATURE (F)
 TODAY
  MAXIMUM         72    416 PM  93    2004  67      5       67
  MINIMUM         56    326 AM  46    1945  55      1       55
  AVERAGE         64                        61      3       61

PRECIPITATION (IN)
  TODAY            0.00          1.26 1960   0.01  -0.01     0.00
  MONTH TO DATE    0.38                      0.65  -0.27     0.29
  SINCE OCT 1     16.19                     12.18   4.01     6.66
  SINCE JAN 1     11.94                      8.46   3.48     5.42

SNOWFALL (IN)
  TODAY            0.0
  MONTH TO DATE    0.0
  SINCE MAR 1      0.0
  SINCE JUL 1      0.0

DEGREE DAYS
 HEATING
  TODAY            1                         4     -3        4
  MONTH TO DATE   68                       145    -77       56
  SINCE MAR 1    180                       366   -186      188
  SINCE JUL 1    953                      1295   -342      884

 COOLING
  TODAY            0                         1     -1        0
  MONTH TO DATE   14                         6      8       34
  SINCE MAR 1     16                        12      4       35
  SINCE JAN 1     16                        21     -5       92
..................................................................


WIND (MPH)
  HIGHEST WIND SPEED    23   HIGHEST WIND DIRECTION     W (270)
  HIGHEST GUST SPEED    26   HIGHEST GUST DIRECTION     W (260)
  AVERAGE WIND SPEED     9.3


SKY COVER
  POSSIBLE SUNSHINE  MM
  AVERAGE SKY COVER 0.7


WEATHER CONDITIONS
 THE FOLLOWING WEATHER WAS RECORDED TODAY.
  FOG


RELATIVE HUMIDITY (PERCENT)
 HIGHEST    93          1200 AM
 LOWEST     53           400 PM
 AVERAGE    73

..........................................................


THE LOS ANGELES AIRPORT CLIMATE NORMALS FOR TOMORROW
                         NORMAL    RECORD    YEAR
 MAXIMUM TEMPERATURE (F)   68        93      2008
 MINIMUM TEMPERATURE (F)   55        46      1984


SUNRISE AND SUNSET
APRIL 27 2017.........SUNRISE   608 AM PDT   SUNSET   734 PM PDT
APRIL 28 2017.........SUNRISE   607 AM PDT   SUNSET   735 PM PDT


-  INDICATES NEGATIVE NUMBERS.
R  INDICATES RECORD WAS SET OR TIED.
MM INDICATES DATA IS MISSING.
T  INDICATES TRACE AMOUNT.




$$
