000
CDUS46 KLOX 190118
CLILAX


CLIMATE REPORT
NATIONAL WEATHER SERVICE LOS ANGELES/OXNARD CA
617 PM PDT FRI AUG 18 2017


...................................

...THE LOS ANGELES AIRPORT CLIMATE SUMMARY FOR AUGUST 18 2017...
VALID TODAY AS OF 0600 PM LOCAL TIME.

CLIMATE NORMAL PERIOD 1981 TO 2010
CLIMATE RECORD PERIOD 1944 TO 2017


WEATHER ITEM   OBSERVED TIME   RECORD YEAR NORMAL DEPARTURE LAST
                VALUE   (LST)  VALUE       VALUE  FROM      YEAR
                                                  NORMAL
..................................................................
TEMPERATURE (F)
 TODAY
  MAXIMUM         75   1125 AM  88    1986  75      0       74
  MINIMUM         65    351 AM  56    1948  64      1       61
  AVERAGE         70                        70      0       68

PRECIPITATION (IN)
  TODAY            0.00          1.00 1983   0.00   0.00     0.00
  MONTH TO DATE    T                         0.03  -0.03     0.00
  SINCE OCT 1     16.32                     12.59   3.73     7.25
  SINCE JAN 1     12.07                      8.87   3.20     6.01

SNOWFALL (IN)
  TODAY            0.0
  MONTH TO DATE    0.0
  SINCE JUN 1      0.0
  SINCE JUL 1      0.0

DEGREE DAYS
 HEATING
  TODAY            0                         0      0        0
  MONTH TO DATE    0                         0      0        0
  SINCE JUN 1      4                        27    -23       16
  SINCE JUL 1      0                         2     -2        0

 COOLING
  TODAY            5                         5      0        3
  MONTH TO DATE  131                        84     47      117
  SINCE JUN 1    412                       245    167      423
  SINCE JAN 1    470                       285    185      516
..................................................................


WIND (MPH)
  HIGHEST WIND SPEED    18   HIGHEST WIND DIRECTION     W (260)
  HIGHEST GUST SPEED    27   HIGHEST GUST DIRECTION     W (260)
  AVERAGE WIND SPEED     9.1


SKY COVER
  POSSIBLE SUNSHINE  MM
  AVERAGE SKY COVER 0.4


WEATHER CONDITIONS
 THE FOLLOWING WEATHER WAS RECORDED TODAY.
  FOG


RELATIVE HUMIDITY (PERCENT)
 HIGHEST    93          1200 AM
 LOWEST     68          1100 AM
 AVERAGE    81

..........................................................


THE LOS ANGELES AIRPORT CLIMATE NORMALS FOR TOMORROW
                         NORMAL    RECORD    YEAR
 MAXIMUM TEMPERATURE (F)   75        90      1997
 MINIMUM TEMPERATURE (F)   64        57      1950
                                             1948


SUNRISE AND SUNSET
AUGUST 18 2017........SUNRISE   618 AM PDT   SUNSET   736 PM PDT
AUGUST 19 2017........SUNRISE   618 AM PDT   SUNSET   735 PM PDT


-  INDICATES NEGATIVE NUMBERS.
R  INDICATES RECORD WAS SET OR TIED.
MM INDICATES DATA IS MISSING.
T  INDICATES TRACE AMOUNT.




$$
