000
CDUS46 KLOX 010906
CLILAX


CLIMATE REPORT
NATIONAL WEATHER SERVICE LOS ANGELES/OXNARD CA
106 AM PST SUN FEB 1 2015


...................................

...THE LOS ANGELES INTL AIRPORT CA CLIMATE SUMMARY FOR JANUARY 31 2015...

CLIMATE NORMAL PERIOD 1981 TO 2010
CLIMATE RECORD PERIOD 1944 TO 2015


WEATHER ITEM   OBSERVED TIME   RECORD YEAR NORMAL DEPARTURE LAST
                VALUE   (LST)  VALUE       VALUE  FROM      YEAR
                                                  NORMAL
..................................................................
TEMPERATURE (F)
 YESTERDAY
  MAXIMUM         66        MM  91    2003  65      1       63
  MINIMUM         55        MM  34    1946  49      6       56
  AVERAGE         61                        57      4       60

PRECIPITATION (IN)
  YESTERDAY        0.00          1.25 1996   0.10  -0.10      T
  MONTH TO DATE    1.25                      2.71  -1.46      T
  SINCE OCT 1      5.95                      6.43  -0.48     1.01
  SINCE JAN 1      1.25                      2.71  -1.46      T

SNOWFALL (IN)
  YESTERDAY        0.0
  MONTH TO DATE    0.0
  SINCE DEC 1      0.0
  SINCE JUL 1      0.0

DEGREE DAYS
 HEATING
  YESTERDAY        4                         8     -4        5
  MONTH TO DATE  160                       259    -99      121
  SINCE DEC 1    367                       522   -155      314
  SINCE JUL 1    409                       704   -295      414

 COOLING
  YESTERDAY        0                         0      0        0
  MONTH TO DATE    7                         4      3       16
  SINCE DEC 1      9                         5      4       32
  SINCE JAN 1      7                         4      3       16
..................................................................


WIND (MPH)
  HIGHEST WIND SPEED    14   HIGHEST WIND DIRECTION     W (270)
  HIGHEST GUST SPEED    MM   HIGHEST GUST DIRECTION    MM
  AVERAGE WIND SPEED     4.9


SKY COVER
  POSSIBLE SUNSHINE  MM
  AVERAGE SKY COVER 0.5


WEATHER CONDITIONS
 THE FOLLOWING WEATHER WAS RECORDED YESTERDAY.
  FOG
  HAZE


RELATIVE HUMIDITY (PERCENT)
 HIGHEST   100          1200 AM
 LOWEST     67          1100 AM
 AVERAGE    84

..........................................................


THE LOS ANGELES INTL AIRPORT CA CLIMATE NORMALS FOR TODAY
                         NORMAL    RECORD    YEAR
 MAXIMUM TEMPERATURE (F)   65        79      1954
 MINIMUM TEMPERATURE (F)   49        37      1950


SUNRISE AND SUNSET
FEBRUARY  1 2015......SUNRISE   651 AM PST   SUNSET   524 PM PST
FEBRUARY  2 2015......SUNRISE   650 AM PST   SUNSET   525 PM PST


-  INDICATES NEGATIVE NUMBERS.
R  INDICATES RECORD WAS SET OR TIED.
MM INDICATES DATA IS MISSING.
T  INDICATES TRACE AMOUNT.




$$
