000
CDUS46 KLOX 310901
CLILAX


CLIMATE REPORT
NATIONAL WEATHER SERVICE LOS ANGELES/OXNARD CA
200 AM PDT SUN AUG 31 2014


...................................

...THE LOS ANGELES INTL AIRPORT CA CLIMATE SUMMARY FOR AUGUST 30 2014...

CLIMATE NORMAL PERIOD 1981 TO 2010
CLIMATE RECORD PERIOD 1944 TO 2014


WEATHER ITEM   OBSERVED TIME   RECORD YEAR NORMAL DEPARTURE LAST
                VALUE   (LST)  VALUE       VALUE  FROM      YEAR
                                                  NORMAL
..................................................................
TEMPERATURE (F)
 YESTERDAY
  MAXIMUM         77    309 PM  97    1996  75      2       92
  MINIMUM         66    415 AM  56    1947  64      2       72
  AVERAGE         72                        70      2       82

PRECIPITATION (IN)
  YESTERDAY        0.00          T    2007   0.00   0.00     0.00
  MONTH TO DATE    0.03                      0.05  -0.02      T
  SINCE JUL 1      0.17                      0.08   0.09     0.03
  SINCE JAN 1      3.58                      8.89  -5.31     2.64

SNOWFALL (IN)
  YESTERDAY        0.0
  MONTH TO DATE    0.0
  SINCE JUN 1      0.0
  SINCE JUL 1      0.0

DEGREE DAYS
 HEATING
  YESTERDAY        0                         0      0        0
  MONTH TO DATE    0                         0      0        1
  SINCE JUN 1      1                        27    -26        1
  SINCE JUL 1      0                         2     -2        1

 COOLING
  YESTERDAY        7                         5      2       17
  MONTH TO DATE  191                       144     47      110
  SINCE JUN 1    498                       305    193      336
  SINCE JAN 1    709                       345    364      417
..................................................................


WIND (MPH)
  HIGHEST WIND SPEED    16   HIGHEST WIND DIRECTION     W (270)
  HIGHEST GUST SPEED    20   HIGHEST GUST DIRECTION     W (270)
  AVERAGE WIND SPEED     5.7


SKY COVER
  POSSIBLE SUNSHINE  MM
  AVERAGE SKY COVER 0.4


WEATHER CONDITIONS
 THE FOLLOWING WEATHER WAS RECORDED YESTERDAY.
  FOG
  HAZE


RELATIVE HUMIDITY (PERCENT)
 HIGHEST    93           400 AM
 LOWEST     64          1200 PM
 AVERAGE    79

..........................................................


THE LOS ANGELES INTL AIRPORT CA CLIMATE NORMALS FOR TODAY
                         NORMAL    RECORD    YEAR
 MAXIMUM TEMPERATURE (F)   75        98      1955
 MINIMUM TEMPERATURE (F)   64        55      1947


SUNRISE AND SUNSET
AUGUST 31 2014........SUNRISE   627 AM PDT   SUNSET   721 PM PDT
SEPTEMBER  1 2014.....SUNRISE   627 AM PDT   SUNSET   719 PM PDT


-  INDICATES NEGATIVE NUMBERS.
R  INDICATES RECORD WAS SET OR TIED.
MM INDICATES DATA IS MISSING.
T  INDICATES TRACE AMOUNT.




$$
