000
CDUS46 KLOX 230122
CLILAX


CLIMATE REPORT
NATIONAL WEATHER SERVICE LOS ANGELES/OXNARD CA
521 PM PST WED FEB 22 2017


...................................

...THE LOS ANGELES AIRPORT CLIMATE SUMMARY FOR FEBRUARY 22 2017...
VALID TODAY AS OF 0500 PM LOCAL TIME.

CLIMATE NORMAL PERIOD 1981 TO 2010
CLIMATE RECORD PERIOD 1944 TO 2017


WEATHER ITEM   OBSERVED TIME   RECORD YEAR NORMAL DEPARTURE LAST
                VALUE   (LST)  VALUE       VALUE  FROM      YEAR
                                                  NORMAL
..................................................................
TEMPERATURE (F)
 TODAY
  MAXIMUM         61    409 PM  88    2002  64     -3       75
  MINIMUM         52    634 AM  36    1953  51      1       51
  AVERAGE         57                        57      0       63

PRECIPITATION (IN)
  TODAY            0.00          1.53 2004   0.12  -0.12     0.00
  MONTH TO DATE    3.97                      2.59   1.38     0.73
  SINCE OCT 1     15.66                      9.02   6.64     4.91
  SINCE JAN 1     11.41                      5.30   6.11     3.67

SNOWFALL (IN)
  TODAY            0.0
  MONTH TO DATE    0.0
  SINCE DEC 1      0.0
  SINCE JUL 1      0.0

DEGREE DAYS
 HEATING
  TODAY            8                         8      0        2
  MONTH TO DATE  140                       176    -36       91
  SINCE DEC 1    623                       698    -75      570
  SINCE JUL 1    702                       880   -178      681

 COOLING
  TODAY            0                         0      0        0
  MONTH TO DATE    0                         0      0       45
  SINCE DEC 1      2                         5     -3       51
  SINCE JAN 1      0                         4     -4       45
..................................................................


WIND (MPH)
  HIGHEST WIND SPEED    25   HIGHEST WIND DIRECTION     W (270)
  HIGHEST GUST SPEED    30   HIGHEST GUST DIRECTION     W (260)
  AVERAGE WIND SPEED    10.6


SKY COVER
  POSSIBLE SUNSHINE  MM
  AVERAGE SKY COVER 0.4


WEATHER CONDITIONS
 THE FOLLOWING WEATHER WAS RECORDED TODAY.
  FOG


RELATIVE HUMIDITY (PERCENT)
 HIGHEST   100           200 AM
 LOWEST     64          1200 PM
 AVERAGE    82

..........................................................


THE LOS ANGELES AIRPORT CLIMATE NORMALS FOR TOMORROW
                         NORMAL    RECORD    YEAR
 MAXIMUM TEMPERATURE (F)   64        90      1954
 MINIMUM TEMPERATURE (F)   51        42      1975
                                             1951
                                             1945


SUNRISE AND SUNSET
FEBRUARY 22 2017......SUNRISE   630 AM PST   SUNSET   544 PM PST
FEBRUARY 23 2017......SUNRISE   629 AM PST   SUNSET   545 PM PST


-  INDICATES NEGATIVE NUMBERS.
R  INDICATES RECORD WAS SET OR TIED.
MM INDICATES DATA IS MISSING.
T  INDICATES TRACE AMOUNT.




$$
