297
CDUS46 KLOX 290122
CLILAX


CLIMATE REPORT
NATIONAL WEATHER SERVICE LOS ANGELES/OXNARD CA
622 PM PDT SUN AUG 28 2016


...................................

...THE LOS ANGELES AIRPORT CLIMATE SUMMARY FOR AUGUST 28 2016...
VALID TODAY AS OF 0600 PM LOCAL TIME.

CLIMATE NORMAL PERIOD 1981 TO 2010
CLIMATE RECORD PERIOD 1944 TO 2016


WEATHER ITEM   OBSERVED TIME   RECORD YEAR NORMAL DEPARTURE LAST
                VALUE   (LST)  VALUE       VALUE  FROM      YEAR
                                                  NORMAL
..................................................................
TEMPERATURE (F)
 TODAY
  MAXIMUM         75   1212 PM  89    2009  75      0       86
  MINIMUM         63    457 AM  57    1947  64     -1       72
  AVERAGE         69                        70     -1       79

PRECIPITATION (IN)
  TODAY            0.00          0.04 1951   0.01  -0.01     0.00
  MONTH TO DATE    0.00                      0.05  -0.05     0.00
  SINCE OCT 1      7.25                     12.61  -5.36     7.61
  SINCE JAN 1      6.01                      8.89  -2.88     2.91

SNOWFALL (IN)
  TODAY            0.0
  MONTH TO DATE    0.0
  SINCE JUN 1      0.0
  SINCE JUL 1      0.0

DEGREE DAYS
 HEATING
  TODAY            0                         0      0        0
  MONTH TO DATE    0                         0      0        0
  SINCE JUN 1     16                        27    -11       11
  SINCE JUL 1      0                         2     -2        0

 COOLING
  TODAY            4                         5     -1       14
  MONTH TO DATE  161                       134     27      214
  SINCE JUN 1    467                       295    172      441
  SINCE JAN 1    560                       335    225      554
..................................................................


WIND (MPH)
  HIGHEST WIND SPEED    22   HIGHEST WIND DIRECTION     W (260)
  HIGHEST GUST SPEED    26   HIGHEST GUST DIRECTION     W (270)
  AVERAGE WIND SPEED     8.5


SKY COVER
  POSSIBLE SUNSHINE  MM
  AVERAGE SKY COVER 0.1


WEATHER CONDITIONS
 THE FOLLOWING WEATHER WAS RECORDED TODAY.
  NO SIGNIFICANT WEATHER WAS OBSERVED.


RELATIVE HUMIDITY (PERCENT)
 HIGHEST    90           400 AM
 LOWEST     64          1000 AM
 AVERAGE    77

..........................................................


THE LOS ANGELES AIRPORT CLIMATE NORMALS FOR TOMORROW
                         NORMAL    RECORD    YEAR
 MAXIMUM TEMPERATURE (F)   75        90      1996
 MINIMUM TEMPERATURE (F)   64        55      1947


SUNRISE AND SUNSET
AUGUST 28 2016........SUNRISE   625 AM PDT   SUNSET   724 PM PDT
AUGUST 29 2016........SUNRISE   626 AM PDT   SUNSET   722 PM PDT


-  INDICATES NEGATIVE NUMBERS.
R  INDICATES RECORD WAS SET OR TIED.
MM INDICATES DATA IS MISSING.
T  INDICATES TRACE AMOUNT.




$$
