000
CDUS46 KLOX 010129
CLILAX


CLIMATE REPORT
NATIONAL WEATHER SERVICE LOS ANGELES/OXNARD CA
629 PM PDT TUE MAY 31 2016


...................................

...THE LOS ANGELES AIRPORT CLIMATE SUMMARY FOR MAY 31 2016...
VALID TODAY AS OF 0600 PM LOCAL TIME.

CLIMATE NORMAL PERIOD 1981 TO 2010
CLIMATE RECORD PERIOD 1944 TO 2016


WEATHER ITEM   OBSERVED TIME   RECORD YEAR NORMAL DEPARTURE LAST
                VALUE   (LST)  VALUE       VALUE  FROM      YEAR
                                                  NORMAL
..................................................................
TEMPERATURE (F)
 TODAY
  MAXIMUM         69   1241 PM  78    2004  69      0       66
  MINIMUM         59    406 AM  51    1991  59      0       56
  AVERAGE         64                        64      0       61

PRECIPITATION (IN)
  TODAY            0.00          0.01 1973   0.00   0.00     0.00
  MONTH TO DATE    0.59                      0.22   0.37     0.43
  SINCE OCT 1      7.25                     12.45  -5.20     7.25
  SINCE JAN 1      6.01                      8.73  -2.72     2.55

SNOWFALL (IN)
  TODAY            0.0
  MONTH TO DATE    0.0
  SINCE MAR 1      0.0
  SINCE JUL 1      0.0

DEGREE DAYS
 HEATING
  TODAY            1                         2     -1        4
  MONTH TO DATE   64                        86    -22      116
  SINCE MAR 1    266                       465   -199      283
  SINCE JUL 1    962                      1394   -432      816

 COOLING
  TODAY            0                         1     -1        0
  MONTH TO DATE    1                        14    -13        0
  SINCE MAR 1     36                        31      5       86
  SINCE JAN 1     93                        40     53      113
..................................................................


WIND (MPH)
  HIGHEST WIND SPEED    14   HIGHEST WIND DIRECTION    SW (240)
  HIGHEST GUST SPEED    18   HIGHEST GUST DIRECTION     W (250)
  AVERAGE WIND SPEED     4.9


SKY COVER
  POSSIBLE SUNSHINE  MM
  AVERAGE SKY COVER 0.9


WEATHER CONDITIONS
 THE FOLLOWING WEATHER WAS RECORDED TODAY.
  FOG
  HAZE


RELATIVE HUMIDITY (PERCENT)
 HIGHEST    87          1200 AM
 LOWEST     68          1200 PM
 AVERAGE    78

..........................................................


THE LOS ANGELES AIRPORT CLIMATE NORMALS FOR TOMORROW
                         NORMAL    RECORD    YEAR
 MAXIMUM TEMPERATURE (F)   69        77      1996
 MINIMUM TEMPERATURE (F)   59        50      1971
                                             1955


SUNRISE AND SUNSET
MAY 31 2016...........SUNRISE   544 AM PDT   SUNSET   759 PM PDT
JUNE  1 2016..........SUNRISE   543 AM PDT   SUNSET   800 PM PDT


-  INDICATES NEGATIVE NUMBERS.
R  INDICATES RECORD WAS SET OR TIED.
MM INDICATES DATA IS MISSING.
T  INDICATES TRACE AMOUNT.




$$
