000
CDUS44 KLUB 110630
CLILBB


CLIMATE REPORT
NATIONAL WEATHER SERVICE LUBBOCK, TX
1229 AM CST MON DEC 11 2017


...................................

...THE LUBBOCK CLIMATE SUMMARY FOR DECEMBER 10 2017...

CLIMATE NORMAL PERIOD 1981 TO 2010
CLIMATE RECORD PERIOD 1911 TO 2017


WEATHER ITEM   OBSERVED TIME   RECORD YEAR NORMAL DEPARTURE LAST
                VALUE   (LST)  VALUE       VALUE  FROM      YEAR
                                                  NORMAL
..................................................................
TEMPERATURE (F)
 YESTERDAY
  MAXIMUM         70    333 PM  81    1933  55     15       61
  MINIMUM         22    752 AM   5    1917  28     -6       28
  AVERAGE         46                        41      5       45

PRECIPITATION (IN)
  YESTERDAY        0.00          0.34 1964   0.03  -0.03     0.00
                                      1943
  MONTH TO DATE    T                         0.25  -0.25     0.43
  SINCE DEC 1      T                         0.25  -0.25     0.43
  SINCE JAN 1     21.95                     18.61   3.34    13.41

SNOWFALL (IN)
  YESTERDAY        0.0           2.7  1960   0.1   -0.1      0.0
  MONTH TO DATE    T                         0.6   -0.6       T
  SINCE DEC 1      T                         0.6   -0.6       T
  SINCE JUL 1      T                         1.5   -1.5       T
  SNOW DEPTH       0

DEGREE DAYS
 HEATING
  YESTERDAY       19                        24     -5       20
  MONTH TO DATE  183                       228    -45      260
  SINCE DEC 1    183                       228    -45      260
  SINCE JUL 1    689                       870   -181      624

 COOLING
  YESTERDAY        0                         0      0        0
  MONTH TO DATE    0                         0      0        0
  SINCE DEC 1      0                         0      0        0
  SINCE JAN 1   1991                      1804    187     2114
..................................................................


WIND (MPH)
  RESULTANT WIND SPEED   6   RESULTANT WIND DIRECTION   W (280)
  HIGHEST WIND SPEED    18   HIGHEST WIND DIRECTION     W (250)
  HIGHEST GUST SPEED    22   HIGHEST GUST DIRECTION    SW (240)
  AVERAGE WIND SPEED     6.7


SKY COVER
  AVERAGE SKY COVER 0.3


WEATHER CONDITIONS
 THE FOLLOWING WEATHER WAS RECORDED YESTERDAY.
  NO SIGNIFICANT WEATHER WAS OBSERVED.


RELATIVE HUMIDITY (PERCENT)
 HIGHEST    57           600 AM
 LOWEST      8           300 PM
 AVERAGE    33

..........................................................


THE LUBBOCK CLIMATE NORMALS FOR TODAY
                         NORMAL    RECORD    YEAR
 MAXIMUM TEMPERATURE (F)   54        80      1939
 MINIMUM TEMPERATURE (F)   27         6      1917


SUNRISE AND SUNSET
DECEMBER 11 2017......SUNRISE   742 AM CST   SUNSET   539 PM CST
DECEMBER 12 2017......SUNRISE   743 AM CST   SUNSET   540 PM CST


-  INDICATES NEGATIVE NUMBERS.
R  INDICATES RECORD WAS SET OR TIED.
MM INDICATES DATA IS MISSING.
T  INDICATES TRACE AMOUNT.




$$
