910
CDUS44 KLUB 290627
CLILBB


CLIMATE REPORT
NATIONAL WEATHER SERVICE LUBBOCK, TX
126 AM CDT THU SEP 29 2016


...................................

...THE LUBBOCK CLIMATE SUMMARY FOR SEPTEMBER 28 2016...

CLIMATE NORMAL PERIOD 1981 TO 2010
CLIMATE RECORD PERIOD 1911 TO 2016


WEATHER ITEM   OBSERVED TIME   RECORD YEAR NORMAL DEPARTURE LAST
                VALUE   (LST)  VALUE       VALUE  FROM      YEAR
                                                  NORMAL
..................................................................
TEMPERATURE (F)
 YESTERDAY
  MAXIMUM         88    359 PM  98    1994  81      7       88
  MINIMUM         48    707 AM  36    1918  54     -6       57
  AVERAGE         68                        67      1       73

PRECIPITATION (IN)
  YESTERDAY        0.00          1.13 2004   0.07  -0.07     0.00
  MONTH TO DATE    1.47                      2.37  -0.90     0.49
  SINCE SEP 1      1.47                      2.37  -0.90     0.49
  SINCE JAN 1     11.39                     15.44  -4.05    22.78

SNOWFALL (IN)
  YESTERDAY        0.0           0.0  2002   0.0    0.0      0.0
  MONTH TO DATE    0.0                       0.0    0.0      0.0
  SINCE SEP 1      0.0                       0.0    0.0      0.0
  SINCE JUL 1      0.0                       0.0    0.0      0.0
  SNOW DEPTH       0

DEGREE DAYS
 HEATING
  YESTERDAY        0                         2     -2        0
  MONTH TO DATE    1                        19    -18        0
  SINCE SEP 1      1                        19    -18        0
  SINCE JUL 1      1                        19    -18        0

 COOLING
  YESTERDAY        3                         4     -1        8
  MONTH TO DATE  254                       214     40      332
  SINCE SEP 1    254                       214     40      332
  SINCE JAN 1   1980                      1740    240     1837
..................................................................


WIND (MPH)
  RESULTANT WIND SPEED   1   RESULTANT WIND DIRECTION   N (340)
  HIGHEST WIND SPEED    14   HIGHEST WIND DIRECTION    NW (320)
  HIGHEST GUST SPEED    16   HIGHEST GUST DIRECTION    NW (320)
  AVERAGE WIND SPEED     6.3


SKY COVER
  AVERAGE SKY COVER 0.5


WEATHER CONDITIONS
 THE FOLLOWING WEATHER WAS RECORDED YESTERDAY.
  NO SIGNIFICANT WEATHER WAS OBSERVED.


RELATIVE HUMIDITY (PERCENT)
 HIGHEST    80           600 AM
 LOWEST     18           400 PM
 AVERAGE    49

..........................................................


THE LUBBOCK CLIMATE NORMALS FOR TODAY
                         NORMAL    RECORD    YEAR
 MAXIMUM TEMPERATURE (F)   80        97      2011
                                             1977
 MINIMUM TEMPERATURE (F)   54        33      1916


SUNRISE AND SUNSET
SEPTEMBER 29 2016.....SUNRISE   741 AM CDT   SUNSET   734 PM CDT
SEPTEMBER 30 2016.....SUNRISE   741 AM CDT   SUNSET   732 PM CDT


-  INDICATES NEGATIVE NUMBERS.
R  INDICATES RECORD WAS SET OR TIED.
MM INDICATES DATA IS MISSING.
T  INDICATES TRACE AMOUNT.




$$
