000
CDUS44 KLUB 260627
CLILBB


CLIMATE REPORT
NATIONAL WEATHER SERVICE LUBBOCK, TX
1226 AM CST SUN FEB 26 2017


...................................

...THE LUBBOCK CLIMATE SUMMARY FOR FEBRUARY 25 2017...

CLIMATE NORMAL PERIOD 1981 TO 2010
CLIMATE RECORD PERIOD 1911 TO 2017


WEATHER ITEM   OBSERVED TIME   RECORD YEAR NORMAL DEPARTURE LAST
                VALUE   (LST)  VALUE       VALUE  FROM      YEAR
                                                  NORMAL
..................................................................
TEMPERATURE (F)
 YESTERDAY
  MAXIMUM         53    448 PM  86    1989  61     -8       52
                                      1917
  MINIMUM         25    736 AM  -8    1960  32     -7       27
  AVERAGE         39                        47     -8       40

PRECIPITATION (IN)
  YESTERDAY        0.00          1.25 1912   0.02  -0.02     0.00
  MONTH TO DATE    0.89                      0.66   0.23     0.09
  SINCE DEC 1      3.41                      2.07   1.34     1.96
  SINCE JAN 1      2.92                      1.31   1.61     0.39

SNOWFALL (IN)
  YESTERDAY        0.0           3.4  2013   0.0    0.0      0.0
  MONTH TO DATE    T                         1.5   -1.5       T
  SINCE DEC 1      0.2                       6.4   -6.2     13.3
  SINCE JUL 1      0.2                       7.3   -7.1     13.3
  SNOW DEPTH       0

DEGREE DAYS
 HEATING
  YESTERDAY       26                        18      8       25
  MONTH TO DATE  334                       522   -188      442
  SINCE DEC 1   1693                      2045   -352     1836
  SINCE JUL 1   2057                      2687   -630     2355

 COOLING
  YESTERDAY        0                         0      0        0
  MONTH TO DATE    4                         0      4        4
  SINCE DEC 1      4                         0      4        4
  SINCE JAN 1      4                         0      4        4
..................................................................


WIND (MPH)
  RESULTANT WIND SPEED   9   RESULTANT WIND DIRECTION  SE (150)
  HIGHEST WIND SPEED    20   HIGHEST WIND DIRECTION     S (180)
  HIGHEST GUST SPEED    26   HIGHEST GUST DIRECTION     S (170)
  AVERAGE WIND SPEED    11.0


SKY COVER
  AVERAGE SKY COVER 0.1


WEATHER CONDITIONS
 THE FOLLOWING WEATHER WAS RECORDED YESTERDAY.
  NO SIGNIFICANT WEATHER WAS OBSERVED.


RELATIVE HUMIDITY (PERCENT)
 HIGHEST    75           500 AM
 LOWEST     28           400 PM
 AVERAGE    52

..........................................................


THE LUBBOCK CLIMATE NORMALS FOR TODAY
                         NORMAL    RECORD    YEAR
 MAXIMUM TEMPERATURE (F)   62        85      1918
 MINIMUM TEMPERATURE (F)   33         8      1935


SUNRISE AND SUNSET
FEBRUARY 26 2017......SUNRISE   719 AM CST   SUNSET   642 PM CST
FEBRUARY 27 2017......SUNRISE   718 AM CST   SUNSET   642 PM CST


-  INDICATES NEGATIVE NUMBERS.
R  INDICATES RECORD WAS SET OR TIED.
MM INDICATES DATA IS MISSING.
T  INDICATES TRACE AMOUNT.




$$
