000
CDUS44 KLUB 230645
CLILBB


CLIMATE REPORT
NATIONAL WEATHER SERVICE LUBBOCK, TX
145 AM CDT SUN APR 23 2017


...................................

...THE LUBBOCK CLIMATE SUMMARY FOR APRIL 22 2017...

CLIMATE NORMAL PERIOD 1981 TO 2010
CLIMATE RECORD PERIOD 1911 TO 2017


WEATHER ITEM   OBSERVED TIME   RECORD YEAR NORMAL DEPARTURE LAST
                VALUE   (LST)  VALUE       VALUE  FROM      YEAR
                                                  NORMAL
..................................................................
TEMPERATURE (F)
 YESTERDAY
  MAXIMUM         67    304 PM 100    1989  77    -10       80
  MINIMUM         45   1159 PM  29    1927  48     -3       47
  AVERAGE         56                        63     -7       64

PRECIPITATION (IN)
  YESTERDAY        0.00          0.65 1994   0.06  -0.06     0.00
  MONTH TO DATE    0.81                      0.96  -0.15     1.02
  SINCE MAR 1      1.48                      2.06  -0.58     1.22
  SINCE JAN 1      4.40                      3.46   0.94     1.61

SNOWFALL (IN)
  YESTERDAY        0.0           0.0  2002   0.0    0.0      0.0
  MONTH TO DATE    0.0                       0.2   -0.2       T
  SINCE MAR 1      0.0                       0.8   -0.8       T
  SINCE JUL 1      0.2                       8.2   -8.0     13.3
  SNOW DEPTH       0

DEGREE DAYS
 HEATING
  YESTERDAY        9                         4      5        1
  MONTH TO DATE   90                       153    -63      116
  SINCE MAR 1    310                       568   -258      365
  SINCE JUL 1   2394                      3307   -913     2765

 COOLING
  YESTERDAY        0                         2     -2        0
  MONTH TO DATE   59                        29     30       10
  SINCE MAR 1    105                        36     69       22
  SINCE JAN 1    109                        36     73       26
..................................................................


WIND (MPH)
  RESULTANT WIND SPEED  17   RESULTANT WIND DIRECTION  NE (30)
  HIGHEST WIND SPEED    32   HIGHEST WIND DIRECTION    NE (30)
  HIGHEST GUST SPEED    39   HIGHEST GUST DIRECTION    NE (30)
  AVERAGE WIND SPEED    16.6


SKY COVER
  AVERAGE SKY COVER 0.6


WEATHER CONDITIONS
 THE FOLLOWING WEATHER WAS RECORDED YESTERDAY.
  NO SIGNIFICANT WEATHER WAS OBSERVED.


RELATIVE HUMIDITY (PERCENT)
 HIGHEST    74          1200 AM
 LOWEST     28           600 PM
 AVERAGE    51

..........................................................


THE LUBBOCK CLIMATE NORMALS FOR TODAY
                         NORMAL    RECORD    YEAR
 MAXIMUM TEMPERATURE (F)   78        97      1989
 MINIMUM TEMPERATURE (F)   48        30      1928


SUNRISE AND SUNSET
APRIL 23 2017.........SUNRISE   707 AM CDT   SUNSET   825 PM CDT
APRIL 24 2017.........SUNRISE   706 AM CDT   SUNSET   825 PM CDT


-  INDICATES NEGATIVE NUMBERS.
R  INDICATES RECORD WAS SET OR TIED.
MM INDICATES DATA IS MISSING.
T  INDICATES TRACE AMOUNT.




$$
