657
CDUS44 KLUB 090626
CLILBB


CLIMATE REPORT
NATIONAL WEATHER SERVICE LUBBOCK, TX
1225 AM CST FRI DEC 9 2016


...................................

...THE LUBBOCK CLIMATE SUMMARY FOR DECEMBER 8 2016...

CLIMATE NORMAL PERIOD 1981 TO 2010
CLIMATE RECORD PERIOD 1911 TO 2016


WEATHER ITEM   OBSERVED TIME   RECORD YEAR NORMAL DEPARTURE LAST
                VALUE   (LST)  VALUE       VALUE  FROM      YEAR
                                                  NORMAL
..................................................................
TEMPERATURE (F)
 YESTERDAY
  MAXIMUM         30    408 PM  78    1970  55    -25       68
  MINIMUM         23    836 AM   3    1917  28     -5       31
  AVERAGE         27                        42    -15       50

PRECIPITATION (IN)
  YESTERDAY        0.00          0.45 1982   0.03  -0.03     0.00
  MONTH TO DATE    0.43                      0.20   0.23     0.00
  SINCE DEC 1      0.43                      0.20   0.23     0.00
  SINCE JAN 1     13.41                     18.56  -5.15    27.88

SNOWFALL (IN)
  YESTERDAY        0.0           3.4  1988   0.0    0.0      0.0
  MONTH TO DATE    0.0                       0.4   -0.4      0.0
  SINCE DEC 1      0.0                       0.4   -0.4      0.0
  SINCE JUL 1      0.0                       1.3   -1.3       T
  SNOW DEPTH       0

DEGREE DAYS
 HEATING
  YESTERDAY       38                        23     15       15
  MONTH TO DATE  208                       180     28      152
  SINCE DEC 1    208                       180     28      152
  SINCE JUL 1    572                       822   -250      671

 COOLING
  YESTERDAY        0                         0      0        0
  MONTH TO DATE    0                         0      0        0
  SINCE DEC 1      0                         0      0        0
  SINCE JAN 1   2114                      1804    310     1922
..................................................................


WIND (MPH)
  RESULTANT WIND SPEED   9   RESULTANT WIND DIRECTION  NE (50)
  HIGHEST WIND SPEED    22   HIGHEST WIND DIRECTION    NE (40)
  HIGHEST GUST SPEED    28   HIGHEST GUST DIRECTION    NE (50)
  AVERAGE WIND SPEED    10.9


SKY COVER
  AVERAGE SKY COVER 1.0


WEATHER CONDITIONS
 THE FOLLOWING WEATHER WAS RECORDED YESTERDAY.
  NO SIGNIFICANT WEATHER WAS OBSERVED.


RELATIVE HUMIDITY (PERCENT)
 HIGHEST    74           300 AM
 LOWEST     50           100 PM
 AVERAGE    62

..........................................................


THE LUBBOCK CLIMATE NORMALS FOR TODAY
                         NORMAL    RECORD    YEAR
 MAXIMUM TEMPERATURE (F)   55        80      1939
 MINIMUM TEMPERATURE (F)   28         5      1978


SUNRISE AND SUNSET
DECEMBER  9 2016......SUNRISE   741 AM CST   SUNSET   539 PM CST
DECEMBER 10 2016......SUNRISE   741 AM CST   SUNSET   539 PM CST


-  INDICATES NEGATIVE NUMBERS.
R  INDICATES RECORD WAS SET OR TIED.
MM INDICATES DATA IS MISSING.
T  INDICATES TRACE AMOUNT.




$$
