000
CDUS44 KLUB 240630
CLILBB


CLIMATE REPORT
NATIONAL WEATHER SERVICE LUBBOCK, TX
130 AM CDT THU APR 24 2014


...................................

...THE LUBBOCK CLIMATE SUMMARY FOR APRIL 23 2014...

CLIMATE NORMAL PERIOD 1981 TO 2010
CLIMATE RECORD PERIOD 1911 TO 2014


WEATHER ITEM   OBSERVED TIME   RECORD YEAR NORMAL DEPARTURE LAST
                VALUE   (LST)  VALUE       VALUE  FROM      YEAR
                                                  NORMAL
..................................................................
TEMPERATURE (F)
 YESTERDAY
  MAXIMUM         90    351 PM  97    1989  78     12       47
  MINIMUM         61    648 AM  30    1928  48     13       31
  AVERAGE         76                        63     13       39

PRECIPITATION (IN)
  YESTERDAY        0.00          0.78 1994   0.05  -0.05     0.00
                                      1913
  MONTH TO DATE    0.57                      1.01  -0.44     0.04
  SINCE MAR 1      0.74                      2.11  -1.37     0.04
  SINCE JAN 1      0.90                      3.51  -2.61     2.27

SNOWFALL (IN)
  YESTERDAY        0.0                       0.0    0.0      0.0
  MONTH TO DATE    T                         0.2   -0.2      0.4
  SINCE MAR 1      T                         0.8   -0.8      0.4
  SINCE JUL 1      4.2                       8.2   -4.0      4.1
  SNOW DEPTH       0

DEGREE DAYS
 HEATING
  YESTERDAY        0                         4     -4       26
  MONTH TO DATE  142                       157    -15      204
  SINCE MAR 1    582                       572     10      560
  SINCE JUL 1   3434                      3311    123     3090

 COOLING
  YESTERDAY       11                         2      9        0
  MONTH TO DATE   37                        31      6       28
  SINCE MAR 1     40                        38      2       30
  SINCE JAN 1     40                        38      2       30
..................................................................


WIND (MPH)
  HIGHEST WIND SPEED    32   HIGHEST WIND DIRECTION     S (190)
  HIGHEST GUST SPEED    41   HIGHEST GUST DIRECTION    SW (210)
  AVERAGE WIND SPEED    20.4


SKY COVER
  POSSIBLE SUNSHINE  MM
  AVERAGE SKY COVER 0.6


WEATHER CONDITIONS
 THE FOLLOWING WEATHER WAS RECORDED YESTERDAY.
  NO SIGNIFICANT WEATHER WAS OBSERVED.


RELATIVE HUMIDITY (PERCENT)
 HIGHEST    60           500 AM
 LOWEST     10           700 PM
 AVERAGE    35

..........................................................


THE LUBBOCK CLIMATE NORMALS FOR TODAY
                         NORMAL    RECORD    YEAR
 MAXIMUM TEMPERATURE (F)   78        95      1996
                                             1943
 MINIMUM TEMPERATURE (F)   49        25      2013


SUNRISE AND SUNSET
APRIL 24 2014.........SUNRISE   706 AM CDT   SUNSET   825 PM CDT
APRIL 25 2014.........SUNRISE   705 AM CDT   SUNSET   826 PM CDT


-  INDICATES NEGATIVE NUMBERS.
R  INDICATES RECORD WAS SET OR TIED.
MM INDICATES DATA IS MISSING.
T  INDICATES TRACE AMOUNT.




$$
