000
CDUS44 KLUB 240631
CLILBB


CLIMATE REPORT
NATIONAL WEATHER SERVICE LUBBOCK, TX
1230 AM CST TUE JAN 24 2017


...................................

...THE LUBBOCK CLIMATE SUMMARY FOR JANUARY 23 2017...

CLIMATE NORMAL PERIOD 1981 TO 2010
CLIMATE RECORD PERIOD 1911 TO 2017


WEATHER ITEM   OBSERVED TIME   RECORD YEAR NORMAL DEPARTURE LAST
                VALUE   (LST)  VALUE       VALUE  FROM      YEAR
                                                  NORMAL
..................................................................
TEMPERATURE (F)
 YESTERDAY
  MAXIMUM         74    406 PM  83    1972  55     19       66
  MINIMUM         31    604 AM   3    1983  27      4       25
  AVERAGE         53                        41     12       46

PRECIPITATION (IN)
  YESTERDAY        0.00          0.62 1927   0.03  -0.03     0.00
  MONTH TO DATE    2.03                      0.45   1.58     0.30
  SINCE DEC 1      2.52                      1.21   1.31     1.87
  SINCE JAN 1      2.03                      0.45   1.58     0.30

SNOWFALL (IN)
  YESTERDAY        0.0           0.2  1915   0.1   -0.1      0.0
  MONTH TO DATE    0.2                       1.9   -1.7      2.1
  SINCE DEC 1      0.2                       4.2   -4.0     13.3
  SINCE JUL 1      0.2                       5.1   -4.9     13.3
  SNOW DEPTH       0

DEGREE DAYS
 HEATING
  YESTERDAY       12                        24    -12       19
  MONTH TO DATE  479                       576    -97      597
  SINCE DEC 1   1185                      1332   -147     1257
  SINCE JUL 1   1549                      1974   -425     1776

 COOLING
  YESTERDAY        0                         0      0        0
  MONTH TO DATE    0                         0      0        0
  SINCE DEC 1      0                         0      0        0
  SINCE JAN 1      0                         0      0        0
..................................................................


WIND (MPH)
  RESULTANT WIND SPEED  10   RESULTANT WIND DIRECTION  SW (240)
  HIGHEST WIND SPEED    22   HIGHEST WIND DIRECTION     W (250)
  HIGHEST GUST SPEED    28   HIGHEST GUST DIRECTION    SW (210)
  AVERAGE WIND SPEED    11.7


SKY COVER
  AVERAGE SKY COVER 0.1


WEATHER CONDITIONS
 THE FOLLOWING WEATHER WAS RECORDED YESTERDAY.
  NO SIGNIFICANT WEATHER WAS OBSERVED.


RELATIVE HUMIDITY (PERCENT)
 HIGHEST    82           200 AM
 LOWEST     19           400 PM
 AVERAGE    51

..........................................................


THE LUBBOCK CLIMATE NORMALS FOR TODAY
                         NORMAL    RECORD    YEAR
 MAXIMUM TEMPERATURE (F)   55        83      1970
 MINIMUM TEMPERATURE (F)   27        -1      1915


SUNRISE AND SUNSET
JANUARY 24 2017.......SUNRISE   748 AM CST   SUNSET   611 PM CST
JANUARY 25 2017.......SUNRISE   748 AM CST   SUNSET   612 PM CST


-  INDICATES NEGATIVE NUMBERS.
R  INDICATES RECORD WAS SET OR TIED.
MM INDICATES DATA IS MISSING.
T  INDICATES TRACE AMOUNT.




$$
