000
CDUS44 KLUB 050645
CLILBB


CLIMATE REPORT
NATIONAL WEATHER SERVICE LUBBOCK, TX
1245 AM CST THU MAR 5 2015


...................................

...THE LUBBOCK CLIMATE SUMMARY FOR MARCH 4 2015...

CLIMATE NORMAL PERIOD 1981 TO 2010
CLIMATE RECORD PERIOD 1911 TO 2015


WEATHER ITEM   OBSERVED TIME   RECORD YEAR NORMAL DEPARTURE LAST
                VALUE   (LST)  VALUE       VALUE  FROM      YEAR
                                                  NORMAL
..................................................................
TEMPERATURE (F)
 YESTERDAY
  MAXIMUM         52    133 AM  89    2009  63    -11       69
  MINIMUM         21    830 PM  -1    1917  34    -13       22
  AVERAGE         37                        49    -12       46

PRECIPITATION (IN)
  YESTERDAY        0.18          1.26 1915   0.03   0.15     0.00
  MONTH TO DATE    0.18                      0.12   0.06     0.01
  SINCE MAR 1      0.18                      0.12   0.06     0.01
  SINCE JAN 1      2.45                      1.52   0.93     0.17

SNOWFALL (IN)
  YESTERDAY       MM             8.0  1915   0.0   MM        0.0
  MONTH TO DATE    0.0                       0.1   -0.1       T
  SINCE MAR 1      0.0                       0.1   -0.1       T
  SINCE JUL 1     13.6                       7.5    6.1      4.2
  SNOW DEPTH       0

DEGREE DAYS
 HEATING
  YESTERDAY       28                        16     12       19
  MONTH TO DATE  115                        67     48      111
  SINCE MAR 1    115                        67     48      111
  SINCE JUL 1   2834                      2806     28     2963

 COOLING
  YESTERDAY        0                         0      0        0
  MONTH TO DATE    0                         0      0        0
  SINCE MAR 1      0                         0      0        0
  SINCE JAN 1      0                         0      0        0
..................................................................


WIND (MPH)
  RESULTANT WIND SPEED   8   RESULTANT WIND DIRECTION  NE (60)
  HIGHEST WIND SPEED    31   HIGHEST WIND DIRECTION    NE (30)
  HIGHEST GUST SPEED    36   HIGHEST GUST DIRECTION    NE (30)
  AVERAGE WIND SPEED    17.2


SKY COVER
  AVERAGE SKY COVER 1.0


WEATHER CONDITIONS
 THE FOLLOWING WEATHER WAS RECORDED YESTERDAY.
  RAIN
  LIGHT RAIN
  LT FREEZING RAIN
  HEAVY SNOW
  SNOW
  LIGHT SNOW
  SLEET
  FOG
  FOG W/VISIBILITY <= 1/4 MILE
  BLOWING SNOW


RELATIVE HUMIDITY (PERCENT)
 HIGHEST   100           600 AM
 LOWEST     77          1200 AM
 AVERAGE    89

..........................................................


THE LUBBOCK CLIMATE NORMALS FOR TODAY
                         NORMAL    RECORD    YEAR
 MAXIMUM TEMPERATURE (F)   64        90      1916
 MINIMUM TEMPERATURE (F)   34        11      1989


SUNRISE AND SUNSET
MARCH  5 2015.........SUNRISE   711 AM CST   SUNSET   647 PM CST
MARCH  6 2015.........SUNRISE   710 AM CST   SUNSET   648 PM CST


-  INDICATES NEGATIVE NUMBERS.
R  INDICATES RECORD WAS SET OR TIED.
MM INDICATES DATA IS MISSING.
T  INDICATES TRACE AMOUNT.




$$
