000
CDUS44 KLUB 240625
CLILBB


CLIMATE REPORT
NATIONAL WEATHER SERVICE LUBBOCK, TX
125 AM CDT FRI OCT 24 2014


...................................

...THE LUBBOCK CLIMATE SUMMARY FOR OCTOBER 23 2014...

CLIMATE NORMAL PERIOD 1981 TO 2010
CLIMATE RECORD PERIOD 1911 TO 2014


WEATHER ITEM   OBSERVED TIME   RECORD YEAR NORMAL DEPARTURE LAST
                VALUE   (LST)  VALUE       VALUE  FROM      YEAR
                                                  NORMAL
..................................................................
TEMPERATURE (F)
 YESTERDAY
  MAXIMUM         76    425 PM  91    2003  73      3       78
  MINIMUM         50    615 AM  22    1917  46      4       40
  AVERAGE         63                        59      4       59

PRECIPITATION (IN)
  YESTERDAY        0.00          2.38 1914   0.06  -0.06     0.00
  MONTH TO DATE    0.38                      1.54  -1.16     1.11
  SINCE SEP 1      7.32                      4.05   3.27     1.65
  SINCE JAN 1     19.22                     17.12   2.10    11.43

SNOWFALL (IN)
  YESTERDAY        0.0           0.0  2002   0.0    0.0      0.0
  MONTH TO DATE    0.0                       0.0    0.0      0.0
  SINCE SEP 1      0.0                       0.0    0.0      0.0
  SINCE JUL 1      0.0                       0.0    0.0      0.0
  SNOW DEPTH       0

DEGREE DAYS
 HEATING
  YESTERDAY        2                         6     -4        6
  MONTH TO DATE   68                        96    -28      115
  SINCE SEP 1     93                       119    -26      119
  SINCE JUL 1     93                       119    -26      119

 COOLING
  YESTERDAY        0                         1     -1        0
  MONTH TO DATE   42                        48     -6       68
  SINCE SEP 1    270                       271     -1      384
  SINCE JAN 1   1899                      1797    102     2112
..................................................................


WIND (MPH)
  RESULTANT WIND SPEED   6   RESULTANT WIND DIRECTION   S (190)
  HIGHEST WIND SPEED    13   HIGHEST WIND DIRECTION    SE (150)
  HIGHEST GUST SPEED    15   HIGHEST GUST DIRECTION    SE (150)
  AVERAGE WIND SPEED     7.2


SKY COVER
  AVERAGE SKY COVER 0.3


WEATHER CONDITIONS
 THE FOLLOWING WEATHER WAS RECORDED YESTERDAY.
  FOG
  FOG W/VISIBILITY <= 1/4 MILE


RELATIVE HUMIDITY (PERCENT)
 HIGHEST   100           800 AM
 LOWEST     54           500 PM
 AVERAGE    77

..........................................................


THE LUBBOCK CLIMATE NORMALS FOR TODAY
                         NORMAL    RECORD    YEAR
 MAXIMUM TEMPERATURE (F)   73        91      1933
 MINIMUM TEMPERATURE (F)   45        26      1929


SUNRISE AND SUNSET
OCTOBER 24 2014.......SUNRISE   759 AM CDT   SUNSET   703 PM CDT
OCTOBER 25 2014.......SUNRISE   800 AM CDT   SUNSET   702 PM CDT


-  INDICATES NEGATIVE NUMBERS.
R  INDICATES RECORD WAS SET OR TIED.
MM INDICATES DATA IS MISSING.
T  INDICATES TRACE AMOUNT.




$$
