072
CDUS43 KLBF 171036
CLILBF


CLIMATE REPORT
NATIONAL WEATHER SERVICE NORTH PLATTE
435 AM CST SAT FEB 17 2018


...................................

...THE NORTH PLATTE NE CLIMATE SUMMARY FOR FEBRUARY 16 2018...

CLIMATE NORMAL PERIOD 1981 TO 2010
CLIMATE RECORD PERIOD 1874 TO 2018


WEATHER ITEM   OBSERVED TIME   RECORD YEAR NORMAL DEPARTURE LAST
                VALUE   (LST)  VALUE       VALUE  FROM      YEAR
                                                  NORMAL
..................................................................
TEMPERATURE (F)
 YESTERDAY
  MAXIMUM         36    555 PM  72    2017  43     -7       72
  MINIMUM          9    758 AM -15    1881  15     -6       23
  AVERAGE         23                        29     -6       48

PRECIPITATION (IN)
  YESTERDAY        T             0.40 1992   0.02  -0.02     0.00
  MONTH TO DATE    0.47                      0.23   0.24     0.12
  SINCE DEC 1      2.07                      0.98   1.09     1.41
  SINCE JAN 1      1.52                      0.57   0.95     0.79

SNOWFALL (IN)
  YESTERDAY        T             3.0  1911   0.2   -0.2      0.0
  MONTH TO DATE    7.5                       3.0    4.5      1.5
  SINCE DEC 1     29.2                      12.4   16.8     10.9
  SINCE JUL 1     30.2                      18.6   11.6     15.9
  SNOW DEPTH       1

DEGREE DAYS
 HEATING
  YESTERDAY       42                        36      6       17
  MONTH TO DATE  712                       601    111      493
  SINCE DEC 1   3233                      3070    163     2955
  SINCE JUL 1   4524                      4621    -97     3996

 COOLING
  YESTERDAY        0                         0      0        0
  MONTH TO DATE    0                         0      0        0
  SINCE DEC 1      0                         0      0        0
  SINCE JAN 1      0                         0      0        0
..................................................................


WIND (MPH)
  HIGHEST WIND SPEED    22   HIGHEST WIND DIRECTION     S (200)
  HIGHEST GUST SPEED    27   HIGHEST GUST DIRECTION     S (190)
  AVERAGE WIND SPEED     9.9


SKY COVER
  POSSIBLE SUNSHINE  MM
  AVERAGE SKY COVER 0.1


WEATHER CONDITIONS
 THE FOLLOWING WEATHER WAS RECORDED YESTERDAY.
  NO SIGNIFICANT WEATHER WAS OBSERVED.


RELATIVE HUMIDITY (PERCENT)
 HIGHEST    80           900 AM
 LOWEST     51           300 PM
 AVERAGE    66

..........................................................


THE NORTH PLATTE NE CLIMATE NORMALS FOR TODAY
                         NORMAL    RECORD    YEAR
 MAXIMUM TEMPERATURE (F)   43        74      1981
 MINIMUM TEMPERATURE (F)   15       -21      1993


SUNRISE AND SUNSET
FEBRUARY 17 2018......SUNRISE   734 AM CST   SUNSET   619 PM CST
FEBRUARY 18 2018......SUNRISE   733 AM CST   SUNSET   621 PM CST


-  INDICATES NEGATIVE NUMBERS.
R  INDICATES RECORD WAS SET OR TIED.
MM INDICATES DATA IS MISSING.
T  INDICATES TRACE AMOUNT.




$$
