000
CDUS43 KLBF 251019
CLILBF

CLIMATE REPORT
NATIONAL WEATHER SERVICE NORTH PLATTE
418 AM CST SUN JAN 25 2015


...................................

...THE NORTH PLATTE NE CLIMATE SUMMARY FOR JANUARY 24 2015...

CLIMATE NORMAL PERIOD 1981 TO 2010
CLIMATE RECORD PERIOD 1874 TO 2015


WEATHER ITEM   OBSERVED TIME   RECORD YEAR NORMAL DEPARTURE LAST
                VALUE   (LST)  VALUE       VALUE  FROM      YEAR
                                                  NORMAL
..................................................................
TEMPERATURE (F)
 YESTERDAY
  MAXIMUM         53    212 PM  70    1981  39     14       59
  MINIMUM         20    524 AM -26    1894  12      8        7
  AVERAGE         37                        25     12       33

PRECIPITATION (IN)
  YESTERDAY        0.01          0.66 1921   0.01   0.00     0.00
  MONTH TO DATE    0.06                      0.26  -0.20     0.07
  SINCE DEC 1      1.10                      0.67   0.43     0.23
  SINCE JAN 1      0.06                      0.26  -0.20     0.07

SNOWFALL (IN)
  YESTERDAY        0.0           6.0  1898   0.1   -0.1      0.0
  MONTH TO DATE    1.5                       3.7   -2.2      0.8
  SINCE DEC 1     10.2                       8.3    1.9      4.4
  SINCE JUL 1     10.6                      14.5   -3.9      7.5
  SNOW DEPTH       0

DEGREE DAYS
 HEATING
  YESTERDAY       28                        40    -12       32
  MONTH TO DATE  983                       965     18      917
  SINCE DEC 1   2150                      2194    -44     2184
  SINCE JUL 1   3670                      3745    -75     3669

 COOLING
  YESTERDAY        0                         0      0        0
  MONTH TO DATE    0                         0      0        0
  SINCE DEC 1      0                         0      0        0
  SINCE JAN 1      0                         0      0        0
..................................................................


WIND (MPH)
  HIGHEST WIND SPEED    40   HIGHEST WIND DIRECTION    NW (330)
  HIGHEST GUST SPEED    53   HIGHEST GUST DIRECTION    NW (320)
  AVERAGE WIND SPEED    12.4


SKY COVER
  POSSIBLE SUNSHINE  MM
  AVERAGE SKY COVER 0.3


WEATHER CONDITIONS
 THE FOLLOWING WEATHER WAS RECORDED YESTERDAY.
  NO SIGNIFICANT WEATHER WAS OBSERVED.


RELATIVE HUMIDITY (PERCENT)
 HIGHEST    96           300 AM
 LOWEST     35           200 PM
 AVERAGE    66

..........................................................


THE NORTH PLATTE NE CLIMATE NORMALS FOR TODAY
                         NORMAL    RECORD    YEAR
 MAXIMUM TEMPERATURE (F)   39        66      2005
                                             1935
 MINIMUM TEMPERATURE (F)   12       -14      1969
                                             1957
                                             1950


SUNRISE AND SUNSET
JANUARY 25 2015.......SUNRISE   800 AM CST   SUNSET   551 PM CST
JANUARY 26 2015.......SUNRISE   759 AM CST   SUNSET   552 PM CST


-  INDICATES NEGATIVE NUMBERS.
R  INDICATES RECORD WAS SET OR TIED.
MM INDICATES DATA IS MISSING.
T  INDICATES TRACE AMOUNT.

$$
