000
CDUS43 KLBF 122232
CLILBF


CLIMATE REPORT
NATIONAL WEATHER SERVICE NORTH PLATTE
431 PM CST TUE DEC 12 2017


...................................

...THE NORTH PLATTE NE CLIMATE SUMMARY FOR DECEMBER 12 2017...
VALID TODAY AS OF 0400 PM LOCAL TIME.

CLIMATE NORMAL PERIOD 1981 TO 2010
CLIMATE RECORD PERIOD 1874 TO 2017


WEATHER ITEM   OBSERVED TIME   RECORD YEAR NORMAL DEPARTURE LAST
                VALUE   (LST)  VALUE       VALUE  FROM      YEAR
                                                  NORMAL
..................................................................
TEMPERATURE (F)
 TODAY
  MAXIMUM         59    401 PM  67    1921  39     20       51
  MINIMUM         14    813 AM -24    1932  12      2        9
  AVERAGE         37                        25     12       30

PRECIPITATION (IN)
  TODAY            0.00          0.28 1991   0.01  -0.01     0.00
  MONTH TO DATE    T                         0.17  -0.17     0.01
  SINCE DEC 1      T                         0.17  -0.17     0.01
  SINCE JAN 1     25.69                     19.99   5.70    22.44

SNOWFALL (IN)
  TODAY            0.0           3.4  2001   0.1   -0.1      0.0
  MONTH TO DATE    T                         1.7   -1.7      0.2
  SINCE DEC 1      T                         1.7   -1.7      0.2
  SINCE JUL 1      1.0                       7.9   -6.9      5.2
  SNOW DEPTH       0

DEGREE DAYS
 HEATING
  TODAY           28                        40    -12       35
  MONTH TO DATE  369                       459    -90      469
  SINCE DEC 1    369                       459    -90      469
  SINCE JUL 1   1660                      2010   -350     1510

 COOLING
  TODAY            0                         0      0        0
  MONTH TO DATE    0                         0      0        0
  SINCE DEC 1      0                         0      0        0
  SINCE JAN 1    954                       768    186      911
..................................................................


WIND (MPH)
  HIGHEST WIND SPEED    12   HIGHEST WIND DIRECTION     W (260)
  HIGHEST GUST SPEED    14   HIGHEST GUST DIRECTION     W (270)
  AVERAGE WIND SPEED     6.7


SKY COVER
  POSSIBLE SUNSHINE  MM
  AVERAGE SKY COVER 0.0


WEATHER CONDITIONS
 THE FOLLOWING WEATHER WAS RECORDED TODAY.
  NO SIGNIFICANT WEATHER WAS OBSERVED.


RELATIVE HUMIDITY (PERCENT)
 HIGHEST    96           700 AM
 LOWEST     23           300 PM
 AVERAGE    60

..........................................................


THE NORTH PLATTE NE CLIMATE NORMALS FOR TOMORROW
                         NORMAL    RECORD    YEAR
 MAXIMUM TEMPERATURE (F)   39        70      1988
 MINIMUM TEMPERATURE (F)   12       -18      1985


SUNRISE AND SUNSET
DECEMBER 12 2017......SUNRISE   759 AM CST   SUNSET   514 PM CST
DECEMBER 13 2017......SUNRISE   800 AM CST   SUNSET   514 PM CST


-  INDICATES NEGATIVE NUMBERS.
R  INDICATES RECORD WAS SET OR TIED.
MM INDICATES DATA IS MISSING.
T  INDICATES TRACE AMOUNT.




$$
