000
CDUS43 KLBF 030902
CLILBF

CLIMATE REPORT
NATIONAL WEATHER SERVICE NORTH PLATTE
401 AM CDT FRI JUL 3 2015


...................................

...THE NORTH PLATTE NE CLIMATE SUMMARY FOR JULY 2 2015...

CLIMATE NORMAL PERIOD 1981 TO 2010
CLIMATE RECORD PERIOD 1874 TO 2015


WEATHER ITEM   OBSERVED TIME   RECORD YEAR NORMAL DEPARTURE LAST
                VALUE   (LST)  VALUE       VALUE  FROM      YEAR
                                                  NORMAL
..................................................................
TEMPERATURE (F)
 YESTERDAY
  MAXIMUM         86    142 PM 108    1990  87     -1       80
  MINIMUM         61   1159 PM  44    2013  59      2       46
  AVERAGE         74                        73      1       63

PRECIPITATION (IN)
  YESTERDAY        0.12          2.75 1932   0.09   0.03     0.00
  MONTH TO DATE    0.12                      0.18  -0.06     0.00
  SINCE JUN 1      2.85                      3.60  -0.75     8.75
  SINCE JAN 1     10.95                     11.04  -0.09    13.04

SNOWFALL (IN)
  YESTERDAY        0.0           0.0  2002   0.0    0.0      0.0
                                      2001
  MONTH TO DATE    0.0                       0.0    0.0      0.0
  SINCE JUN 1      0.0                       0.0    0.0       T
  SINCE JUL 1      0.0                       0.0    0.0      0.0
  SNOW DEPTH       0

DEGREE DAYS
 HEATING
  YESTERDAY        0                         0      0        2
  MONTH TO DATE    0                         0      0        3
  SINCE JUN 1      5                        51    -46       42
  SINCE JUL 1      0                         0      0        3

 COOLING
  YESTERDAY        9                         8      1        0
  MONTH TO DATE   22                        16      6        0
  SINCE JUN 1    200                       154     46      131
  SINCE JAN 1    202                       182     20      180
..................................................................


WIND (MPH)
  HIGHEST WIND SPEED    25   HIGHEST WIND DIRECTION     N (340)
  HIGHEST GUST SPEED    36   HIGHEST GUST DIRECTION     N (340)
  AVERAGE WIND SPEED     9.0


SKY COVER
  POSSIBLE SUNSHINE  MM
  AVERAGE SKY COVER 0.4


WEATHER CONDITIONS
 THE FOLLOWING WEATHER WAS RECORDED YESTERDAY.
  THUNDERSTORM
  RAIN
  LIGHT RAIN


RELATIVE HUMIDITY (PERCENT)
 HIGHEST    84           500 AM
 LOWEST     37           200 PM
 AVERAGE    61

..........................................................


THE NORTH PLATTE NE CLIMATE NORMALS FOR TODAY
                         NORMAL    RECORD    YEAR
 MAXIMUM TEMPERATURE (F)   87       107      1990
 MINIMUM TEMPERATURE (F)   59        41      1992


SUNRISE AND SUNSET
JULY  3 2015..........SUNRISE   615 AM CDT   SUNSET   919 PM CDT
JULY  4 2015..........SUNRISE   615 AM CDT   SUNSET   919 PM CDT


-  INDICATES NEGATIVE NUMBERS.
R  INDICATES RECORD WAS SET OR TIED.
MM INDICATES DATA IS MISSING.
T  INDICATES TRACE AMOUNT.

$$
