000
CDUS43 KLBF 162230
CLILBF

CLIMATE REPORT
NATIONAL WEATHER SERVICE NORTH PLATTE
528 PM CDT WED AUG 16 2017


...................................

...THE NORTH PLATTE NE CLIMATE SUMMARY FOR AUGUST 16 2017...
VALID TODAY AS OF 0500 PM LOCAL TIME.

CLIMATE NORMAL PERIOD 1981 TO 2010
CLIMATE RECORD PERIOD 1874 TO 2017


WEATHER ITEM   OBSERVED TIME   RECORD YEAR NORMAL DEPARTURE LAST
                VALUE   (LST)  VALUE       VALUE  FROM      YEAR
                                                  NORMAL
..................................................................
TEMPERATURE (F)
 TODAY
  MAXIMUM         76    100 PM 105    1914  86    -10       93
  MINIMUM         60    600 AM  47    2012  59      1       59
                                      1978
                                      1969
  AVERAGE         68                        72     -4       76

PRECIPITATION (IN)
  TODAY            0.27          1.28 2010   0.07   0.20     0.00
  MONTH TO DATE    3.56                      1.42   2.14     0.76
  SINCE JUN 1      9.18                      7.91   1.27     7.86
  SINCE JAN 1     17.72                     15.35   2.37    19.04

SNOWFALL (IN)
  TODAY            0.0           0.0  2002   0.0    0.0      0.0
                                      2001
  MONTH TO DATE    0.0                       0.0    0.0      0.0
  SINCE JUN 1      T                         0.0    0.0      0.0
  SINCE JUL 1      T                         0.0    0.0      0.0
  SNOW DEPTH       0

DEGREE DAYS
 HEATING
  TODAY            0                         0      0        0
  MONTH TO DATE    4                         0      4        0
  SINCE JUN 1     11                        56    -45       16
  SINCE JUL 1      4                         5     -1        6

 COOLING
  TODAY            3                         8     -5       11
  MONTH TO DATE   76                       139    -63      158
  SINCE JUN 1    707                       570    137      710
  SINCE JAN 1    724                       598    126      720
..................................................................


WIND (MPH)
  HIGHEST WIND SPEED    21   HIGHEST WIND DIRECTION    NE (40)
  HIGHEST GUST SPEED    41   HIGHEST GUST DIRECTION    NW (330)
  AVERAGE WIND SPEED    10.3


SKY COVER
  POSSIBLE SUNSHINE  MM
  AVERAGE SKY COVER 0.5


WEATHER CONDITIONS
 THE FOLLOWING WEATHER WAS RECORDED TODAY.
  LIGHT RAIN
  FOG


RELATIVE HUMIDITY (PERCENT)
 HIGHEST    97           500 AM
 LOWEST     60          1200 PM
 AVERAGE    79

..........................................................


THE NORTH PLATTE NE CLIMATE NORMALS FOR TOMORROW
                         NORMAL    RECORD    YEAR
 MAXIMUM TEMPERATURE (F)   86       104      1936
                                             1914
 MINIMUM TEMPERATURE (F)   58        45      2012
                                             1890


SUNRISE AND SUNSET
AUGUST 16 2017........SUNRISE   654 AM CDT   SUNSET   840 PM CDT
AUGUST 17 2017........SUNRISE   655 AM CDT   SUNSET   838 PM CDT


-  INDICATES NEGATIVE NUMBERS.
R  INDICATES RECORD WAS SET OR TIED.
MM INDICATES DATA IS MISSING.
T  INDICATES TRACE AMOUNT.




$$
