417
CDUS43 KLBF 062232
CLILBF


CLIMATE REPORT
NATIONAL WEATHER SERVICE NORTH PLATTE
531 PM CDT FRI MAY 6 2016


...................................

...THE NORTH PLATTE NE CLIMATE SUMMARY FOR MAY 6 2016...
VALID TODAY AS OF 0500 PM LOCAL TIME.

CLIMATE NORMAL PERIOD 1981 TO 2010
CLIMATE RECORD PERIOD 1874 TO 2016


WEATHER ITEM   OBSERVED TIME   RECORD YEAR NORMAL DEPARTURE LAST
                VALUE   (LST)  VALUE       VALUE  FROM      YEAR
                                                  NORMAL
..................................................................
TEMPERATURE (F)
 TODAY
  MAXIMUM         82    400 PM  94    1934  69     13       67
                                      1916
  MINIMUM         55    552 AM  23    1989  41     14       52
  AVERAGE         69                        55     14       60

PRECIPITATION (IN)
  TODAY            0.00          1.50 1903   0.09  -0.09     0.26
  MONTH TO DATE    0.19                      0.55  -0.36     0.85
  SINCE MAR 1      6.21                      3.87   2.34     3.87
  SINCE JAN 1      7.47                      4.71   2.76     4.61

SNOWFALL (IN)
  TODAY            0.0           T    1978   0.0    0.0      0.0
                                      1938
  MONTH TO DATE    0.0                       0.0    0.0      0.0
  SINCE MAR 1      6.8                       7.6   -0.8      2.4
  SINCE JUL 1     32.4                      28.5    3.9     21.3
  SNOW DEPTH       0

DEGREE DAYS
 HEATING
  TODAY            0                        11    -11        5
  MONTH TO DATE   67                        69     -2       29
  SINCE MAR 1   1231                      1431   -200     1124
  SINCE JUL 1   5508                      6459   -951     6013

 COOLING
  TODAY            4                         0      4        0
  MONTH TO DATE    4                         0      4        0
  SINCE MAR 1      5                         3      2        2
  SINCE JAN 1      5                         3      2        2
..................................................................


WIND (MPH)
  HIGHEST WIND SPEED    18   HIGHEST WIND DIRECTION     S (160)
  HIGHEST GUST SPEED    24   HIGHEST GUST DIRECTION    SW (210)
  AVERAGE WIND SPEED    10.4


SKY COVER
  POSSIBLE SUNSHINE  MM
  AVERAGE SKY COVER 0.0


WEATHER CONDITIONS
 THE FOLLOWING WEATHER WAS RECORDED TODAY.
  NO SIGNIFICANT WEATHER WAS OBSERVED.


RELATIVE HUMIDITY (PERCENT)
 HIGHEST    72           400 AM
 LOWEST     36           300 PM
 AVERAGE    54

..........................................................


THE NORTH PLATTE NE CLIMATE NORMALS FOR TOMORROW
                         NORMAL    RECORD    YEAR
 MAXIMUM TEMPERATURE (F)   69        95      1966
 MINIMUM TEMPERATURE (F)   41        24      1976
                                             1972


SUNRISE AND SUNSET
MAY  6 2016...........SUNRISE   634 AM CDT   SUNSET   846 PM CDT
MAY  7 2016...........SUNRISE   632 AM CDT   SUNSET   847 PM CDT


-  INDICATES NEGATIVE NUMBERS.
R  INDICATES RECORD WAS SET OR TIED.
MM INDICATES DATA IS MISSING.
T  INDICATES TRACE AMOUNT.

$$
