000
CDUS42 KILM 260842
CLILBT


CLIMATE REPORT
NATIONAL WEATHER SERVICE WILMINGTON NC
442 AM EDT THU MAY 26 2016


...................................

...THE LUMBERTON NC CLIMATE SUMMARY FOR MAY 25 2016...

CLIMATE NORMAL PERIOD 1981 TO 2010
CLIMATE RECORD PERIOD 9999 TO 9999


WEATHER ITEM   OBSERVED TIME   NORMAL DEPARTURE LAST
                VALUE   (LST)  VALUE  FROM      YEAR
                                      NORMAL
......................................................
TEMPERATURE (F)
 YESTERDAY
  MAXIMUM         90    352 PM  84      6       89
  MINIMUM         57    434 AM  61     -4       54
  AVERAGE         74            72      2       72

PRECIPITATION (IN)
  YESTERDAY        0.00          0.12  -0.12     0.00
  MONTH TO DATE    5.01          2.30   2.71     1.77
  SINCE MAR 1      9.36          8.45   0.91     7.84
  SINCE JAN 1     17.64         14.32   3.32    17.30

DEGREE DAYS
 HEATING
  YESTERDAY        0             0      0        0
  MONTH TO DATE   22            30     -8       12
  SINCE MAR 1    339           529   -190      414
  SINCE JUL 1   2018          2759   -741     2778

 COOLING
  YESTERDAY        9             8      1        7
  MONTH TO DATE  126           130     -4      169
  SINCE MAR 1    242           195     47      263
  SINCE JAN 1    243           198     45      263
......................................................


WIND (MPH)
  HIGHEST WIND SPEED    10   HIGHEST WIND DIRECTION    SW (230)
  HIGHEST GUST SPEED    13   HIGHEST GUST DIRECTION    SW (230)
  AVERAGE WIND SPEED     3.7


SKY COVER
  POSSIBLE SUNSHINE  MM
  AVERAGE SKY COVER 0.1


WEATHER CONDITIONS
 THE FOLLOWING WEATHER WAS RECORDED YESTERDAY.
  NO SIGNIFICANT WEATHER WAS OBSERVED.


RELATIVE HUMIDITY (PERCENT)
 HIGHEST    90           300 AM
 LOWEST     29           400 PM
 AVERAGE    60

..........................................................


THE LUMBERTON NC CLIMATE NORMALS FOR TODAY
                         NORMAL
 MAXIMUM TEMPERATURE (F)   84
 MINIMUM TEMPERATURE (F)   61


SUNRISE AND SUNSET
MAY 26 2016...........SUNRISE   607 AM EDT   SUNSET   820 PM EDT
MAY 27 2016...........SUNRISE   606 AM EDT   SUNSET   821 PM EDT


-  INDICATES NEGATIVE NUMBERS.
R  INDICATES RECORD WAS SET OR TIED.
MM INDICATES DATA IS MISSING.
T  INDICATES TRACE AMOUNT.




$$
