000
CDUS42 KILM 200845
CLILBT


CLIMATE REPORT
NATIONAL WEATHER SERVICE WILMINGTON NC
444 AM EDT SUN APR 20 2014


...................................

...THE LUMBERTON NC CLIMATE SUMMARY FOR APRIL 19 2014...

CLIMATE NORMAL PERIOD 1981 TO 2010
CLIMATE RECORD PERIOD 9999 TO 9999


WEATHER ITEM   OBSERVED TIME   NORMAL DEPARTURE LAST
                VALUE   (LST)  VALUE  FROM      YEAR
                                      NORMAL
......................................................
TEMPERATURE (F)
 YESTERDAY
  MAXIMUM         53    305 PM  75    -22       84
  MINIMUM         48   1159 PM  50     -2       65
  AVERAGE         51            62    -11       75

PRECIPITATION (IN)
  YESTERDAY        0.87          0.10   0.77     0.72
  MONTH TO DATE    3.01          1.85   1.16     2.31
  SINCE MAR 1      6.43          5.18   1.25     4.19
  SINCE JAN 1     12.50         11.05   1.45     9.76

SNOWFALL (IN)
  YESTERDAY       MM
  MONTH TO DATE   MM
  SINCE MAR 1     MM
  SINCE JUL 1     MM
  SNOW DEPTH      MM

DEGREE DAYS
 HEATING
  YESTERDAY       14             4     10        0
  MONTH TO DATE   98           115    -17       97
  SINCE MAR 1    610           461    149      633
  SINCE JUL 1   2906          2691    215     2707

 COOLING
  YESTERDAY        0             2     -2       10
  MONTH TO DATE   20            30    -10       32
  SINCE MAR 1     21            40    -19       33
  SINCE JAN 1     22            43    -21       37
......................................................


WIND (MPH)
  HIGHEST WIND SPEED    24   HIGHEST WIND DIRECTION    NE (40)
  HIGHEST GUST SPEED    31   HIGHEST GUST DIRECTION    NE (40)
  AVERAGE WIND SPEED    13.6


SKY COVER
  POSSIBLE SUNSHINE  MM
  AVERAGE SKY COVER 1.0


WEATHER CONDITIONS
 THE FOLLOWING WEATHER WAS RECORDED YESTERDAY.
  HEAVY RAIN
  RAIN
  LIGHT RAIN
  FOG


RELATIVE HUMIDITY (PERCENT)
 HIGHEST   100           200 AM
 LOWEST     86           600 AM
 AVERAGE    93

..........................................................


THE LUMBERTON NC CLIMATE NORMALS FOR TODAY
                         NORMAL
 MAXIMUM TEMPERATURE (F)   76
 MINIMUM TEMPERATURE (F)   50


SUNRISE AND SUNSET
APRIL 20 2014.........SUNRISE   639 AM EDT   SUNSET   752 PM EDT
APRIL 21 2014.........SUNRISE   637 AM EDT   SUNSET   753 PM EDT


-  INDICATES NEGATIVE NUMBERS.
R  INDICATES RECORD WAS SET OR TIED.
MM INDICATES DATA IS MISSING.
T  INDICATES TRACE AMOUNT.




$$
