000
CDUS42 KILM 222049
CLILBT


CLIMATE REPORT
NATIONAL WEATHER SERVICE WILMINGTON NC
449 PM EDT WED MAR 22 2017


...................................

...THE LUMBERTON NC CLIMATE SUMMARY FOR MARCH 22 2017...
VALID TODAY AS OF 0400 PM LOCAL TIME.

CLIMATE NORMAL PERIOD 1981 TO 2010
CLIMATE RECORD PERIOD 9999 TO 9999


WEATHER ITEM   OBSERVED TIME   NORMAL DEPARTURE LAST
                VALUE   (LST)  VALUE  FROM      YEAR
                                      NORMAL
......................................................
TEMPERATURE (F)
 TODAY
  MAXIMUM         66    152 PM  68     -2       70
  MINIMUM         57    743 AM  44     13       32
  AVERAGE         62            56      6       51

PRECIPITATION (IN)
  TODAY            0.25          0.10   0.15     0.00
  MONTH TO DATE    2.71          2.36   0.35     0.90
  SINCE MAR 1      2.71          2.36   0.35     0.90
  SINCE JAN 1      6.20          8.23  -2.03     9.18

SNOWFALL (IN)
  TODAY           MM
  MONTH TO DATE   MM
  SINCE MAR 1     MM
  SINCE JUL 1     MM
  SNOW DEPTH      MM

DEGREE DAYS
 HEATING
  TODAY            3            10     -7       14
  MONTH TO DATE  331           272     59      160
  SINCE MAR 1    331           272     59      160
  SINCE JUL 1   1978          2502   -524     1839

 COOLING
  TODAY            0             0      0        0
  MONTH TO DATE   12             0     12       38
  SINCE MAR 1     12             0     12       38
  SINCE JAN 1     22             3     19       39
......................................................


WIND (MPH)
  HIGHEST WIND SPEED    21   HIGHEST WIND DIRECTION     N (360)
  HIGHEST GUST SPEED    27   HIGHEST GUST DIRECTION     N (20)
  AVERAGE WIND SPEED    12.7


SKY COVER
  POSSIBLE SUNSHINE  MM
  AVERAGE SKY COVER 0.3


WEATHER CONDITIONS
 THE FOLLOWING WEATHER WAS RECORDED TODAY.
  THUNDERSTORM
  RAIN
  LIGHT RAIN
  FOG


RELATIVE HUMIDITY (PERCENT)
 HIGHEST   100           500 AM
 LOWEST     37           300 PM
 AVERAGE    69

..........................................................


THE LUMBERTON NC CLIMATE NORMALS FOR TOMORROW
                         NORMAL
 MAXIMUM TEMPERATURE (F)   68
 MINIMUM TEMPERATURE (F)   44


SUNRISE AND SUNSET
MARCH 22 2017.........SUNRISE   717 AM EDT   SUNSET   730 PM EDT
MARCH 23 2017.........SUNRISE   715 AM EDT   SUNSET   731 PM EDT


-  INDICATES NEGATIVE NUMBERS.
R  INDICATES RECORD WAS SET OR TIED.
MM INDICATES DATA IS MISSING.
T  INDICATES TRACE AMOUNT.




$$
