000
CDUS42 KILM 180848
CLILBT


CLIMATE REPORT
NATIONAL WEATHER SERVICE WILMINGTON NC
447 AM EDT WED OCT 18 2017


...................................

...THE LUMBERTON NC CLIMATE SUMMARY FOR OCTOBER 17 2017...

CLIMATE NORMAL PERIOD 1981 TO 2010
CLIMATE RECORD PERIOD 9999 TO 9999


WEATHER ITEM   OBSERVED TIME   NORMAL DEPARTURE LAST
                VALUE   (LST)  VALUE  FROM      YEAR
                                      NORMAL
......................................................
TEMPERATURE (F)
 YESTERDAY
  MAXIMUM         68        MM  75     -7       83
  MINIMUM         46   1100 PM  51     -5       55
  AVERAGE         57            63     -6       69

PRECIPITATION (IN)
  YESTERDAY        0.00          0.07  -0.07     0.00
  MONTH TO DATE    1.56          1.73  -0.17    12.77
  SINCE SEP 1      6.50          6.53  -0.03    19.97
  SINCE JAN 1     38.31         36.92   1.39    52.48

DEGREE DAYS
 HEATING
  YESTERDAY        8             4      4        0
  MONTH TO DATE   11            41    -30        0
  SINCE SEP 1     11            50    -39        0
  SINCE JUL 1     11            50    -39        0

 COOLING
  YESTERDAY        0             2     -2        4
  MONTH TO DATE  116            51     65       63
  SINCE SEP 1    353           300     53      440
  SINCE JAN 1   2087          1872    215     2339
......................................................


WIND (MPH)
  HIGHEST WIND SPEED    21   HIGHEST WIND DIRECTION     N (20)
  HIGHEST GUST SPEED    37   HIGHEST GUST DIRECTION     N (20)
  AVERAGE WIND SPEED    10.4


SKY COVER
  POSSIBLE SUNSHINE   0 PERCENT
  AVERAGE SKY COVER 0.0


WEATHER CONDITIONS
 THE FOLLOWING WEATHER WAS RECORDED YESTERDAY.
  NO SIGNIFICANT WEATHER WAS OBSERVED.


RELATIVE HUMIDITY (PERCENT)
 HIGHEST     0          1200 AM
 LOWEST      0          1200 AM
 AVERAGE     0

..........................................................


THE LUMBERTON NC CLIMATE NORMALS FOR TODAY
                         NORMAL
 MAXIMUM TEMPERATURE (F)   75
 MINIMUM TEMPERATURE (F)   51


SUNRISE AND SUNSET
OCTOBER 18 2017.......SUNRISE   725 AM EDT   SUNSET   638 PM EDT
OCTOBER 19 2017.......SUNRISE   725 AM EDT   SUNSET   636 PM EDT


-  INDICATES NEGATIVE NUMBERS.
R  INDICATES RECORD WAS SET OR TIED.
MM INDICATES DATA IS MISSING.
T  INDICATES TRACE AMOUNT.




$$
