000
CDUS42 KILM 200941
CLILBT


CLIMATE REPORT
NATIONAL WEATHER SERVICE WILMINGTON NC
440 AM EST TUE FEB 20 2018


...................................

...THE LUMBERTON NORTH CAROLINA CLIMATE SUMMARY FOR FEBRUARY 19 2018...

CLIMATE NORMAL PERIOD 1981 TO 2010
CLIMATE RECORD PERIOD 1903 TO 2018


WEATHER ITEM   OBSERVED TIME   RECORD YEAR NORMAL DEPARTURE LAST
                VALUE   (LST)  VALUE       VALUE  FROM      YEAR
                                                  NORMAL
..................................................................
TEMPERATURE (F)
 YESTERDAY
  MAXIMUM         62    521 PM  79    1976  59      3       73
  MINIMUM         46    759 AM  15    1980  36     10       48
  AVERAGE         54                        48      6       61

PRECIPITATION (IN)
  YESTERDAY        0.07          2.10 1975   0.12  -0.05      T
  MONTH TO DATE    0.82                      1.88  -1.06     1.09
  SINCE DEC 1      6.80                      7.74  -0.94     7.79
  SINCE JAN 1      2.72                      4.85  -2.13     3.49

SNOWFALL (IN)
  YESTERDAY       MM             2.5  1979  MM
  MONTH TO DATE   MM                        MM
  SINCE DEC 1     MM                        MM
  SINCE JUL 1     MM                        MM
  SNOW DEPTH      MM

DEGREE DAYS
 HEATING
  YESTERDAY       11                        17     -6        4
  MONTH TO DATE  230                       365   -135      228
  SINCE DEC 1   1591                      1618    -27     1239
  SINCE JUL 1   2051                      2084    -33     1601

 COOLING
  YESTERDAY        0                         0      0        0
  MONTH TO DATE   18                         0     18        7
  SINCE DEC 1     19                         3     16        7
  SINCE JAN 1     19                         1     18        7
..................................................................


WIND (MPH)
  RESULTANT WIND SPEED   4   RESULTANT WIND DIRECTION  NE (40)
  HIGHEST WIND SPEED    13   HIGHEST WIND DIRECTION     E (100)
  HIGHEST GUST SPEED    16   HIGHEST GUST DIRECTION     E (100)
  AVERAGE WIND SPEED     4.4


SKY COVER
  POSSIBLE SUNSHINE  MM
  AVERAGE SKY COVER 1.0


WEATHER CONDITIONS
 THE FOLLOWING WEATHER WAS RECORDED YESTERDAY.
  LIGHT RAIN
  FOG
  HAZE


RELATIVE HUMIDITY (PERCENT)
 HIGHEST   100           200 AM
 LOWEST     78           400 PM
 AVERAGE    89

..........................................................


THE LUMBERTON NORTH CAROLINA CLIMATE NORMALS FOR TODAY
                         NORMAL    RECORD    YEAR
 MAXIMUM TEMPERATURE (F)   59        80      2014
 MINIMUM TEMPERATURE (F)   36        13      2015


SUNRISE AND SUNSET
FEBRUARY 20 2018......SUNRISE   656 AM EST   SUNSET   604 PM EST
FEBRUARY 21 2018......SUNRISE   655 AM EST   SUNSET   605 PM EST


-  INDICATES NEGATIVE NUMBERS.
R  INDICATES RECORD WAS SET OR TIED.
MM INDICATES DATA IS MISSING.
T  INDICATES TRACE AMOUNT.




$$
