000
CDUS44 KLCH 250845
CLILCH


CLIMATE REPORT
NATIONAL WEATHER SERVICE LAKE CHARLES, LA
244 AM CST SAT FEB 25 2017


...................................

...THE LAKE CHARLES CLIMATE SUMMARY FOR FEBRUARY 24 2017...

CLIMATE NORMAL PERIOD 1981 TO 2010
CLIMATE RECORD PERIOD 1895 TO 2017


WEATHER ITEM   OBSERVED TIME   RECORD YEAR NORMAL DEPARTURE LAST
                VALUE   (LST)  VALUE       VALUE  FROM      YEAR
                                                  NORMAL
..................................................................
TEMPERATURE (F)
 YESTERDAY
  MAXIMUM         77    133 PM  84    1906  67     10       63
  MINIMUM         63   1159 PM  21    1914  47     16       41
  AVERAGE         70                        57     13       52

PRECIPITATION (IN)
  YESTERDAY        0.00          2.20 1917   0.11  -0.11      T
  MONTH TO DATE    2.04                      3.01  -0.97     1.07
  SINCE DEC 1     19.00                     12.92   6.08     8.41
  SINCE JAN 1      6.95                      8.24  -1.29     5.17

SNOWFALL (IN)
  YESTERDAY        0.0           0.0    MM   0.0    0.0     MM
  MONTH TO DATE    0.0                       0.1   -0.1      0.0
  SINCE DEC 1      T                         0.1   -0.1      0.0
  SINCE JUL 1      T                         0.1   -0.1      0.0
  SNOW DEPTH       0

DEGREE DAYS
 HEATING
  YESTERDAY        0                         9     -9       13
  MONTH TO DATE   80                       259   -179      196
  SINCE DEC 1    552                      1043   -491      827
  SINCE JUL 1    646                      1250   -604      903

 COOLING
  YESTERDAY        5                         1      4        0
  MONTH TO DATE   57                         2     55       12
  SINCE DEC 1    170                        32    138       72
  SINCE JAN 1    114                        12    102       15
..................................................................


WIND (MPH)
  HIGHEST WIND SPEED    22   HIGHEST WIND DIRECTION    NW (330)
  HIGHEST GUST SPEED    32   HIGHEST GUST DIRECTION    NW (330)
  AVERAGE WIND SPEED     9.4


SKY COVER
  POSSIBLE SUNSHINE  MM
  AVERAGE SKY COVER 0.4


WEATHER CONDITIONS
 THE FOLLOWING WEATHER WAS RECORDED YESTERDAY.
  NO SIGNIFICANT WEATHER WAS OBSERVED.


RELATIVE HUMIDITY (PERCENT)
 HIGHEST    93          1200 AM
 LOWEST     56          1100 PM
 AVERAGE    75

..........................................................


THE LAKE CHARLES CLIMATE NORMALS FOR TODAY
                         NORMAL    RECORD    YEAR
 MAXIMUM TEMPERATURE (F)   67        83      1906
 MINIMUM TEMPERATURE (F)   48        23      1914


SUNRISE AND SUNSET
FEBRUARY 25 2017......SUNRISE   643 AM CST   SUNSET   609 PM CST
FEBRUARY 26 2017......SUNRISE   642 AM CST   SUNSET   610 PM CST


-  INDICATES NEGATIVE NUMBERS.
R  INDICATES RECORD WAS SET OR TIED.
MM INDICATES DATA IS MISSING.
T  INDICATES TRACE AMOUNT.




$$
