539
CDUS44 KLCH 220829
CLILCH


CLIMATE REPORT
NATIONAL WEATHER SERVICE LAKE CHARLES, LA
228 AM CST WED NOV 22 2017


...................................

...THE LAKE CHARLES CLIMATE SUMMARY FOR NOVEMBER 21 2017...

CLIMATE NORMAL PERIOD 1981 TO 2010
CLIMATE RECORD PERIOD 1895 TO 2017


WEATHER ITEM   OBSERVED TIME   RECORD YEAR NORMAL DEPARTURE LAST
                VALUE   (LST)  VALUE       VALUE  FROM      YEAR
                                                  NORMAL
..................................................................
TEMPERATURE (F)
 YESTERDAY
  MAXIMUM         66   1256 PM  89    1896  70     -4       71
  MINIMUM         43   1227 AM  29    1937  49     -6       36
  AVERAGE         55                        60     -5       54

PRECIPITATION (IN)
  YESTERDAY        0.48          2.10 1934   0.14   0.34     0.00
  MONTH TO DATE    2.21                      3.15  -0.94     0.61
  SINCE SEP 1      6.99                     13.31  -6.32     4.32
  SINCE JAN 1     70.75                     51.53  19.22    60.23

SNOWFALL (IN)
  YESTERDAY       MM             0.0    MM   0.0   MM        0.0
  MONTH TO DATE    0.0                       0.0    0.0      0.0
  SINCE SEP 1      0.0                       0.0    0.0      0.0
  SINCE JUL 1      0.0                       0.0    0.0      0.0
  SNOW DEPTH       0

DEGREE DAYS
 HEATING
  YESTERDAY       10                         7      3       11
  MONTH TO DATE   54                        98    -44       56
  SINCE SEP 1     91                       134    -43       62
  SINCE JUL 1     91                       134    -43       62

 COOLING
  YESTERDAY        0                         1     -1        0
  MONTH TO DATE  103                        45     58       73
  SINCE SEP 1    830                       649    181      858
  SINCE JAN 1   3156                      2778    378     3185
..................................................................


WIND (MPH)
  HIGHEST WIND SPEED    18   HIGHEST WIND DIRECTION    NE (60)
  HIGHEST GUST SPEED    23   HIGHEST GUST DIRECTION     E (70)
  AVERAGE WIND SPEED     9.4


SKY COVER
  POSSIBLE SUNSHINE  MM
  AVERAGE SKY COVER 0.8


WEATHER CONDITIONS
 THE FOLLOWING WEATHER WAS RECORDED YESTERDAY.
  THUNDERSTORM
  HEAVY RAIN
  LIGHT RAIN
  FOG


RELATIVE HUMIDITY (PERCENT)
 HIGHEST    97           500 PM
 LOWEST     78           900 AM
 AVERAGE    88

..........................................................


THE LAKE CHARLES CLIMATE NORMALS FOR TODAY
                         NORMAL    RECORD    YEAR
 MAXIMUM TEMPERATURE (F)   69        87      1897
                                             1896
 MINIMUM TEMPERATURE (F)   49        29      1898


SUNRISE AND SUNSET
NOVEMBER 22 2017......SUNRISE   644 AM CST   SUNSET   514 PM CST
NOVEMBER 23 2017......SUNRISE   645 AM CST   SUNSET   513 PM CST


-  INDICATES NEGATIVE NUMBERS.
R  INDICATES RECORD WAS SET OR TIED.
MM INDICATES DATA IS MISSING.
T  INDICATES TRACE AMOUNT.




$$
