000
CDUS44 KLCH 202207
CLILCH


CLIMATE REPORT
NATIONAL WEATHER SERVICE LAKE CHARLES, LA
407 PM CST SAT DEC 20 2014


...................................

...THE LAKE CHARLES CLIMATE SUMMARY FOR DECEMBER 20 2014...
VALID TODAY AS OF 0400 PM LOCAL TIME.

CLIMATE NORMAL PERIOD 1981 TO 2010
CLIMATE RECORD PERIOD 1895 TO 2014


WEATHER ITEM   OBSERVED TIME   RECORD YEAR NORMAL DEPARTURE LAST
                VALUE   (LST)  VALUE       VALUE  FROM      YEAR
                                                  NORMAL
..................................................................
TEMPERATURE (F)
 TODAY
  MAXIMUM         61    342 PM  79    2007  63     -2       75
                                      1917
  MINIMUM         49    835 AM  21    1996  43      6       67
  AVERAGE         55                        53      2       71

PRECIPITATION (IN)
  TODAY            0.00          2.00 1928   0.14  -0.14      T
  MONTH TO DATE    1.04                      2.93  -1.89     1.39
  SINCE DEC 1      1.04                      2.93  -1.89     1.39
  SINCE JAN 1     67.64                     55.74  11.90    56.80

SNOWFALL (IN)
  TODAY            0.0           0.0    MM   0.0    0.0      0.0
  MONTH TO DATE    0.0                       0.0    0.0      0.0
  SINCE DEC 1      0.0                       0.0    0.0      0.0
  SINCE JUL 1      0.0                       0.0    0.0      0.0
  SNOW DEPTH       0

DEGREE DAYS
 HEATING
  TODAY           10                        13     -3        0
  MONTH TO DATE  137                       221    -84      261
  SINCE DEC 1    137                       221    -84      261
  SINCE JUL 1    413                       428    -15      535

 COOLING
  TODAY            0                         1     -1        6
  MONTH TO DATE   17                        20     -3       25
  SINCE DEC 1     17                        20     -3       25
  SINCE JAN 1   2704                      2809   -105     2972
..................................................................


WIND (MPH)
  HIGHEST WIND SPEED    15   HIGHEST WIND DIRECTION    NE (40)
  HIGHEST GUST SPEED    20   HIGHEST GUST DIRECTION    NE (40)
  AVERAGE WIND SPEED    11.3


SKY COVER
  POSSIBLE SUNSHINE  MM
  AVERAGE SKY COVER 0.9


WEATHER CONDITIONS
 THE FOLLOWING WEATHER WAS RECORDED TODAY.
  FOG


RELATIVE HUMIDITY (PERCENT)
 HIGHEST   100           700 AM
 LOWEST     64           300 PM
 AVERAGE    82

..........................................................


THE LAKE CHARLES CLIMATE NORMALS FOR TOMORROW
                         NORMAL    RECORD    YEAR
 MAXIMUM TEMPERATURE (F)   62        78      1998
                                             1970
                                             1948
 MINIMUM TEMPERATURE (F)   43        22      1901


SUNRISE AND SUNSET
DECEMBER 20 2014......SUNRISE   704 AM CST   SUNSET   517 PM CST
DECEMBER 21 2014......SUNRISE   705 AM CST   SUNSET   517 PM CST


-  INDICATES NEGATIVE NUMBERS.
R  INDICATES RECORD WAS SET OR TIED.
MM INDICATES DATA IS MISSING.
T  INDICATES TRACE AMOUNT.




$$
