000
CDUS44 KLCH 220912
CLILCH


CLIMATE REPORT
NATIONAL WEATHER SERVICE LAKE CHARLES, LA
312 AM CST THU FEB 22 2018


...................................

...THE LAKE CHARLES CLIMATE SUMMARY FOR FEBRUARY 21 2018...

CLIMATE NORMAL PERIOD 1981 TO 2010
CLIMATE RECORD PERIOD 1895 TO 2018


WEATHER ITEM   OBSERVED TIME   RECORD YEAR NORMAL DEPARTURE LAST
                VALUE   (LST)  VALUE       VALUE  FROM      YEAR
                                                  NORMAL
..................................................................
TEMPERATURE (F)
 YESTERDAY
  MAXIMUM         81    120 PM  87    1913  66     15       71
  MINIMUM         71   1127 AM  28    1978  47     24       56
                                      1914
  AVERAGE         76                        56     20       64

PRECIPITATION (IN)
  YESTERDAY        0.03          2.70 1969   0.11  -0.08     0.12
  MONTH TO DATE    4.67                      2.66   2.01     2.04
  SINCE DEC 1     17.06                     12.57   4.49    19.00
  SINCE JAN 1     12.16                      7.89   4.27     6.95

SNOWFALL (IN)
  YESTERDAY        0.0           T    1964   0.0    0.0      0.0
                                      1963
                                      1959
  MONTH TO DATE    0.0                       0.1   -0.1      0.0
  SINCE DEC 1      2.2                       0.1    2.1       T
  SINCE JUL 1      2.2                       0.1    2.1       T
  SNOW DEPTH       0

DEGREE DAYS
 HEATING
  YESTERDAY        0                         9     -9        1
  MONTH TO DATE  106                       232   -126       78
  SINCE DEC 1   1007                      1016     -9      550
  SINCE JUL 1   1155                      1223    -68      644

 COOLING
  YESTERDAY       11                         0     11        0
  MONTH TO DATE   52                         0     52       51
  SINCE DEC 1     77                        30     47      164
  SINCE JAN 1     53                        10     43      108
..................................................................


WIND (MPH)
  HIGHEST WIND SPEED    29   HIGHEST WIND DIRECTION     S (170)
  HIGHEST GUST SPEED    44   HIGHEST GUST DIRECTION     S (180)
  AVERAGE WIND SPEED    15.3


SKY COVER
  POSSIBLE SUNSHINE  MM
  AVERAGE SKY COVER 0.9


WEATHER CONDITIONS
 THE FOLLOWING WEATHER WAS RECORDED YESTERDAY.
  THUNDERSTORM
  LIGHT RAIN
  FOG


RELATIVE HUMIDITY (PERCENT)
 HIGHEST    93          1200 AM
 LOWEST     74           100 PM
 AVERAGE    84

..........................................................


THE LAKE CHARLES CLIMATE NORMALS FOR TODAY
                         NORMAL    RECORD    YEAR
 MAXIMUM TEMPERATURE (F)   66        85      1913
 MINIMUM TEMPERATURE (F)   47        23      1978


SUNRISE AND SUNSET
FEBRUARY 22 2018......SUNRISE   646 AM CST   SUNSET   607 PM CST
FEBRUARY 23 2018......SUNRISE   645 AM CST   SUNSET   608 PM CST


-  INDICATES NEGATIVE NUMBERS.
R  INDICATES RECORD WAS SET OR TIED.
MM INDICATES DATA IS MISSING.
T  INDICATES TRACE AMOUNT.




$$
