000
CDUS44 KLCH 242231
CLILCH


CLIMATE REPORT
NATIONAL WEATHER SERVICE LAKE CHARLES, LA
529 PM CDT MON JUL 24 2017


...................................

...THE LAKE CHARLES CLIMATE SUMMARY FOR JULY 24 2017...
VALID TODAY AS OF 0500 PM LOCAL TIME.

CLIMATE NORMAL PERIOD 1981 TO 2010
CLIMATE RECORD PERIOD 1895 TO 2017


WEATHER ITEM   OBSERVED TIME   RECORD YEAR NORMAL DEPARTURE LAST
                VALUE   (LST)  VALUE       VALUE  FROM      YEAR
                                                  NORMAL
..................................................................
TEMPERATURE (F)
 TODAY
  MAXIMUM         93    146 PM 102    1924  92      1       96
  MINIMUM         79    153 AM  61    1915  75      4       78
  AVERAGE         86                        83      3       87

PRECIPITATION (IN)
  TODAY            0.00          2.91 1996   0.17  -0.17      T
  MONTH TO DATE    3.73                      4.42  -0.69     1.69
  SINCE JUN 1     13.43                     11.27   2.16    10.83
  SINCE JAN 1     40.08                     32.15   7.93    40.15

SNOWFALL (IN)
  TODAY            0.0           0.0    MM   0.0    0.0      0.0
  MONTH TO DATE    0.0                       0.0    0.0      0.0
  SINCE JUN 1      0.0                       0.0    0.0      0.0
  SINCE JUL 1      0.0                       0.0    0.0      0.0
  SNOW DEPTH       0

DEGREE DAYS
 HEATING
  TODAY            0                         0      0        0
  MONTH TO DATE    0                         0      0        0
  SINCE JUN 1      0                         0      0        0
  SINCE JUL 1      0                         0      0        0

 COOLING
  TODAY           21                        18      3       22
  MONTH TO DATE  455                       429     26      492
  SINCE JUN 1    937                       909     28     1004
  SINCE JAN 1   1640                      1447    193     1620
..................................................................


WIND (MPH)
  HIGHEST WIND SPEED    15   HIGHEST WIND DIRECTION    NW (300)
  HIGHEST GUST SPEED    20   HIGHEST GUST DIRECTION    NW (320)
  AVERAGE WIND SPEED     5.3


SKY COVER
  POSSIBLE SUNSHINE  MM
  AVERAGE SKY COVER 0.2


WEATHER CONDITIONS
 THE FOLLOWING WEATHER WAS RECORDED TODAY.
  THUNDERSTORM


RELATIVE HUMIDITY (PERCENT)
 HIGHEST   100           100 AM
 LOWEST     56           200 PM
 AVERAGE    78

..........................................................


THE LAKE CHARLES CLIMATE NORMALS FOR TOMORROW
                         NORMAL    RECORD    YEAR
 MAXIMUM TEMPERATURE (F)   92       100      1918
 MINIMUM TEMPERATURE (F)   75        62      1915


SUNRISE AND SUNSET
JULY 24 2017..........SUNRISE   627 AM CDT   SUNSET   811 PM CDT
JULY 25 2017..........SUNRISE   628 AM CDT   SUNSET   811 PM CDT


-  INDICATES NEGATIVE NUMBERS.
R  INDICATES RECORD WAS SET OR TIED.
MM INDICATES DATA IS MISSING.
T  INDICATES TRACE AMOUNT.




$$
