000
CDUS44 KLCH 270937
CLILCH


CLIMATE REPORT
NATIONAL WEATHER SERVICE LAKE CHARLES, LA
337 AM CST TUE JAN 27 2015


...................................

...THE LAKE CHARLES CLIMATE SUMMARY FOR JANUARY 26 2015...

CLIMATE NORMAL PERIOD 1981 TO 2010
CLIMATE RECORD PERIOD 1895 TO 2015


WEATHER ITEM   OBSERVED TIME   RECORD YEAR NORMAL DEPARTURE LAST
                VALUE   (LST)  VALUE       VALUE  FROM      YEAR
                                                  NORMAL
..................................................................
TEMPERATURE (F)
 YESTERDAY
  MAXIMUM         66    423 PM  83    1912  62      4       64
                                      1909
  MINIMUM         45    910 PM  18    1940  43      2       40
  AVERAGE         56                        52      4       52

PRECIPITATION (IN)
  YESTERDAY        0.00          1.70 1974   0.15  -0.15     0.00
  MONTH TO DATE    6.90                      4.45   2.45     2.20
  SINCE DEC 1      8.93                      9.13  -0.20     4.25
  SINCE JAN 1      6.90                      4.45   2.45     2.20

SNOWFALL (IN)
  YESTERDAY        0.0           0.0    MM   0.0    0.0      0.0
  MONTH TO DATE    0.0                       0.0    0.0       T
  SINCE DEC 1      0.0                       T      0.0       T
  SINCE JUL 1      0.0                       T      0.0       T
  SNOW DEPTH       0

DEGREE DAYS
 HEATING
  YESTERDAY        9                        13     -4       13
  MONTH TO DATE  449                       358     91      459
  SINCE DEC 1    732                       725      7      902
  SINCE JUL 1   1008                       932     76     1176

 COOLING
  YESTERDAY        0                         0      0        0
  MONTH TO DATE    0                         0      0        0
  SINCE DEC 1     17                        20     -3       25
  SINCE JAN 1      0                         0      0        0
..................................................................


WIND (MPH)
  HIGHEST WIND SPEED    18   HIGHEST WIND DIRECTION    NW (330)
  HIGHEST GUST SPEED    25   HIGHEST GUST DIRECTION    NW (330)
  AVERAGE WIND SPEED     9.8


SKY COVER
  POSSIBLE SUNSHINE  MM
  AVERAGE SKY COVER 0.0


WEATHER CONDITIONS
 THE FOLLOWING WEATHER WAS RECORDED YESTERDAY.
  NO SIGNIFICANT WEATHER WAS OBSERVED.


RELATIVE HUMIDITY (PERCENT)
 HIGHEST    80          1000 PM
 LOWEST     29           400 PM
 AVERAGE    55

..........................................................


THE LAKE CHARLES CLIMATE NORMALS FOR TODAY
                         NORMAL    RECORD    YEAR
 MAXIMUM TEMPERATURE (F)   62        82      1912
 MINIMUM TEMPERATURE (F)   43        16      1940


SUNRISE AND SUNSET
JANUARY 27 2015.......SUNRISE   706 AM CST   SUNSET   545 PM CST
JANUARY 28 2015.......SUNRISE   706 AM CST   SUNSET   546 PM CST


-  INDICATES NEGATIVE NUMBERS.
R  INDICATES RECORD WAS SET OR TIED.
MM INDICATES DATA IS MISSING.
T  INDICATES TRACE AMOUNT.




$$
