000
CDUS44 KLCH 280928
CLILCH


CLIMATE REPORT
NATIONAL WEATHER SERVICE LAKE CHARLES, LA
427 AM CDT SUN MAY 28 2017


...................................

...THE LAKE CHARLES CLIMATE SUMMARY FOR MAY 27 2017...

CLIMATE NORMAL PERIOD 1981 TO 2010
CLIMATE RECORD PERIOD 1895 TO 2017


WEATHER ITEM   OBSERVED TIME   RECORD YEAR NORMAL DEPARTURE LAST
                VALUE   (LST)  VALUE       VALUE  FROM      YEAR
                                                  NORMAL
..................................................................
TEMPERATURE (F)
 YESTERDAY
  MAXIMUM         87    228 PM  95    2010  87      0       85
                                      1916
                                      1906
  MINIMUM         79    625 AM  49    1901  69     10       67
  AVERAGE         83                        78      5       76

PRECIPITATION (IN)
  YESTERDAY        T             3.11 1941   0.20  -0.20     1.78
  MONTH TO DATE    9.48                      4.43   5.05    10.73
  SINCE MAR 1     16.95                     11.42   5.53    24.06
  SINCE JAN 1     23.90                     20.11   3.79    29.23

SNOWFALL (IN)
  YESTERDAY        0.0           0.0    MM   0.0    0.0      0.0
  MONTH TO DATE    0.0                       0.0    0.0      0.0
  SINCE MAR 1      0.0                       0.0    0.0      0.0
  SINCE JUL 1      T                         0.1   -0.1      0.0
  SNOW DEPTH       0

DEGREE DAYS
 HEATING
  YESTERDAY        0                         0      0        0
  MONTH TO DATE    1                         0      1        0
  SINCE MAR 1     85                       207   -122       85
  SINCE JUL 1    743                      1489   -746     1034

 COOLING
  YESTERDAY       18                        13      5       11
  MONTH TO DATE  240                       276    -36      271
  SINCE MAR 1    524                       461     63      545
  SINCE JAN 1    655                       484    171      560
..................................................................


WIND (MPH)
  HIGHEST WIND SPEED    15   HIGHEST WIND DIRECTION     S (200)
  HIGHEST GUST SPEED    23   HIGHEST GUST DIRECTION     S (200)
  AVERAGE WIND SPEED     9.4


SKY COVER
  POSSIBLE SUNSHINE  MM
  AVERAGE SKY COVER 0.8


WEATHER CONDITIONS
 THE FOLLOWING WEATHER WAS RECORDED YESTERDAY.
  LIGHT RAIN
  FOG


RELATIVE HUMIDITY (PERCENT)
 HIGHEST    91          1200 AM
 LOWEST     70          1000 AM
 AVERAGE    81

..........................................................


THE LAKE CHARLES CLIMATE NORMALS FOR TODAY
                         NORMAL    RECORD    YEAR
 MAXIMUM TEMPERATURE (F)   87        97      2010
                                             1953
                                             1916
 MINIMUM TEMPERATURE (F)   70        54      1961
                                             1901


SUNRISE AND SUNSET
MAY 28 2017...........SUNRISE   613 AM CDT   SUNSET   808 PM CDT
MAY 29 2017...........SUNRISE   613 AM CDT   SUNSET   808 PM CDT


-  INDICATES NEGATIVE NUMBERS.
R  INDICATES RECORD WAS SET OR TIED.
MM INDICATES DATA IS MISSING.
T  INDICATES TRACE AMOUNT.




$$
