000
CDUS44 KLCH 160954
CLILCH


CLIMATE REPORT
NATIONAL WEATHER SERVICE LAKE CHARLES, LA
353 AM CST MON JAN 16 2017


...................................

...THE LAKE CHARLES CLIMATE SUMMARY FOR JANUARY 15 2017...

CLIMATE NORMAL PERIOD 1981 TO 2010
CLIMATE RECORD PERIOD 1895 TO 2017


WEATHER ITEM   OBSERVED TIME   RECORD YEAR NORMAL DEPARTURE LAST
                VALUE   (LST)  VALUE       VALUE  FROM      YEAR
                                                  NORMAL
..................................................................
TEMPERATURE (F)
 YESTERDAY
  MAXIMUM         76    259 PM  80    1932  61     15       74
  MINIMUM         63   1245 AM  22    1912  42     21       44
  AVERAGE         70                        52     18       59

PRECIPITATION (IN)
  YESTERDAY        0.00          2.55 1955   0.18  -0.18     0.00
  MONTH TO DATE    1.33                      2.63  -1.30     2.25
  SINCE DEC 1     13.38                      7.31   6.07     5.49
  SINCE JAN 1      1.33                      2.63  -1.30     2.25

SNOWFALL (IN)
  YESTERDAY        0.0           0.0    MM   0.0    0.0      0.0
  MONTH TO DATE    T                         0.0    0.0      0.0
  SINCE DEC 1      T                         T      0.0      0.0
  SINCE JUL 1      T                         T      0.0      0.0
  SNOW DEPTH       0

DEGREE DAYS
 HEATING
  YESTERDAY        0                        14    -14        6
  MONTH TO DATE  136                       210    -74      224
  SINCE DEC 1    389                       577   -188      430
  SINCE JUL 1    483                       784   -301      506

 COOLING
  YESTERDAY        5                         0      5        0
  MONTH TO DATE   26                         0     26        0
  SINCE DEC 1     82                        20     62       57
  SINCE JAN 1     26                         0     26        0
..................................................................


WIND (MPH)
  HIGHEST WIND SPEED    23   HIGHEST WIND DIRECTION    SE (140)
  HIGHEST GUST SPEED    26   HIGHEST GUST DIRECTION    SE (140)
  AVERAGE WIND SPEED    11.0


SKY COVER
  POSSIBLE SUNSHINE  MM
  AVERAGE SKY COVER 0.7


WEATHER CONDITIONS
 THE FOLLOWING WEATHER WAS RECORDED YESTERDAY.
  FOG


RELATIVE HUMIDITY (PERCENT)
 HIGHEST   100           500 AM
 LOWEST     64           300 PM
 AVERAGE    82

..........................................................


THE LAKE CHARLES CLIMATE NORMALS FOR TODAY
                         NORMAL    RECORD    YEAR
 MAXIMUM TEMPERATURE (F)   61        78      1935
                                             1928
                                             1914
 MINIMUM TEMPERATURE (F)   42        21      1905


SUNRISE AND SUNSET
JANUARY 16 2017.......SUNRISE   709 AM CST   SUNSET   536 PM CST
JANUARY 17 2017.......SUNRISE   709 AM CST   SUNSET   537 PM CST


-  INDICATES NEGATIVE NUMBERS.
R  INDICATES RECORD WAS SET OR TIED.
MM INDICATES DATA IS MISSING.
T  INDICATES TRACE AMOUNT.




$$
