000
CDUS44 KLCH 282207
CLILCH


CLIMATE REPORT
NATIONAL WEATHER SERVICE LAKE CHARLES, LA
507 PM CDT THU MAY 28 2015


...................................

...THE LAKE CHARLES CLIMATE SUMMARY FOR MAY 28 2015...
VALID TODAY AS OF 0500 PM LOCAL TIME.

CLIMATE NORMAL PERIOD 1981 TO 2010
CLIMATE RECORD PERIOD 1895 TO 2015


WEATHER ITEM   OBSERVED TIME   RECORD YEAR NORMAL DEPARTURE LAST
                VALUE   (LST)  VALUE       VALUE  FROM      YEAR
                                                  NORMAL
..................................................................
TEMPERATURE (F)
 TODAY
  MAXIMUM         89    142 PM  97    2010  87      2       82
                                      1953
                                      1916
  MINIMUM         71    409 AM  54    1961  70      1       70
                                      1901
  AVERAGE         80                        78      2       76

PRECIPITATION (IN)
  TODAY            0.00          4.68 2014   0.19  -0.19     4.68
  MONTH TO DATE    6.22                      4.62   1.60     5.42
  SINCE MAR 1     25.61                     11.61  14.00     8.34
  SINCE JAN 1     34.09                     20.30  13.79    15.13

SNOWFALL (IN)
  TODAY            0.0           0.0    MM   0.0    0.0      0.0
  MONTH TO DATE    0.0                       0.0    0.0      0.0
  SINCE MAR 1      T                         0.0    0.0      0.0
  SINCE JUL 1      T                         0.1   -0.1      0.1
  SNOW DEPTH       0

DEGREE DAYS
 HEATING
  TODAY            0                         0      0        0
  MONTH TO DATE    0                         0      0       12
  SINCE MAR 1    105                       207   -102      311
  SINCE JUL 1   1543                      1489     54     1962

 COOLING
  TODAY           15                        13      2       11
  MONTH TO DATE  329                       289     40      230
  SINCE MAR 1    582                       474    108      384
  SINCE JAN 1    588                       497     91      399
..................................................................


WIND (MPH)
  HIGHEST WIND SPEED     9   HIGHEST WIND DIRECTION     S (190)
  HIGHEST GUST SPEED    13   HIGHEST GUST DIRECTION     S (190)
  AVERAGE WIND SPEED     3.7


SKY COVER
  POSSIBLE SUNSHINE  MM
  AVERAGE SKY COVER 0.2


WEATHER CONDITIONS
 THE FOLLOWING WEATHER WAS RECORDED TODAY.
  NO SIGNIFICANT WEATHER WAS OBSERVED.


RELATIVE HUMIDITY (PERCENT)
 HIGHEST   100          1200 AM
 LOWEST     59          1200 PM
 AVERAGE    80

..........................................................


THE LAKE CHARLES CLIMATE NORMALS FOR TOMORROW
                         NORMAL    RECORD    YEAR
 MAXIMUM TEMPERATURE (F)   87        97      2010
                                             1911
 MINIMUM TEMPERATURE (F)   70        56      1934


SUNRISE AND SUNSET
MAY 28 2015...........SUNRISE   613 AM CDT   SUNSET   807 PM CDT
MAY 29 2015...........SUNRISE   613 AM CDT   SUNSET   808 PM CDT


-  INDICATES NEGATIVE NUMBERS.
R  INDICATES RECORD WAS SET OR TIED.
MM INDICATES DATA IS MISSING.
T  INDICATES TRACE AMOUNT.




$$
