000
CDUS43 KLMK 090631
CLILEX


CLIMATE REPORT
NATIONAL WEATHER SERVICE LOUISVILLE KY
130 AM EST FRI DEC 9 2016


...................................

...THE LEXINGTON KY CLIMATE SUMMARY FOR DECEMBER 8 2016...

CLIMATE NORMAL PERIOD 1981 TO 2010
CLIMATE RECORD PERIOD 1872 TO 2016


WEATHER ITEM   OBSERVED TIME   RECORD YEAR NORMAL DEPARTURE LAST
                VALUE   (LST)  VALUE       VALUE  FROM      YEAR
                                                  NORMAL
..................................................................
TEMPERATURE (F)
 YESTERDAY
  MAXIMUM         35    209 PM  68    1922  46    -11       57
  MINIMUM         22    942 PM  -4    1917  30     -8       37
  AVERAGE         29                        38     -9       47

PRECIPITATION (IN)
  YESTERDAY        0.00          2.93 1978   0.13  -0.13     0.00
  MONTH TO DATE    0.86                      1.04  -0.18     0.83
  SINCE DEC 1      0.86                      1.04  -0.18     0.83
  SINCE JAN 1     39.07                     42.28  -3.21    53.51

SNOWFALL (IN)
  YESTERDAY        0.0           9.4  1917   0.0    0.0      0.0
  MONTH TO DATE    0.0                       0.4   -0.4       T
  SINCE DEC 1      0.0                       0.4   -0.4       T
  SINCE JUL 1      0.0                       0.7   -0.7       T
  SNOW DEPTH       0

DEGREE DAYS
 HEATING
  YESTERDAY       36                        27      9       18
  MONTH TO DATE  206                       209     -3      177
  SINCE DEC 1    206                       209     -3      177
  SINCE JUL 1    792                      1096   -304      863

 COOLING
  YESTERDAY        0                         0      0        0
  MONTH TO DATE    0                         0      0        0
  SINCE DEC 1      0                         0      0        0
  SINCE JAN 1   1640                      1190    450     1284
..................................................................


WIND (MPH)
  HIGHEST WIND SPEED    20   HIGHEST WIND DIRECTION     W (270)
  HIGHEST GUST SPEED    24   HIGHEST GUST DIRECTION     W (270)
  AVERAGE WIND SPEED    10.5


SKY COVER
  POSSIBLE SUNSHINE  MM
  AVERAGE SKY COVER 0.5


WEATHER CONDITIONS
 THE FOLLOWING WEATHER WAS RECORDED YESTERDAY.
  NO SIGNIFICANT WEATHER WAS OBSERVED.


RELATIVE HUMIDITY (PERCENT)
 HIGHEST    69           500 AM
 LOWEST     43           400 PM
 AVERAGE    56

..........................................................


THE LEXINGTON KY CLIMATE NORMALS FOR TODAY
                         NORMAL    RECORD    YEAR
 MAXIMUM TEMPERATURE (F)   45        68      1952
 MINIMUM TEMPERATURE (F)   29        -9      1917


SUNRISE AND SUNSET
DECEMBER  9 2016......SUNRISE   743 AM EST   SUNSET   519 PM EST
DECEMBER 10 2016......SUNRISE   744 AM EST   SUNSET   519 PM EST


-  INDICATES NEGATIVE NUMBERS.
R  INDICATES RECORD WAS SET OR TIED.
MM INDICATES DATA IS MISSING.
T  INDICATES TRACE AMOUNT.




$$
