000
CDUS43 KLMK 270632
CLILEX


CLIMATE REPORT
NATIONAL WEATHER SERVICE LOUISVILLE KY
232 AM EDT FRI MAR 27 2015


...................................

...THE LEXINGTON KY CLIMATE SUMMARY FOR MARCH 26 2015...

CLIMATE NORMAL PERIOD 1981 TO 2010
CLIMATE RECORD PERIOD 1872 TO 2015


WEATHER ITEM   OBSERVED TIME   RECORD YEAR NORMAL DEPARTURE LAST
                VALUE   (LST)  VALUE       VALUE  FROM      YEAR
                                                  NORMAL
..................................................................
TEMPERATURE (F)
 YESTERDAY
  MAXIMUM         62    518 AM  80    2007  59      3       41
                                      1907
  MINIMUM         38   1159 PM  14    1955  39     -1       19
  AVERAGE         50                        49      1       30

PRECIPITATION (IN)
  YESTERDAY        0.21          2.46 1913   0.13   0.08     0.00
  MONTH TO DATE    7.46                      3.40   4.06     1.88
  SINCE MAR 1      7.46                      3.40   4.06     1.88
  SINCE JAN 1     12.31                      9.80   2.51     8.92

SNOWFALL (IN)
  YESTERDAY        0.0           0.7  2013   0.1   -0.1      0.0
                                      1971
  MONTH TO DATE   17.1                       1.3   15.8      7.5
  SINCE MAR 1     17.1                       1.3   15.8      7.5
  SINCE JUL 1     40.0                      12.6   27.4     26.8
  SNOW DEPTH       0

DEGREE DAYS
 HEATING
  YESTERDAY       15                        16     -1       35
  MONTH TO DATE  538                       528     10      637
  SINCE MAR 1    538                       528     10      637
  SINCE JUL 1   4516                      4099    417     4480

 COOLING
  YESTERDAY        0                         0      0        0
  MONTH TO DATE    0                         0      0        0
  SINCE MAR 1      0                         0      0        0
  SINCE JAN 1      0                         0      0        0
..................................................................


WIND (MPH)
  HIGHEST WIND SPEED    17   HIGHEST WIND DIRECTION     N (350)
  HIGHEST GUST SPEED    22   HIGHEST GUST DIRECTION     N (360)
  AVERAGE WIND SPEED     8.9


SKY COVER
  POSSIBLE SUNSHINE  MM
  AVERAGE SKY COVER 0.9


WEATHER CONDITIONS
 THE FOLLOWING WEATHER WAS RECORDED YESTERDAY.
  RAIN
  LIGHT RAIN
  FOG


RELATIVE HUMIDITY (PERCENT)
 HIGHEST    93          1100 AM
 LOWEST     67          1200 AM
 AVERAGE    80

..........................................................


THE LEXINGTON KY CLIMATE NORMALS FOR TODAY
                         NORMAL    RECORD    YEAR
 MAXIMUM TEMPERATURE (F)   59        84      1910
 MINIMUM TEMPERATURE (F)   39        10      1947


SUNRISE AND SUNSET
MARCH 27 2015.........SUNRISE   732 AM EDT   SUNSET   757 PM EDT
MARCH 28 2015.........SUNRISE   730 AM EDT   SUNSET   758 PM EDT


-  INDICATES NEGATIVE NUMBERS.
R  INDICATES RECORD WAS SET OR TIED.
MM INDICATES DATA IS MISSING.
T  INDICATES TRACE AMOUNT.




$$
