000
CDUS43 KLMK 282027
CLILEX


CLIMATE REPORT
NATIONAL WEATHER SERVICE LOUISVILLE KY
427 PM EDT SUN MAY 28 2017


...................................

...THE LEXINGTON KY CLIMATE SUMMARY FOR MAY 28 2017...
VALID TODAY AS OF 0400 PM LOCAL TIME.

CLIMATE NORMAL PERIOD 1981 TO 2010
CLIMATE RECORD PERIOD 1872 TO 2017


WEATHER ITEM   OBSERVED TIME   RECORD YEAR NORMAL DEPARTURE LAST
                VALUE   (LST)  VALUE       VALUE  FROM      YEAR
                                                  NORMAL
..................................................................
TEMPERATURE (F)
 TODAY
  MAXIMUM         77    217 PM  93    1941  78     -1       84
                                      1911
  MINIMUM         61    558 AM  39    1907  57      4       65
  AVERAGE         69                        68      1       75

PRECIPITATION (IN)
  TODAY            T             1.36 1990   0.17  -0.17     0.00
  MONTH TO DATE    5.58                      4.72   0.86     6.49
  SINCE MAR 1     10.70                     12.39  -1.69    12.59
  SINCE JAN 1     18.80                     18.79   0.01    18.29

SNOWFALL (IN)
  TODAY            0.0          MM      MM   0.0    0.0      0.0
  MONTH TO DATE    0.0                       0.0    0.0      0.0
  SINCE MAR 1      T                         1.7   -1.7      0.7
  SINCE JUL 1      3.4                      13.0   -9.6     15.3
  SNOW DEPTH       0

DEGREE DAYS
 HEATING
  TODAY            0                         2     -2        0
  MONTH TO DATE   99                       107     -8      137
  SINCE MAR 1    761                      1025   -264      793
  SINCE JUL 1   3471                      4596  -1125     3764

 COOLING
  TODAY            4                         4      0       10
  MONTH TO DATE  101                        69     32       56
  SINCE MAR 1    172                        91     81       84
  SINCE JAN 1    176                        91     85       84
..................................................................


WIND (MPH)
  HIGHEST WIND SPEED    20   HIGHEST WIND DIRECTION    SW (230)
  HIGHEST GUST SPEED    28   HIGHEST GUST DIRECTION     W (260)
  AVERAGE WIND SPEED    10.7


SKY COVER
  POSSIBLE SUNSHINE  MM
  AVERAGE SKY COVER 0.4


WEATHER CONDITIONS
 THE FOLLOWING WEATHER WAS RECORDED TODAY.
  NO SIGNIFICANT WEATHER WAS OBSERVED.


RELATIVE HUMIDITY (PERCENT)
 HIGHEST    90           200 AM
 LOWEST     56           200 PM
 AVERAGE    73

..........................................................


THE LEXINGTON KY CLIMATE NORMALS FOR TOMORROW
                         NORMAL    RECORD    YEAR
 MAXIMUM TEMPERATURE (F)   78        94      1941
 MINIMUM TEMPERATURE (F)   58        41      1964


SUNRISE AND SUNSET
MAY 28 2017...........SUNRISE   619 AM EDT   SUNSET   853 PM EDT
MAY 29 2017...........SUNRISE   619 AM EDT   SUNSET   853 PM EDT


-  INDICATES NEGATIVE NUMBERS.
R  INDICATES RECORD WAS SET OR TIED.
MM INDICATES DATA IS MISSING.
T  INDICATES TRACE AMOUNT.




$$
