000
CDUS43 KLMK 272029
CLILEX


CLIMATE REPORT
NATIONAL WEATHER SERVICE LOUISVILLE KY
428 PM EDT TUE SEP 27 2016


...................................

...THE LEXINGTON KY CLIMATE SUMMARY FOR SEPTEMBER 27 2016...
VALID TODAY AS OF 0400 PM LOCAL TIME.

CLIMATE NORMAL PERIOD 1981 TO 2010
CLIMATE RECORD PERIOD 1872 TO 2016


WEATHER ITEM   OBSERVED TIME   RECORD YEAR NORMAL DEPARTURE LAST
                VALUE   (LST)  VALUE       VALUE  FROM      YEAR
                                                  NORMAL
..................................................................
TEMPERATURE (F)
 TODAY
  MAXIMUM         76    253 PM  91    1939  74      2       81
  MINIMUM         49    443 AM  37    1942  53     -4       61
  AVERAGE         63                        64     -1       71

PRECIPITATION (IN)
  TODAY            0.00          1.61 1964   0.10  -0.10     0.00
  MONTH TO DATE    0.76                      2.61  -1.85     1.36
  SINCE SEP 1      0.76                      2.61  -1.85     1.36
  SINCE JAN 1     35.13                     34.28   0.85    44.65

SNOWFALL (IN)
  TODAY            0.0          MM      MM   0.0    0.0      0.0
  MONTH TO DATE    0.0                       0.0    0.0      0.0
  SINCE SEP 1      0.0                       0.0    0.0      0.0
  SINCE JUL 1      0.0                       0.0    0.0      0.0
  SNOW DEPTH       0

DEGREE DAYS
 HEATING
  TODAY            2                         4     -2        0
  MONTH TO DATE    4                        38    -34       15
  SINCE SEP 1      4                        38    -34       15
  SINCE JUL 1      4                        40    -36       15

 COOLING
  TODAY            0                         3     -3        6
  MONTH TO DATE  271                       139    132      186
  SINCE SEP 1    271                       139    132      186
  SINCE JAN 1   1547                      1156    391     1247
..................................................................


WIND (MPH)
  HIGHEST WIND SPEED    15   HIGHEST WIND DIRECTION     W (270)
  HIGHEST GUST SPEED    18   HIGHEST GUST DIRECTION    SW (220)
  AVERAGE WIND SPEED     5.8


SKY COVER
  POSSIBLE SUNSHINE  MM
  AVERAGE SKY COVER 0.0


WEATHER CONDITIONS
 THE FOLLOWING WEATHER WAS RECORDED TODAY.
  NO SIGNIFICANT WEATHER WAS OBSERVED.


RELATIVE HUMIDITY (PERCENT)
 HIGHEST    93           400 AM
 LOWEST     21           300 PM
 AVERAGE    57

..........................................................


THE LEXINGTON KY CLIMATE NORMALS FOR TOMORROW
                         NORMAL    RECORD    YEAR
 MAXIMUM TEMPERATURE (F)   74        94      1939
 MINIMUM TEMPERATURE (F)   53        33      1942


SUNRISE AND SUNSET
SEPTEMBER 27 2016.....SUNRISE   731 AM EDT   SUNSET   727 PM EDT
SEPTEMBER 28 2016.....SUNRISE   732 AM EDT   SUNSET   725 PM EDT


-  INDICATES NEGATIVE NUMBERS.
R  INDICATES RECORD WAS SET OR TIED.
MM INDICATES DATA IS MISSING.
T  INDICATES TRACE AMOUNT.




$$
