000
CDUS43 KLMK 280627
CLILEX


CLIMATE REPORT
NATIONAL WEATHER SERVICE LOUISVILLE KY
227 AM EDT TUE MAR 28 2017


...................................

...THE LEXINGTON KY CLIMATE SUMMARY FOR MARCH 27 2017...

CLIMATE NORMAL PERIOD 1981 TO 2010
CLIMATE RECORD PERIOD 1872 TO 2017


WEATHER ITEM   OBSERVED TIME   RECORD YEAR NORMAL DEPARTURE LAST
                VALUE   (LST)  VALUE       VALUE  FROM      YEAR
                                                  NORMAL
..................................................................
TEMPERATURE (F)
 YESTERDAY
  MAXIMUM         73    336 PM  84    1910  59     14       72
  MINIMUM         52    650 AM  10    1947  39     13       51
  AVERAGE         63                        49     14       62

PRECIPITATION (IN)
  YESTERDAY        0.27          1.59 1932   0.14   0.13     0.23
  MONTH TO DATE    2.10                      3.54  -1.44     2.63
  SINCE MAR 1      2.10                      3.54  -1.44     2.63
  SINCE JAN 1     10.20                      9.94   0.26     8.33

SNOWFALL (IN)
  YESTERDAY        0.0           9.5  1947   0.0    0.0      0.0
  MONTH TO DATE    T                         1.3   -1.3      0.7
  SINCE MAR 1      T                         1.3   -1.3      0.7
  SINCE JUL 1      3.4                      12.6   -9.2     15.3
  SNOW DEPTH       0

DEGREE DAYS
 HEATING
  YESTERDAY        2                        16    -14        3
  MONTH TO DATE  503                       544    -41      353
  SINCE MAR 1    503                       544    -41      353
  SINCE JUL 1   3213                      4115   -902     3324

 COOLING
  YESTERDAY        0                         0      0        0
  MONTH TO DATE    3                         0      3        1
  SINCE MAR 1      3                         0      3        1
  SINCE JAN 1      7                         0      7        1
..................................................................


WIND (MPH)
  HIGHEST WIND SPEED    32   HIGHEST WIND DIRECTION     W (250)
  HIGHEST GUST SPEED    42   HIGHEST GUST DIRECTION     W (250)
  AVERAGE WIND SPEED     5.7


SKY COVER
  POSSIBLE SUNSHINE  MM
  AVERAGE SKY COVER 0.4


WEATHER CONDITIONS
 THE FOLLOWING WEATHER WAS RECORDED YESTERDAY.
  THUNDERSTORM
  HEAVY RAIN
  RAIN
  LIGHT RAIN
  FOG


RELATIVE HUMIDITY (PERCENT)
 HIGHEST    93           500 AM
 LOWEST     61           300 PM
 AVERAGE    77

..........................................................


THE LEXINGTON KY CLIMATE NORMALS FOR TODAY
                         NORMAL    RECORD    YEAR
 MAXIMUM TEMPERATURE (F)   60        83      1910
                                             1907
 MINIMUM TEMPERATURE (F)   39         1      1947


SUNRISE AND SUNSET
MARCH 28 2017.........SUNRISE   729 AM EDT   SUNSET   758 PM EDT
MARCH 29 2017.........SUNRISE   728 AM EDT   SUNSET   759 PM EDT


-  INDICATES NEGATIVE NUMBERS.
R  INDICATES RECORD WAS SET OR TIED.
MM INDICATES DATA IS MISSING.
T  INDICATES TRACE AMOUNT.




$$
