000
CDUS43 KLMK 272029
CLILEX


CLIMATE REPORT
NATIONAL WEATHER SERVICE LOUISVILLE KY
428 PM EDT THU AUG 27 2015


...................................

...THE LEXINGTON KY CLIMATE SUMMARY FOR AUGUST 27 2015...
VALID TODAY AS OF 0400 PM LOCAL TIME.

CLIMATE NORMAL PERIOD 1981 TO 2010
CLIMATE RECORD PERIOD 1872 TO 2015


WEATHER ITEM   OBSERVED TIME   RECORD YEAR NORMAL DEPARTURE LAST
                VALUE   (LST)  VALUE       VALUE  FROM      YEAR
                                                  NORMAL
..................................................................
TEMPERATURE (F)
 TODAY
  MAXIMUM         79    204 PM 101    1936  85     -6       92
  MINIMUM         54    640 AM  49    1968  64    -10       68
  AVERAGE         67                        74     -7       80

PRECIPITATION (IN)
  TODAY            0.00          1.82 1974   0.09  -0.09     0.03
  MONTH TO DATE    1.73                      2.88  -1.15     9.16
  SINCE JUN 1     17.03                     11.97   5.06    17.98
  SINCE JAN 1     42.82                     31.30  11.52    39.33

SNOWFALL (IN)
  TODAY            0.0          MM      MM   0.0    0.0      0.0
  MONTH TO DATE    0.0                       0.0    0.0      0.0
  SINCE JUN 1      0.0                       0.0    0.0      0.0
  SINCE JUL 1      0.0                       0.0    0.0      0.0
  SNOW DEPTH       0

DEGREE DAYS
 HEATING
  TODAY            0                         0      0        0
  MONTH TO DATE    0                         0      0        0
  SINCE JUN 1     18                        11      7        2
  SINCE JUL 1      0                         0      0        2

 COOLING
  TODAY            2                         9     -7       15
  MONTH TO DATE  218                       286    -68      289
  SINCE JUN 1    856                       875    -19      864
  SINCE JAN 1   1024                       982     42     1025
..................................................................


WIND (MPH)
  HIGHEST WIND SPEED    15   HIGHEST WIND DIRECTION    NE (50)
  HIGHEST GUST SPEED    20   HIGHEST GUST DIRECTION    NE (30)
  AVERAGE WIND SPEED     5.5


SKY COVER
  POSSIBLE SUNSHINE  MM
  AVERAGE SKY COVER 0.3


WEATHER CONDITIONS
 THE FOLLOWING WEATHER WAS RECORDED TODAY.
  FOG


RELATIVE HUMIDITY (PERCENT)
 HIGHEST    93           500 AM
 LOWEST     42           200 PM
 AVERAGE    68

..........................................................


THE LEXINGTON KY CLIMATE NORMALS FOR TOMORROW
                         NORMAL    RECORD    YEAR
 MAXIMUM TEMPERATURE (F)   85       100      1936
 MINIMUM TEMPERATURE (F)   64        50      1986
                                             1965


SUNRISE AND SUNSET
AUGUST 27 2015........SUNRISE   704 AM EDT   SUNSET   816 PM EDT
AUGUST 28 2015........SUNRISE   705 AM EDT   SUNSET   814 PM EDT


-  INDICATES NEGATIVE NUMBERS.
R  INDICATES RECORD WAS SET OR TIED.
MM INDICATES DATA IS MISSING.
T  INDICATES TRACE AMOUNT.




$$
