000
CDUS44 KSHV 252202
CLILFK


CLIMATE REPORT
NATIONAL WEATHER SERVICE SHREVEPORT, LA
501 PM CDT MON SEP 25 2017


...................................

...THE LUFKIN CLIMATE SUMMARY FOR SEPTEMBER 25 2017...
VALID TODAY AS OF 0500 PM LOCAL TIME.

CLIMATE NORMAL PERIOD 1981 TO 2010
CLIMATE RECORD PERIOD 1906 TO 2017


WEATHER ITEM   OBSERVED TIME   RECORD YEAR NORMAL DEPARTURE LAST
                VALUE   (LST)  VALUE       VALUE  FROM      YEAR
                                                  NORMAL
..................................................................
TEMPERATURE (F)
 TODAY
  MAXIMUM         89    237 PM 101    1931  86      3       90
  MINIMUM         69    615 AM  44    1989  63      6       71
  AVERAGE         79                        74      5       81

PRECIPITATION (IN)
  TODAY            0.00          2.16 1980   0.13  -0.13     0.30
  MONTH TO DATE    2.89                      3.44  -0.55     1.05
  SINCE DEC 1     52.94                     38.47  14.47    46.43
  SINCE JAN 1     48.03                     34.03  14.00    42.38

DEGREE DAYS
 HEATING
  TODAY            0                         0      0        0
  MONTH TO DATE    0                         0      0        0
  SINCE SEP 1      0                         0      0        0
  SINCE JUL 1      0                         0      0        0

 COOLING
  TODAY           14                        10      4       16
  MONTH TO DATE  292                       330    -38      416
  SINCE SEP 1    292                       330    -38      416
  SINCE JAN 1   2315                      2353    -38     2504
..................................................................


WIND (MPH)
  HIGHEST WIND SPEED    12   HIGHEST WIND DIRECTION     E (70)
  HIGHEST GUST SPEED    16   HIGHEST GUST DIRECTION     E (80)
  AVERAGE WIND SPEED     4.5


SKY COVER
  POSSIBLE SUNSHINE  MM
  AVERAGE SKY COVER 0.1


WEATHER CONDITIONS
 THE FOLLOWING WEATHER WAS RECORDED TODAY.
  FOG


RELATIVE HUMIDITY (PERCENT)
 HIGHEST   100           100 AM
 LOWEST     50           200 PM
 AVERAGE    75

..........................................................


THE LUFKIN CLIMATE NORMALS FOR TOMORROW
                         NORMAL    RECORD    YEAR
 MAXIMUM TEMPERATURE (F)   86       100      2005
 MINIMUM TEMPERATURE (F)   62        46      2000


SUNRISE AND SUNSET
SEPTEMBER 25 2017.....SUNRISE   709 AM CDT   SUNSET   711 PM CDT
SEPTEMBER 26 2017.....SUNRISE   710 AM CDT   SUNSET   710 PM CDT


-  INDICATES NEGATIVE NUMBERS.
R  INDICATES RECORD WAS SET OR TIED.
MM INDICATES DATA IS MISSING.
T  INDICATES TRACE AMOUNT.




$$
