000
CDUS44 KSHV 300749
CLILFK


CLIMATE REPORT
NATIONAL WEATHER SERVICE SHREVEPORT, LA
248 AM CDT TUE MAY 30 2017


...................................

...THE LUFKIN CLIMATE SUMMARY FOR MAY 29 2017...

CLIMATE NORMAL PERIOD 1981 TO 2010
CLIMATE RECORD PERIOD 1906 TO 2017


WEATHER ITEM   OBSERVED TIME   RECORD YEAR NORMAL DEPARTURE LAST
                VALUE   (LST)  VALUE       VALUE  FROM      YEAR
                                                  NORMAL
..................................................................
TEMPERATURE (F)
 YESTERDAY
  MAXIMUM         81    445 PM  99    1996  88     -7       88
  MINIMUM         66    556 AM  55    1961  67     -1       66
  AVERAGE         74                        77     -3       77

PRECIPITATION (IN)
  YESTERDAY        0.07          3.14 1967   0.16  -0.09     0.00
  MONTH TO DATE    6.86                      4.31   2.55     9.23
  SINCE DEC 1     27.43                     23.63   3.80    33.12
  SINCE JAN 1     22.52                     19.19   3.33    29.07

SNOWFALL (IN)
  YESTERDAY        0.0
  MONTH TO DATE    0.0
  SINCE MAR 1      0.0
  SINCE JUL 1      T
  SNOW DEPTH       0

DEGREE DAYS
 HEATING
  YESTERDAY        0                         0      0        0
  MONTH TO DATE    6                         1      5        2
  SINCE MAR 1    169                       280   -111      150
  SINCE JUL 1   1145                      1914   -769     1472

 COOLING
  YESTERDAY        9                        12     -3       12
  MONTH TO DATE  202                       266    -64      220
  SINCE MAR 1    420                       423     -3      408
  SINCE JAN 1    502                       442     60      422
..................................................................


WIND (MPH)
  HIGHEST WIND SPEED    14   HIGHEST WIND DIRECTION     E (90)
  HIGHEST GUST SPEED    17   HIGHEST GUST DIRECTION    SE (130)
  AVERAGE WIND SPEED     3.4


SKY COVER
  POSSIBLE SUNSHINE  MM
  AVERAGE SKY COVER 0.2


WEATHER CONDITIONS
 THE FOLLOWING WEATHER WAS RECORDED YESTERDAY.
  THUNDERSTORM
  RAIN
  LIGHT RAIN
  FOG


RELATIVE HUMIDITY (PERCENT)
 HIGHEST   100           300 AM
 LOWEST     67           500 PM
 AVERAGE    84

..........................................................


THE LUFKIN CLIMATE NORMALS FOR TODAY
                         NORMAL    RECORD    YEAR
 MAXIMUM TEMPERATURE (F)   88        99      1998
 MINIMUM TEMPERATURE (F)   67        49      1984


SUNRISE AND SUNSET
MAY 30 2017...........SUNRISE   616 AM CDT   SUNSET   817 PM CDT
MAY 31 2017...........SUNRISE   616 AM CDT   SUNSET   818 PM CDT


-  INDICATES NEGATIVE NUMBERS.
R  INDICATES RECORD WAS SET OR TIED.
MM INDICATES DATA IS MISSING.
T  INDICATES TRACE AMOUNT.




$$
