000
CDUS44 KSHV 190850
CLILFK


CLIMATE REPORT
NATIONAL WEATHER SERVICE SHREVEPORT, LA
249 AM CST SUN NOV 19 2017


...................................

...THE LUFKIN CLIMATE SUMMARY FOR NOVEMBER 18 2017...

CLIMATE NORMAL PERIOD 1981 TO 2010
CLIMATE RECORD PERIOD 1906 TO 2017


WEATHER ITEM   OBSERVED TIME   RECORD YEAR NORMAL DEPARTURE LAST
                VALUE   (LST)  VALUE       VALUE  FROM      YEAR
                                                  NORMAL
..................................................................
TEMPERATURE (F)
 YESTERDAY
  MAXIMUM         83   1248 PM  87    1945  69     14       78
  MINIMUM         51   1159 PM  19    1951  46      5       49
  AVERAGE         67                        57     10       64

PRECIPITATION (IN)
  YESTERDAY        T             2.21 1971   0.16  -0.16     0.14
  MONTH TO DATE    1.34                      3.10  -1.76     0.57
  SINCE DEC 1     56.96                     47.04   9.92    47.20
  SINCE JAN 1     52.05                     42.60   9.45    43.15

SNOWFALL (IN)
  YESTERDAY        0.0
  MONTH TO DATE    0.0
  SINCE SEP 1      0.0
  SINCE JUL 1      0.0
  SNOW DEPTH       0

DEGREE DAYS
 HEATING
  YESTERDAY        0                         9     -9        1
  MONTH TO DATE   38                       115    -77       24
  SINCE SEP 1    127                       181    -54       41
  SINCE JUL 1    127                       181    -54       41

 COOLING
  YESTERDAY        2                         1      1        0
  MONTH TO DATE   92                        28     64       53
  SINCE SEP 1    633                       549     84      720
  SINCE JAN 1   2656                      2572     84     2808
..................................................................


WIND (MPH)
  HIGHEST WIND SPEED    23   HIGHEST WIND DIRECTION    NW (320)
  HIGHEST GUST SPEED    32   HIGHEST GUST DIRECTION    NW (310)
  AVERAGE WIND SPEED    12.7


SKY COVER
  POSSIBLE SUNSHINE  MM
  AVERAGE SKY COVER 0.6


WEATHER CONDITIONS
 THE FOLLOWING WEATHER WAS RECORDED YESTERDAY.
  LIGHT RAIN


RELATIVE HUMIDITY (PERCENT)
 HIGHEST    90           400 AM
 LOWEST     37           300 PM
 AVERAGE    64

..........................................................


THE LUFKIN CLIMATE NORMALS FOR TODAY
                         NORMAL    RECORD    YEAR
 MAXIMUM TEMPERATURE (F)   68        84      1906
 MINIMUM TEMPERATURE (F)   46        21      1951


SUNRISE AND SUNSET
NOVEMBER 19 2017......SUNRISE   650 AM CST   SUNSET   519 PM CST
NOVEMBER 20 2017......SUNRISE   651 AM CST   SUNSET   518 PM CST


-  INDICATES NEGATIVE NUMBERS.
R  INDICATES RECORD WAS SET OR TIED.
MM INDICATES DATA IS MISSING.
T  INDICATES TRACE AMOUNT.




$$
