000
CDUS44 KLCH 180923
CLILFT


CLIMATE REPORT
NATIONAL WEATHER SERVICE LAKE CHARLES, LA
423 AM CDT FRI APR 18 2014


...................................

...THE LAFAYETTE CLIMATE SUMMARY FOR APRIL 17 2014...

CLIMATE NORMAL PERIOD 1981 TO 2010
CLIMATE RECORD PERIOD 1893 TO 2014


WEATHER ITEM   OBSERVED TIME   RECORD YEAR NORMAL DEPARTURE LAST
                VALUE   (LST)  VALUE       VALUE  FROM      YEAR
                                                  NORMAL
..................................................................
TEMPERATURE (F)
 YESTERDAY
  MAXIMUM         64    542 PM  93    2006  80    -16       85
  MINIMUM         47    310 AM  41    1928  59    -12       73
  AVERAGE         56                        69    -13       79

PRECIPITATION (IN)
  YESTERDAY        0.00          3.33 1900   0.14  -0.14     0.00
  MONTH TO DATE    1.89                      2.11  -0.22     4.56
  SINCE MAR 1      4.74                      5.90  -1.16     6.76
  SINCE JAN 1     11.99                     16.02  -4.03    24.63

SNOWFALL (IN)
  YESTERDAY        0.0           0.0    MM   0.0    0.0      0.0
  MONTH TO DATE    0.0                       0.0    0.0      0.0
  SINCE MAR 1      0.0                       0.0    0.0      0.0
  SINCE JUL 1      0.8                       T      0.8      0.0
  SNOW DEPTH       0

DEGREE DAYS
 HEATING
  YESTERDAY        9                         1      8        0
  MONTH TO DATE   54                        32     22       35
  SINCE MAR 1    289                       182    107      270
  SINCE JUL 1   1949                      1412    537     1280

 COOLING
  YESTERDAY        0                         5     -5       14
  MONTH TO DATE   43                        73    -30       67
  SINCE MAR 1     67                       136    -69       96
  SINCE JAN 1     81                       168    -87      127
..................................................................


WIND (MPH)
  HIGHEST WIND SPEED     9   HIGHEST WIND DIRECTION     N (20)
  HIGHEST GUST SPEED    13   HIGHEST GUST DIRECTION    NE (60)
  AVERAGE WIND SPEED     4.4


SKY COVER
  POSSIBLE SUNSHINE  MM
  AVERAGE SKY COVER 0.6


WEATHER CONDITIONS
 THE FOLLOWING WEATHER WAS RECORDED YESTERDAY.
  NO SIGNIFICANT WEATHER WAS OBSERVED.


RELATIVE HUMIDITY (PERCENT)
 HIGHEST   100           400 AM
 LOWEST     67          1000 AM
 AVERAGE    84

..........................................................


THE LAFAYETTE CLIMATE NORMALS FOR TODAY
                         NORMAL    RECORD    YEAR
 MAXIMUM TEMPERATURE (F)   80        90      2006
 MINIMUM TEMPERATURE (F)   59        36      1921


SUNRISE AND SUNSET
APRIL 18 2014.........SUNRISE   638 AM CDT   SUNSET   737 PM CDT
APRIL 19 2014.........SUNRISE   637 AM CDT   SUNSET   738 PM CDT


-  INDICATES NEGATIVE NUMBERS.
R  INDICATES RECORD WAS SET OR TIED.
MM INDICATES DATA IS MISSING.
T  INDICATES TRACE AMOUNT.




$$
