000
CDUS44 KLCH 230849
CLILFT


CLIMATE REPORT
NATIONAL WEATHER SERVICE LAKE CHARLES, LA
348 AM CDT WED AUG 23 2017


...................................

...THE LAFAYETTE CLIMATE SUMMARY FOR AUGUST 22 2017...

CLIMATE NORMAL PERIOD 1981 TO 2010
CLIMATE RECORD PERIOD 1893 TO 2017


WEATHER ITEM   OBSERVED TIME   RECORD YEAR NORMAL DEPARTURE LAST
                VALUE   (LST)  VALUE       VALUE  FROM      YEAR
                                                  NORMAL
..................................................................
TEMPERATURE (F)
 YESTERDAY
  MAXIMUM         93   1247 PM 101    1921  93      0       92
  MINIMUM         75    753 PM  60    1956  75      0       76
  AVERAGE         84                        84      0       84

PRECIPITATION (IN)
  YESTERDAY        0.08          2.29 1964   0.15  -0.07     0.00
  MONTH TO DATE    6.47                      3.30   3.17    24.12
  SINCE JUN 1     24.49                     16.68   7.81    36.08
  SINCE JAN 1     45.04                     39.30   5.74    64.47

DEGREE DAYS
 COOLING
  YESTERDAY       19                        19      0       19
  MONTH TO DATE  425                       418      7      408
  SINCE JUN 1   1445                      1488    -43     1561
  SINCE JAN 1   2365                      2102    263     2218
..................................................................


WIND (MPH)
  HIGHEST WIND SPEED    18   HIGHEST WIND DIRECTION    SW (210)
  HIGHEST GUST SPEED    24   HIGHEST GUST DIRECTION    SW (220)
  AVERAGE WIND SPEED     2.4


SKY COVER
  POSSIBLE SUNSHINE  MM
  AVERAGE SKY COVER 0.4


WEATHER CONDITIONS
 THE FOLLOWING WEATHER WAS RECORDED YESTERDAY.
  THUNDERSTORM
  LIGHT RAIN
  FOG


RELATIVE HUMIDITY (PERCENT)
 HIGHEST   100           300 AM
 LOWEST     59          1100 AM
 AVERAGE    80

..........................................................


THE LAFAYETTE CLIMATE NORMALS FOR TODAY
                         NORMAL    RECORD    YEAR
 MAXIMUM TEMPERATURE (F)   93       101      1921
 MINIMUM TEMPERATURE (F)   75        59      1956


SUNRISE AND SUNSET
AUGUST 23 2017........SUNRISE   640 AM CDT   SUNSET   741 PM CDT
AUGUST 24 2017........SUNRISE   641 AM CDT   SUNSET   739 PM CDT


-  INDICATES NEGATIVE NUMBERS.
R  INDICATES RECORD WAS SET OR TIED.
MM INDICATES DATA IS MISSING.
T  INDICATES TRACE AMOUNT.




$$
