000
CDUS44 KLCH 270932
CLILFT


CLIMATE REPORT
NATIONAL WEATHER SERVICE LAKE CHARLES, LA
332 AM CST THU NOV 27 2014


...................................

...THE LAFAYETTE CLIMATE SUMMARY FOR NOVEMBER 26 2014...

CLIMATE NORMAL PERIOD 1981 TO 2010
CLIMATE RECORD PERIOD 1893 TO 2014


WEATHER ITEM   OBSERVED TIME   RECORD YEAR NORMAL DEPARTURE LAST
                VALUE   (LST)  VALUE       VALUE  FROM      YEAR
                                                  NORMAL
..................................................................
TEMPERATURE (F)
 YESTERDAY
  MAXIMUM         70    212 PM  84    1951  69      1       46
                                      1910
  MINIMUM         36    534 AM  29    1956  48    -12       40
                                      1941
  AVERAGE         53                        59     -6       43

PRECIPITATION (IN)
  YESTERDAY        0.00          4.72 1948   0.15  -0.15     0.52
  MONTH TO DATE    2.65                      3.74  -1.09     1.49
  SINCE SEP 1     10.41                     13.69  -3.28    10.89
  SINCE JAN 1     56.50                     54.31   2.19    53.77

SNOWFALL (IN)
  YESTERDAY        0.0           0.0    MM   0.0    0.0     MM
  MONTH TO DATE    0.0                       0.0    0.0      0.0
  SINCE SEP 1      0.0                       0.0    0.0      0.0
  SINCE JUL 1      0.0                       0.0    0.0      0.0
  SNOW DEPTH       0

DEGREE DAYS
 HEATING
  YESTERDAY       12                         8      4       22
  MONTH TO DATE  267                       130    137      169
  SINCE SEP 1    272                       166    106      180
  SINCE JUL 1    272                       166    106      180
..................................................................


WIND (MPH)
  HIGHEST WIND SPEED    24   HIGHEST WIND DIRECTION     W (250)
  HIGHEST GUST SPEED    32   HIGHEST GUST DIRECTION     W (250)
  AVERAGE WIND SPEED     8.6


SKY COVER
  POSSIBLE SUNSHINE  MM
  AVERAGE SKY COVER 0.0


WEATHER CONDITIONS
 THE FOLLOWING WEATHER WAS RECORDED YESTERDAY.
  FOG
  HAZE


RELATIVE HUMIDITY (PERCENT)
 HIGHEST   100           700 AM
 LOWEST     31           100 PM
 AVERAGE    66

..........................................................


THE LAFAYETTE CLIMATE NORMALS FOR TODAY
                         NORMAL    RECORD    YEAR
 MAXIMUM TEMPERATURE (F)   69        83      1989
                                             1906
 MINIMUM TEMPERATURE (F)   48        25      1903


SUNRISE AND SUNSET
NOVEMBER 27 2014......SUNRISE   643 AM CST   SUNSET   508 PM CST
NOVEMBER 28 2014......SUNRISE   644 AM CST   SUNSET   508 PM CST


-  INDICATES NEGATIVE NUMBERS.
R  INDICATES RECORD WAS SET OR TIED.
MM INDICATES DATA IS MISSING.
T  INDICATES TRACE AMOUNT.




$$
