205
CDUS44 KLCH 272205
CLILFT


CLIMATE REPORT
NATIONAL WEATHER SERVICE LAKE CHARLES, LA
505 PM CDT TUE SEP 27 2016


...................................

...THE LAFAYETTE CLIMATE SUMMARY FOR SEPTEMBER 27 2016...
VALID TODAY AS OF 0500 PM LOCAL TIME.

CLIMATE NORMAL PERIOD 1981 TO 2010
CLIMATE RECORD PERIOD 1893 TO 2016


WEATHER ITEM   OBSERVED TIME   RECORD YEAR NORMAL DEPARTURE LAST
                VALUE   (LST)  VALUE       VALUE  FROM      YEAR
                                                  NORMAL
..................................................................
TEMPERATURE (F)
 TODAY
  MAXIMUM         89    256 PM  95    2005  86      3       82
                                      1953
                                      1900
  MINIMUM         70    633 AM  42    1899  66      4       72
  AVERAGE         80                        76      4       77

PRECIPITATION (IN)
  TODAY            0.00          4.67 1913   0.15  -0.15     0.13
  MONTH TO DATE    3.49                      4.27  -0.78     3.31
  SINCE SEP 1      3.49                      4.27  -0.78     3.31
  SINCE JAN 1     68.58                     44.89  23.69    46.42

DEGREE DAYS
 HEATING
  TODAY            0                         0      0        0
  MONTH TO DATE    0                         0      0        0
  SINCE SEP 1      0                         0      0        0
  SINCE JUL 1      0                         0      0        0

 COOLING
  TODAY           15                        11      4       12
  MONTH TO DATE  494                       395     99      406
  SINCE SEP 1    494                       395     99      406
  SINCE JAN 1   2883                      2656    227     2832
..................................................................


WIND (MPH)
  HIGHEST WIND SPEED    13   HIGHEST WIND DIRECTION     N (350)
  HIGHEST GUST SPEED    16   HIGHEST GUST DIRECTION     N (360)
  AVERAGE WIND SPEED     7.0


SKY COVER
  POSSIBLE SUNSHINE  MM
  AVERAGE SKY COVER 0.1


WEATHER CONDITIONS
 THE FOLLOWING WEATHER WAS RECORDED TODAY.
  NO SIGNIFICANT WEATHER WAS OBSERVED.


RELATIVE HUMIDITY (PERCENT)
 HIGHEST    90           600 AM
 LOWEST     55           200 PM
 AVERAGE    73

..........................................................


THE LAFAYETTE CLIMATE NORMALS FOR TOMORROW
                         NORMAL    RECORD    YEAR
 MAXIMUM TEMPERATURE (F)   86        96      1933
 MINIMUM TEMPERATURE (F)   66        41      1896


SUNRISE AND SUNSET
SEPTEMBER 27 2016.....SUNRISE   659 AM CDT   SUNSET   658 PM CDT
SEPTEMBER 28 2016.....SUNRISE   700 AM CDT   SUNSET   656 PM CDT


-  INDICATES NEGATIVE NUMBERS.
R  INDICATES RECORD WAS SET OR TIED.
MM INDICATES DATA IS MISSING.
T  INDICATES TRACE AMOUNT.




$$
