000
CDUS44 KLCH 012218
CLILFT


CLIMATE REPORT
NATIONAL WEATHER SERVICE LAKE CHARLES, LA
518 PM CDT FRI AUG 1 2014


...................................

...THE LAFAYETTE CLIMATE SUMMARY FOR AUGUST 1 2014...
VALID TODAY AS OF 0500 PM LOCAL TIME.

CLIMATE NORMAL PERIOD 1981 TO 2010
CLIMATE RECORD PERIOD 1893 TO 2014


WEATHER ITEM   OBSERVED TIME   RECORD YEAR NORMAL DEPARTURE LAST
                VALUE   (LST)  VALUE       VALUE  FROM      YEAR
                                                  NORMAL
..................................................................
TEMPERATURE (F)
 TODAY
  MAXIMUM         86    357 PM 102    1986  93     -7       96
                                      1899
  MINIMUM         74   1116 AM  65    1923  75     -1       77
  AVERAGE         80                        84     -4       87

PRECIPITATION (IN)
  TODAY            0.89          3.15 1909   0.16   0.73     0.00
  MONTH TO DATE    0.89                      0.16   0.73     0.00
  SINCE JUN 1     15.46                     13.54   1.92     7.00
  SINCE JAN 1     38.50                     36.16   2.34    39.12

DEGREE DAYS
 COOLING
  TODAY           15                        19     -4       22
  MONTH TO DATE   15                        19     -4       22
  SINCE JUN 1   1048                      1089    -41     1098
  SINCE JAN 1   1517                      1703   -186     1562
..................................................................


WIND (MPH)
  HIGHEST WIND SPEED    21   HIGHEST WIND DIRECTION    SW (230)
  HIGHEST GUST SPEED    29   HIGHEST GUST DIRECTION     W (250)
  AVERAGE WIND SPEED     2.6


SKY COVER
  POSSIBLE SUNSHINE  MM
  AVERAGE SKY COVER 0.6


WEATHER CONDITIONS
 THE FOLLOWING WEATHER WAS RECORDED TODAY.
  THUNDERSTORM
  HEAVY RAIN
  RAIN
  LIGHT RAIN
  FOG


RELATIVE HUMIDITY (PERCENT)
 HIGHEST    94           300 AM
 LOWEST     65           300 PM
 AVERAGE    80

..........................................................


THE LAFAYETTE CLIMATE NORMALS FOR TOMORROW
                         NORMAL    RECORD    YEAR
 MAXIMUM TEMPERATURE (F)   93       102      1922
 MINIMUM TEMPERATURE (F)   75        64      1936
                                             1925


SUNRISE AND SUNSET
AUGUST  1 2014........SUNRISE   627 AM CDT   SUNSET   802 PM CDT
AUGUST  2 2014........SUNRISE   627 AM CDT   SUNSET   801 PM CDT


-  INDICATES NEGATIVE NUMBERS.
R  INDICATES RECORD WAS SET OR TIED.
MM INDICATES DATA IS MISSING.
T  INDICATES TRACE AMOUNT.




$$
