000
CDUS44 KLCH 182206
CLILFT


CLIMATE REPORT
NATIONAL WEATHER SERVICE LAKE CHARLES, LA
405 PM CST THU DEC 18 2014


...................................

...THE LAFAYETTE CLIMATE SUMMARY FOR DECEMBER 18 2014...
VALID TODAY AS OF 0400 PM LOCAL TIME.

CLIMATE NORMAL PERIOD 1981 TO 2010
CLIMATE RECORD PERIOD 1893 TO 2014


WEATHER ITEM   OBSERVED TIME   RECORD YEAR NORMAL DEPARTURE LAST
                VALUE   (LST)  VALUE       VALUE  FROM      YEAR
                                                  NORMAL
..................................................................
TEMPERATURE (F)
 TODAY
  MAXIMUM         67    151 PM  81    1924  64      3       67
  MINIMUM         48    131 AM  18    1901  44      4       36
  AVERAGE         58                        54      4       52

PRECIPITATION (IN)
  TODAY            T             5.74 1995   0.18  -0.18     0.00
  MONTH TO DATE    0.06                      3.16  -3.10     1.89
  SINCE DEC 1      0.06                      3.16  -3.10     1.89
  SINCE JAN 1     56.56                     58.08  -1.52    55.66

SNOWFALL (IN)
  TODAY           MM             T    1953   0.0   MM       MM
  MONTH TO DATE    0.0                       0.0    0.0      0.0
  SINCE DEC 1      0.0                       0.0    0.0      0.0
  SINCE JUL 1      0.0                       0.0    0.0      0.0
  SNOW DEPTH       0

DEGREE DAYS
 HEATING
  TODAY            7                        12     -5       13
  MONTH TO DATE  112                       190    -78      254
  SINCE DEC 1    112                       190    -78      254
  SINCE JUL 1    413                       389     24      523
..................................................................


WIND (MPH)
  HIGHEST WIND SPEED     8   HIGHEST WIND DIRECTION     N (10)
  HIGHEST GUST SPEED    11   HIGHEST GUST DIRECTION     S (170)
  AVERAGE WIND SPEED     2.7


SKY COVER
  POSSIBLE SUNSHINE  MM
  AVERAGE SKY COVER 0.7


WEATHER CONDITIONS
 THE FOLLOWING WEATHER WAS RECORDED TODAY.
  LIGHT RAIN


RELATIVE HUMIDITY (PERCENT)
 HIGHEST    84           300 PM
 LOWEST     63          1200 PM
 AVERAGE    74

..........................................................


THE LAFAYETTE CLIMATE NORMALS FOR TOMORROW
                         NORMAL    RECORD    YEAR
 MAXIMUM TEMPERATURE (F)   63        82      1908
 MINIMUM TEMPERATURE (F)   44        20      1981


SUNRISE AND SUNSET
DECEMBER 18 2014......SUNRISE   659 AM CST   SUNSET   511 PM CST
DECEMBER 19 2014......SUNRISE   659 AM CST   SUNSET   511 PM CST


-  INDICATES NEGATIVE NUMBERS.
R  INDICATES RECORD WAS SET OR TIED.
MM INDICATES DATA IS MISSING.
T  INDICATES TRACE AMOUNT.




$$
