000
CDUS44 KLCH 050826
CLILFT


CLIMATE REPORT
NATIONAL WEATHER SERVICE LAKE CHARLES, LA
222 AM CST THU MAR 5 2015


...................................

...THE LAFAYETTE CLIMATE SUMMARY FOR MARCH 4 2015...

CLIMATE NORMAL PERIOD 1981 TO 2010
CLIMATE RECORD PERIOD 1893 TO 2015


WEATHER ITEM   OBSERVED TIME   RECORD YEAR NORMAL DEPARTURE LAST
                VALUE   (LST)  VALUE       VALUE  FROM      YEAR
                                                  NORMAL
..................................................................
TEMPERATURE (F)
 YESTERDAY
  MAXIMUM         80    230 PM  85    1923  69     11       36
  MINIMUM         66    737 AM  26    2002  50     16       30
                                      1960
                                      1943
  AVERAGE         73                        60     13       33

PRECIPITATION (IN)
  YESTERDAY        0.00          1.65 1915   0.14  -0.14     0.56
  MONTH TO DATE    1.48                      0.56   0.92     0.99
  SINCE MAR 1      1.48                      0.56   0.92     0.99
  SINCE JAN 1      8.58                     10.68  -2.10     8.24

SNOWFALL (IN)
  YESTERDAY        0.0           0.0    MM   0.0    0.0      0.0
  MONTH TO DATE    0.0                       0.0    0.0      0.0
  SINCE MAR 1      0.0                       0.0    0.0      0.0
  SINCE JUL 1      0.0                       T      0.0      0.8
  SNOW DEPTH       0

DEGREE DAYS
 HEATING
  YESTERDAY        0                         7     -7       32
  MONTH TO DATE    6                        28    -22       50
  SINCE MAR 1      6                        28    -22       50
  SINCE JUL 1   1449                      1258    191     1710

 COOLING
  YESTERDAY        8                         1      7        0
  MONTH TO DATE   10                         4      6        9
  SINCE MAR 1     10                         4      6        9
  SINCE JAN 1     15                        36    -21       23
..................................................................


WIND (MPH)
  HIGHEST WIND SPEED    23   HIGHEST WIND DIRECTION     S (190)
  HIGHEST GUST SPEED    30   HIGHEST GUST DIRECTION     S (200)
  AVERAGE WIND SPEED     9.8


SKY COVER
  POSSIBLE SUNSHINE  MM
  AVERAGE SKY COVER 0.9


WEATHER CONDITIONS
 THE FOLLOWING WEATHER WAS RECORDED YESTERDAY.
  FOG


RELATIVE HUMIDITY (PERCENT)
 HIGHEST   100          1200 AM
 LOWEST     67          1100 AM
 AVERAGE    84

..........................................................


THE LAFAYETTE CLIMATE NORMALS FOR TODAY
                         NORMAL    RECORD    YEAR
 MAXIMUM TEMPERATURE (F)   70        93      1910
 MINIMUM TEMPERATURE (F)   50        24      1917


SUNRISE AND SUNSET
MARCH  5 2015.........SUNRISE   630 AM CST   SUNSET   610 PM CST
MARCH  6 2015.........SUNRISE   629 AM CST   SUNSET   610 PM CST


-  INDICATES NEGATIVE NUMBERS.
R  INDICATES RECORD WAS SET OR TIED.
MM INDICATES DATA IS MISSING.
T  INDICATES TRACE AMOUNT.




$$
