000
CDUS44 KLCH 251245
CLILFT


CLIMATE REPORT
NATIONAL WEATHER SERVICE LAKE CHARLES, LA
745 AM CDT WED MAY 25 2016


...................................

...THE LAFAYETTE CLIMATE SUMMARY FOR MAY 24 2016...

CLIMATE NORMAL PERIOD 1981 TO 2010
CLIMATE RECORD PERIOD 1893 TO 2016


WEATHER ITEM   OBSERVED TIME   RECORD YEAR NORMAL DEPARTURE LAST
                VALUE   (LST)  VALUE       VALUE  FROM      YEAR
                                                  NORMAL
..................................................................
TEMPERATURE (F)
 YESTERDAY
  MAXIMUM         89    252 PM  97    1896  88      1       86
  MINIMUM         70    530 AM  53    1931  69      1       71
  AVERAGE         80                        78      2       79

PRECIPITATION (IN)
  YESTERDAY        0.00          3.32 1968   0.18  -0.18     0.10
  MONTH TO DATE    5.21                      3.57   1.64     4.06
  SINCE MAR 1     17.76                     11.29   6.47    19.10
  SINCE JAN 1     26.89                     21.41   5.48    26.20

DEGREE DAYS
 COOLING
  YESTERDAY       15                        13      2       14
  MONTH TO DATE  236                       261    -25      289
  SINCE MAR 1    538                       483     55      595
  SINCE JAN 1    548                       515     33      600
..................................................................


WIND (MPH)
  HIGHEST WIND SPEED    15   HIGHEST WIND DIRECTION     S (200)
  HIGHEST GUST SPEED    18   HIGHEST GUST DIRECTION     S (200)
  AVERAGE WIND SPEED     5.4


SKY COVER
  POSSIBLE SUNSHINE  MM
  AVERAGE SKY COVER 0.2


WEATHER CONDITIONS
 THE FOLLOWING WEATHER WAS RECORDED YESTERDAY.
  NO SIGNIFICANT WEATHER WAS OBSERVED.


RELATIVE HUMIDITY (PERCENT)
 HIGHEST    93           100 AM
 LOWEST     55           100 PM
 AVERAGE    74

..........................................................


THE LAFAYETTE CLIMATE NORMALS FOR TODAY
                         NORMAL    RECORD    YEAR
 MAXIMUM TEMPERATURE (F)   88        95      2010
                                             1941
                                             1893
 MINIMUM TEMPERATURE (F)   69        52      1940


SUNRISE AND SUNSET
MAY 25 2016...........SUNRISE   609 AM CDT   SUNSET   801 PM CDT
MAY 26 2016...........SUNRISE   609 AM CDT   SUNSET   802 PM CDT


-  INDICATES NEGATIVE NUMBERS.
R  INDICATES RECORD WAS SET OR TIED.
MM INDICATES DATA IS MISSING.
T  INDICATES TRACE AMOUNT.




$$
