000
CDUS44 KLCH 012241
CLILFT


CLIMATE REPORT
NATIONAL WEATHER SERVICE LAKE CHARLES, LA
440 PM CST SUN FEB 1 2015


...................................

...THE LAFAYETTE CLIMATE SUMMARY FOR FEBRUARY 1 2015...
VALID TODAY AS OF 0400 PM LOCAL TIME.

CLIMATE NORMAL PERIOD 1981 TO 2010
CLIMATE RECORD PERIOD 1893 TO 2015


WEATHER ITEM   OBSERVED TIME   RECORD YEAR NORMAL DEPARTURE LAST
                VALUE   (LST)  VALUE       VALUE  FROM      YEAR
                                                  NORMAL
..................................................................
TEMPERATURE (F)
 TODAY
  MAXIMUM         71    359 PM  83    1957  63      8       73
  MINIMUM         57    235 AM  19    1951  44     13       49
  AVERAGE         64                        54     10       61

PRECIPITATION (IN)
  TODAY            0.06          2.02 1988   0.19  -0.13     0.01
  MONTH TO DATE    0.06                      0.19  -0.13     0.01
  SINCE DEC 1      8.17                     11.44  -3.27     4.43
  SINCE JAN 1      4.67                      5.86  -1.19     1.64

SNOWFALL (IN)
  TODAY            0.0           T    1951   0.0    0.0     MM
  MONTH TO DATE    0.0                       0.0    0.0     MM
  SINCE DEC 1      0.0                       0.0    0.0      0.8
  SINCE JUL 1      0.0                       0.0    0.0      0.8
  SNOW DEPTH       0

DEGREE DAYS
 HEATING
  TODAY            1                        12    -11        4
  MONTH TO DATE    1                        12    -11        4
  SINCE DEC 1    732                       769    -37     1055
  SINCE JUL 1   1033                       968     65     1324
..................................................................


WIND (MPH)
  HIGHEST WIND SPEED    23   HIGHEST WIND DIRECTION    SW (220)
  HIGHEST GUST SPEED    30   HIGHEST GUST DIRECTION    SW (210)
  AVERAGE WIND SPEED     6.6


SKY COVER
  POSSIBLE SUNSHINE  MM
  AVERAGE SKY COVER 0.8


WEATHER CONDITIONS
 THE FOLLOWING WEATHER WAS RECORDED TODAY.
  RAIN
  LIGHT RAIN
  FOG


RELATIVE HUMIDITY (PERCENT)
 HIGHEST   100           600 AM
 LOWEST     79           300 PM
 AVERAGE    90

..........................................................


THE LAFAYETTE CLIMATE NORMALS FOR TOMORROW
                         NORMAL    RECORD    YEAR
 MAXIMUM TEMPERATURE (F)   63        81      1927
 MINIMUM TEMPERATURE (F)   44        14      1951


SUNRISE AND SUNSET
FEBRUARY  1 2015......SUNRISE   659 AM CST   SUNSET   545 PM CST
FEBRUARY  2 2015......SUNRISE   658 AM CST   SUNSET   546 PM CST


-  INDICATES NEGATIVE NUMBERS.
R  INDICATES RECORD WAS SET OR TIED.
MM INDICATES DATA IS MISSING.
T  INDICATES TRACE AMOUNT.




$$
