000
CDUS44 KLCH 242245
CLILFT


CLIMATE REPORT
NATIONAL WEATHER SERVICE LAKE CHARLES, LA
545 PM CDT WED AUG 24 2016


...................................

...THE LAFAYETTE CLIMATE SUMMARY FOR AUGUST 24 2016...
VALID TODAY AS OF 0500 PM LOCAL TIME.

CLIMATE NORMAL PERIOD 1981 TO 2010
CLIMATE RECORD PERIOD 1893 TO 2016


WEATHER ITEM   OBSERVED TIME   RECORD YEAR NORMAL DEPARTURE LAST
                VALUE   (LST)  VALUE       VALUE  FROM      YEAR
                                                  NORMAL
..................................................................
TEMPERATURE (F)
 TODAY
  MAXIMUM         95    229 PM 103    1924  93      2       97
  MINIMUM         78    602 AM  60    1897  74      4       80
  AVERAGE         87                        83      4       89

PRECIPITATION (IN)
  TODAY            0.00          2.56 1970   0.16  -0.16     0.00
  MONTH TO DATE   24.12                      3.61  20.51     2.87
  SINCE JUN 1     36.08                     16.99  19.09    12.51
  SINCE JAN 1     64.47                     39.61  24.86    43.11

DEGREE DAYS
 COOLING
  TODAY           22                        18      4       24
  MONTH TO DATE  450                       454     -4      499
  SINCE JUN 1   1603                      1524     79     1640
  SINCE JAN 1   2260                      2138    122     2332
..................................................................


WIND (MPH)
  HIGHEST WIND SPEED     7   HIGHEST WIND DIRECTION    NE (60)
  HIGHEST GUST SPEED    10   HIGHEST GUST DIRECTION    NE (60)
  AVERAGE WIND SPEED     2.5


SKY COVER
  POSSIBLE SUNSHINE  MM
  AVERAGE SKY COVER 0.0


WEATHER CONDITIONS
 THE FOLLOWING WEATHER WAS RECORDED TODAY.
  NO SIGNIFICANT WEATHER WAS OBSERVED.


RELATIVE HUMIDITY (PERCENT)
 HIGHEST   100           300 AM
 LOWEST     56           100 PM
 AVERAGE    78

..........................................................


THE LAFAYETTE CLIMATE NORMALS FOR TOMORROW
                         NORMAL    RECORD    YEAR
 MAXIMUM TEMPERATURE (F)   92       100      1924
 MINIMUM TEMPERATURE (F)   74        62      1917


SUNRISE AND SUNSET
AUGUST 24 2016........SUNRISE   641 AM CDT   SUNSET   739 PM CDT
AUGUST 25 2016........SUNRISE   641 AM CDT   SUNSET   738 PM CDT


-  INDICATES NEGATIVE NUMBERS.
R  INDICATES RECORD WAS SET OR TIED.
MM INDICATES DATA IS MISSING.
T  INDICATES TRACE AMOUNT.




$$
