000
CDUS41 KOKX 240622
CLILGA


CLIMATE REPORT
NATIONAL WEATHER SERVICE NEW YORK NY
222 AM EDT FRI OCT 24 2014


...................................

...THE LAGUARDIA NY CLIMATE SUMMARY FOR OCTOBER 23 2014...

CLIMATE NORMAL PERIOD 1981 TO 2010
CLIMATE RECORD PERIOD 1945 TO 2014


WEATHER ITEM   OBSERVED TIME   RECORD YEAR NORMAL DEPARTURE LAST
                VALUE   (LST)  VALUE       VALUE  FROM      YEAR
                                                  NORMAL
..................................................................
TEMPERATURE (F)
 YESTERDAY
  MAXIMUM         53   1159 PM  86    1947  63    -10       55
  MINIMUM         51    230 PM  32    1969  49      2       47
  AVERAGE         52                        56     -4       51

PRECIPITATION (IN)
  YESTERDAY        0.32          2.47 1990   0.12   0.20      T
  MONTH TO DATE    3.85                      2.85   1.00     0.38
  SINCE SEP 1      5.09                      6.58  -1.49     3.67
  SINCE JAN 1     40.15                     36.83   3.32    31.01

SNOWFALL (IN)
  YESTERDAY        0.0          MM      MM   0.0    0.0      0.0
  MONTH TO DATE    0.0                       0.0    0.0      0.0
  SINCE OCT 1      0.0                       0.0    0.0      0.0
  SINCE JUL 1      0.0                       0.0    0.0      0.0
  SNOW DEPTH       0

DEGREE DAYS
 HEATING
  YESTERDAY       13                        10      3       14
  MONTH TO DATE  106                       150    -44       70
  SINCE SEP 1    119                       184    -65      101
  SINCE JUL 1    119                       185    -66      101

 COOLING
  YESTERDAY        0                         0      0        0
  MONTH TO DATE   24                        20      4       51
  SINCE SEP 1    205                       177     28      183
  SINCE JAN 1   1192                      1210    -18     1402
..................................................................


WIND (MPH)
  HIGHEST WIND SPEED    28   HIGHEST WIND DIRECTION    NW (330)
  HIGHEST GUST SPEED    37   HIGHEST GUST DIRECTION    NW (320)
  AVERAGE WIND SPEED    16.8


SKY COVER
  AVERAGE SKY COVER 1.0


WEATHER CONDITIONS
 THE FOLLOWING WEATHER WAS RECORDED YESTERDAY.
  RAIN
  LIGHT RAIN
  FOG
  HAZE


RELATIVE HUMIDITY (PERCENT)
 HIGHEST    89           400 AM
 LOWEST     77          1200 AM
 AVERAGE    83

..........................................................


THE LAGUARDIA NY CLIMATE NORMALS FOR TODAY
                         NORMAL    RECORD    YEAR
 MAXIMUM TEMPERATURE (F)   62        80      2001
 MINIMUM TEMPERATURE (F)   48        30      1969


SUNRISE AND SUNSET
OCTOBER 24 2014.......SUNRISE   717 AM EDT   SUNSET   602 PM EDT
OCTOBER 25 2014.......SUNRISE   718 AM EDT   SUNSET   601 PM EDT


-  INDICATES NEGATIVE NUMBERS.
R  INDICATES RECORD WAS SET OR TIED.
MM INDICATES DATA IS MISSING.
T  INDICATES TRACE AMOUNT.




$$
