000
CDUS41 KOKX 282042
CLILGA


CLIMATE REPORT
NATIONAL WEATHER SERVICE NEW YORK NY
442 PM EDT TUE JUL 28 2015


...................................

...THE LAGUARDIA NY CLIMATE SUMMARY FOR JULY 28 2015...
VALID TODAY AS OF 0400 PM LOCAL TIME.

CLIMATE NORMAL PERIOD 1981 TO 2010
CLIMATE RECORD PERIOD 1945 TO 2015


WEATHER ITEM   OBSERVED TIME   RECORD YEAR NORMAL DEPARTURE LAST
                VALUE   (LST)  VALUE       VALUE  FROM      YEAR
                                                  NORMAL
..................................................................
TEMPERATURE (F)
 TODAY
  MAXIMUM         94    230 PM  98    1949  86      8       84
  MINIMUM         76    531 AM  60    1984  70      6       68
  AVERAGE         85                        78      7       76

PRECIPITATION (IN)
  TODAY            0.00          1.97 1951   0.16  -0.16     0.26
  MONTH TO DATE    1.92                      4.01  -2.09     3.99
  SINCE JUN 1      6.72                      7.95  -1.23     7.68
  SINCE JAN 1     21.77                     25.64  -3.87    31.56

SNOWFALL (IN)
  TODAY            0.0          MM      MM   0.0    0.0      0.0
  MONTH TO DATE    0.0                       0.0    0.0      0.0
  SINCE OCT 1     53.8                      26.9   26.9     52.4
  SINCE JUL 1      0.0                       0.0    0.0      0.0
  SNOW DEPTH       0

DEGREE DAYS
 HEATING
  TODAY            0                         0      0        0
  MONTH TO DATE    0                         0      0        0
  SINCE JUN 1     34                        16     18        0
  SINCE JUL 1      0                         0      0        0

 COOLING
  TODAY           20                        13      7       11
  MONTH TO DATE  391                       349     42      356
  SINCE JUN 1    619                       580     39      588
  SINCE JAN 1    741                       646     95      638
..................................................................


WIND (MPH)
  HIGHEST WIND SPEED    10   HIGHEST WIND DIRECTION     S (170)
  HIGHEST GUST SPEED    15   HIGHEST GUST DIRECTION    NE (50)
  AVERAGE WIND SPEED     4.1


SKY COVER
  AVERAGE SKY COVER 0.5


WEATHER CONDITIONS
 THE FOLLOWING WEATHER WAS RECORDED TODAY.
  NO SIGNIFICANT WEATHER WAS OBSERVED.


RELATIVE HUMIDITY (PERCENT)
 HIGHEST    79           400 AM
 LOWEST     28           200 PM
 AVERAGE    54

..........................................................


THE LAGUARDIA NY CLIMATE NORMALS FOR TOMORROW
                         NORMAL    RECORD    YEAR
 MAXIMUM TEMPERATURE (F)   86        97      1949
 MINIMUM TEMPERATURE (F)   70        62      1984


SUNRISE AND SUNSET
JULY 28 2015..........SUNRISE   548 AM EDT   SUNSET   816 PM EDT
JULY 29 2015..........SUNRISE   549 AM EDT   SUNSET   815 PM EDT


-  INDICATES NEGATIVE NUMBERS.
R  INDICATES RECORD WAS SET OR TIED.
MM INDICATES DATA IS MISSING.
T  INDICATES TRACE AMOUNT.




$$
