465
CDUS41 KOKX 250617
CLILGA


CLIMATE REPORT
NATIONAL WEATHER SERVICE NEW YORK NY
217 AM EDT WED MAY 25 2016


...................................

...THE LAGUARDIA NY CLIMATE SUMMARY FOR MAY 24 2016...

CLIMATE NORMAL PERIOD 1981 TO 2010
CLIMATE RECORD PERIOD 1945 TO 2016


WEATHER ITEM   OBSERVED TIME   RECORD YEAR NORMAL DEPARTURE LAST
                VALUE   (LST)  VALUE       VALUE  FROM      YEAR
                                                  NORMAL
..................................................................
TEMPERATURE (F)
 YESTERDAY
  MAXIMUM         76    132 PM  91    1964  74      2       81
  MINIMUM         60    648 AM  41    1963  56      4       56
  AVERAGE         68                        65      3       69

PRECIPITATION (IN)
  YESTERDAY        0.28          1.82 1978   0.14   0.14     0.00
  MONTH TO DATE    2.39                      2.84  -0.45     0.31
  SINCE MAR 1      5.31                     10.81  -5.50     6.67
  SINCE JAN 1     13.84                     16.74  -2.90    13.75

SNOWFALL (IN)
  YESTERDAY        0.0          MM      MM   0.0    0.0      0.0
  MONTH TO DATE    0.0                       0.0    0.0      0.0
  SINCE OCT 1     36.2                      26.9    9.3     53.8
  SINCE JUL 1     36.2                      26.9    9.3     53.8
  SNOW DEPTH       0

DEGREE DAYS
 HEATING
  YESTERDAY        0                         3     -3        0
  MONTH TO DATE  141                       119     22       50
  SINCE MAR 1    990                      1204   -214     1228
  SINCE JUL 1   3652                      4633   -981     4950

 COOLING
  YESTERDAY        3                         3      0        4
  MONTH TO DATE   11                        35    -24       54
  SINCE MAR 1     24                        43    -19       56
  SINCE JAN 1     24                        43    -19       56
..................................................................


WIND (MPH)
  HIGHEST WIND SPEED    17   HIGHEST WIND DIRECTION     N (20)
  HIGHEST GUST SPEED    21   HIGHEST GUST DIRECTION     N (340)
  AVERAGE WIND SPEED     4.3


SKY COVER
  AVERAGE SKY COVER 0.8


WEATHER CONDITIONS
 THE FOLLOWING WEATHER WAS RECORDED YESTERDAY.
  RAIN
  LIGHT RAIN
  FOG


RELATIVE HUMIDITY (PERCENT)
 HIGHEST   100           400 AM
 LOWEST     57           300 PM
 AVERAGE    79

..........................................................


THE LAGUARDIA NY CLIMATE NORMALS FOR TODAY
                         NORMAL    RECORD    YEAR
 MAXIMUM TEMPERATURE (F)   74        95      2007
 MINIMUM TEMPERATURE (F)   57        44      1967
                                             1956


SUNRISE AND SUNSET
MAY 25 2016...........SUNRISE   530 AM EDT   SUNSET   816 PM EDT
MAY 26 2016...........SUNRISE   529 AM EDT   SUNSET   816 PM EDT


-  INDICATES NEGATIVE NUMBERS.
R  INDICATES RECORD WAS SET OR TIED.
MM INDICATES DATA IS MISSING.
T  INDICATES TRACE AMOUNT.




$$
