000
CDUS41 KOKX 290050
CLILGA


CLIMATE REPORT
NATIONAL WEATHER SERVICE NEW YORK NY
750 PM EST FRI NOV 28 2014


...................................

...THE LAGUARDIA NY CLIMATE SUMMARY FOR NOVEMBER 28 2014...
VALID TODAY AS OF 0500 PM LOCAL TIME.

CLIMATE NORMAL PERIOD 1981 TO 2010
CLIMATE RECORD PERIOD 1945 TO 2014


WEATHER ITEM   OBSERVED TIME   RECORD YEAR NORMAL DEPARTURE LAST
                VALUE   (LST)  VALUE       VALUE  FROM      YEAR
                                                  NORMAL
..................................................................
TEMPERATURE (F)
 TODAY
  MAXIMUM         37    153 PM  68    1990  50    -13       36
  MINIMUM         32    756 AM  21    1951  38     -6       31
  AVERAGE         35                        44     -9       34

PRECIPITATION (IN)
  TODAY            0.00          1.76 1980   0.12  -0.12     0.00
  MONTH TO DATE    3.92                      3.16   0.76     2.77
  SINCE SEP 1      9.05                     10.67  -1.62     6.49
  SINCE JAN 1     44.11                     40.92   3.19    33.83

SNOWFALL (IN)
  TODAY            0.0          MM      MM   0.0    0.0      0.0
  MONTH TO DATE    0.4                       0.2    0.2      0.2
  SINCE OCT 1      0.4                       0.2    0.2      0.2
  SINCE JUL 1      0.4                       0.2    0.2      0.2
  SNOW DEPTH       0

DEGREE DAYS
 HEATING
  TODAY           30                        21      9       31
  MONTH TO DATE  532                       463     69      517
  SINCE SEP 1    708                       734    -26      719
  SINCE JUL 1    708                       735    -27      719

 COOLING
  TODAY            0                         0      0        0
  MONTH TO DATE    0                         0      0        0
  SINCE SEP 1    205                       180     25      183
  SINCE JAN 1   1192                      1213    -21     1402
..................................................................


WIND (MPH)
  HIGHEST WIND SPEED    26   HIGHEST WIND DIRECTION    NW (320)
  HIGHEST GUST SPEED    33   HIGHEST GUST DIRECTION    NW (320)
  AVERAGE WIND SPEED    15.5


SKY COVER
  AVERAGE SKY COVER 0.3


WEATHER CONDITIONS
 THE FOLLOWING WEATHER WAS RECORDED TODAY.
  NO SIGNIFICANT WEATHER WAS OBSERVED.


RELATIVE HUMIDITY (PERCENT)
 HIGHEST    72           300 AM
 LOWEST     47           400 PM
 AVERAGE    60

..........................................................


THE LAGUARDIA NY CLIMATE NORMALS FOR TOMORROW
                         NORMAL    RECORD    YEAR
 MAXIMUM TEMPERATURE (F)   50        69      1990
 MINIMUM TEMPERATURE (F)   38        17      1955


SUNRISE AND SUNSET
NOVEMBER 28 2014......SUNRISE   657 AM EST   SUNSET   430 PM EST
NOVEMBER 29 2014......SUNRISE   658 AM EST   SUNSET   429 PM EST


-  INDICATES NEGATIVE NUMBERS.
R  INDICATES RECORD WAS SET OR TIED.
MM INDICATES DATA IS MISSING.
T  INDICATES TRACE AMOUNT.




$$
