000
CDUS46 KLOX 290114
CLILGB


CLIMATE REPORT
NATIONAL WEATHER SERVICE LOS ANGELES/OXNARD CA
614 PM PDT WED SEP 28 2016


...................................

...THE LONG BEACH AIRPORT CA CLIMATE SUMMARY FOR SEPTEMBER 28 2016...
VALID TODAY AS OF 0600 PM LOCAL TIME.

CLIMATE NORMAL PERIOD 1981 TO 2010
CLIMATE RECORD PERIOD 1958 TO 2016


WEATHER ITEM   OBSERVED TIME   RECORD YEAR NORMAL DEPARTURE LAST
                VALUE   (LST)  VALUE       VALUE  FROM      YEAR
                                                  NORMAL
..................................................................
TEMPERATURE (F)
 TODAY
  MAXIMUM         91    251 PM 108    1963  80     11       90
  MINIMUM         69    512 AM  55    1980  62      7       69
                                      1971
                                      1960
  AVERAGE         80                        71      9       80

PRECIPITATION (IN)
  TODAY            0.00          0.23 1967   0.01  -0.01     0.00
  MONTH TO DATE    T                         0.16  -0.16     0.95
  SINCE OCT 1      4.99                     12.24  -7.25     9.35
  SINCE JAN 1      3.99                      8.66  -4.67     4.09

SNOWFALL (IN)
  TODAY            0.0
  MONTH TO DATE    0.0
  SINCE SEP 1      0.0
  SINCE JUL 1      0.0

DEGREE DAYS
 HEATING
  TODAY            0                         0      0        0
  MONTH TO DATE    0                         0      0        0
  SINCE SEP 1      0                         0      0        0
  SINCE JUL 1      0                         0      0        0

 COOLING
  TODAY           15                         6      9       15
  MONTH TO DATE  232                       219     13      407
  SINCE SEP 1    232                       219     13      407
  SINCE JAN 1   1176                       987    189     1604
..................................................................


WIND (MPH)
  HIGHEST WIND SPEED    14   HIGHEST WIND DIRECTION    NW (310)
  HIGHEST GUST SPEED    16   HIGHEST GUST DIRECTION    NW (310)
  AVERAGE WIND SPEED     5.2


SKY COVER
  POSSIBLE SUNSHINE  MM
  AVERAGE SKY COVER 0.0


WEATHER CONDITIONS
 THE FOLLOWING WEATHER WAS RECORDED TODAY.
  NO SIGNIFICANT WEATHER WAS OBSERVED.


RELATIVE HUMIDITY (PERCENT)
 HIGHEST    79           100 AM
 LOWEST     24          1200 PM
 AVERAGE    52

..........................................................


THE LONG BEACH AIRPORT CA CLIMATE NORMALS FOR TOMORROW
                         NORMAL    RECORD    YEAR
 MAXIMUM TEMPERATURE (F)   80       104      1999
 MINIMUM TEMPERATURE (F)   62        52      1971
                                             1965


SUNRISE AND SUNSET
SEPTEMBER 28 2016.....SUNRISE   645 AM PDT   SUNSET   640 PM PDT
SEPTEMBER 29 2016.....SUNRISE   646 AM PDT   SUNSET   639 PM PDT


-  INDICATES NEGATIVE NUMBERS.
R  INDICATES RECORD WAS SET OR TIED.
MM INDICATES DATA IS MISSING.
T  INDICATES TRACE AMOUNT.




$$
