000
CDUS46 KLOX 300120
CLILGB


CLIMATE REPORT
NATIONAL WEATHER SERVICE LOS ANGELES/OXNARD CA
620 PM PDT SUN MAR 29 2015


...................................

...THE LONG BEACH AIRPORT CA CLIMATE SUMMARY FOR MARCH 29 2015...
VALID TODAY AS OF 0600 PM LOCAL TIME.

CLIMATE NORMAL PERIOD 1981 TO 2010
CLIMATE RECORD PERIOD 1958 TO 2015


WEATHER ITEM   OBSERVED TIME   RECORD YEAR NORMAL DEPARTURE LAST
                VALUE   (LST)  VALUE       VALUE  FROM      YEAR
                                                  NORMAL
..................................................................
TEMPERATURE (F)
 TODAY
  MAXIMUM         78    426 PM  91    2004  70      8       75
  MINIMUM         59    537 AM  39    1975  51      8       53
  AVERAGE         69                        60      9       64

PRECIPITATION (IN)
  TODAY            0.00          0.39 1982   0.04  -0.04     0.00
  MONTH TO DATE    0.49                      1.79  -1.30     0.47
  SINCE OCT 1      6.86                     11.06  -4.20     4.06
  SINCE JAN 1      1.60                      7.48  -5.88     2.82

SNOWFALL (IN)
  TODAY            0.0
  MONTH TO DATE    0.0
  SINCE MAR 1      0.0
  SINCE JUL 1      0.0

DEGREE DAYS
 HEATING
  TODAY            0                         5     -5        1
  MONTH TO DATE   40                       168   -128       70
  SINCE MAR 1     40                       168   -128       70
  SINCE JUL 1    463                      1059   -596      648

 COOLING
  TODAY            4                         0      4        0
  MONTH TO DATE  114                         0    114       23
  SINCE MAR 1    114                         0    114       23
  SINCE JAN 1    151                         8    143       38
..................................................................


WIND (MPH)
  HIGHEST WIND SPEED    10   HIGHEST WIND DIRECTION     S (180)
  HIGHEST GUST SPEED    14   HIGHEST GUST DIRECTION     S (180)
  AVERAGE WIND SPEED     3.8


SKY COVER
  POSSIBLE SUNSHINE  MM
  AVERAGE SKY COVER 0.2


WEATHER CONDITIONS
 THE FOLLOWING WEATHER WAS RECORDED TODAY.
  FOG
  HAZE


RELATIVE HUMIDITY (PERCENT)
 HIGHEST    93           500 AM
 LOWEST     30           400 PM
 AVERAGE    62

..........................................................


THE LONG BEACH AIRPORT CA CLIMATE NORMALS FOR TOMORROW
                         NORMAL    RECORD    YEAR
 MAXIMUM TEMPERATURE (F)   70        87      2003
 MINIMUM TEMPERATURE (F)   51        38      1967


SUNRISE AND SUNSET
MARCH 29 2015.........SUNRISE   644 AM PDT   SUNSET   711 PM PDT
MARCH 30 2015.........SUNRISE   643 AM PDT   SUNSET   712 PM PDT


-  INDICATES NEGATIVE NUMBERS.
R  INDICATES RECORD WAS SET OR TIED.
MM INDICATES DATA IS MISSING.
T  INDICATES TRACE AMOUNT.




$$
