000
CDUS46 KLOX 011030
CLILGB


CLIMATE REPORT
NATIONAL WEATHER SERVICE LOS ANGELES/OXNARD CA
330 AM PDT SAT NOV 1 2014


...................................

...THE LONG BEACH AIRPORT CA CLIMATE SUMMARY FOR OCTOBER 31 2014...

CLIMATE NORMAL PERIOD 1981 TO 2010
CLIMATE RECORD PERIOD 1958 TO 2014


WEATHER ITEM   OBSERVED TIME   RECORD YEAR NORMAL DEPARTURE LAST
                VALUE   (LST)  VALUE       VALUE  FROM      YEAR
                                                  NORMAL
..................................................................
TEMPERATURE (F)
 YESTERDAY
  MAXIMUM         71    203 PM  95    1967  75     -4       82
  MINIMUM         60    641 AM  39    1972  55      5       51
  AVERAGE         66                        65      1       67

PRECIPITATION (IN)
  YESTERDAY        0.18          1.24 1987   0.03   0.15     0.00
  MONTH TO DATE    0.18                      0.63  -0.45     0.12
  SINCE JUL 1      0.37                      0.87  -0.50     0.19
  SINCE JAN 1      3.56                      9.31  -5.75     3.06

SNOWFALL (IN)
  YESTERDAY        0.0
  MONTH TO DATE    0.0
  SINCE SEP 1      0.0
  SINCE JUL 1      0.0

DEGREE DAYS
 HEATING
  YESTERDAY        0                         2     -2        0
  MONTH TO DATE    0                        17    -17       24
  SINCE SEP 1      0                        21    -21       24
  SINCE JUL 1      0                        21    -21       24

 COOLING
  YESTERDAY        1                         2     -1        2
  MONTH TO DATE  215                       105    110       94
  SINCE SEP 1    582                       336    246      378
  SINCE JAN 1   1652                      1104    548     1188
..................................................................


WIND (MPH)
  HIGHEST WIND SPEED    17   HIGHEST WIND DIRECTION    SW (220)
  HIGHEST GUST SPEED    27   HIGHEST GUST DIRECTION     S (190)
  AVERAGE WIND SPEED     4.1


SKY COVER
  POSSIBLE SUNSHINE  MM
  AVERAGE SKY COVER 0.8


WEATHER CONDITIONS
 THE FOLLOWING WEATHER WAS RECORDED YESTERDAY.
  RAIN
  LIGHT RAIN
  FOG
  HAZE


RELATIVE HUMIDITY (PERCENT)
 HIGHEST    97           200 AM
 LOWEST     57           200 PM
 AVERAGE    77

..........................................................


THE LONG BEACH AIRPORT CA CLIMATE NORMALS FOR TODAY
                         NORMAL    RECORD    YEAR
 MAXIMUM TEMPERATURE (F)   75       101      1966
 MINIMUM TEMPERATURE (F)   55        43      1971


SUNRISE AND SUNSET
NOVEMBER  1 2014......SUNRISE   712 AM PDT   SUNSET   600 PM PDT
NOVEMBER  2 2014......SUNRISE   613 AM PST   SUNSET   459 PM PST


-  INDICATES NEGATIVE NUMBERS.
R  INDICATES RECORD WAS SET OR TIED.
MM INDICATES DATA IS MISSING.
T  INDICATES TRACE AMOUNT.




$$
