000
CDUS46 KLOX 090902
CLILGB


CLIMATE REPORT
NATIONAL WEATHER SERVICE LOS ANGELES/OXNARD CA
102 AM PST TUE FEB 9 2016


...................................

...THE LONG BEACH AIRPORT CA CLIMATE SUMMARY FOR FEBRUARY 8 2016...

CLIMATE NORMAL PERIOD 1981 TO 2010
CLIMATE RECORD PERIOD 1958 TO 2016


WEATHER ITEM   OBSERVED TIME   RECORD YEAR NORMAL DEPARTURE LAST
                VALUE   (LST)  VALUE       VALUE  FROM      YEAR
                                                  NORMAL
..................................................................
TEMPERATURE (F)
 YESTERDAY
  MAXIMUM         88    319 PM  89    2006  67     21       78
  MINIMUM         52    704 AM  35    2001  47      5       59
  AVERAGE         70                        57     13       69

PRECIPITATION (IN)
  YESTERDAY        0.00          2.38 1962   0.11  -0.11     0.00
  MONTH TO DATE    0.00                      0.79  -0.79      T
  SINCE OCT 1      3.29                      6.97  -3.68     6.13
  SINCE JAN 1      2.29                      3.39  -1.10     0.87

SNOWFALL (IN)
  YESTERDAY        0.0
  MONTH TO DATE    0.0
  SINCE DEC 1      0.0
  SINCE JUL 1      0.0

DEGREE DAYS
 HEATING
  YESTERDAY        0                         8     -8        0
  MONTH TO DATE   54                        64    -10       18
  SINCE DEC 1    520                       594    -74      332
  SINCE JUL 1    612                       743   -131      368

 COOLING
  YESTERDAY        5                         0      5        4
  MONTH TO DATE    8                         0      8        4
  SINCE DEC 1     14                         4     10       17
  SINCE JAN 1      8                         3      5       12
..................................................................


WIND (MPH)
  HIGHEST WIND SPEED    18   HIGHEST WIND DIRECTION     E (70)
  HIGHEST GUST SPEED    24   HIGHEST GUST DIRECTION     E (90)
  AVERAGE WIND SPEED     6.4


SKY COVER
  POSSIBLE SUNSHINE  MM
  AVERAGE SKY COVER 0.0


WEATHER CONDITIONS
 THE FOLLOWING WEATHER WAS RECORDED YESTERDAY.
  NO SIGNIFICANT WEATHER WAS OBSERVED.


RELATIVE HUMIDITY (PERCENT)
 HIGHEST    54           700 AM
 LOWEST     11          1200 PM
 AVERAGE    33

..........................................................


THE LONG BEACH AIRPORT CA CLIMATE NORMALS FOR TODAY
                         NORMAL    RECORD    YEAR
 MAXIMUM TEMPERATURE (F)   67        86      1991
 MINIMUM TEMPERATURE (F)   47        38      2013


SUNRISE AND SUNSET
FEBRUARY  9 2016......SUNRISE   643 AM PST   SUNSET   531 PM PST
FEBRUARY 10 2016......SUNRISE   642 AM PST   SUNSET   532 PM PST


-  INDICATES NEGATIVE NUMBERS.
R  INDICATES RECORD WAS SET OR TIED.
MM INDICATES DATA IS MISSING.
T  INDICATES TRACE AMOUNT.




$$
