000
CDUS46 KLOX 281240
CLILGB


CLIMATE REPORT
NATIONAL WEATHER SERVICE LOS ANGELES/OXNARD CA
540 AM PDT FRI AUG 28 2015


...................................

...THE LONG BEACH AIRPORT CA CLIMATE SUMMARY FOR AUGUST 27 2015...

CLIMATE NORMAL PERIOD 1981 TO 2010
CLIMATE RECORD PERIOD 1958 TO 2015


WEATHER ITEM   OBSERVED TIME   RECORD YEAR NORMAL DEPARTURE LAST
                VALUE   (LST)  VALUE       VALUE  FROM      YEAR
                                                  NORMAL
..................................................................
TEMPERATURE (F)
 YESTERDAY
  MAXIMUM         94    302 PM 103    2009  84     10       95
  MINIMUM         71    455 AM  57    1975  65      6       67
  AVERAGE         83                        74      9       81

PRECIPITATION (IN)
  YESTERDAY        0.00          T    1972   0.00   0.00     0.00
  MONTH TO DATE    T                         0.03  -0.03     0.07
  SINCE OCT 1      8.40                     12.08  -3.68     4.51
  SINCE JAN 1      3.14                      8.50  -5.36     3.27

SNOWFALL (IN)
  YESTERDAY        0.0
  MONTH TO DATE    0.0
  SINCE JUN 1      0.0
  SINCE JUL 1      0.0

DEGREE DAYS
 HEATING
  YESTERDAY        0                         0      0        0
  MONTH TO DATE    0                         0      0        0
  SINCE JUN 1      0                         6     -6        0
  SINCE JUL 1      0                         0      0        0

 COOLING
  YESTERDAY       18                         9      9       16
  MONTH TO DATE  336                       243     93      284
  SINCE JUN 1    878                       618    260      751
  SINCE JAN 1   1134                       721    413     1020
..................................................................


WIND (MPH)
  HIGHEST WIND SPEED    13   HIGHEST WIND DIRECTION    NW (310)
  HIGHEST GUST SPEED    16   HIGHEST GUST DIRECTION    NW (300)
  AVERAGE WIND SPEED     4.4


SKY COVER
  POSSIBLE SUNSHINE  MM
  AVERAGE SKY COVER 0.0


WEATHER CONDITIONS
 THE FOLLOWING WEATHER WAS RECORDED YESTERDAY.
  NO SIGNIFICANT WEATHER WAS OBSERVED.


RELATIVE HUMIDITY (PERCENT)
 HIGHEST    90           200 AM
 LOWEST     28           400 PM
 AVERAGE    59

..........................................................


THE LONG BEACH AIRPORT CA CLIMATE NORMALS FOR TODAY
                         NORMAL    RECORD    YEAR
 MAXIMUM TEMPERATURE (F)   84        96      2009
                                             1995
                                             1981
 MINIMUM TEMPERATURE (F)   65        57      1975


SUNRISE AND SUNSET
AUGUST 28 2015........SUNRISE   623 AM PDT   SUNSET   724 PM PDT
AUGUST 29 2015........SUNRISE   624 AM PDT   SUNSET   722 PM PDT


-  INDICATES NEGATIVE NUMBERS.
R  INDICATES RECORD WAS SET OR TIED.
MM INDICATES DATA IS MISSING.
T  INDICATES TRACE AMOUNT.




$$
