000
CDUS46 KLOX 160910
CLILGB


CLIMATE REPORT
NATIONAL WEATHER SERVICE LOS ANGELES/OXNARD CA
210 AM PDT WED APR 16 2014


...................................

...THE LONG BEACH AIRPORT CA CLIMATE SUMMARY FOR APRIL 15 2014...

CLIMATE NORMAL PERIOD 1981 TO 2010
CLIMATE RECORD PERIOD 1958 TO 2014


WEATHER ITEM   OBSERVED TIME   RECORD YEAR NORMAL DEPARTURE LAST
                VALUE   (LST)  VALUE       VALUE  FROM      YEAR
                                                  NORMAL
..................................................................
TEMPERATURE (F)
 YESTERDAY
  MAXIMUM         77    348 PM  99    1966  72      5       65
  MINIMUM         54    241 AM  45    1970  53      1       56
  AVERAGE         66                        62      4       61

PRECIPITATION (IN)
  YESTERDAY        0.00          0.39 1978   0.02  -0.02     0.01
  MONTH TO DATE    0.20                      0.38  -0.18     0.01
  SINCE JUL 1      4.33                     11.76  -7.43     6.00
  SINCE JAN 1      3.02                      7.94  -4.92     2.20

SNOWFALL (IN)
  YESTERDAY        0.0
  MONTH TO DATE    0.0
  SINCE MAR 1      0.0
  SINCE JUL 1      0.0

DEGREE DAYS
 HEATING
  YESTERDAY        0                         4     -4        4
  MONTH TO DATE   39                        64    -25       29
  SINCE MAR 1    117                       243   -126      149
  SINCE JUL 1    695                      1134   -439     1013

 COOLING
  YESTERDAY        1                         1      0        0
  MONTH TO DATE   31                        15     16        4
  SINCE MAR 1     54                        25     29       11
  SINCE JAN 1     69                        33     36       16
..................................................................


WIND (MPH)
  HIGHEST WIND SPEED    13   HIGHEST WIND DIRECTION    NW (300)
  HIGHEST GUST SPEED    16   HIGHEST GUST DIRECTION    NW (300)
  AVERAGE WIND SPEED     4.4


SKY COVER
  POSSIBLE SUNSHINE  MM
  AVERAGE SKY COVER 0.1


WEATHER CONDITIONS
 THE FOLLOWING WEATHER WAS RECORDED YESTERDAY.
  FOG
  FOG W/VISIBILITY <= 1/4 MILE
  HAZE


RELATIVE HUMIDITY (PERCENT)
 HIGHEST    86           100 AM
 LOWEST     29           400 PM
 AVERAGE    58

..........................................................


THE LONG BEACH AIRPORT CA CLIMATE NORMALS FOR TODAY
                         NORMAL    RECORD    YEAR
 MAXIMUM TEMPERATURE (F)   72        89      1999
 MINIMUM TEMPERATURE (F)   53        39      1967


SUNRISE AND SUNSET
APRIL 16 2014.........SUNRISE   621 AM PDT   SUNSET   725 PM PDT
APRIL 17 2014.........SUNRISE   619 AM PDT   SUNSET   725 PM PDT


-  INDICATES NEGATIVE NUMBERS.
R  INDICATES RECORD WAS SET OR TIED.
MM INDICATES DATA IS MISSING.
T  INDICATES TRACE AMOUNT.




$$
