000
CDHW41 PHFO 020252
CLILIH


CLIMATE REPORT
NATIONAL WEATHER SERVICE HONOLULU HI
441 PM HST WED JUL 1 2015


...................................

...THE LIHUE HI CLIMATE SUMMARY FOR JULY 1 2015...
VALID TODAY AS OF 0400 PM LOCAL TIME.

CLIMATE NORMAL PERIOD 1981 TO 2010
CLIMATE RECORD PERIOD 1946 TO 2015


WEATHER ITEM   OBSERVED TIME   RECORD YEAR NORMAL DEPARTURE LAST
                VALUE   (LST)  VALUE       VALUE  FROM      YEAR
                                                  NORMAL
..................................................................
TEMPERATURE (F)
 TODAY
  MAXIMUM         89R  1212 PM  87    1982  84      5       83
                                      1981
  MINIMUM         70    622 AM  66    1967  74     -4       75
  AVERAGE         80                        79      1       79

PRECIPITATION (IN)
  TODAY            0.00          0.31 1954   0.05  -0.05      T
  MONTH TO DATE    0.00                      0.05  -0.05      T
  SINCE JUN 1      0.98                      1.66  -0.68     3.13
  SINCE JAN 1      6.87                     17.50 -10.63    18.92

SNOWFALL (IN)
  TODAY            0.0
  MONTH TO DATE    0.0
  SINCE JUN 1      0.0
  SINCE JUL 1      0.0
  SNOW DEPTH       0

DEGREE DAYS
 HEATING
  TODAY            0                         0      0        0
  MONTH TO DATE    0                         0      0        0
  SINCE JUN 1      0                         0      0        0
  SINCE JUL 1      0                         0      0        0

 COOLING
  TODAY           15                        14      1       14
  MONTH TO DATE   15                        14      1       14
  SINCE JUN 1    424                       408     16      394
  SINCE JAN 1   1847                      1647    200     1615
..................................................................


WIND (MPH)
  HIGHEST WIND SPEED    18   HIGHEST WIND DIRECTION     S (170)
  HIGHEST GUST SPEED    25   HIGHEST GUST DIRECTION     S (190)
  AVERAGE WIND SPEED     8.7


SKY COVER
  POSSIBLE SUNSHINE  MM
  AVERAGE SKY COVER 0.1


WEATHER CONDITIONS
 THE FOLLOWING WEATHER WAS RECORDED TODAY.
  NO SIGNIFICANT WEATHER WAS OBSERVED.


RELATIVE HUMIDITY (PERCENT)
 HIGHEST    87          1200 AM
 LOWEST     45          1000 AM
 AVERAGE    66

..........................................................


THE LIHUE HI CLIMATE NORMALS FOR TOMORROW
                         NORMAL    RECORD    YEAR
 MAXIMUM TEMPERATURE (F)   84        88      1981
 MINIMUM TEMPERATURE (F)   74        68      1968


SUNRISE AND SUNSET
JULY  1 2015..........SUNRISE   558 AM HST   SUNSET   725 PM HST
JULY  2 2015..........SUNRISE   558 AM HST   SUNSET   725 PM HST


-  INDICATES NEGATIVE NUMBERS.
R  INDICATES RECORD WAS SET OR TIED.
MM INDICATES DATA IS MISSING.
T  INDICATES TRACE AMOUNT.




$$
