000
CDHW41 PHFO 050229
CLILIH


CLIMATE REPORT
NATIONAL WEATHER SERVICE HONOLULU HI
429 PM HST TUE AUG 4 2015


...................................

...THE LIHUE HI CLIMATE SUMMARY FOR AUGUST 4 2015...
VALID TODAY AS OF 0400 PM LOCAL TIME.

CLIMATE NORMAL PERIOD 1981 TO 2010
CLIMATE RECORD PERIOD 1946 TO 2015


WEATHER ITEM   OBSERVED TIME   RECORD YEAR NORMAL DEPARTURE LAST
                VALUE   (LST)  VALUE       VALUE  FROM      YEAR
                                                  NORMAL
..................................................................
TEMPERATURE (F)
 TODAY
  MAXIMUM         86    241 PM  88    2008  85      1       87
                                      1982
  MINIMUM         74    627 AM  67    1968  75     -1       77
  AVERAGE         80                        80      0       82

PRECIPITATION (IN)
  TODAY            T             2.21 2004   0.07  -0.07      T
  MONTH TO DATE    0.05                      0.29  -0.24     0.01
  SINCE JUN 1      1.79                      3.77  -1.98     4.59
  SINCE JAN 1      7.68                     19.61 -11.93    20.38

SNOWFALL (IN)
  TODAY            0.0
  MONTH TO DATE    0.0
  SINCE JUN 1      0.0
  SINCE JUL 1      0.0
  SNOW DEPTH       0

DEGREE DAYS
 HEATING
  TODAY            0                         0      0        0
  MONTH TO DATE    0                         0      0        0
  SINCE JUN 1      0                         0      0        0
  SINCE JUL 1      0                         0      0        0

 COOLING
  TODAY           15                        15      0       17
  MONTH TO DATE   67                        59      8       67
  SINCE JUN 1    955                       892     63      910
  SINCE JAN 1   2378                      2131    247     2131
..................................................................


WIND (MPH)
  HIGHEST WIND SPEED    17   HIGHEST WIND DIRECTION     N (20)
  HIGHEST GUST SPEED    23   HIGHEST GUST DIRECTION     N (10)
  AVERAGE WIND SPEED     9.1


SKY COVER
  POSSIBLE SUNSHINE  MM
  AVERAGE SKY COVER 0.5


WEATHER CONDITIONS
 THE FOLLOWING WEATHER WAS RECORDED TODAY.
  LIGHT RAIN


RELATIVE HUMIDITY (PERCENT)
 HIGHEST    87           600 AM
 LOWEST     65           300 PM
 AVERAGE    76

..........................................................


THE LIHUE HI CLIMATE NORMALS FOR TOMORROW
                         NORMAL    RECORD    YEAR
 MAXIMUM TEMPERATURE (F)   85        88      1982
 MINIMUM TEMPERATURE (F)   75        69      1964


SUNRISE AND SUNSET
AUGUST  4 2015........SUNRISE   611 AM HST   SUNSET   716 PM HST
AUGUST  5 2015........SUNRISE   611 AM HST   SUNSET   715 PM HST


-  INDICATES NEGATIVE NUMBERS.
R  INDICATES RECORD WAS SET OR TIED.
MM INDICATES DATA IS MISSING.
T  INDICATES TRACE AMOUNT.




$$
