000
CDHW41 PHFO 141245
CLILIH


CLIMATE REPORT
NATIONAL WEATHER SERVICE HONOLULU HI
245 AM HST MON JUL 14 2014


...................................

...THE LIHUE HI CLIMATE SUMMARY FOR JULY 13 2014...

CLIMATE NORMAL PERIOD 1981 TO 2010
CLIMATE RECORD PERIOD 1946 TO 2014


WEATHER ITEM   OBSERVED TIME   RECORD YEAR NORMAL DEPARTURE LAST
                VALUE   (LST)  VALUE       VALUE  FROM      YEAR
                                                  NORMAL
..................................................................
TEMPERATURE (F)
 YESTERDAY
  MAXIMUM         83    239 PM  88    1981  84     -1       83
  MINIMUM         72    503 AM  69    1952  74     -2       73
  AVERAGE         78                        79     -1       78

PRECIPITATION (IN)
  YESTERDAY        0.18          0.30 1954   0.06   0.12      T
  MONTH TO DATE    0.47                      0.71  -0.24     0.30
  SINCE JUN 1      3.60                      2.32   1.28     1.00
  SINCE JAN 1     19.39                     18.16   1.23    15.80

SNOWFALL (IN)
  YESTERDAY        0.0
  MONTH TO DATE    0.0
  SINCE JUN 1      0.0
  SINCE JUL 1      0.0
  SNOW DEPTH       0

DEGREE DAYS
 HEATING
  YESTERDAY        0                         0      0        0
  MONTH TO DATE    0                         0      0        0
  SINCE JUN 1      0                         0      0        0
  SINCE JUL 1      0                         0      0        0

 COOLING
  YESTERDAY       13                        14     -1       13
  MONTH TO DATE  188                       182      6      142
  SINCE JUN 1    568                       576     -8      524
  SINCE JAN 1   1789                      1815    -26     1606
..................................................................


WIND (MPH)
  HIGHEST WIND SPEED    16   HIGHEST WIND DIRECTION     E (70)
  HIGHEST GUST SPEED    20   HIGHEST GUST DIRECTION     E (70)
  AVERAGE WIND SPEED    11.4


SKY COVER
  POSSIBLE SUNSHINE  MM
  AVERAGE SKY COVER 0.7


WEATHER CONDITIONS
 THE FOLLOWING WEATHER WAS RECORDED YESTERDAY.
  RAIN
  LIGHT RAIN
  FOG


RELATIVE HUMIDITY (PERCENT)
 HIGHEST   100           400 AM
 LOWEST     69           200 PM
 AVERAGE    85

..........................................................


THE LIHUE HI CLIMATE NORMALS FOR TODAY
                         NORMAL    RECORD    YEAR
 MAXIMUM TEMPERATURE (F)   84        86      2005
                                             2003
                                             1985
 MINIMUM TEMPERATURE (F)   74        68      1952


SUNRISE AND SUNSET
JULY 14 2014..........SUNRISE   603 AM HST   SUNSET   724 PM HST
JULY 15 2014..........SUNRISE   603 AM HST   SUNSET   724 PM HST


-  INDICATES NEGATIVE NUMBERS.
R  INDICATES RECORD WAS SET OR TIED.
MM INDICATES DATA IS MISSING.
T  INDICATES TRACE AMOUNT.




$$
