000
CDHW41 PHFO 271245
CLILIH


CLIMATE REPORT
NATIONAL WEATHER SERVICE HONOLULU HI
245 AM HST FRI MAR 27 2015


...................................

...THE LIHUE HI CLIMATE SUMMARY FOR MARCH 26 2015...

CLIMATE NORMAL PERIOD 1981 TO 2010
CLIMATE RECORD PERIOD 1946 TO 2015


WEATHER ITEM   OBSERVED TIME   RECORD YEAR NORMAL DEPARTURE LAST
                VALUE   (LST)  VALUE       VALUE  FROM      YEAR
                                                  NORMAL
..................................................................
TEMPERATURE (F)
 YESTERDAY
  MAXIMUM         79   1159 AM  86    1981  79      0       80
  MINIMUM         69   1233 AM  56    1996  68      1       72
                                      1965
                                      1955
  AVERAGE         74                        73      1       76

PRECIPITATION (IN)
  YESTERDAY        T             4.55 2006   0.15  -0.15     0.04
  MONTH TO DATE    1.28                      3.91  -2.63     1.87
  SINCE MAR 1      1.28                      3.91  -2.63     1.87
  SINCE JAN 1      3.19                     10.82  -7.63    12.27

SNOWFALL (IN)
  YESTERDAY        0.0
  MONTH TO DATE    0.0
  SINCE MAR 1      0.0
  SINCE JUL 1      0.0
  SNOW DEPTH       0

DEGREE DAYS
 HEATING
  YESTERDAY        0                         0      0        0
  MONTH TO DATE    0                         0      0        0
  SINCE MAR 1      0                         0      0        0
  SINCE JUL 1      0                         0      0        0

 COOLING
  YESTERDAY        9                         8      1       11
  MONTH TO DATE  197                       196      1      170
  SINCE MAR 1    197                       196      1      170
  SINCE JAN 1    653                       591     62      546
..................................................................


WIND (MPH)
  HIGHEST WIND SPEED    22   HIGHEST WIND DIRECTION    NE (40)
  HIGHEST GUST SPEED    26   HIGHEST GUST DIRECTION    NE (30)
  AVERAGE WIND SPEED    15.6


SKY COVER
  POSSIBLE SUNSHINE  MM
  AVERAGE SKY COVER 1.0


WEATHER CONDITIONS
 THE FOLLOWING WEATHER WAS RECORDED YESTERDAY.
  LIGHT RAIN


RELATIVE HUMIDITY (PERCENT)
 HIGHEST    73           700 PM
 LOWEST     54          1200 PM
 AVERAGE    64

..........................................................


THE LIHUE HI CLIMATE NORMALS FOR TODAY
                         NORMAL    RECORD    YEAR
 MAXIMUM TEMPERATURE (F)   79        86      1981
 MINIMUM TEMPERATURE (F)   68        57      1996
                                             1965


SUNRISE AND SUNSET
MARCH 27 2015.........SUNRISE   635 AM HST   SUNSET   651 PM HST
MARCH 28 2015.........SUNRISE   634 AM HST   SUNSET   651 PM HST


-  INDICATES NEGATIVE NUMBERS.
R  INDICATES RECORD WAS SET OR TIED.
MM INDICATES DATA IS MISSING.
T  INDICATES TRACE AMOUNT.




$$
