641
CDHW41 PHFO 171245
CLILIH


CLIMATE REPORT
NATIONAL WEATHER SERVICE HONOLULU HI
245 AM HST TUE JAN 17 2017


...................................

...THE LIHUE HI CLIMATE SUMMARY FOR JANUARY 16 2017...

CLIMATE NORMAL PERIOD 1981 TO 2010
CLIMATE RECORD PERIOD 1946 TO 2017


WEATHER ITEM   OBSERVED TIME   RECORD YEAR NORMAL DEPARTURE LAST
                VALUE   (LST)  VALUE       VALUE  FROM      YEAR
                                                  NORMAL
..................................................................
TEMPERATURE (F)
 YESTERDAY
  MAXIMUM         80    201 PM  84    1981  78      2       80
                                      1956
  MINIMUM         67    653 AM  54    2003  65      2       62
  AVERAGE         74                        72      2       71

PRECIPITATION (IN)
  YESTERDAY        0.00          2.43 1968   0.11  -0.11     0.00
  MONTH TO DATE    0.13                      2.02  -1.89     0.08
  SINCE DEC 1      1.30                      7.22  -5.92     1.50
  SINCE JAN 1      0.13                      2.02  -1.89     0.08

SNOWFALL (IN)
  YESTERDAY        0.0
  MONTH TO DATE    0.0
  SINCE DEC 1      0.0
  SINCE JUL 1      0.0
  SNOW DEPTH       0

DEGREE DAYS
 HEATING
  YESTERDAY        0                         0      0        0
  MONTH TO DATE    0                         0      0        0
  SINCE DEC 1      0                         0      0        0
  SINCE JUL 1      0                         0      0        0

 COOLING
  YESTERDAY        9                         7      2        6
  MONTH TO DATE  101                       112    -11      116
  SINCE DEC 1    371                       366      5      472
  SINCE JAN 1    101                       112    -11      116
..................................................................


WIND (MPH)
  HIGHEST WIND SPEED    12   HIGHEST WIND DIRECTION     E (70)
  HIGHEST GUST SPEED    13   HIGHEST GUST DIRECTION    NE (60)
  AVERAGE WIND SPEED     7.4


SKY COVER
  POSSIBLE SUNSHINE  MM
  AVERAGE SKY COVER 0.6


WEATHER CONDITIONS
 THE FOLLOWING WEATHER WAS RECORDED YESTERDAY.
  NO SIGNIFICANT WEATHER WAS OBSERVED.


RELATIVE HUMIDITY (PERCENT)
 HIGHEST    93           700 AM
 LOWEST     62           200 PM
 AVERAGE    78

..........................................................


THE LIHUE HI CLIMATE NORMALS FOR TODAY
                         NORMAL    RECORD    YEAR
 MAXIMUM TEMPERATURE (F)   78        83      1988
                                             1980
                                             1979
 MINIMUM TEMPERATURE (F)   65        52      1969


SUNRISE AND SUNSET
JANUARY 17 2017.......SUNRISE   719 AM HST   SUNSET   617 PM HST
JANUARY 18 2017.......SUNRISE   719 AM HST   SUNSET   618 PM HST


-  INDICATES NEGATIVE NUMBERS.
R  INDICATES RECORD WAS SET OR TIED.
MM INDICATES DATA IS MISSING.
T  INDICATES TRACE AMOUNT.




$$
