000
CDHW41 PHFO 240231
CLILIH


CLIMATE REPORT
NATIONAL WEATHER SERVICE HONOLULU HI
431 PM HST WED JUL 23 2014


...................................

...THE LIHUE HI CLIMATE SUMMARY FOR JULY 23 2014...
VALID TODAY AS OF 0400 PM LOCAL TIME.

CLIMATE NORMAL PERIOD 1981 TO 2010
CLIMATE RECORD PERIOD 1946 TO 2014


WEATHER ITEM   OBSERVED TIME   RECORD YEAR NORMAL DEPARTURE LAST
                VALUE   (LST)  VALUE       VALUE  FROM      YEAR
                                                  NORMAL
..................................................................
TEMPERATURE (F)
 TODAY
  MAXIMUM         84    301 PM  88    1981  84      0       83
  MINIMUM         77   1018 AM  65    1955  74      3       73
  AVERAGE         81                        79      2       78

PRECIPITATION (IN)
  TODAY            0.01          4.68 1989   0.07  -0.06      T
  MONTH TO DATE    1.42                      1.33   0.09     0.63
  SINCE JUN 1      4.55                      2.94   1.61     1.33
  SINCE JAN 1     20.34                     18.78   1.56    16.13

SNOWFALL (IN)
  TODAY            0.0
  MONTH TO DATE    0.0
  SINCE JUN 1      0.0
  SINCE JUL 1      0.0
  SNOW DEPTH       0

DEGREE DAYS
 HEATING
  TODAY            0                         0      0        0
  MONTH TO DATE    0                         0      0        0
  SINCE JUN 1      0                         0      0        0
  SINCE JUL 1      0                         0      0        0

 COOLING
  TODAY           16                        14      2       13
  MONTH TO DATE  339                       322     17      269
  SINCE JUN 1    719                       716      3      651
  SINCE JAN 1   1940                      1955    -15     1733
..................................................................


WIND (MPH)
  HIGHEST WIND SPEED    24   HIGHEST WIND DIRECTION     E (70)
  HIGHEST GUST SPEED    28   HIGHEST GUST DIRECTION     E (70)
  AVERAGE WIND SPEED    15.2


SKY COVER
  POSSIBLE SUNSHINE  MM
  AVERAGE SKY COVER 0.8


WEATHER CONDITIONS
 THE FOLLOWING WEATHER WAS RECORDED TODAY.
  LIGHT RAIN
  FOG
  HAZE


RELATIVE HUMIDITY (PERCENT)
 HIGHEST    85          1200 AM
 LOWEST     65           300 PM
 AVERAGE    75

..........................................................


THE LIHUE HI CLIMATE NORMALS FOR TOMORROW
                         NORMAL    RECORD    YEAR
 MAXIMUM TEMPERATURE (F)   84        87      1982
                                             1976
                                             1959
 MINIMUM TEMPERATURE (F)   74        68      1959


SUNRISE AND SUNSET
JULY 23 2014..........SUNRISE   606 AM HST   SUNSET   721 PM HST
JULY 24 2014..........SUNRISE   607 AM HST   SUNSET   721 PM HST


-  INDICATES NEGATIVE NUMBERS.
R  INDICATES RECORD WAS SET OR TIED.
MM INDICATES DATA IS MISSING.
T  INDICATES TRACE AMOUNT.




$$
