962
CDHW41 PHFO 281245
CLILIH


CLIMATE REPORT
NATIONAL WEATHER SERVICE HONOLULU HI
245 AM HST SUN AUG 28 2016


...................................

...THE LIHUE HI CLIMATE SUMMARY FOR AUGUST 27 2016...

CLIMATE NORMAL PERIOD 1981 TO 2010
CLIMATE RECORD PERIOD 1946 TO 2016


WEATHER ITEM   OBSERVED TIME   RECORD YEAR NORMAL DEPARTURE LAST
                VALUE   (LST)  VALUE       VALUE  FROM      YEAR
                                                  NORMAL
..................................................................
TEMPERATURE (F)
 YESTERDAY
  MAXIMUM         87    139 PM  89    1981  85      2       85
  MINIMUM         74    725 PM  68    1979  75     -1       74
                                      1964
  AVERAGE         81                        80      1       80

PRECIPITATION (IN)
  YESTERDAY        0.07          0.36 1998   0.06   0.01     0.00
  MONTH TO DATE    1.35                      1.89  -0.54     7.39
  SINCE JUN 1      4.13                      5.37  -1.24     8.79
  SINCE JAN 1     10.57                     21.21 -10.64    14.68

SNOWFALL (IN)
  YESTERDAY        0.0
  MONTH TO DATE    0.0
  SINCE JUN 1      0.0
  SINCE JUL 1      0.0
  SNOW DEPTH       0

DEGREE DAYS
 HEATING
  YESTERDAY        0                         0      0        0
  MONTH TO DATE    0                         0      0        0
  SINCE JUN 1      0                         0      0        0
  SINCE JUL 1      0                         0      0        0

 COOLING
  YESTERDAY       16                        15      1       15
  MONTH TO DATE  424                       404     20      450
  SINCE JUN 1   1188                      1237    -49     1294
  SINCE JAN 1   2590                      2476    114     2713
..................................................................


WIND (MPH)
  HIGHEST WIND SPEED    28   HIGHEST WIND DIRECTION    NE (60)
  HIGHEST GUST SPEED    33   HIGHEST GUST DIRECTION    NE (60)
  AVERAGE WIND SPEED    14.3


SKY COVER
  POSSIBLE SUNSHINE  MM
  AVERAGE SKY COVER 0.6


WEATHER CONDITIONS
 THE FOLLOWING WEATHER WAS RECORDED YESTERDAY.
  RAIN
  HAZE


RELATIVE HUMIDITY (PERCENT)
 HIGHEST    82           700 PM
 LOWEST     55          1000 AM
 AVERAGE    69

..........................................................


THE LIHUE HI CLIMATE NORMALS FOR TODAY
                         NORMAL    RECORD    YEAR
 MAXIMUM TEMPERATURE (F)   85        89      2013
 MINIMUM TEMPERATURE (F)   75        68      2013
                                             1979
                                             1964


SUNRISE AND SUNSET
AUGUST 28 2016........SUNRISE   619 AM HST   SUNSET   657 PM HST
AUGUST 29 2016........SUNRISE   620 AM HST   SUNSET   656 PM HST


-  INDICATES NEGATIVE NUMBERS.
R  INDICATES RECORD WAS SET OR TIED.
MM INDICATES DATA IS MISSING.
T  INDICATES TRACE AMOUNT.




$$
