000
CDHW41 PHFO 101245
CLILIH


CLIMATE REPORT
NATIONAL WEATHER SERVICE HONOLULU HI
245 AM HST SUN DEC 10 2017


...................................

...THE LIHUE HI CLIMATE SUMMARY FOR DECEMBER 9 2017...

CLIMATE NORMAL PERIOD 1981 TO 2010
CLIMATE RECORD PERIOD 1946 TO 2017


WEATHER ITEM   OBSERVED TIME   RECORD YEAR NORMAL DEPARTURE LAST
                VALUE   (LST)  VALUE       VALUE  FROM      YEAR
                                                  NORMAL
..................................................................
TEMPERATURE (F)
 YESTERDAY
  MAXIMUM         76    111 PM  86    1995  79     -3       80
  MINIMUM         58R   648 AM  60    1966  68    -10       67
  AVERAGE         67                        74     -7       74

PRECIPITATION (IN)
  YESTERDAY        0.01          2.58 2010   0.17  -0.16      T
  MONTH TO DATE    0.08                      1.44  -1.36     0.59
  SINCE DEC 1      0.08                      1.44  -1.36     0.59
  SINCE JAN 1     22.25                     33.29 -11.04    12.82

SNOWFALL (IN)
  YESTERDAY        0.0
  MONTH TO DATE    0.0
  SINCE DEC 1      0.0
  SINCE JUL 1      0.0
  SNOW DEPTH      MM

DEGREE DAYS
 HEATING
  YESTERDAY        0                         0      0        0
  MONTH TO DATE    0                         0      0        0
  SINCE DEC 1      0                         0      0        0
  SINCE JUL 1      0                         0      0        0

 COOLING
  YESTERDAY        2                         9     -7        9
  MONTH TO DATE   35                        81    -46       83
  SINCE DEC 1     35                        81    -46       83
  SINCE JAN 1   4116                      3772    344     4043
..................................................................


WIND (MPH)
  HIGHEST WIND SPEED    22   HIGHEST WIND DIRECTION     N (10)
  HIGHEST GUST SPEED    26   HIGHEST GUST DIRECTION     N (10)
  AVERAGE WIND SPEED     7.8


SKY COVER
  POSSIBLE SUNSHINE  MM
  AVERAGE SKY COVER  MM


WEATHER CONDITIONS
 THE FOLLOWING WEATHER WAS RECORDED YESTERDAY.
  FOG


RELATIVE HUMIDITY (PERCENT)
 HIGHEST    MM
 LOWEST     MM
 AVERAGE    MM

..........................................................


THE LIHUE HI CLIMATE NORMALS FOR TODAY
                         NORMAL    RECORD    YEAR
 MAXIMUM TEMPERATURE (F)   79        MM      2010
 MINIMUM TEMPERATURE (F)   68        56      1972


SUNRISE AND SUNSET
DECEMBER 10 2017......SUNRISE   706 AM HST   SUNSET   555 PM HST
DECEMBER 11 2017......SUNRISE   706 AM HST   SUNSET   555 PM HST


-  INDICATES NEGATIVE NUMBERS.
R  INDICATES RECORD WAS SET OR TIED.
MM INDICATES DATA IS MISSING.
T  INDICATES TRACE AMOUNT.




$$
