000
CDHW41 PHFO 201245
CLILIH


CLIMATE REPORT
NATIONAL WEATHER SERVICE HONOLULU HI
245 AM HST WED SEP 20 2017


...................................

...THE LIHUE HI CLIMATE SUMMARY FOR SEPTEMBER 19 2017...

CLIMATE NORMAL PERIOD 1981 TO 2010
CLIMATE RECORD PERIOD 1946 TO 2017


WEATHER ITEM   OBSERVED TIME   RECORD YEAR NORMAL DEPARTURE LAST
                VALUE   (LST)  VALUE       VALUE  FROM      YEAR
                                                  NORMAL
..................................................................
TEMPERATURE (F)
 YESTERDAY
  MAXIMUM         88R  1216 PM  87    2011  85      3       86
                                      1994
                                      1981
  MINIMUM         78    540 AM  68    1986  74      4       77
                                      1957
  AVERAGE         83                        79      4       82

PRECIPITATION (IN)
  YESTERDAY        0.04          1.64 1974   0.08  -0.04      T
  MONTH TO DATE    0.07                      1.20  -1.13     0.46
  SINCE SEP 1      0.07                      1.20  -1.13     0.46
  SINCE JAN 1     17.77                     22.65  -4.88    11.20

SNOWFALL (IN)
  YESTERDAY        0.0
  MONTH TO DATE    0.0
  SINCE SEP 1      0.0
  SINCE JUL 1      0.0
  SNOW DEPTH      MM

DEGREE DAYS
 HEATING
  YESTERDAY        0                         0      0        0
  MONTH TO DATE    0                         0      0        0
  SINCE SEP 1      0                         0      0        0
  SINCE JUL 1      0                         0      0        0

 COOLING
  YESTERDAY       18                        14      4       17
  MONTH TO DATE  317                       281     36      315
  SINCE SEP 1    317                       281     36      315
  SINCE JAN 1   3190                      2807    383     2974
..................................................................


WIND (MPH)
  HIGHEST WIND SPEED    24   HIGHEST WIND DIRECTION     E (70)
  HIGHEST GUST SPEED    29   HIGHEST GUST DIRECTION     E (70)
  AVERAGE WIND SPEED    14.7


SKY COVER
  POSSIBLE SUNSHINE  MM
  AVERAGE SKY COVER  MM


WEATHER CONDITIONS
 THE FOLLOWING WEATHER WAS RECORDED YESTERDAY.
  HAZE


RELATIVE HUMIDITY (PERCENT)
 HIGHEST    MM
 LOWEST     MM
 AVERAGE    MM

..........................................................


THE LIHUE HI CLIMATE NORMALS FOR TODAY
                         NORMAL    RECORD    YEAR
 MAXIMUM TEMPERATURE (F)   85        89      1959
 MINIMUM TEMPERATURE (F)   74        67      1957


SUNRISE AND SUNSET
SEPTEMBER 20 2017.....SUNRISE   626 AM HST   SUNSET   635 PM HST
SEPTEMBER 21 2017.....SUNRISE   626 AM HST   SUNSET   634 PM HST


-  INDICATES NEGATIVE NUMBERS.
R  INDICATES RECORD WAS SET OR TIED.
MM INDICATES DATA IS MISSING.
T  INDICATES TRACE AMOUNT.




$$
