525
CDUS44 KLZK 060640
CLILIT


CLIMATE REPORT
NATIONAL WEATHER SERVICE LITTLE ROCK AR
1239 AM CST SAT FEB 6 2016


...................................

...THE LITTLE ROCK ADAMS FIELD CLIMATE SUMMARY FOR FEBRUARY 5 2016...

CLIMATE NORMAL PERIOD 1981 TO 2010
CLIMATE RECORD PERIOD 1874 TO 2016


WEATHER ITEM   OBSERVED TIME   RECORD YEAR NORMAL DEPARTURE LAST
                VALUE   (LST)  VALUE       VALUE  FROM      YEAR
                                                  NORMAL
..................................................................
TEMPERATURE (F)
 YESTERDAY
  MAXIMUM         56    155 PM  75    2008  53      3       42
  MINIMUM         27    655 AM   9    1886  32     -5       27
  AVERAGE         42                        42      0       35

PRECIPITATION (IN)
  YESTERDAY        0.00          1.35 1964   0.13  -0.13     0.00
  MONTH TO DATE    T                         0.62  -0.62     0.55
  SINCE DEC 1     11.93                      9.14   2.79     6.68
  SINCE JAN 1      3.55                      4.17  -0.62     3.52

SNOWFALL (IN)
  YESTERDAY        0.0           3.6  1905   0.1   -0.1      0.0
  MONTH TO DATE    0.0                       0.3   -0.3      0.0
  SINCE DEC 1      5.7                       2.1    3.6       T
  SINCE JUL 1      5.7                       2.1    3.6      0.1
  SNOW DEPTH       0

DEGREE DAYS
 HEATING
  YESTERDAY       23                        23      0       30
  MONTH TO DATE   79                       115    -36      125
  SINCE DEC 1   1191                      1547   -356     1454
  SINCE JUL 1   1515                      2061   -546     2025

 COOLING
  YESTERDAY        0                         0      0        0
  MONTH TO DATE    0                         0      0        0
  SINCE DEC 1     12                         3      9        0
  SINCE JAN 1      1                         1      0        0
..................................................................


WIND (MPH)
  HIGHEST WIND SPEED    13   HIGHEST WIND DIRECTION    SW (220)
  HIGHEST GUST SPEED    17   HIGHEST GUST DIRECTION    SW (220)
  AVERAGE WIND SPEED     5.0


SKY COVER
  POSSIBLE SUNSHINE  MM
  AVERAGE SKY COVER 0.5


WEATHER CONDITIONS
 THE FOLLOWING WEATHER WAS RECORDED YESTERDAY.
  NO SIGNIFICANT WEATHER WAS OBSERVED.


RELATIVE HUMIDITY (PERCENT)
 HIGHEST    75           700 AM
 LOWEST     19           200 PM
 AVERAGE    47

..........................................................


THE LITTLE ROCK ADAMS FIELD CLIMATE NORMALS FOR TODAY
                         NORMAL    RECORD    YEAR
 MAXIMUM TEMPERATURE (F)   53        79      1963
 MINIMUM TEMPERATURE (F)   32        12      1895


SUNRISE AND SUNSET
FEBRUARY  6 2016......SUNRISE   704 AM CST   SUNSET   543 PM CST
FEBRUARY  7 2016......SUNRISE   703 AM CST   SUNSET   544 PM CST


-  INDICATES NEGATIVE NUMBERS.
R  INDICATES RECORD WAS SET OR TIED.
MM INDICATES DATA IS MISSING.
T  INDICATES TRACE AMOUNT.




$$
