000
CDUS44 KLZK 302058
CLILIT


CLIMATE REPORT
NATIONAL WEATHER SERVICE LITTLE ROCK AR
357 PM CDT MON MAR 30 2015


...................................

...THE LITTLE ROCK ADAMS FIELD CLIMATE SUMMARY FOR MARCH 30 2015...
VALID TODAY AS OF 0300 PM LOCAL TIME.

CLIMATE NORMAL PERIOD 1981 TO 2010
CLIMATE RECORD PERIOD 1874 TO 2015


WEATHER ITEM   OBSERVED TIME   RECORD YEAR NORMAL DEPARTURE LAST
                VALUE   (LST)  VALUE       VALUE  FROM      YEAR
                                                  NORMAL
..................................................................
TEMPERATURE (F)
 TODAY
  MAXIMUM         74    252 PM  86    1963  69      5       66
                                      1946
  MINIMUM         50    642 AM  24    1964  46      4       40
  AVERAGE         62                        57      5       53

PRECIPITATION (IN)
  TODAY            0.00          1.91 2002   0.16  -0.16     0.00
  MONTH TO DATE    8.08                      4.51   3.57     5.28
  SINCE MAR 1      8.08                      4.51   3.57     5.28
  SINCE JAN 1     14.89                     11.72   3.17    10.85

SNOWFALL (IN)
  TODAY            0.0           0.8  1987   0.0    0.0      0.0
  MONTH TO DATE    5.7                       0.4    5.3      2.2
  SINCE MAR 1      5.7                       0.4    5.3      2.2
  SINCE JUL 1     11.1                       3.5    7.6      6.2
  SNOW DEPTH       0

DEGREE DAYS
 HEATING
  TODAY            3                         8     -5       12
  MONTH TO DATE  401                       366     35      490
  SINCE MAR 1    401                       366     35      490
  SINCE JUL 1   3047                      2879    168     3263

 COOLING
  TODAY            0                         1     -1        0
  MONTH TO DATE    8                        10     -2        0
  SINCE MAR 1      8                        10     -2        0
  SINCE JAN 1      8                        12     -4        0
..................................................................


WIND (MPH)
  HIGHEST WIND SPEED    13   HIGHEST WIND DIRECTION    NE (60)
  HIGHEST GUST SPEED    15   HIGHEST GUST DIRECTION     E (90)
  AVERAGE WIND SPEED     4.9


SKY COVER
  POSSIBLE SUNSHINE  MM
  AVERAGE SKY COVER 0.2


WEATHER CONDITIONS
 THE FOLLOWING WEATHER WAS RECORDED TODAY.
  NO SIGNIFICANT WEATHER WAS OBSERVED.


RELATIVE HUMIDITY (PERCENT)
 HIGHEST    80           600 AM
 LOWEST     37          1200 PM
 AVERAGE    59

..........................................................


THE LITTLE ROCK ADAMS FIELD CLIMATE NORMALS FOR TOMORROW
                         NORMAL    RECORD    YEAR
 MAXIMUM TEMPERATURE (F)   69        91      1974
 MINIMUM TEMPERATURE (F)   47        26      1987


SUNRISE AND SUNSET
MARCH 30 2015.........SUNRISE   659 AM CDT   SUNSET   728 PM CDT
MARCH 31 2015.........SUNRISE   658 AM CDT   SUNSET   729 PM CDT


-  INDICATES NEGATIVE NUMBERS.
R  INDICATES RECORD WAS SET OR TIED.
MM INDICATES DATA IS MISSING.
T  INDICATES TRACE AMOUNT.




$$
