898
CDUS44 KLZK 072203
CLILIT


CLIMATE REPORT
NATIONAL WEATHER SERVICE LITTLE ROCK AR
403 PM CST WED DEC 7 2016


...................................

...THE LITTLE ROCK ADAMS FIELD CLIMATE SUMMARY FOR DECEMBER 7 2016...
VALID TODAY AS OF 0400 PM LOCAL TIME.

CLIMATE NORMAL PERIOD 1981 TO 2010
CLIMATE RECORD PERIOD 1874 TO 2016


WEATHER ITEM   OBSERVED TIME   RECORD YEAR NORMAL DEPARTURE LAST
                VALUE   (LST)  VALUE       VALUE  FROM      YEAR
                                                  NORMAL
..................................................................
TEMPERATURE (F)
 TODAY
  MAXIMUM         43    131 AM  78    1966  54    -11       64
  MINIMUM         39   1053 AM   9    1950  35      4       36
  AVERAGE         41                        45     -4       50

PRECIPITATION (IN)
  TODAY            0.00          1.28 1978   0.18  -0.18     0.00
  MONTH TO DATE    0.99                      1.24  -0.25     0.00
  SINCE DEC 1      0.99                      1.24  -0.25     0.00
  SINCE JAN 1     52.72                     46.02   6.70    52.85

SNOWFALL (IN)
  TODAY            0.0           2.5  1917   0.0    0.0      0.0
  MONTH TO DATE    0.0                       0.0    0.0      0.0
  SINCE DEC 1      0.0                       0.0    0.0      0.0
  SINCE JUL 1      0.0                       T      0.0      0.0
  SNOW DEPTH       0

DEGREE DAYS
 HEATING
  TODAY           24                        20      4       15
  MONTH TO DATE  141                       135      6      130
  SINCE DEC 1    141                       135      6      130
  SINCE JUL 1    480                       649   -169      454

 COOLING
  TODAY            0                         0      0        0
  MONTH TO DATE    0                         0      0        0
  SINCE DEC 1      0                         0      0        0
  SINCE JAN 1   2650                      2204    446     2489
..................................................................


WIND (MPH)
  HIGHEST WIND SPEED    17   HIGHEST WIND DIRECTION    NE (50)
  HIGHEST GUST SPEED    20   HIGHEST GUST DIRECTION    NE (50)
  AVERAGE WIND SPEED     8.7


SKY COVER
  POSSIBLE SUNSHINE  MM
  AVERAGE SKY COVER 1.0


WEATHER CONDITIONS
 THE FOLLOWING WEATHER WAS RECORDED TODAY.
  NO SIGNIFICANT WEATHER WAS OBSERVED.


RELATIVE HUMIDITY (PERCENT)
 HIGHEST    82          1200 AM
 LOWEST     73           500 AM
 AVERAGE    78

..........................................................


THE LITTLE ROCK ADAMS FIELD CLIMATE NORMALS FOR TOMORROW
                         NORMAL    RECORD    YEAR
 MAXIMUM TEMPERATURE (F)   54        74      1952
                                             1923
 MINIMUM TEMPERATURE (F)   35         9      1917


SUNRISE AND SUNSET
DECEMBER  7 2016......SUNRISE   703 AM CST   SUNSET   458 PM CST
DECEMBER  8 2016......SUNRISE   704 AM CST   SUNSET   458 PM CST


-  INDICATES NEGATIVE NUMBERS.
R  INDICATES RECORD WAS SET OR TIED.
MM INDICATES DATA IS MISSING.
T  INDICATES TRACE AMOUNT.




$$
