000
CDUS44 KLZK 270634
CLILIT


CLIMATE REPORT
NATIONAL WEATHER SERVICE LITTLE ROCK AR
1233 AM CST MON FEB 27 2017


...................................

...THE LITTLE ROCK ADAMS FIELD CLIMATE SUMMARY FOR FEBRUARY 26 2017...

CLIMATE NORMAL PERIOD 1981 TO 2010
CLIMATE RECORD PERIOD 1874 TO 2017


WEATHER ITEM   OBSERVED TIME   RECORD YEAR NORMAL DEPARTURE LAST
                VALUE   (LST)  VALUE       VALUE  FROM      YEAR
                                                  NORMAL
..................................................................
TEMPERATURE (F)
 YESTERDAY
  MAXIMUM         59    312 PM  83    1986  58      1       57
  MINIMUM         31    355 AM  19    1934  38     -7       29
  AVERAGE         45                        48     -3       43

PRECIPITATION (IN)
  YESTERDAY        0.37          3.07 1910   0.14   0.23     0.00
  MONTH TO DATE    3.53                      3.37   0.16     2.14
  SINCE DEC 1      9.39                     11.89  -2.50    14.07
  SINCE JAN 1      5.00                      6.92  -1.92     5.69

SNOWFALL (IN)
  YESTERDAY        0.0           5.0  1982   0.0    0.0      0.0
  MONTH TO DATE    0.0                       1.2   -1.2      0.0
  SINCE DEC 1      0.2                       3.0   -2.8      5.7
  SINCE JUL 1      0.2                       3.0   -2.8      5.7
  SNOW DEPTH       0

DEGREE DAYS
 HEATING
  YESTERDAY       20                        17      3       22
  MONTH TO DATE  320                       534   -214      427
  SINCE DEC 1   1561                      1966   -405     1539
  SINCE JUL 1   1900                      2480   -580     1863

 COOLING
  YESTERDAY        0                         0      0        0
  MONTH TO DATE    8                         0      8        5
  SINCE DEC 1     10                         3      7       17
  SINCE JAN 1      8                         1      7        6
..................................................................


WIND (MPH)
  HIGHEST WIND SPEED    21   HIGHEST WIND DIRECTION     E (110)
  HIGHEST GUST SPEED    24   HIGHEST GUST DIRECTION    SE (140)
  AVERAGE WIND SPEED     5.7


SKY COVER
  POSSIBLE SUNSHINE  MM
  AVERAGE SKY COVER 0.6


WEATHER CONDITIONS
 THE FOLLOWING WEATHER WAS RECORDED YESTERDAY.
  THUNDERSTORM
  LIGHT RAIN
  FOG


RELATIVE HUMIDITY (PERCENT)
 HIGHEST   100           400 AM
 LOWEST     35          1200 PM
 AVERAGE    68

..........................................................


THE LITTLE ROCK ADAMS FIELD CLIMATE NORMALS FOR TODAY
                         NORMAL    RECORD    YEAR
 MAXIMUM TEMPERATURE (F)   59        81      1918
 MINIMUM TEMPERATURE (F)   38        15      1934


SUNRISE AND SUNSET
FEBRUARY 27 2017......SUNRISE   640 AM CST   SUNSET   603 PM CST
FEBRUARY 28 2017......SUNRISE   639 AM CST   SUNSET   604 PM CST


-  INDICATES NEGATIVE NUMBERS.
R  INDICATES RECORD WAS SET OR TIED.
MM INDICATES DATA IS MISSING.
T  INDICATES TRACE AMOUNT.




$$
