000
CDUS44 KLZK 252103
CLILIT


CLIMATE REPORT
NATIONAL WEATHER SERVICE LITTLE ROCK AR
402 PM CDT MON MAY 25 2015


...................................

...THE LITTLE ROCK ADAMS FIELD CLIMATE SUMMARY FOR MAY 25 2015...
VALID TODAY AS OF 0400 PM LOCAL TIME.

CLIMATE NORMAL PERIOD 1981 TO 2010
CLIMATE RECORD PERIOD 1874 TO 2015


WEATHER ITEM   OBSERVED TIME   RECORD YEAR NORMAL DEPARTURE LAST
                VALUE   (LST)  VALUE       VALUE  FROM      YEAR
                                                  NORMAL
..................................................................
TEMPERATURE (F)
 TODAY
  MAXIMUM         85    222 PM  94    1978  84      1       87
                                      1964
                                      1962
  MINIMUM         70    228 AM  46    1925  64      6       67
  AVERAGE         78                        74      4       77

PRECIPITATION (IN)
  TODAY            0.00          1.90 1981   0.13  -0.13     0.00
  MONTH TO DATE    6.01                      4.05   1.96     3.25
  SINCE MAR 1     19.54                     13.87   5.67    13.49
  SINCE JAN 1     26.35                     21.08   5.27    19.06

SNOWFALL (IN)
  TODAY            0.0          MM      MM   0.0    0.0      0.0
  MONTH TO DATE    0.0                       0.0    0.0      0.0
  SINCE MAR 1      5.7                       0.4    5.3      2.2
  SINCE JUL 1     11.1                       3.5    7.6      6.2
  SNOW DEPTH       0

DEGREE DAYS
 HEATING
  TODAY            0                         0      0        0
  MONTH TO DATE   11                        18     -7       53
  SINCE MAR 1    483                       537    -54      691
  SINCE JUL 1   3129                      3050     79     3464

 COOLING
  TODAY           13                         9      4       12
  MONTH TO DATE  183                       150     33      152
  SINCE MAR 1    273                       220     53      205
  SINCE JAN 1    273                       222     51      205
..................................................................


WIND (MPH)
  HIGHEST WIND SPEED    14   HIGHEST WIND DIRECTION     S (190)
  HIGHEST GUST SPEED    21   HIGHEST GUST DIRECTION    SW (210)
  AVERAGE WIND SPEED     6.7


SKY COVER
  POSSIBLE SUNSHINE  MM
  AVERAGE SKY COVER 0.9


WEATHER CONDITIONS
 THE FOLLOWING WEATHER WAS RECORDED TODAY.
  FOG


RELATIVE HUMIDITY (PERCENT)
 HIGHEST    90           100 AM
 LOWEST     63           100 PM
 AVERAGE    77

..........................................................


THE LITTLE ROCK ADAMS FIELD CLIMATE NORMALS FOR TOMORROW
                         NORMAL    RECORD    YEAR
 MAXIMUM TEMPERATURE (F)   84        98      1964
 MINIMUM TEMPERATURE (F)   64        48      1901


SUNRISE AND SUNSET
MAY 25 2015...........SUNRISE   600 AM CDT   SUNSET   812 PM CDT
MAY 26 2015...........SUNRISE   559 AM CDT   SUNSET   813 PM CDT


-  INDICATES NEGATIVE NUMBERS.
R  INDICATES RECORD WAS SET OR TIED.
MM INDICATES DATA IS MISSING.
T  INDICATES TRACE AMOUNT.




$$
