000
CDUS45 KPIH 302331
CLILLJ


CLIMATE REPORT
NATIONAL WEATHER SERVICE POCATELLO ID
528 PM MDT SAT AUG 30 2014


...................................

...THE CHALLIS ID CLIMATE SUMMARY FOR AUGUST 30 2014...
VALID TODAY AS OF 0500 PM LOCAL TIME.

CLIMATE NORMAL PERIOD 1981 TO 2010
CLIMATE RECORD PERIOD 1898 TO 2014


WEATHER ITEM   OBSERVED TIME   RECORD YEAR NORMAL DEPARTURE LAST
                VALUE   (LST)  VALUE       VALUE  FROM      YEAR
                                                  NORMAL
..................................................................
TEMPERATURE (F)
 TODAY
  MAXIMUM         77    226 PM  92    1955  80     -3       90
  MINIMUM         55    702 AM  20    1927  44     11       50
  AVERAGE         66                        62      4       70

PRECIPITATION (IN)
  TODAY            0.04          0.31 1946   0.03   0.01     0.00
  MONTH TO DATE    1.63                      0.77   0.86     0.23
  SINCE OCT 1      5.48                      9.30  -3.82     4.58
  SINCE JAN 1      4.75                      7.37  -2.62     2.51

SNOWFALL (IN)
  TODAY           MM
  MONTH TO DATE   MM
  SINCE JUN 1     MM
  SINCE JUL 1     MM
  SNOW DEPTH      MM

DEGREE DAYS
 HEATING
  TODAY            0                         4     -4        0
  MONTH TO DATE   62                        48     14        6
  SINCE JUN 1    229                       234     -5      127
  SINCE JUL 1     63                        69     -6        6

 COOLING
  TODAY            1                         1      0        5
  MONTH TO DATE   71                        84    -13      121
  SINCE JUN 1    306                       238     68      385
  SINCE JAN 1    306                       240     66      387
..................................................................


WIND (MPH)
  HIGHEST WIND SPEED    28   HIGHEST WIND DIRECTION     W (260)
  HIGHEST GUST SPEED    36   HIGHEST GUST DIRECTION     W (260)
  AVERAGE WIND SPEED     7.5


SKY COVER
  POSSIBLE SUNSHINE  MM
  AVERAGE SKY COVER 0.4


WEATHER CONDITIONS
 THE FOLLOWING WEATHER WAS RECORDED TODAY.
  THUNDERSTORM
  RAIN
  LIGHT RAIN


RELATIVE HUMIDITY (PERCENT)
 HIGHEST    86           400 AM
 LOWEST     23           300 PM
 AVERAGE    55

..........................................................


THE CHALLIS ID CLIMATE NORMALS FOR TOMORROW
                         NORMAL    RECORD    YEAR
 MAXIMUM TEMPERATURE (F)   80        93      1955
 MINIMUM TEMPERATURE (F)   43        28      1932


SUNRISE AND SUNSET
AUGUST 30 2014........SUNRISE   657 AM MDT   SUNSET   817 PM MDT
AUGUST 31 2014........SUNRISE   658 AM MDT   SUNSET   815 PM MDT


-  INDICATES NEGATIVE NUMBERS.
R  INDICATES RECORD WAS SET OR TIED.
MM INDICATES DATA IS MISSING.
T  INDICATES TRACE AMOUNT.




$$
