000
CDUS45 KPIH 270737
CLILLJ


CLIMATE REPORT
NATIONAL WEATHER SERVICE POCATELLO ID
135 AM MDT FRI MAR 27 2015


...................................

...THE CHALLIS ID CLIMATE SUMMARY FOR MARCH 26 2015...

CLIMATE NORMAL PERIOD 1981 TO 2010
CLIMATE RECORD PERIOD 1898 TO 2015


WEATHER ITEM   OBSERVED TIME   RECORD YEAR NORMAL DEPARTURE LAST
                VALUE   (LST)  VALUE       VALUE  FROM      YEAR
                                                  NORMAL
..................................................................
TEMPERATURE (F)
 YESTERDAY
  MAXIMUM         65    314 PM  67    1966  52     13       50
  MINIMUM         32    354 AM   2    1917  27      5       29
  AVERAGE         49                        39     10       40

PRECIPITATION (IN)
  YESTERDAY        0.00          0.36 1993   0.02  -0.02      T
  MONTH TO DATE    0.18                      0.58  -0.40     0.55
  SINCE OCT 1      2.55                      3.64  -1.09     2.37
  SINCE JAN 1      0.76                      1.71  -0.95     1.64

SNOWFALL (IN)
  YESTERDAY       MM
  MONTH TO DATE   MM
  SINCE MAR 1     MM
  SINCE JUL 1     MM
  SNOW DEPTH      MM

DEGREE DAYS
 HEATING
  YESTERDAY       16                        26    -10       25
  MONTH TO DATE  617                       771   -154      719
  SINCE MAR 1    617                       771   -154      719
  SINCE JUL 1   5755                      6820  -1065     6468

 COOLING
  YESTERDAY        0                         0      0        0
  MONTH TO DATE    0                         0      0        0
  SINCE MAR 1      0                         0      0        0
  SINCE JAN 1      0                         0      0        0
..................................................................


WIND (MPH)
  HIGHEST WIND SPEED    13   HIGHEST WIND DIRECTION    NE (30)
  HIGHEST GUST SPEED    18   HIGHEST GUST DIRECTION     N (20)
  AVERAGE WIND SPEED     4.8


SKY COVER
  POSSIBLE SUNSHINE  MM
  AVERAGE SKY COVER 0.3


WEATHER CONDITIONS
 THE FOLLOWING WEATHER WAS RECORDED YESTERDAY.
  NO SIGNIFICANT WEATHER WAS OBSERVED.


RELATIVE HUMIDITY (PERCENT)
 HIGHEST    75           400 AM
 LOWEST     31           400 PM
 AVERAGE    53

..........................................................


THE CHALLIS ID CLIMATE NORMALS FOR TODAY
                         NORMAL    RECORD    YEAR
 MAXIMUM TEMPERATURE (F)   53        69      1966
 MINIMUM TEMPERATURE (F)   27         5      1944


SUNRISE AND SUNSET
MARCH 27 2015.........SUNRISE   727 AM MDT   SUNSET   758 PM MDT
MARCH 28 2015.........SUNRISE   726 AM MDT   SUNSET   759 PM MDT


-  INDICATES NEGATIVE NUMBERS.
R  INDICATES RECORD WAS SET OR TIED.
MM INDICATES DATA IS MISSING.
T  INDICATES TRACE AMOUNT.




$$
