000
CDUS45 KPIH 200753
CLILLJ


CLIMATE REPORT
NATIONAL WEATHER SERVICE POCATELLO ID
151 AM MDT WED SEP 20 2017


...................................

...THE CHALLIS ID CLIMATE SUMMARY FOR SEPTEMBER 19 2017...

CLIMATE NORMAL PERIOD 1981 TO 2010
CLIMATE RECORD PERIOD 1898 TO 2017


WEATHER ITEM   OBSERVED TIME   RECORD YEAR NORMAL DEPARTURE LAST
                VALUE   (LST)  VALUE       VALUE  FROM      YEAR
                                                  NORMAL
..................................................................
TEMPERATURE (F)
 YESTERDAY
  MAXIMUM         53    320 PM  91    1928  72    -19       78
  MINIMUM         35    648 AM  23    1965  38     -3       42
  AVERAGE         44                        55    -11       60

PRECIPITATION (IN)
  YESTERDAY        0.03          0.82 1931   0.03   0.00     0.00
  MONTH TO DATE    0.83                      0.51   0.32     0.38
  SINCE OCT 1     10.25                      9.83   0.42     6.20
  SINCE JAN 1      6.84                      7.90  -1.06     3.86

SNOWFALL (IN)
  YESTERDAY       MM
  MONTH TO DATE   MM
  SINCE SEP 1     MM
  SINCE JUL 1     MM
  SNOW DEPTH      MM

DEGREE DAYS
 HEATING
  YESTERDAY       21                        10     11        5
  MONTH TO DATE   98                       139    -41      177
  SINCE SEP 1     98                       139    -41      177
  SINCE JUL 1    102                       212   -110      239

 COOLING
  YESTERDAY        0                         0      0        0
  MONTH TO DATE   37                         4     33        4
  SINCE SEP 1     37                         4     33        4
  SINCE JAN 1    378                       246    132      277
..................................................................


WIND (MPH)
  HIGHEST WIND SPEED    21   HIGHEST WIND DIRECTION    SW (240)
  HIGHEST GUST SPEED    28   HIGHEST GUST DIRECTION     W (260)
  AVERAGE WIND SPEED     6.9


SKY COVER
  POSSIBLE SUNSHINE  MM
  AVERAGE SKY COVER 0.6


WEATHER CONDITIONS
 THE FOLLOWING WEATHER WAS RECORDED YESTERDAY.
  RAIN
  LIGHT RAIN
  FOG


RELATIVE HUMIDITY (PERCENT)
 HIGHEST   100           400 AM
 LOWEST     38           300 PM
 AVERAGE    69

..........................................................


THE CHALLIS ID CLIMATE NORMALS FOR TODAY
                         NORMAL    RECORD    YEAR
 MAXIMUM TEMPERATURE (F)   71        90      1928
 MINIMUM TEMPERATURE (F)   38        21      1983


SUNRISE AND SUNSET
SEPTEMBER 20 2017.....SUNRISE   722 AM MDT   SUNSET   737 PM MDT
SEPTEMBER 21 2017.....SUNRISE   723 AM MDT   SUNSET   736 PM MDT


-  INDICATES NEGATIVE NUMBERS.
R  INDICATES RECORD WAS SET OR TIED.
MM INDICATES DATA IS MISSING.
T  INDICATES TRACE AMOUNT.




$$
