000
CDUS45 KPIH 230730
CLILLJ


CLIMATE REPORT
NATIONAL WEATHER SERVICE POCATELLO ID
1229 AM MST TUE JAN 23 2018


...................................

...THE CHALLIS ID CLIMATE SUMMARY FOR JANUARY 22 2018...

CLIMATE NORMAL PERIOD 1981 TO 2010
CLIMATE RECORD PERIOD 1898 TO 2018


WEATHER ITEM   OBSERVED TIME   RECORD YEAR NORMAL DEPARTURE LAST
                VALUE   (LST)  VALUE       VALUE  FROM      YEAR
                                                  NORMAL
..................................................................
TEMPERATURE (F)
 YESTERDAY
  MAXIMUM         34    207 PM  53    1934  30      4       19
  MINIMUM         21   1148 PM -32    1962   9     12       -2
  AVERAGE         28                        20      8        9

PRECIPITATION (IN)
  YESTERDAY        0.02          0.35 1993   0.02   0.00     0.01
  MONTH TO DATE    0.17                      0.39  -0.22     1.50
  SINCE OCT 1      1.31                      2.32  -1.01     4.91
  SINCE JAN 1      0.17                      0.39  -0.22     1.50

SNOWFALL (IN)
  YESTERDAY       MM
  MONTH TO DATE   MM
  SINCE DEC 1     MM
  SINCE JUL 1     MM
  SNOW DEPTH      MM

DEGREE DAYS
 HEATING
  YESTERDAY       37                        45     -8       56
  MONTH TO DATE  806                      1024   -218     1432
  SINCE DEC 1   2082                      2477   -395     3110
  SINCE JUL 1   3988                      4520   -532     4897

 COOLING
  YESTERDAY        0                         0      0        0
  MONTH TO DATE    0                         0      0        0
  SINCE DEC 1      0                         0      0        0
  SINCE JAN 1      0                         0      0        0
..................................................................


WIND (MPH)
  HIGHEST WIND SPEED     8   HIGHEST WIND DIRECTION     N (360)
  HIGHEST GUST SPEED     9   HIGHEST GUST DIRECTION     N (360)
  AVERAGE WIND SPEED     1.6


SKY COVER
  POSSIBLE SUNSHINE  MM
  AVERAGE SKY COVER 1.0


WEATHER CONDITIONS
 THE FOLLOWING WEATHER WAS RECORDED YESTERDAY.
  LIGHT SNOW
  FOG


RELATIVE HUMIDITY (PERCENT)
 HIGHEST    92           700 PM
 LOWEST     59           100 PM
 AVERAGE    76

..........................................................


THE CHALLIS ID CLIMATE NORMALS FOR TODAY
                         NORMAL    RECORD    YEAR
 MAXIMUM TEMPERATURE (F)   30        55      1953
 MINIMUM TEMPERATURE (F)    9       -30      1962


SUNRISE AND SUNSET
JANUARY 23 2018.......SUNRISE   804 AM MST   SUNSET   534 PM MST
JANUARY 24 2018.......SUNRISE   803 AM MST   SUNSET   535 PM MST


-  INDICATES NEGATIVE NUMBERS.
R  INDICATES RECORD WAS SET OR TIED.
MM INDICATES DATA IS MISSING.
T  INDICATES TRACE AMOUNT.




$$
