149
CDUS45 KPIH 250731
CLILLJ


CLIMATE REPORT
NATIONAL WEATHER SERVICE POCATELLO ID
130 AM MDT TUE JUL 25 2017


...................................

...THE CHALLIS ID CLIMATE SUMMARY FOR JULY 24 2017...

CLIMATE NORMAL PERIOD 1981 TO 2010
CLIMATE RECORD PERIOD 1898 TO 2017


WEATHER ITEM   OBSERVED TIME   RECORD YEAR NORMAL DEPARTURE LAST
                VALUE   (LST)  VALUE       VALUE  FROM      YEAR
                                                  NORMAL
..................................................................
TEMPERATURE (F)
 YESTERDAY
  MAXIMUM         89    117 PM  98    1929  88      1       91
  MINIMUM         50    527 AM  40    1900  52     -2       49
  AVERAGE         70                        70      0       70

PRECIPITATION (IN)
  YESTERDAY        T             0.46 1921   0.03  -0.03     0.00
  MONTH TO DATE    0.14                      0.64  -0.50     0.01
  SINCE OCT 1      9.06                      8.34   0.72     5.63
  SINCE JAN 1      5.65                      6.41  -0.76     3.29

SNOWFALL (IN)
  YESTERDAY       MM
  MONTH TO DATE   MM
  SINCE JUN 1     MM
  SINCE JUL 1     MM
  SNOW DEPTH      MM

DEGREE DAYS
 HEATING
  YESTERDAY        0                         0      0        0
  MONTH TO DATE    0                        18    -18       28
  SINCE JUN 1    123                       183    -60      101
  SINCE JUL 1      0                        18    -18       28

 COOLING
  YESTERDAY        5                         5      0        5
  MONTH TO DATE  172                        95     77       75
  SINCE JUN 1    209                       117     92      140
  SINCE JAN 1    211                       119     92      140
..................................................................


WIND (MPH)
  HIGHEST WIND SPEED    31   HIGHEST WIND DIRECTION    NW (320)
  HIGHEST GUST SPEED    43   HIGHEST GUST DIRECTION     N (10)
  AVERAGE WIND SPEED     5.4


SKY COVER
  POSSIBLE SUNSHINE  MM
  AVERAGE SKY COVER 0.1


WEATHER CONDITIONS
 THE FOLLOWING WEATHER WAS RECORDED YESTERDAY.
  THUNDERSTORM
  LIGHT RAIN


RELATIVE HUMIDITY (PERCENT)
 HIGHEST    54           600 AM
 LOWEST     16           200 PM
 AVERAGE    35

..........................................................


THE CHALLIS ID CLIMATE NORMALS FOR TODAY
                         NORMAL    RECORD    YEAR
 MAXIMUM TEMPERATURE (F)   88       100      1933
 MINIMUM TEMPERATURE (F)   52        41      2014
                                             1900


SUNRISE AND SUNSET
JULY 25 2017..........SUNRISE   616 AM MDT   SUNSET   910 PM MDT
JULY 26 2017..........SUNRISE   617 AM MDT   SUNSET   909 PM MDT


-  INDICATES NEGATIVE NUMBERS.
R  INDICATES RECORD WAS SET OR TIED.
MM INDICATES DATA IS MISSING.
T  INDICATES TRACE AMOUNT.




$$
