000
CDUS45 KPIH 282326
CLILLJ


CLIMATE REPORT
NATIONAL WEATHER SERVICE POCATELLO ID
524 PM MDT SAT MAY 28 2016


...................................

...THE CHALLIS ID CLIMATE SUMMARY FOR MAY 28 2016...
VALID TODAY AS OF 0500 PM LOCAL TIME.

CLIMATE NORMAL PERIOD 1981 TO 2010
CLIMATE RECORD PERIOD 1898 TO 2016


WEATHER ITEM   OBSERVED TIME   RECORD YEAR NORMAL DEPARTURE LAST
                VALUE   (LST)  VALUE       VALUE  FROM      YEAR
                                                  NORMAL
..................................................................
TEMPERATURE (F)
 TODAY
  MAXIMUM         68    334 PM  96    2003  70     -2       68
  MINIMUM         38    455 AM  28    1955  41     -3       41
  AVERAGE         53                        55     -2       55

PRECIPITATION (IN)
  TODAY            0.00          0.88 2010   0.06  -0.06      T
  MONTH TO DATE    1.25                      1.31  -0.06     0.94
  SINCE OCT 1      5.36                      5.90  -0.54     3.98
  SINCE JAN 1      3.02                      3.97  -0.95     2.19

SNOWFALL (IN)
  TODAY           MM
  MONTH TO DATE   MM
  SINCE MAR 1     MM
  SINCE JUL 1     MM
  SNOW DEPTH      MM

DEGREE DAYS
 HEATING
  TODAY           12                        10      2       10
  MONTH TO DATE  339                       377    -38      324
  SINCE MAR 1   1661                      1919   -258     1648
  SINCE JUL 1   7596                      7968   -372     6786

 COOLING
  TODAY            0                         0      0        0
  MONTH TO DATE    0                         0      0        0
  SINCE MAR 1      0                         0      0        0
  SINCE JAN 1      0                         0      0        0
..................................................................


WIND (MPH)
  HIGHEST WIND SPEED    10   HIGHEST WIND DIRECTION     E (80)
  HIGHEST GUST SPEED    14   HIGHEST GUST DIRECTION     E (80)
  AVERAGE WIND SPEED     3.0


SKY COVER
  POSSIBLE SUNSHINE  MM
  AVERAGE SKY COVER 0.2


WEATHER CONDITIONS
 THE FOLLOWING WEATHER WAS RECORDED TODAY.
  NO SIGNIFICANT WEATHER WAS OBSERVED.


RELATIVE HUMIDITY (PERCENT)
 HIGHEST    85           500 AM
 LOWEST     18           400 PM
 AVERAGE    52

..........................................................


THE CHALLIS ID CLIMATE NORMALS FOR TOMORROW
                         NORMAL    RECORD    YEAR
 MAXIMUM TEMPERATURE (F)   70        92      2003
 MINIMUM TEMPERATURE (F)   42        30      1914
                                             1951


SUNRISE AND SUNSET
MAY 28 2016...........SUNRISE   557 AM MDT   SUNSET   912 PM MDT
MAY 29 2016...........SUNRISE   557 AM MDT   SUNSET   913 PM MDT


-  INDICATES NEGATIVE NUMBERS.
R  INDICATES RECORD WAS SET OR TIED.
MM INDICATES DATA IS MISSING.
T  INDICATES TRACE AMOUNT.




$$
