000
CDUS45 KPIH 280733
CLILLJ


CLIMATE REPORT
NATIONAL WEATHER SERVICE POCATELLO ID
132 AM MDT FRI AUG 28 2015


...................................

...THE CHALLIS ID CLIMATE SUMMARY FOR AUGUST 27 2015...

CLIMATE NORMAL PERIOD 1981 TO 2010
CLIMATE RECORD PERIOD 1898 TO 2015


WEATHER ITEM   OBSERVED TIME   RECORD YEAR NORMAL DEPARTURE LAST
                VALUE   (LST)  VALUE       VALUE  FROM      YEAR
                                                  NORMAL
..................................................................
TEMPERATURE (F)
 YESTERDAY
  MAXIMUM         86    246 PM  95    2001  81      5       81
  MINIMUM         51    526 AM  33    1954  45      6       46
  AVERAGE         69                        63      6       64

PRECIPITATION (IN)
  YESTERDAY        0.00          0.40 1932   0.03  -0.03     0.00
  MONTH TO DATE    0.46                      0.68  -0.22     1.59
  SINCE OCT 1      5.74                      9.21  -3.47     5.44
  SINCE JAN 1      3.95                      7.28  -3.33     4.71

SNOWFALL (IN)
  YESTERDAY       MM
  MONTH TO DATE   MM
  SINCE JUN 1     MM
  SINCE JUL 1     MM
  SNOW DEPTH      MM

DEGREE DAYS
 HEATING
  YESTERDAY        0                         3     -3        1
  MONTH TO DATE   27                        36     -9       62
  SINCE JUN 1    107                       222   -115      229
  SINCE JUL 1     60                        57      3       63

 COOLING
  YESTERDAY        4                         1      3        0
  MONTH TO DATE   93                        81     12       66
  SINCE JUN 1    292                       235     57      301
  SINCE JAN 1    295                       237     58      301
..................................................................


WIND (MPH)
  HIGHEST WIND SPEED    15   HIGHEST WIND DIRECTION     W (280)
  HIGHEST GUST SPEED    20   HIGHEST GUST DIRECTION     W (280)
  AVERAGE WIND SPEED     4.7


SKY COVER
  POSSIBLE SUNSHINE  MM
  AVERAGE SKY COVER 0.3


WEATHER CONDITIONS
 THE FOLLOWING WEATHER WAS RECORDED YESTERDAY.
  HAZE


RELATIVE HUMIDITY (PERCENT)
 HIGHEST    77           500 AM
 LOWEST     13           300 PM
 AVERAGE    45

..........................................................


THE CHALLIS ID CLIMATE NORMALS FOR TODAY
                         NORMAL    RECORD    YEAR
 MAXIMUM TEMPERATURE (F)   81        94      2012
 MINIMUM TEMPERATURE (F)   44        30      1927


SUNRISE AND SUNSET
AUGUST 28 2015........SUNRISE   655 AM MDT   SUNSET   821 PM MDT
AUGUST 29 2015........SUNRISE   656 AM MDT   SUNSET   819 PM MDT


-  INDICATES NEGATIVE NUMBERS.
R  INDICATES RECORD WAS SET OR TIED.
MM INDICATES DATA IS MISSING.
T  INDICATES TRACE AMOUNT.




$$
