000
CDUS45 KPIH 142322
CLILLJ


CLIMATE REPORT
NATIONAL WEATHER SERVICE POCATELLO ID
521 PM MDT SUN SEP 14 2014


...................................

...THE CHALLIS ID CLIMATE SUMMARY FOR SEPTEMBER 14 2014...
VALID TODAY AS OF 0500 PM LOCAL TIME.

CLIMATE NORMAL PERIOD 1981 TO 2010
CLIMATE RECORD PERIOD 1898 TO 2014


WEATHER ITEM   OBSERVED TIME   RECORD YEAR NORMAL DEPARTURE LAST
                VALUE   (LST)  VALUE       VALUE  FROM      YEAR
                                                  NORMAL
..................................................................
TEMPERATURE (F)
 TODAY
  MAXIMUM         82    310 PM  90    1990  74      8       72
  MINIMUM         37    557 AM  26    1947  40     -3       51
  AVERAGE         60                        57      3       62

PRECIPITATION (IN)
  TODAY            0.00          0.68 1918   0.03  -0.03      T
  MONTH TO DATE    T                         0.37  -0.37     0.52
  SINCE OCT 1      5.55                      9.69  -4.14     5.10
  SINCE JAN 1      4.82                      7.76  -2.94     3.03

SNOWFALL (IN)
  TODAY           MM
  MONTH TO DATE   MM
  SINCE SEP 1     MM
  SINCE JUL 1     MM
  SNOW DEPTH      MM

DEGREE DAYS
 HEATING
  TODAY            5                         9     -4        3
  MONTH TO DATE   81                        91    -10       12
  SINCE SEP 1     81                        91    -10       12
  SINCE JUL 1    149                       164    -15       18

 COOLING
  TODAY            0                         0      0        0
  MONTH TO DATE    0                         4     -4       28
  SINCE SEP 1      0                         4     -4       28
  SINCE JAN 1    305                       246     59      418
..................................................................


WIND (MPH)
  HIGHEST WIND SPEED     9   HIGHEST WIND DIRECTION     E (80)
  HIGHEST GUST SPEED    12   HIGHEST GUST DIRECTION     E (70)
  AVERAGE WIND SPEED     1.4


SKY COVER
  POSSIBLE SUNSHINE  MM
  AVERAGE SKY COVER 0.0


WEATHER CONDITIONS
 THE FOLLOWING WEATHER WAS RECORDED TODAY.
  NO SIGNIFICANT WEATHER WAS OBSERVED.


RELATIVE HUMIDITY (PERCENT)
 HIGHEST    59           600 AM
 LOWEST     11           300 PM
 AVERAGE    35

..........................................................


THE CHALLIS ID CLIMATE NORMALS FOR TOMORROW
                         NORMAL    RECORD    YEAR
 MAXIMUM TEMPERATURE (F)   73        91      2000
 MINIMUM TEMPERATURE (F)   39        22      1936


SUNRISE AND SUNSET
SEPTEMBER 14 2014.....SUNRISE   715 AM MDT   SUNSET   749 PM MDT
SEPTEMBER 15 2014.....SUNRISE   716 AM MDT   SUNSET   747 PM MDT


-  INDICATES NEGATIVE NUMBERS.
R  INDICATES RECORD WAS SET OR TIED.
MM INDICATES DATA IS MISSING.
T  INDICATES TRACE AMOUNT.




$$
