000
CDUS46 KMFR 300041
CLILMT


CLIMATE REPORT
NATIONAL WEATHER SERVICE MEDFORD, OR
541 PM PDT SUN MAR 29 2015


...................................

...THE KLAMATH FALLS OR CLIMATE SUMMARY FOR MARCH 29 2015...
VALID TODAY AS OF 0500 PM LOCAL TIME.

CLIMATE NORMAL PERIOD 1981 TO 2010
CLIMATE RECORD PERIOD 1928 TO 2015


WEATHER ITEM   OBSERVED TIME   RECORD YEAR NORMAL DEPARTURE LAST
                VALUE   (LST)  VALUE       VALUE  FROM      YEAR
                                                  NORMAL
..................................................................
TEMPERATURE (F)
 TODAY
  MAXIMUM         69    355 PM  74    1966  53     16       46
  MINIMUM         29    620 AM  14    2008  27      2       33
  AVERAGE         49                        40      9       40

PRECIPITATION (IN)
  TODAY            0.00          0.52 1974   0.05  -0.05     0.10
  MONTH TO DATE    1.34                      1.18   0.16     1.94
  SINCE OCT 1      9.97                      9.64   0.33     5.22
  SINCE JAN 1      3.51                      4.95  -1.44     4.59

SNOWFALL (IN)
  TODAY           MM                        MM     MM       MM
  MONTH TO DATE   MM                        MM     MM       MM
  SINCE JUL 1     MM                        MM     MM        0.0
  SNOW DEPTH      MM

DEGREE DAYS
 HEATING
  TODAY           16                        25     -9       25
  MONTH TO DATE  604                       772   -168      659
  SINCE MAR 1    604                       772   -168      659
  SINCE JUL 1   4178                      5613  -1435     5442

 COOLING
  TODAY            0                         0      0        0
  MONTH TO DATE    0                         0      0        0
  SINCE MAR 1      0                         0      0        0
  SINCE JAN 1      0                         0      0        0
..................................................................


WIND (MPH)
  HIGHEST WIND SPEED     8   HIGHEST WIND DIRECTION    NW (320)
  HIGHEST GUST SPEED    12   HIGHEST GUST DIRECTION     W (290)
  AVERAGE WIND SPEED     2.9


SKY COVER
  POSSIBLE SUNSHINE  MM
  AVERAGE SKY COVER 0.0


WEATHER CONDITIONS
 THE FOLLOWING WEATHER WAS RECORDED TODAY.
  NO SIGNIFICANT WEATHER WAS OBSERVED.


RELATIVE HUMIDITY (PERCENT)
 HIGHEST    85           100 AM
 LOWEST     21           400 PM

..........................................................


THE KLAMATH FALLS OR CLIMATE NORMALS FOR TOMORROW
                         NORMAL    RECORD    YEAR
 MAXIMUM TEMPERATURE (F)   53        73      2013
 MINIMUM TEMPERATURE (F)   27        16      2009


SUNRISE AND SUNSET
MARCH 29 2015.........SUNRISE   655 AM PDT   SUNSET   729 PM PDT
MARCH 30 2015.........SUNRISE   653 AM PDT   SUNSET   730 PM PDT


-  INDICATES NEGATIVE NUMBERS.
R  INDICATES RECORD WAS SET OR TIED.
MM INDICATES DATA IS MISSING.
T  INDICATES TRACE AMOUNT.




$$
