000
CDUS46 KMFR 080037
CLILMT


CLIMATE REPORT
NATIONAL WEATHER SERVICE MEDFORD, OR
436 PM PST SUN FEB 7 2016


...................................

...THE KLAMATH FALLS OR CLIMATE SUMMARY FOR FEBRUARY 7 2016...
VALID TODAY AS OF 0400 PM LOCAL TIME.

CLIMATE NORMAL PERIOD 1981 TO 2010
CLIMATE RECORD PERIOD 1928 TO 2016


WEATHER ITEM   OBSERVED TIME   RECORD YEAR NORMAL DEPARTURE LAST
                VALUE   (LST)  VALUE       VALUE  FROM      YEAR
                                                  NORMAL
..................................................................
TEMPERATURE (F)
 TODAY
  MAXIMUM         54    304 PM  56    1991  43     11       51
  MINIMUM         28    734 AM  -9    1989  23      5       41
  AVERAGE         41                        33      8       46

PRECIPITATION (IN)
  TODAY            0.00          0.62 1953   0.08  -0.08     0.07
  MONTH TO DATE    T                         0.45  -0.45     1.60
  SINCE OCT 1      6.79                      6.99  -0.20     8.46
  SINCE JAN 1      2.26                      2.30  -0.04     2.00

SNOWFALL (IN)
  TODAY           MM                        MM     MM       MM
  MONTH TO DATE   MM                        MM     MM       MM
  SINCE JUL 1     MM                        MM     MM       MM
  SNOW DEPTH      MM

DEGREE DAYS
 HEATING
  TODAY           24                        32     -8       19
  MONTH TO DATE  211                       229    -18      146
  SINCE DEC 1   2374                      2407    -33     1658
  SINCE JUL 1   3962                      4209   -247     3048

 COOLING
  TODAY            0                         0      0        0
  MONTH TO DATE    0                         0      0        0
  SINCE DEC 1      0                         0      0        0
  SINCE JAN 1      0                         0      0        0
..................................................................


WIND (MPH)
  HIGHEST WIND SPEED    13   HIGHEST WIND DIRECTION    NW (330)
  HIGHEST GUST SPEED    14   HIGHEST GUST DIRECTION    NW (330)
  AVERAGE WIND SPEED     3.8


SKY COVER
  POSSIBLE SUNSHINE  MM
  AVERAGE SKY COVER 0.1


WEATHER CONDITIONS
 THE FOLLOWING WEATHER WAS RECORDED TODAY.
  FOG


RELATIVE HUMIDITY (PERCENT)
 HIGHEST    92           100 AM
 LOWEST     59           300 PM

..........................................................


THE KLAMATH FALLS OR CLIMATE NORMALS FOR TOMORROW
                         NORMAL    RECORD    YEAR
 MAXIMUM TEMPERATURE (F)   43        58      1996
 MINIMUM TEMPERATURE (F)   23        -3      1989


SUNRISE AND SUNSET
FEBRUARY  7 2016......SUNRISE   714 AM PST   SUNSET   529 PM PST
FEBRUARY  8 2016......SUNRISE   713 AM PST   SUNSET   530 PM PST


-  INDICATES NEGATIVE NUMBERS.
R  INDICATES RECORD WAS SET OR TIED.
MM INDICATES DATA IS MISSING.
T  INDICATES TRACE AMOUNT.




$$
