000
CDUS46 KMFR 280840
CLILMT


CLIMATE REPORT
NATIONAL WEATHER SERVICE MEDFORD, OR
139 AM PDT THU MAY 28 2015


...................................

...THE KLAMATH FALLS OR CLIMATE SUMMARY FOR MAY 27 2015...

CLIMATE NORMAL PERIOD 1981 TO 2010
CLIMATE RECORD PERIOD 1928 TO 2015


WEATHER ITEM   OBSERVED TIME   RECORD YEAR NORMAL DEPARTURE LAST
                VALUE   (LST)  VALUE       VALUE  FROM      YEAR
                                                  NORMAL
..................................................................
TEMPERATURE (F)
 YESTERDAY
  MAXIMUM         77    357 PM  90    1983  68      9       68
  MINIMUM         35    430 AM  28    1982  39     -4       37
  AVERAGE         56                        53      3       53

PRECIPITATION (IN)
  YESTERDAY        0.00          0.67 2008   0.02  -0.02     0.00
  MONTH TO DATE    1.45                      1.32   0.13     1.25
  SINCE OCT 1     11.51                     12.42  -0.91     6.67
  SINCE JAN 1      5.05                      7.73  -2.68     6.04

SNOWFALL (IN)
  YESTERDAY       MM                        MM     MM       MM
  MONTH TO DATE   MM                        MM     MM       MM
  SINCE JUL 1     MM                        MM     MM        0.0
  SNOW DEPTH      MM

DEGREE DAYS
 HEATING
  YESTERDAY        9                        12     -3       12
  MONTH TO DATE  377                       393    -16      311
  SINCE MAR 1   1667                      1871   -204     1615
  SINCE JUL 1   5241                      6712  -1471     6398

 COOLING
  YESTERDAY        0                         0      0        0
  MONTH TO DATE    0                         0      0        0
  SINCE MAR 1      0                         0      0        0
  SINCE JAN 1      0                         0      0        0
..................................................................


WIND (MPH)
  HIGHEST WIND SPEED    16   HIGHEST WIND DIRECTION    NW (320)
  HIGHEST GUST SPEED    20   HIGHEST GUST DIRECTION    NW (310)
  AVERAGE WIND SPEED     4.0


SKY COVER
  POSSIBLE SUNSHINE  MM
  AVERAGE SKY COVER 0.0


WEATHER CONDITIONS
 THE FOLLOWING WEATHER WAS RECORDED YESTERDAY.
  NO SIGNIFICANT WEATHER WAS OBSERVED.


RELATIVE HUMIDITY (PERCENT)
 HIGHEST    92           300 AM
 LOWEST     21           500 PM

..........................................................


THE KLAMATH FALLS OR CLIMATE NORMALS FOR TODAY
                         NORMAL    RECORD    YEAR
 MAXIMUM TEMPERATURE (F)   68        91      1983
 MINIMUM TEMPERATURE (F)   39        25      1977


SUNRISE AND SUNSET
MAY 28 2015...........SUNRISE   536 AM PDT   SUNSET   833 PM PDT
MAY 29 2015...........SUNRISE   535 AM PDT   SUNSET   834 PM PDT


-  INDICATES NEGATIVE NUMBERS.
R  INDICATES RECORD WAS SET OR TIED.
MM INDICATES DATA IS MISSING.
T  INDICATES TRACE AMOUNT.




$$
