000
CDUS46 KMFR 270837
CLILMT


CLIMATE REPORT
NATIONAL WEATHER SERVICE MEDFORD, OR
137 AM PDT WED JUL 27 2016


...................................

...THE KLAMATH FALLS OR CLIMATE SUMMARY FOR JULY 26 2016...

CLIMATE NORMAL PERIOD 1981 TO 2010
CLIMATE RECORD PERIOD 1928 TO 2016


WEATHER ITEM   OBSERVED TIME   RECORD YEAR NORMAL DEPARTURE LAST
                VALUE   (LST)  VALUE       VALUE  FROM      YEAR
                                                  NORMAL
..................................................................
TEMPERATURE (F)
 YESTERDAY
  MAXIMUM         93    431 PM  97    1996  86      7       76
  MINIMUM         47    514 AM  39    1967  49     -2       45
  AVERAGE         70                        67      3       61

PRECIPITATION (IN)
  YESTERDAY        0.00          0.17 1946   0.01  -0.01     0.00
  MONTH TO DATE    0.42                      0.44  -0.02     0.52
  SINCE OCT 1     11.64                     13.96  -2.32    12.40
  SINCE JAN 1      7.11                      9.27  -2.16     5.94

SNOWFALL (IN)
  YESTERDAY       MM                        MM     MM       MM
  MONTH TO DATE   MM                        MM     MM       MM
  SINCE JUL 1     MM                        MM     MM       MM
  SNOW DEPTH      MM

DEGREE DAYS
 HEATING
  YESTERDAY        0                         1     -1        4
  MONTH TO DATE   72                        42     30       11
  SINCE JUN 1    240                       259    -19       63
  SINCE JUL 1     72                        42     30       11

 COOLING
  YESTERDAY        5                         3      2        0
  MONTH TO DATE   31                        63    -32      103
  SINCE JUN 1     80                        74      6      194
  SINCE JAN 1     80                        75      5      197
..................................................................


WIND (MPH)
  HIGHEST WIND SPEED    18   HIGHEST WIND DIRECTION     N (340)
  HIGHEST GUST SPEED    22   HIGHEST GUST DIRECTION     N (340)
  AVERAGE WIND SPEED     4.8


SKY COVER
  POSSIBLE SUNSHINE  MM
  AVERAGE SKY COVER 0.0


WEATHER CONDITIONS
 THE FOLLOWING WEATHER WAS RECORDED YESTERDAY.
  HAZE


RELATIVE HUMIDITY (PERCENT)
 HIGHEST    93           500 AM
 LOWEST     14           400 PM

..........................................................


THE KLAMATH FALLS OR CLIMATE NORMALS FOR TODAY
                         NORMAL    RECORD    YEAR
 MAXIMUM TEMPERATURE (F)   86        96      1998
 MINIMUM TEMPERATURE (F)   49        40      2015
                                             1987


SUNRISE AND SUNSET
JULY 27 2016..........SUNRISE   556 AM PDT   SUNSET   831 PM PDT
JULY 28 2016..........SUNRISE   557 AM PDT   SUNSET   830 PM PDT


-  INDICATES NEGATIVE NUMBERS.
R  INDICATES RECORD WAS SET OR TIED.
MM INDICATES DATA IS MISSING.
T  INDICATES TRACE AMOUNT.




$$
