000
CDUS46 KMFR 200838
CLILMT


CLIMATE REPORT
NATIONAL WEATHER SERVICE MEDFORD, OR
1238 AM PST MON NOV 20 2017


...................................

...THE KLAMATH FALLS OR CLIMATE SUMMARY FOR NOVEMBER 19 2017...

CLIMATE NORMAL PERIOD 1981 TO 2010
CLIMATE RECORD PERIOD 1928 TO 2017


WEATHER ITEM   OBSERVED TIME   RECORD YEAR NORMAL DEPARTURE LAST
                VALUE   (LST)  VALUE       VALUE  FROM      YEAR
                                                  NORMAL
..................................................................
TEMPERATURE (F)
 YESTERDAY
  MAXIMUM         41    348 PM  61    1989  44     -3       48
  MINIMUM         19    733 AM  -1    1994  24     -5       37
  AVERAGE         30                        34     -4       43

PRECIPITATION (IN)
  YESTERDAY        T             1.26 1946   0.08  -0.08     0.01
  MONTH TO DATE    1.11                      1.35  -0.24     0.37
  SINCE OCT 1      1.58                      2.40  -0.82     2.85
  SINCE JAN 1      9.44                     12.67  -3.23    10.08

SNOWFALL (IN)
  YESTERDAY       MM                        MM     MM       MM
  MONTH TO DATE   MM                        MM     MM       MM
  SINCE JUL 1     MM                        MM     MM       MM
  SNOW DEPTH      MM

DEGREE DAYS
 HEATING
  YESTERDAY       35                        31      4       22
  MONTH TO DATE  512                       528    -16      374
  SINCE SEP 1   1330                      1325      5     1222
  SINCE JUL 1   1334                      1444   -110     1329

 COOLING
  YESTERDAY        0                         0      0        0
  MONTH TO DATE    0                         0      0        0
  SINCE SEP 1     66                        10     56        0
  SINCE JAN 1    420                       169    251      215
..................................................................


WIND (MPH)
  HIGHEST WIND SPEED     8   HIGHEST WIND DIRECTION    NW (330)
  HIGHEST GUST SPEED     8   HIGHEST GUST DIRECTION    NW (330)
  AVERAGE WIND SPEED     1.8


SKY COVER
  POSSIBLE SUNSHINE  MM
  AVERAGE SKY COVER 0.5


WEATHER CONDITIONS
 THE FOLLOWING WEATHER WAS RECORDED YESTERDAY.
  LIGHT SNOW
  FOG
  FOG W/VISIBILITY <= 1/4 MILE


RELATIVE HUMIDITY (PERCENT)
 HIGHEST    96          1200 AM
 LOWEST     65           300 PM

..........................................................


THE KLAMATH FALLS OR CLIMATE NORMALS FOR TODAY
                         NORMAL    RECORD    YEAR
 MAXIMUM TEMPERATURE (F)   43        61      2002
                                             1989
 MINIMUM TEMPERATURE (F)   24         6      1977


SUNRISE AND SUNSET
NOVEMBER 20 2017......SUNRISE   704 AM PST   SUNSET   441 PM PST
NOVEMBER 21 2017......SUNRISE   705 AM PST   SUNSET   441 PM PST


-  INDICATES NEGATIVE NUMBERS.
R  INDICATES RECORD WAS SET OR TIED.
MM INDICATES DATA IS MISSING.
T  INDICATES TRACE AMOUNT.




$$
