000
CDUS46 KMFR 160038
CLILMT


CLIMATE REPORT
NATIONAL WEATHER SERVICE MEDFORD, OR
437 PM PST MON JAN 15 2018


...................................

...THE KLAMATH FALLS OR CLIMATE SUMMARY FOR JANUARY 15 2018...
VALID TODAY AS OF 0400 PM LOCAL TIME.

CLIMATE NORMAL PERIOD 1981 TO 2010
CLIMATE RECORD PERIOD 1928 TO 2018


WEATHER ITEM   OBSERVED TIME   RECORD YEAR NORMAL DEPARTURE LAST
                VALUE   (LST)  VALUE       VALUE  FROM      YEAR
                                                  NORMAL
..................................................................
TEMPERATURE (F)
 TODAY
  MAXIMUM         56R   126 PM  53    2010  39     17       32
                                      1994
  MINIMUM         29    725 AM   2    2013  21      8       10
  AVERAGE         43                        30     13       21

PRECIPITATION (IN)
  TODAY            0.00          0.68 1956   0.06  -0.06     0.00
  MONTH TO DATE    0.19                      1.19  -1.00     1.22
  SINCE OCT 1      2.44                      5.88  -3.44     5.97
  SINCE JAN 1      0.19                      1.19  -1.00     1.22

SNOWFALL (IN)
  TODAY           MM                        MM     MM       MM
  MONTH TO DATE   MM                        MM     MM       MM
  SINCE JUL 1     MM                        MM     MM       MM
  SNOW DEPTH      MM

DEGREE DAYS
 HEATING
  TODAY           22                        35    -13       44
  MONTH TO DATE  393                       531   -138      667
  SINCE DEC 1   1473                      1630   -157     1785
  SINCE JUL 1   3059                      3432   -373     3445

 COOLING
  TODAY            0                         0      0        0
  MONTH TO DATE    0                         0      0        0
  SINCE DEC 1      0                         0      0        0
  SINCE JAN 1      0                         0      0        0
..................................................................


WIND (MPH)
  HIGHEST WIND SPEED    23   HIGHEST WIND DIRECTION     S (170)
  HIGHEST GUST SPEED    28   HIGHEST GUST DIRECTION     S (170)
  AVERAGE WIND SPEED     6.8


SKY COVER
  POSSIBLE SUNSHINE  MM
  AVERAGE SKY COVER 0.4


WEATHER CONDITIONS
 THE FOLLOWING WEATHER WAS RECORDED TODAY.
  NO SIGNIFICANT WEATHER WAS OBSERVED.


RELATIVE HUMIDITY (PERCENT)
 HIGHEST    96           900 AM
 LOWEST     41           100 PM

..........................................................


THE KLAMATH FALLS OR CLIMATE NORMALS FOR TOMORROW
                         NORMAL    RECORD    YEAR
 MAXIMUM TEMPERATURE (F)   39        53      1994
 MINIMUM TEMPERATURE (F)   21        -4      1988


SUNRISE AND SUNSET
JANUARY 15 2018.......SUNRISE   733 AM PST   SUNSET   500 PM PST
JANUARY 16 2018.......SUNRISE   732 AM PST   SUNSET   502 PM PST


-  INDICATES NEGATIVE NUMBERS.
R  INDICATES RECORD WAS SET OR TIED.
MM INDICATES DATA IS MISSING.
T  INDICATES TRACE AMOUNT.




$$
