000
CDUS46 KMFR 270859
CLILMT


CLIMATE REPORT
NATIONAL WEATHER SERVICE MEDFORD, OR
1259 AM PST SAT DEC 27 2014


...................................

...THE KLAMATH FALLS OR CLIMATE SUMMARY FOR DECEMBER 26 2014...

CLIMATE NORMAL PERIOD 1981 TO 2010
CLIMATE RECORD PERIOD 1928 TO 2014


WEATHER ITEM   OBSERVED TIME   RECORD YEAR NORMAL DEPARTURE LAST
                VALUE   (LST)  VALUE       VALUE  FROM      YEAR
                                                  NORMAL
..................................................................
TEMPERATURE (F)
 YESTERDAY
  MAXIMUM         MM        MM  59    1980  38     MM       46
  MINIMUM         MM        MM -10    1988  20     MM       13
  AVERAGE         MM                        29     MM       30

PRECIPITATION (IN)
  YESTERDAY        0.00          1.02 1981   0.04  -0.04     0.00
  MONTH TO DATE    3.21                      1.24   1.97     0.28
  SINCE SEP 1      7.38                      5.01   2.37     0.74
  SINCE JAN 1     14.89                     14.75   0.14     5.53

SNOWFALL (IN)
  YESTERDAY       MM                        MM     MM       MM
  MONTH TO DATE   MM                        MM     MM       MM
  SINCE JUL 1     MM                        MM     MM        0.0
  SNOW DEPTH      MM

DEGREE DAYS
 HEATING
  YESTERDAY       MM                        36     MM       35
  MONTH TO DATE  561                       922   -361     1126
  SINCE DEC 1    561                       922   -361     1126
  SINCE JUL 1   1951                      2724   -773     2862

 COOLING
  YESTERDAY       MM                         0     MM        0
  MONTH TO DATE    0                         0      0        0
  SINCE DEC 1      0                         0      0        0
  SINCE JAN 1    327                       169    158      285
..................................................................


WIND (MPH)
  HIGHEST WIND SPEED     7   HIGHEST WIND DIRECTION     W (290)
  HIGHEST GUST SPEED    MM   HIGHEST GUST DIRECTION    MM
  AVERAGE WIND SPEED     2.4


SKY COVER
  POSSIBLE SUNSHINE  MM
  AVERAGE SKY COVER 0.2


WEATHER CONDITIONS
 THE FOLLOWING WEATHER WAS RECORDED YESTERDAY.
  NO SIGNIFICANT WEATHER WAS OBSERVED.


RELATIVE HUMIDITY (PERCENT)
 HIGHEST    MM
 LOWEST     MM

..........................................................


THE KLAMATH FALLS OR CLIMATE NORMALS FOR TODAY
                         NORMAL    RECORD    YEAR
 MAXIMUM TEMPERATURE (F)   38        49      1991
 MINIMUM TEMPERATURE (F)   20        -9      1988


SUNRISE AND SUNSET
DECEMBER 27 2014......SUNRISE   735 AM PST   SUNSET   442 PM PST
DECEMBER 28 2014......SUNRISE   735 AM PST   SUNSET   442 PM PST


-  INDICATES NEGATIVE NUMBERS.
R  INDICATES RECORD WAS SET OR TIED.
MM INDICATES DATA IS MISSING.
T  INDICATES TRACE AMOUNT.




$$
