633
CDUS46 KMFR 270835
CLILMT


CLIMATE REPORT
NATIONAL WEATHER SERVICE MEDFORD, OR
135 AM PDT MON MAR 27 2017


...................................

...THE KLAMATH FALLS OR CLIMATE SUMMARY FOR MARCH 26 2017...

CLIMATE NORMAL PERIOD 1981 TO 2010
CLIMATE RECORD PERIOD 1928 TO 2017


WEATHER ITEM   OBSERVED TIME   RECORD YEAR NORMAL DEPARTURE LAST
                VALUE   (LST)  VALUE       VALUE  FROM      YEAR
                                                  NORMAL
..................................................................
TEMPERATURE (F)
 YESTERDAY
  MAXIMUM         48    104 PM  71    2015  52     -4       49
  MINIMUM         33    315 AM  16    1996  27      6       23
  AVERAGE         41                        39      2       36

PRECIPITATION (IN)
  YESTERDAY        0.21          1.22 1928   0.05   0.16     0.03
  MONTH TO DATE    1.55                      1.03   0.52     1.84
  SINCE OCT 1      9.52                      9.49   0.03     8.90
  SINCE JAN 1      4.77                      4.80  -0.03     4.37

SNOWFALL (IN)
  YESTERDAY       MM                        MM     MM       MM
  MONTH TO DATE   MM                        MM     MM       MM
  SINCE JUL 1     MM                        MM     MM       MM
  SNOW DEPTH      MM

DEGREE DAYS
 HEATING
  YESTERDAY       24                        26     -2       29
  MONTH TO DATE  592                       696   -104      615
  SINCE MAR 1    592                       696   -104      615
  SINCE JUL 1   5430                      5537   -107     5105

 COOLING
  YESTERDAY        0                         0      0        0
  MONTH TO DATE    0                         0      0        0
  SINCE MAR 1      0                         0      0        0
  SINCE JAN 1      0                         0      0        0
..................................................................


WIND (MPH)
  HIGHEST WIND SPEED    23   HIGHEST WIND DIRECTION     S (180)
  HIGHEST GUST SPEED    27   HIGHEST GUST DIRECTION     S (180)
  AVERAGE WIND SPEED     9.5


SKY COVER
  POSSIBLE SUNSHINE  MM
  AVERAGE SKY COVER 0.8


WEATHER CONDITIONS
 THE FOLLOWING WEATHER WAS RECORDED YESTERDAY.
  RAIN
  LIGHT RAIN
  SNOW
  FOG


RELATIVE HUMIDITY (PERCENT)
 HIGHEST   100           700 AM
 LOWEST     70           400 PM

..........................................................


THE KLAMATH FALLS OR CLIMATE NORMALS FOR TODAY
                         NORMAL    RECORD    YEAR
 MAXIMUM TEMPERATURE (F)   52        72      2015
 MINIMUM TEMPERATURE (F)   27        17      1959


SUNRISE AND SUNSET
MARCH 27 2017.........SUNRISE   658 AM PDT   SUNSET   728 PM PDT
MARCH 28 2017.........SUNRISE   656 AM PDT   SUNSET   729 PM PDT


-  INDICATES NEGATIVE NUMBERS.
R  INDICATES RECORD WAS SET OR TIED.
MM INDICATES DATA IS MISSING.
T  INDICATES TRACE AMOUNT.




$$
