000
CDUS46 KMFR 250837
CLILMT


CLIMATE REPORT
NATIONAL WEATHER SERVICE MEDFORD, OR
137 AM PDT TUE APR 25 2017


...................................

...THE KLAMATH FALLS OR CLIMATE SUMMARY FOR APRIL 24 2017...

CLIMATE NORMAL PERIOD 1981 TO 2010
CLIMATE RECORD PERIOD 1928 TO 2017


WEATHER ITEM   OBSERVED TIME   RECORD YEAR NORMAL DEPARTURE LAST
                VALUE   (LST)  VALUE       VALUE  FROM      YEAR
                                                  NORMAL
..................................................................
TEMPERATURE (F)
 YESTERDAY
  MAXIMUM         53    114 PM  78    1977  59     -6       51
  MINIMUM         33   1159 PM  17    1968  32      1       31
  AVERAGE         43                        45     -2       41

PRECIPITATION (IN)
  YESTERDAY        0.05          0.48 2003   0.06  -0.01     0.01
  MONTH TO DATE    0.62                      1.01  -0.39     0.69
  SINCE OCT 1     10.46                     10.74  -0.28     9.59
  SINCE JAN 1      5.71                      6.05  -0.34     5.06

SNOWFALL (IN)
  YESTERDAY       MM                        MM     MM       MM
  MONTH TO DATE   MM                        MM     MM       MM
  SINCE JUL 1     MM                        MM     MM       MM
  SNOW DEPTH      MM

DEGREE DAYS
 HEATING
  YESTERDAY       22                        20      2       24
  MONTH TO DATE  539                       545     -6      368
  SINCE MAR 1   1246                      1366   -120     1095
  SINCE JUL 1   6084                      6207   -123     5585

 COOLING
  YESTERDAY        0                         0      0        0
  MONTH TO DATE    0                         0      0        0
  SINCE MAR 1      0                         0      0        0
  SINCE JAN 1      0                         0      0        0
..................................................................


WIND (MPH)
  HIGHEST WIND SPEED    35   HIGHEST WIND DIRECTION     W (270)
  HIGHEST GUST SPEED    42   HIGHEST GUST DIRECTION     W (280)
  AVERAGE WIND SPEED    14.1


SKY COVER
  POSSIBLE SUNSHINE  MM
  AVERAGE SKY COVER 0.8


WEATHER CONDITIONS
 THE FOLLOWING WEATHER WAS RECORDED YESTERDAY.
  LIGHT RAIN
  FOG
  HAZE


RELATIVE HUMIDITY (PERCENT)
 HIGHEST   100           500 AM
 LOWEST     46           100 PM

..........................................................


THE KLAMATH FALLS OR CLIMATE NORMALS FOR TODAY
                         NORMAL    RECORD    YEAR
 MAXIMUM TEMPERATURE (F)   59        77      2001
 MINIMUM TEMPERATURE (F)   32        21      1998


SUNRISE AND SUNSET
APRIL 25 2017.........SUNRISE   610 AM PDT   SUNSET   800 PM PDT
APRIL 26 2017.........SUNRISE   609 AM PDT   SUNSET   801 PM PDT


-  INDICATES NEGATIVE NUMBERS.
R  INDICATES RECORD WAS SET OR TIED.
MM INDICATES DATA IS MISSING.
T  INDICATES TRACE AMOUNT.




$$
