000
CDUS46 KMFR 210839
CLILMT


CLIMATE REPORT
NATIONAL WEATHER SERVICE MEDFORD, OR
138 AM PDT FRI JUL 21 2017


...................................

...THE KLAMATH FALLS OR CLIMATE SUMMARY FOR JULY 20 2017...

CLIMATE NORMAL PERIOD 1981 TO 2010
CLIMATE RECORD PERIOD 1928 TO 2017


WEATHER ITEM   OBSERVED TIME   RECORD YEAR NORMAL DEPARTURE LAST
                VALUE   (LST)  VALUE       VALUE  FROM      YEAR
                                                  NORMAL
..................................................................
TEMPERATURE (F)
 YESTERDAY
  MAXIMUM         83    416 PM  98    1988  85     -2       83
  MINIMUM         44    506 AM  39    1983  49     -5       44
  AVERAGE         64                        67     -3       64

PRECIPITATION (IN)
  YESTERDAY        0.00          0.05 1992   0.01  -0.01     0.00
  MONTH TO DATE    0.00                      0.38  -0.38     0.42
  SINCE OCT 1     11.26                     13.90  -2.64    11.64
  SINCE JAN 1      6.51                      9.21  -2.70     7.11

SNOWFALL (IN)
  YESTERDAY       MM                        MM     MM       MM
  MONTH TO DATE   MM                        MM     MM       MM
  SINCE JUL 1     MM                        MM     MM       MM
  SNOW DEPTH      MM

DEGREE DAYS
 HEATING
  YESTERDAY        1                         1      0        1
  MONTH TO DATE    1                        36    -35       67
  SINCE JUN 1    168                       253    -85      235
  SINCE JUL 1      1                        36    -35       67

 COOLING
  YESTERDAY        0                         3     -3        0
  MONTH TO DATE   68                        45     23       15
  SINCE JUN 1    131                        56     75       64
  SINCE JAN 1    134                        57     77       64
..................................................................


WIND (MPH)
  HIGHEST WIND SPEED    20   HIGHEST WIND DIRECTION    NW (330)
  HIGHEST GUST SPEED    25   HIGHEST GUST DIRECTION     N (340)
  AVERAGE WIND SPEED     6.8


SKY COVER
  POSSIBLE SUNSHINE  MM
  AVERAGE SKY COVER 0.0


WEATHER CONDITIONS
 THE FOLLOWING WEATHER WAS RECORDED YESTERDAY.
  NO SIGNIFICANT WEATHER WAS OBSERVED.


RELATIVE HUMIDITY (PERCENT)
 HIGHEST    93           400 AM
 LOWEST     17           400 PM

..........................................................


THE KLAMATH FALLS OR CLIMATE NORMALS FOR TODAY
                         NORMAL    RECORD    YEAR
 MAXIMUM TEMPERATURE (F)   85        99      1994
 MINIMUM TEMPERATURE (F)   49        35      1993


SUNRISE AND SUNSET
JULY 21 2017..........SUNRISE   550 AM PDT   SUNSET   836 PM PDT
JULY 22 2017..........SUNRISE   551 AM PDT   SUNSET   836 PM PDT


-  INDICATES NEGATIVE NUMBERS.
R  INDICATES RECORD WAS SET OR TIED.
MM INDICATES DATA IS MISSING.
T  INDICATES TRACE AMOUNT.




$$
