000
CDUS45 KRIW 260730
CLILND


CLIMATE REPORT
NATIONAL WEATHER SERVICE RIVERTON WY
1230 AM MST MON JAN 26 2015


...................................

...THE LANDER WY CLIMATE SUMMARY FOR JANUARY 25 2015...

CLIMATE NORMAL PERIOD 1981 TO 2010
CLIMATE RECORD PERIOD 1891 TO 2015


WEATHER ITEM   OBSERVED TIME   RECORD YEAR NORMAL DEPARTURE LAST
                VALUE   (LST)  VALUE       VALUE  FROM      YEAR
                                                  NORMAL
..................................................................
TEMPERATURE (F)
 YESTERDAY
  MAXIMUM         48    426 PM  57    1951  33     15       44
                                      1912
  MINIMUM         28    251 AM -31    1949  11     17       19
  AVERAGE         38                        22     16       32

PRECIPITATION (IN)
  YESTERDAY        0.00          0.29 1979   0.01  -0.01     0.00
  MONTH TO DATE    T                         0.33  -0.33     0.60
  SINCE DEC 1      1.82                      0.91   0.91     1.29
  SINCE JAN 1      T                         0.33  -0.33     0.60

SNOWFALL (IN)
  YESTERDAY        0.0                       0.2   -0.2      0.0
  MONTH TO DATE    0.3                       6.1   -5.8      8.7
  SINCE DEC 1     21.4                      16.2    5.2     21.8
  SINCE JUL 1     30.3                      41.8  -11.5     51.3
  SNOW DEPTH       T

DEGREE DAYS
 HEATING
  YESTERDAY       27                        43    -16       33
  MONTH TO DATE 1126                      1084     42      998
  SINCE DEC 1   2412                      2457    -45     2383
  SINCE JUL 1   3953                      4330   -377     4271

 COOLING
  YESTERDAY        0                         0      0        0
  MONTH TO DATE    0                         0      0        0
  SINCE DEC 1      0                         0      0        0
  SINCE JAN 1      0                         0      0        0
..................................................................


WIND (MPH)
  HIGHEST WIND SPEED    10   HIGHEST WIND DIRECTION     W (250)
  HIGHEST GUST SPEED    13   HIGHEST GUST DIRECTION     W (250)
  AVERAGE WIND SPEED     2.5


SKY COVER
  POSSIBLE SUNSHINE  MM
  AVERAGE SKY COVER 0.0


WEATHER CONDITIONS
 THE FOLLOWING WEATHER WAS RECORDED YESTERDAY.
  NO SIGNIFICANT WEATHER WAS OBSERVED.


RELATIVE HUMIDITY (PERCENT)
 HIGHEST    72          1200 AM
 LOWEST     49           300 PM
 AVERAGE    61

..........................................................


THE LANDER WY CLIMATE NORMALS FOR TODAY
                         NORMAL    RECORD    YEAR
 MAXIMUM TEMPERATURE (F)   33        57      1982
                                             1920
 MINIMUM TEMPERATURE (F)   11       -30      1902


SUNRISE AND SUNSET
JANUARY 26 2015.......SUNRISE   735 AM MST   SUNSET   520 PM MST
JANUARY 27 2015.......SUNRISE   735 AM MST   SUNSET   521 PM MST


-  INDICATES NEGATIVE NUMBERS.
R  INDICATES RECORD WAS SET OR TIED.
MM INDICATES DATA IS MISSING.
T  INDICATES TRACE AMOUNT.




$$
