000
CDUS45 KRIW 300032
CLILND


CLIMATE REPORT
NATIONAL WEATHER SERVICE RIVERTON WY
630 PM MDT MON AUG 29 2016


...................................

...THE LANDER WY CLIMATE SUMMARY FOR AUGUST 29 2016...
VALID TODAY AS OF 0500 PM LOCAL TIME.

CLIMATE NORMAL PERIOD 1981 TO 2010
CLIMATE RECORD PERIOD 1891 TO 2016


WEATHER ITEM   OBSERVED TIME   RECORD YEAR NORMAL DEPARTURE LAST
                VALUE   (LST)  VALUE       VALUE  FROM      YEAR
                                                  NORMAL
..................................................................
TEMPERATURE (F)
 TODAY
  MAXIMUM         87        MM  96    2012  81      6       94
  MINIMUM         54        MM  33    1892  51      3       56
  AVERAGE         71                        66      5       75

PRECIPITATION (IN)
  TODAY            0.00          0.08 1932   0.01  -0.01     0.00
  MONTH TO DATE    0.52                      0.57  -0.05     0.58
  SINCE JUN 1      1.09                      2.62  -1.53     1.88
  SINCE JAN 1     16.24                      8.84   7.40    12.40

DEGREE DAYS
 HEATING
  TODAY            0                         2     -2        0
  MONTH TO DATE   48                        19     29       22
  SINCE JUN 1     74                       161    -87       71
  SINCE JUL 1     52                        35     17       40

 COOLING
  TODAY            6                         3      3       10
  MONTH TO DATE  143                       160    -17      172
  SINCE JUN 1    515                       432     83      418
  SINCE JAN 1    515                       437     78      418
..................................................................


WIND (MPH)
  HIGHEST WIND SPEED    10   HIGHEST WIND DIRECTION     E (110)
  HIGHEST GUST SPEED    MM   HIGHEST GUST DIRECTION    MM
  AVERAGE WIND SPEED     4.9


SKY COVER
  POSSIBLE SUNSHINE  MM
  AVERAGE SKY COVER 0.0


WEATHER CONDITIONS
 THE FOLLOWING WEATHER WAS RECORDED TODAY.
  NO SIGNIFICANT WEATHER WAS OBSERVED.


RELATIVE HUMIDITY (PERCENT)
 HIGHEST    46           800 AM
 LOWEST     13           400 PM
 AVERAGE    30

..........................................................


THE LANDER WY CLIMATE NORMALS FOR TOMORROW
                         NORMAL    RECORD    YEAR
 MAXIMUM TEMPERATURE (F)   81        95      1954
 MINIMUM TEMPERATURE (F)   51        30      1910


SUNRISE AND SUNSET
AUGUST 29 2016........SUNRISE   637 AM MDT   SUNSET   754 PM MDT
AUGUST 30 2016........SUNRISE   638 AM MDT   SUNSET   752 PM MDT


-  INDICATES NEGATIVE NUMBERS.
R  INDICATES RECORD WAS SET OR TIED.
MM INDICATES DATA IS MISSING.
T  INDICATES TRACE AMOUNT.




$$
