000
CDUS45 KRIW 010027
CLILND


CLIMATE REPORT
NATIONAL WEATHER SERVICE RIVERTON WY
626 PM MDT THU JUL 31 2014


...................................

...THE LANDER WY CLIMATE SUMMARY FOR JULY 31 2014...
VALID TODAY AS OF 0500 PM LOCAL TIME.

CLIMATE NORMAL PERIOD 1981 TO 2010
CLIMATE RECORD PERIOD 1891 TO 2014


WEATHER ITEM   OBSERVED TIME   RECORD YEAR NORMAL DEPARTURE LAST
                VALUE   (LST)  VALUE       VALUE  FROM      YEAR
                                                  NORMAL
..................................................................
TEMPERATURE (F)
 TODAY
  MAXIMUM         85        MM  99    1901  88     -3       83
  MINIMUM         51        MM  40    1913  57     -6       54
  AVERAGE         68                        72     -4       69

PRECIPITATION (IN)
  TODAY            0.00          1.46 1931   0.03  -0.03     0.01
  MONTH TO DATE    0.62                      0.78  -0.16     0.28
  SINCE JUN 1      1.22                      2.05  -0.83     0.33
  SINCE JAN 1      5.41                      8.27  -2.86     7.85

DEGREE DAYS
 HEATING
  TODAY            0                         0      0        0
  MONTH TO DATE    3                        11     -8        0
  SINCE JUN 1    139                       142     -3       54
  SINCE JUL 1      3                        16    -13        0

 COOLING
  TODAY            3                         7     -4        4
  MONTH TO DATE  242                       208     34      294
  SINCE JUN 1    265                       272     -7      408
  SINCE JAN 1    283                       277      6      417
..................................................................


WIND (MPH)
  HIGHEST WIND SPEED     8   HIGHEST WIND DIRECTION    NE (60)
  HIGHEST GUST SPEED    MM   HIGHEST GUST DIRECTION    MM
  AVERAGE WIND SPEED     4.2


SKY COVER
  POSSIBLE SUNSHINE  MM
  AVERAGE SKY COVER 0.0


WEATHER CONDITIONS
 THE FOLLOWING WEATHER WAS RECORDED TODAY.
  NO SIGNIFICANT WEATHER WAS OBSERVED.


RELATIVE HUMIDITY (PERCENT)
 HIGHEST    72           700 AM
 LOWEST     11           400 PM
 AVERAGE    42

..........................................................


THE LANDER WY CLIMATE NORMALS FOR TOMORROW
                         NORMAL    RECORD    YEAR
 MAXIMUM TEMPERATURE (F)   88        99      2000
 MINIMUM TEMPERATURE (F)   57        40      1903


SUNRISE AND SUNSET
JULY 31 2014..........SUNRISE   605 AM MDT   SUNSET   837 PM MDT
AUGUST  1 2014........SUNRISE   606 AM MDT   SUNSET   835 PM MDT


-  INDICATES NEGATIVE NUMBERS.
R  INDICATES RECORD WAS SET OR TIED.
MM INDICATES DATA IS MISSING.
T  INDICATES TRACE AMOUNT.




$$
