000
CDUS45 KRIW 240728
CLILND


CLIMATE REPORT
NATIONAL WEATHER SERVICE RIVERTON WY
127 AM MDT MON APR 24 2017


...................................

...THE LANDER WY CLIMATE SUMMARY FOR APRIL 23 2017...

CLIMATE NORMAL PERIOD 1981 TO 2010
CLIMATE RECORD PERIOD 1891 TO 2017


WEATHER ITEM   OBSERVED TIME   RECORD YEAR NORMAL DEPARTURE LAST
                VALUE   (LST)  VALUE       VALUE  FROM      YEAR
                                                  NORMAL
..................................................................
TEMPERATURE (F)
 YESTERDAY
  MAXIMUM         69    227 PM  83    2012  59     10       70
  MINIMUM         38    408 AM   9    2013  33      5       43
  AVERAGE         54                        46      8       57

PRECIPITATION (IN)
  YESTERDAY        0.00          2.00 1929   0.07  -0.07     0.01
  MONTH TO DATE    1.69                      1.36   0.33     0.75
  SINCE MAR 1      6.34                      2.52   3.82     5.34
  SINCE JAN 1      8.72                      3.51   5.21     6.26

SNOWFALL (IN)
  YESTERDAY        0.0                       0.5   -0.5      0.0
  MONTH TO DATE   10.7                      13.2   -2.5      0.9
  SINCE MAR 1     16.4                      29.3  -12.9     34.2
  SINCE JUL 1     77.4                      82.9   -5.5     71.2
  SNOW DEPTH       0

DEGREE DAYS
 HEATING
  YESTERDAY       11                        19     -8        8
  MONTH TO DATE  484                       510    -26      418
  SINCE MAR 1   1196                      1425   -229     1239
  SINCE JUL 1   6899                      7129   -230     6390

 COOLING
  YESTERDAY        0                         0      0        0
  MONTH TO DATE    0                         0      0        0
  SINCE MAR 1      0                         0      0        0
  SINCE JAN 1      0                         0      0        0
..................................................................


WIND (MPH)
  HIGHEST WIND SPEED    35   HIGHEST WIND DIRECTION     S (190)
  HIGHEST GUST SPEED    40   HIGHEST GUST DIRECTION     S (200)
  AVERAGE WIND SPEED     6.9


SKY COVER
  POSSIBLE SUNSHINE  MM
  AVERAGE SKY COVER 0.1


WEATHER CONDITIONS
 THE FOLLOWING WEATHER WAS RECORDED YESTERDAY.
  NO SIGNIFICANT WEATHER WAS OBSERVED.


RELATIVE HUMIDITY (PERCENT)
 HIGHEST    67           700 AM
 LOWEST     26           100 PM
 AVERAGE    47

..........................................................


THE LANDER WY CLIMATE NORMALS FOR TODAY
                         NORMAL    RECORD    YEAR
 MAXIMUM TEMPERATURE (F)   59        82      2012
 MINIMUM TEMPERATURE (F)   34        13      1892


SUNRISE AND SUNSET
APRIL 24 2017.........SUNRISE   619 AM MDT   SUNSET   808 PM MDT
APRIL 25 2017.........SUNRISE   617 AM MDT   SUNSET   809 PM MDT


-  INDICATES NEGATIVE NUMBERS.
R  INDICATES RECORD WAS SET OR TIED.
MM INDICATES DATA IS MISSING.
T  INDICATES TRACE AMOUNT.




$$
