000
CDUS45 KRIW 280732
CLILND


CLIMATE REPORT
NATIONAL WEATHER SERVICE RIVERTON WY
131 AM MDT TUE JUL 28 2015


...................................

...THE LANDER WY CLIMATE SUMMARY FOR JULY 27 2015...

CLIMATE NORMAL PERIOD 1981 TO 2010
CLIMATE RECORD PERIOD 1891 TO 2015


WEATHER ITEM   OBSERVED TIME   RECORD YEAR NORMAL DEPARTURE LAST
                VALUE   (LST)  VALUE       VALUE  FROM      YEAR
                                                  NORMAL
..................................................................
TEMPERATURE (F)
 YESTERDAY
  MAXIMUM         89    134 PM 102    1935  88      1       89
  MINIMUM         52   1154 PM  42    1894  57     -5       57
  AVERAGE         71                        72     -1       73

PRECIPITATION (IN)
  YESTERDAY        0.00          0.90 1982   0.03  -0.03     0.00
  MONTH TO DATE    0.50                      0.65  -0.15     0.28
  SINCE JUN 1      1.30                      1.92  -0.62     0.88
  SINCE JAN 1     11.82                      8.14   3.68     5.07

SNOWFALL (IN)
  YESTERDAY        0.0                       0.0    0.0      0.0
  MONTH TO DATE    0.0                       0.0    0.0      0.0
  SINCE JUN 1      0.0                       0.1   -0.1      0.0
  SINCE JUL 1      0.0                       0.0    0.0      0.0
  SNOW DEPTH       0

DEGREE DAYS
 HEATING
  YESTERDAY        0                         0      0        0
  MONTH TO DATE   10                        11     -1        3
  SINCE JUN 1     41                       137    -96      139
  SINCE JUL 1     10                        11     -1        3

 COOLING
  YESTERDAY        6                         8     -2        8
  MONTH TO DATE  122                       180    -58      226
  SINCE JUN 1    232                       244    -12      249
  SINCE JAN 1    232                       249    -17      267
..................................................................


WIND (MPH)
  HIGHEST WIND SPEED    38   HIGHEST WIND DIRECTION     W (260)
  HIGHEST GUST SPEED    53   HIGHEST GUST DIRECTION     W (270)
  AVERAGE WIND SPEED    13.9


SKY COVER
  POSSIBLE SUNSHINE  MM
  AVERAGE SKY COVER 0.0


WEATHER CONDITIONS
 THE FOLLOWING WEATHER WAS RECORDED YESTERDAY.
  NO SIGNIFICANT WEATHER WAS OBSERVED.


RELATIVE HUMIDITY (PERCENT)
 HIGHEST    36           500 AM
 LOWEST     10           200 PM
 AVERAGE    23

..........................................................


THE LANDER WY CLIMATE NORMALS FOR TODAY
                         NORMAL    RECORD    YEAR
 MAXIMUM TEMPERATURE (F)   88        99      2006
 MINIMUM TEMPERATURE (F)   57        42      1911
                                             1909
                                             1894


SUNRISE AND SUNSET
JULY 28 2015..........SUNRISE   602 AM MDT   SUNSET   840 PM MDT
JULY 29 2015..........SUNRISE   603 AM MDT   SUNSET   839 PM MDT


-  INDICATES NEGATIVE NUMBERS.
R  INDICATES RECORD WAS SET OR TIED.
MM INDICATES DATA IS MISSING.
T  INDICATES TRACE AMOUNT.




$$
