000
CDUS45 KRIW 250741
CLILND


CLIMATE REPORT
NATIONAL WEATHER SERVICE RIVERTON WY
1240 AM MST THU DEC 25 2014


...................................

...THE LANDER WY CLIMATE SUMMARY FOR DECEMBER 24 2014...

CLIMATE NORMAL PERIOD 1981 TO 2010
CLIMATE RECORD PERIOD 1891 TO 2014


WEATHER ITEM   OBSERVED TIME   RECORD YEAR NORMAL DEPARTURE LAST
                VALUE   (LST)  VALUE       VALUE  FROM      YEAR
                                                  NORMAL
..................................................................
TEMPERATURE (F)
 YESTERDAY
  MAXIMUM         36    315 PM  55    2005  31      5       45
  MINIMUM         11    835 AM -28    1924   9      2       15
  AVERAGE         24                        20      4       30

PRECIPITATION (IN)
  YESTERDAY        0.00          0.30 1997   0.01  -0.01      T
                                      1893
  MONTH TO DATE    0.81                      0.47   0.34     0.42
  SINCE DEC 1      0.81                      0.47   0.34     0.42
  SINCE JAN 1     10.71                     12.55  -1.84    15.27

SNOWFALL (IN)
  YESTERDAY        0.0                       0.3   -0.3       T
  MONTH TO DATE    5.7                       8.2   -2.5      8.0
  SINCE DEC 1      5.7                       8.2   -2.5      8.0
  SINCE JUL 1     14.6                      33.8  -19.2     37.5
  SNOW DEPTH       4

DEGREE DAYS
 HEATING
  YESTERDAY       41                        45     -4       35
  MONTH TO DATE  869                      1062   -193     1123
  SINCE DEC 1    869                      1062   -193     1123
  SINCE JUL 1   2410                      2935   -525     3011

 COOLING
  YESTERDAY        0                         0      0        0
  MONTH TO DATE    0                         0      0        0
  SINCE DEC 1      0                         0      0        0
  SINCE JAN 1    445                       472    -27      743
..................................................................


WIND (MPH)
  HIGHEST WIND SPEED    14   HIGHEST WIND DIRECTION    NW (300)
  HIGHEST GUST SPEED    19   HIGHEST GUST DIRECTION    NE (40)
  AVERAGE WIND SPEED     4.8


SKY COVER
  POSSIBLE SUNSHINE  MM
  AVERAGE SKY COVER 0.1


WEATHER CONDITIONS
 THE FOLLOWING WEATHER WAS RECORDED YESTERDAY.
  HAZE


RELATIVE HUMIDITY (PERCENT)
 HIGHEST    77           600 PM
 LOWEST     51           200 AM
 AVERAGE    64

..........................................................


THE LANDER WY CLIMATE NORMALS FOR TODAY
                         NORMAL    RECORD    YEAR
 MAXIMUM TEMPERATURE (F)   32        56      1899
 MINIMUM TEMPERATURE (F)    9       -25      1891


SUNRISE AND SUNSET
DECEMBER 25 2014......SUNRISE   744 AM MST   SUNSET   446 PM MST
DECEMBER 26 2014......SUNRISE   744 AM MST   SUNSET   447 PM MST


-  INDICATES NEGATIVE NUMBERS.
R  INDICATES RECORD WAS SET OR TIED.
MM INDICATES DATA IS MISSING.
T  INDICATES TRACE AMOUNT.




$$
