000
CDUS45 KRIW 180731
CLILND


CLIMATE REPORT
NATIONAL WEATHER SERVICE RIVERTON WY
130 AM MDT FRI APR 18 2014


...................................

...THE LANDER WY CLIMATE SUMMARY FOR APRIL 17 2014...

CLIMATE NORMAL PERIOD 1981 TO 2010
CLIMATE RECORD PERIOD 1891 TO 2014


WEATHER ITEM   OBSERVED TIME   RECORD YEAR NORMAL DEPARTURE LAST
                VALUE   (LST)  VALUE       VALUE  FROM      YEAR
                                                  NORMAL
..................................................................
TEMPERATURE (F)
 YESTERDAY
  MAXIMUM         62    437 PM  80    1994  57      5       27
  MINIMUM         25    547 AM   7    1945  32     -7       16
  AVERAGE         44                        44      0       22

PRECIPITATION (IN)
  YESTERDAY        0.00          0.66 1968   0.06  -0.06     0.01
  MONTH TO DATE    0.59                      0.97  -0.38     2.43
  SINCE MAR 1      1.77                      2.13  -0.36     2.85
  SINCE JAN 1      2.57                      3.12  -0.55     4.83

SNOWFALL (IN)
  YESTERDAY        0.0                       0.5   -0.5      1.0
  MONTH TO DATE    4.3                      10.0   -5.7     34.1
  SINCE MAR 1     18.2                      26.1   -7.9     39.2
  SINCE JUL 1     73.5                      79.7   -6.2     91.4
  SNOW DEPTH       0

DEGREE DAYS
 HEATING
  YESTERDAY       21                        21      0       43
  MONTH TO DATE  388                       391     -3      498
  SINCE MAR 1   1283                      1306    -23     1389
  SINCE JUL 1   7019                      7010      9     6758

 COOLING
  YESTERDAY        0                         0      0        0
  MONTH TO DATE    0                         0      0        0
  SINCE MAR 1      0                         0      0        0
  SINCE JAN 1      0                         0      0        0
..................................................................


WIND (MPH)
  HIGHEST WIND SPEED    13   HIGHEST WIND DIRECTION     W (260)
  HIGHEST GUST SPEED    14   HIGHEST GUST DIRECTION     W (260)
  AVERAGE WIND SPEED     3.9


SKY COVER
  POSSIBLE SUNSHINE  MM
  AVERAGE SKY COVER 0.0


WEATHER CONDITIONS
 THE FOLLOWING WEATHER WAS RECORDED YESTERDAY.
  NO SIGNIFICANT WEATHER WAS OBSERVED.


RELATIVE HUMIDITY (PERCENT)
 HIGHEST    92           600 AM
 LOWEST     25           300 PM
 AVERAGE    59

..........................................................


THE LANDER WY CLIMATE NORMALS FOR TODAY
                         NORMAL    RECORD    YEAR
 MAXIMUM TEMPERATURE (F)   57        78      1994
 MINIMUM TEMPERATURE (F)   32         7      1945


SUNRISE AND SUNSET
APRIL 18 2014.........SUNRISE   628 AM MDT   SUNSET   801 PM MDT
APRIL 19 2014.........SUNRISE   627 AM MDT   SUNSET   802 PM MDT


-  INDICATES NEGATIVE NUMBERS.
R  INDICATES RECORD WAS SET OR TIED.
MM INDICATES DATA IS MISSING.
T  INDICATES TRACE AMOUNT.




$$
