000
CDUS43 KOAX 272142
CLILNK


CLIMATE REPORT
NATIONAL WEATHER SERVICE OMAHA NEBRASKA
440 PM CDT WED MAY 27 2015


...................................

...THE LINCOLN, NEBRASKA CLIMATE SUMMARY FOR MAY 27 2015...
VALID TODAY AS OF 0400 PM LOCAL TIME.

CLIMATE NORMAL PERIOD 1981 TO 2010
CLIMATE RECORD PERIOD 1887 TO 2015


WEATHER ITEM   OBSERVED TIME   RECORD YEAR NORMAL DEPARTURE LAST
                VALUE   (LST)  VALUE       VALUE  FROM      YEAR
                                                  NORMAL
..................................................................
TEMPERATURE (F)
 TODAY
  MAXIMUM         83    259 PM  95    1966  78      5       87
  MINIMUM         50    516 AM  36    1907  54     -4       65
  AVERAGE         67                        66      1       76

PRECIPITATION (IN)
  TODAY            0.00          3.32 2013   0.13  -0.13     0.00
  MONTH TO DATE   10.83                      3.72   7.11     5.26
  SINCE MAR 1     13.59                      8.36   5.23     8.89
  SINCE JAN 1     15.43                      9.77   5.66     9.75

SNOWFALL (IN)
  TODAY            0.0                       0.0    0.0      0.0
  MONTH TO DATE    0.0                       0.1   -0.1      0.0
  SINCE JUL 1     21.9                      26.0   -4.1     18.2
  SNOW DEPTH       0

DEGREE DAYS
 HEATING
  TODAY            0                         2     -2        0
  MONTH TO DATE  133                       140     -7      134
  SINCE MAR 1   1129                      1330   -201     1365
  SINCE JUL 1   5816                      6033   -217     6482

 COOLING
  TODAY            2                         3     -1       11
  MONTH TO DATE   39                        49    -10       97
  SINCE MAR 1     44                        63    -19      112
  SINCE JAN 1     44                        63    -19      112
..................................................................


WIND (MPH)
  HIGHEST WIND SPEED    14   HIGHEST WIND DIRECTION    SE (150)
  HIGHEST GUST SPEED    18   HIGHEST GUST DIRECTION    SE (140)
  AVERAGE WIND SPEED     3.7


SKY COVER
  POSSIBLE SUNSHINE  MM
  AVERAGE SKY COVER 0.0


WEATHER CONDITIONS
 THE FOLLOWING WEATHER WAS RECORDED TODAY.
  NO SIGNIFICANT WEATHER WAS OBSERVED.


RELATIVE HUMIDITY (PERCENT)
 HIGHEST    89           600 AM
 LOWEST     31          1200 PM
 AVERAGE    60

..........................................................


THE LINCOLN, NEBRASKA CLIMATE NORMALS FOR TOMORROW
                         NORMAL    RECORD    YEAR
 MAXIMUM TEMPERATURE (F)   78        98      1895
 MINIMUM TEMPERATURE (F)   55        34      1947


SUNRISE AND SUNSET
MAY 27 2015...........SUNRISE   600 AM CDT   SUNSET   848 PM CDT
MAY 28 2015...........SUNRISE   600 AM CDT   SUNSET   849 PM CDT


-  INDICATES NEGATIVE NUMBERS.
R  INDICATES RECORD WAS SET OR TIED.
MM INDICATES DATA IS MISSING.
T  INDICATES TRACE AMOUNT.




$$
