000
CDUS43 KOAX 090632
CLILNK


CLIMATE REPORT
NATIONAL WEATHER SERVICE OMAHA NEBRASKA
1229 AM CST FRI DEC 9 2016


...................................

...THE LINCOLN, NEBRASKA CLIMATE SUMMARY FOR DECEMBER 8 2016...

CLIMATE NORMAL PERIOD 1981 TO 2010
CLIMATE RECORD PERIOD 1887 TO 2016


WEATHER ITEM   OBSERVED TIME   RECORD YEAR NORMAL DEPARTURE LAST
                VALUE   (LST)  VALUE       VALUE  FROM      YEAR
                                                  NORMAL
..................................................................
TEMPERATURE (F)
 YESTERDAY
  MAXIMUM         27    324 PM  61    2015  39    -12       61
                                      1990
                                      1984
  MINIMUM          7   1152 PM -12    1917  18    -11       32
  AVERAGE         17                        28    -11       47

PRECIPITATION (IN)
  YESTERDAY        0.00          0.72 2009   0.04  -0.04     0.00
  MONTH TO DATE    0.53                      0.29   0.24      T
  SINCE DEC 1      0.53                      0.29   0.24      T
  SINCE JAN 1     27.81                     28.29  -0.48    36.74

SNOWFALL (IN)
  YESTERDAY        0.0                       0.2   -0.2      0.0
  MONTH TO DATE    1.5                       1.4    0.1       T
  SINCE JUL 1      1.5                       4.2   -2.7      1.3
  SNOW DEPTH       0

DEGREE DAYS
 HEATING
  YESTERDAY       48                        37     11       18
  MONTH TO DATE  284                       283      1      207
  SINCE DEC 1    284                       283      1      207
  SINCE JUL 1   1092                      1544   -452     1107

 COOLING
  YESTERDAY        0                         0      0        0
  MONTH TO DATE    0                         0      0        0
  SINCE DEC 1      0                         0      0        0
  SINCE JAN 1   1449                      1173    276     1243
..................................................................


WIND (MPH)
  HIGHEST WIND SPEED    22   HIGHEST WIND DIRECTION    NW (320)
  HIGHEST GUST SPEED    28   HIGHEST GUST DIRECTION    NW (310)
  AVERAGE WIND SPEED    11.1


SKY COVER
  POSSIBLE SUNSHINE  MM
  AVERAGE SKY COVER 0.0


WEATHER CONDITIONS
 THE FOLLOWING WEATHER WAS RECORDED YESTERDAY.
  NO SIGNIFICANT WEATHER WAS OBSERVED.


RELATIVE HUMIDITY (PERCENT)
 HIGHEST    80          1000 PM
 LOWEST     46           300 PM
 AVERAGE    63

..........................................................


THE LINCOLN, NEBRASKA CLIMATE NORMALS FOR TODAY
                         NORMAL    RECORD    YEAR
 MAXIMUM TEMPERATURE (F)   38        66      1957
                                             1939
 MINIMUM TEMPERATURE (F)   18       -17      1919


SUNRISE AND SUNSET
DECEMBER  9 2016......SUNRISE   740 AM CST   SUNSET   459 PM CST
DECEMBER 10 2016......SUNRISE   741 AM CST   SUNSET   459 PM CST


-  INDICATES NEGATIVE NUMBERS.
R  INDICATES RECORD WAS SET OR TIED.
MM INDICATES DATA IS MISSING.
T  INDICATES TRACE AMOUNT.




$$
