000
CDUS43 KOAX 220634
CLILNK


CLIMATE REPORT
NATIONAL WEATHER SERVICE OMAHA NEBRASKA
1233 AM CST WED NOV 22 2017


...................................

...THE LINCOLN, NEBRASKA CLIMATE SUMMARY FOR NOVEMBER 21 2017...

CLIMATE NORMAL PERIOD 1981 TO 2010
CLIMATE RECORD PERIOD 1887 TO 2017


WEATHER ITEM   OBSERVED TIME   RECORD YEAR NORMAL DEPARTURE LAST
                VALUE   (LST)  VALUE       VALUE  FROM      YEAR
                                                  NORMAL
..................................................................
TEMPERATURE (F)
 YESTERDAY
  MAXIMUM         45    454 AM  73    2012  47     -2       48
  MINIMUM         16    901 PM   3    1985  25     -9       23
                                      1898
  AVERAGE         31                        36     -5       36

PRECIPITATION (IN)
  YESTERDAY        T             0.79 1898   0.05  -0.05     0.00
  MONTH TO DATE    0.07                      1.06  -0.99     0.08
  SINCE SEP 1      6.82                      6.05   0.77     5.32
  SINCE JAN 1     36.65                     27.63   9.02    26.71

SNOWFALL (IN)
  YESTERDAY        0.0                       0.1   -0.1      0.0
  MONTH TO DATE    0.0                       1.1   -1.1       T
  SINCE JUL 1      T                         1.8   -1.8       T
  SNOW DEPTH       0

DEGREE DAYS
 HEATING
  YESTERDAY       34                        29      5       29
  MONTH TO DATE  532                       497     35      332
  SINCE SEP 1    873                       970    -97      591
  SINCE JUL 1    873                       976   -103      592

 COOLING
  YESTERDAY        0                         0      0        0
  MONTH TO DATE    0                         0      0        0
  SINCE SEP 1    222                       138     84      220
  SINCE JAN 1   1252                      1173     79     1449
..................................................................


WIND (MPH)
  HIGHEST WIND SPEED    36   HIGHEST WIND DIRECTION     N (360)
  HIGHEST GUST SPEED    45   HIGHEST GUST DIRECTION     N (340)
  AVERAGE WIND SPEED    15.4


SKY COVER
  POSSIBLE SUNSHINE  MM
  AVERAGE SKY COVER 0.2


WEATHER CONDITIONS
 THE FOLLOWING WEATHER WAS RECORDED YESTERDAY.
  LIGHT RAIN


RELATIVE HUMIDITY (PERCENT)
 HIGHEST    78           300 AM
 LOWEST     29          1100 AM
 AVERAGE    54

..........................................................


THE LINCOLN, NEBRASKA CLIMATE NORMALS FOR TODAY
                         NORMAL    RECORD    YEAR
 MAXIMUM TEMPERATURE (F)   47        68      1974
 MINIMUM TEMPERATURE (F)   24        -1      1898


SUNRISE AND SUNSET
NOVEMBER 22 2017......SUNRISE   723 AM CST   SUNSET   504 PM CST
NOVEMBER 23 2017......SUNRISE   724 AM CST   SUNSET   503 PM CST


-  INDICATES NEGATIVE NUMBERS.
R  INDICATES RECORD WAS SET OR TIED.
MM INDICATES DATA IS MISSING.
T  INDICATES TRACE AMOUNT.




$$
