865
CDUS43 KOAX 260625
CLILNK


CLIMATE REPORT
NATIONAL WEATHER SERVICE OMAHA NEBRASKA
120 AM CDT WED APR 26 2017


...................................

...THE LINCOLN, NEBRASKA CLIMATE SUMMARY FOR APRIL 25 2017...

CLIMATE NORMAL PERIOD 1981 TO 2010
CLIMATE RECORD PERIOD 1887 TO 2017


WEATHER ITEM   OBSERVED TIME   RECORD YEAR NORMAL DEPARTURE LAST
                VALUE   (LST)  VALUE       VALUE  FROM      YEAR
                                                  NORMAL
..................................................................
TEMPERATURE (F)
 YESTERDAY
  MAXIMUM         55   1208 AM  92    2012  68    -13       77
  MINIMUM         40   1159 PM  28    2013  43     -3       51
  AVERAGE         48                        55     -7       64

PRECIPITATION (IN)
  YESTERDAY        0.02          2.20 1904   0.11  -0.09     0.00
  MONTH TO DATE    1.64                      2.14  -0.50     2.32
  SINCE MAR 1      3.26                      4.07  -0.81     3.25
  SINCE JAN 1      4.91                      5.48  -0.57     4.84

SNOWFALL (IN)
  YESTERDAY        0.0                       0.0    0.0      0.0
  MONTH TO DATE    0.0                       1.3   -1.3      0.0
  SINCE JUL 1      7.5                      25.8  -18.3     20.5
  SNOW DEPTH       0

DEGREE DAYS
 HEATING
  YESTERDAY       17                        11      6        1
  MONTH TO DATE  243                       368   -125      240
  SINCE MAR 1    897                      1141   -244      778
  SINCE JUL 1   4780                      5844  -1064     4695

 COOLING
  YESTERDAY        0                         1     -1        0
  MONTH TO DATE   12                         8      4        7
  SINCE MAR 1     13                         9      4        8
  SINCE JAN 1     13                         9      4        8
..................................................................


WIND (MPH)
  HIGHEST WIND SPEED    24   HIGHEST WIND DIRECTION     N (340)
  HIGHEST GUST SPEED    30   HIGHEST GUST DIRECTION    NW (330)
  AVERAGE WIND SPEED    16.1


SKY COVER
  POSSIBLE SUNSHINE  MM
  AVERAGE SKY COVER 0.7


WEATHER CONDITIONS
 THE FOLLOWING WEATHER WAS RECORDED YESTERDAY.
  LIGHT RAIN
  FOG


RELATIVE HUMIDITY (PERCENT)
 HIGHEST    89           600 PM
 LOWEST     66          1200 AM
 AVERAGE    78

..........................................................


THE LINCOLN, NEBRASKA CLIMATE NORMALS FOR TODAY
                         NORMAL    RECORD    YEAR
 MAXIMUM TEMPERATURE (F)   68        97      1989
 MINIMUM TEMPERATURE (F)   43        27      1907


SUNRISE AND SUNSET
APRIL 26 2017.........SUNRISE   632 AM CDT   SUNSET   819 PM CDT
APRIL 27 2017.........SUNRISE   630 AM CDT   SUNSET   820 PM CDT


-  INDICATES NEGATIVE NUMBERS.
R  INDICATES RECORD WAS SET OR TIED.
MM INDICATES DATA IS MISSING.
T  INDICATES TRACE AMOUNT.


$$

BCM
