000
CDUS43 KOAX 280628
CLILNK


CLIMATE REPORT
NATIONAL WEATHER SERVICE OMAHA NEBRASKA
1228 AM CST TUE FEB 28 2017


...................................

...THE LINCOLN, NEBRASKA CLIMATE SUMMARY FOR FEBRUARY 27 2017...

CLIMATE NORMAL PERIOD 1981 TO 2010
CLIMATE RECORD PERIOD 1887 TO 2017


WEATHER ITEM   OBSERVED TIME   RECORD YEAR NORMAL DEPARTURE LAST
                VALUE   (LST)  VALUE       VALUE  FROM      YEAR
                                                  NORMAL
..................................................................
TEMPERATURE (F)
 YESTERDAY
  MAXIMUM         58    303 PM  77    2016  45     13       77
  MINIMUM         16    655 AM -10    1890  22     -6       26
  AVERAGE         37                        33      4       52

PRECIPITATION (IN)
  YESTERDAY        0.00          1.92 1958   0.03  -0.03     0.00
  MONTH TO DATE    0.55                      0.74  -0.19     0.76
  SINCE DEC 1      3.27                      2.33   0.94     6.01
  SINCE JAN 1      1.65                      1.38   0.27     1.59

SNOWFALL (IN)
  YESTERDAY        0.0                       0.1   -0.1      0.0
  MONTH TO DATE    2.0                       5.4   -3.4      7.3
  SINCE JUL 1      6.9                      19.5  -12.6     20.5
  SNOW DEPTH       0

DEGREE DAYS
 HEATING
  YESTERDAY       28                        32     -4       13
  MONTH TO DATE  718                       975   -257      831
  SINCE DEC 1   3052                      3411   -359     2981
  SINCE JUL 1   3860                      4672   -812     3881

 COOLING
  YESTERDAY        0                         0      0        0
  MONTH TO DATE    0                         0      0        0
  SINCE DEC 1      0                         0      0        0
  SINCE JAN 1      0                         0      0        0
..................................................................


WIND (MPH)
  HIGHEST WIND SPEED    26   HIGHEST WIND DIRECTION     S (170)
  HIGHEST GUST SPEED    32   HIGHEST GUST DIRECTION     S (160)
  AVERAGE WIND SPEED     6.7


SKY COVER
  POSSIBLE SUNSHINE  MM
  AVERAGE SKY COVER 0.1


WEATHER CONDITIONS
 THE FOLLOWING WEATHER WAS RECORDED YESTERDAY.
  NO SIGNIFICANT WEATHER WAS OBSERVED.


RELATIVE HUMIDITY (PERCENT)
 HIGHEST    92          1200 AM
 LOWEST     30           200 PM
 AVERAGE    61

..........................................................


THE LINCOLN, NEBRASKA CLIMATE NORMALS FOR TODAY
                         NORMAL    RECORD    YEAR
 MAXIMUM TEMPERATURE (F)   45        78      1972
 MINIMUM TEMPERATURE (F)   22       -12      1962


SUNRISE AND SUNSET
FEBRUARY 28 2017......SUNRISE   702 AM CST   SUNSET   617 PM CST
MARCH  1 2017.........SUNRISE   701 AM CST   SUNSET   619 PM CST


-  INDICATES NEGATIVE NUMBERS.
R  INDICATES RECORD WAS SET OR TIED.
MM INDICATES DATA IS MISSING.
T  INDICATES TRACE AMOUNT.




$$
