000
CDUS43 KOAX 110701
CLILNK


CLIMATE REPORT
NATIONAL WEATHER SERVICE OMAHA NEBRASKA
101 AM CST THU FEB 11 2016


...................................

...THE LINCOLN, NEBRASKA CLIMATE SUMMARY FOR FEBRUARY 10 2016...

CLIMATE NORMAL PERIOD 1981 TO 2010
CLIMATE RECORD PERIOD 1887 TO 2016


WEATHER ITEM   OBSERVED TIME   RECORD YEAR NORMAL DEPARTURE LAST
                VALUE   (LST)  VALUE       VALUE  FROM      YEAR
                                                  NORMAL
..................................................................
TEMPERATURE (F)
 YESTERDAY
  MAXIMUM         42    146 PM  75    1999  38      4       41
  MINIMUM         22   1159 PM -16    1905  16      6       29
  AVERAGE         32                        27      5       35

PRECIPITATION (IN)
  YESTERDAY        0.00          0.65 1898   0.03  -0.03     0.00
  MONTH TO DATE    0.75                      0.26   0.49     0.82
  SINCE DEC 1      6.00                      1.85   4.15     2.95
  SINCE JAN 1      1.58                      0.90   0.68     1.73

SNOWFALL (IN)
  YESTERDAY        0.0                       0.2   -0.2      0.0
  MONTH TO DATE    7.3                       2.2    5.1     11.5
  SINCE JUL 1     20.5                      16.3    4.2     20.5
  SNOW DEPTH       2

DEGREE DAYS
 HEATING
  YESTERDAY       33                        38     -5       30
  MONTH TO DATE  375                       386    -11      404
  SINCE DEC 1   2525                      2822   -297     2574
  SINCE JUL 1   3425                      4083   -658     3883

 COOLING
  YESTERDAY        0                         0      0        0
  MONTH TO DATE    0                         0      0        0
  SINCE DEC 1      0                         0      0        0
  SINCE JAN 1      0                         0      0        0
..................................................................


WIND (MPH)
  HIGHEST WIND SPEED    18   HIGHEST WIND DIRECTION    NE (030)
  HIGHEST GUST SPEED    21   HIGHEST GUST DIRECTION    NE (030)
  AVERAGE WIND SPEED     8.4


SKY COVER
  POSSIBLE SUNSHINE  MM
  AVERAGE SKY COVER 0.4


WEATHER CONDITIONS
 THE FOLLOWING WEATHER WAS RECORDED YESTERDAY.
  NO SIGNIFICANT WEATHER WAS OBSERVED.


RELATIVE HUMIDITY (PERCENT)
 HIGHEST    88          1000 PM
 LOWEST     60           300 PM
 AVERAGE    74

..........................................................


THE LINCOLN, NEBRASKA CLIMATE NORMALS FOR TODAY
                         NORMAL    RECORD    YEAR
 MAXIMUM TEMPERATURE (F)   39        75      1951
 MINIMUM TEMPERATURE (F)   17       -26      1899


SUNRISE AND SUNSET
FEBRUARY 11 2016......SUNRISE   727 AM CST   SUNSET   556 PM CST
FEBRUARY 12 2016......SUNRISE   725 AM CST   SUNSET   557 PM CST


-  INDICATES NEGATIVE NUMBERS.
R  INDICATES RECORD WAS SET OR TIED.
MM INDICATES DATA IS MISSING.
T  INDICATES TRACE AMOUNT.




$$
