000
CDUS43 KOAX 250627
CLILNK


CLIMATE REPORT
NATIONAL WEATHER SERVICE OMAHA NEBRASKA
125 AM CDT FRI JUL 25 2014


...................................

...THE LINCOLN, NEBRASKA CLIMATE SUMMARY FOR JULY 24 2014...

CLIMATE NORMAL PERIOD 1981 TO 2010
CLIMATE RECORD PERIOD 1887 TO 2014


WEATHER ITEM   OBSERVED TIME   RECORD YEAR NORMAL DEPARTURE LAST
                VALUE   (LST)  VALUE       VALUE  FROM      YEAR
                                                  NORMAL
..................................................................
TEMPERATURE (F)
 YESTERDAY
  MAXIMUM         89    255 PM 111    1940  89      0       88
                                      1936
  MINIMUM         68    541 AM  52    1911  66      2       59
                                      1905
                                      1887
  AVERAGE         79                        78      1       74

PRECIPITATION (IN)
  YESTERDAY        T             3.07 1993   0.10  -0.10     0.00
  MONTH TO DATE    0.45                      2.68  -2.23     0.28
  SINCE JUN 1      6.35                      7.03  -0.68     2.77
  SINCE JAN 1     16.10                     17.37  -1.27    18.62

SNOWFALL (IN)
  YESTERDAY        0.0                       0.0    0.0      0.0
  MONTH TO DATE    0.0                       0.0    0.0      0.0
  SINCE JUL 1      0.0                       0.0    0.0      0.0
  SNOW DEPTH       0

DEGREE DAYS
 HEATING
  YESTERDAY        0                         0      0        0
  MONTH TO DATE    2                         0      2        0
  SINCE JUN 1      4                        16    -12       20
  SINCE JUL 1      2                         0      2        0

 COOLING
  YESTERDAY       14                        13      1        9
  MONTH TO DATE  249                       305    -56      318
  SINCE JUN 1    527                       547    -20      549
  SINCE JAN 1    687                       626     61      636
..................................................................


WIND (MPH)
  HIGHEST WIND SPEED    28   HIGHEST WIND DIRECTION     S (170)
  HIGHEST GUST SPEED    32   HIGHEST GUST DIRECTION     S (170)
  AVERAGE WIND SPEED    15.8


SKY COVER
  POSSIBLE SUNSHINE  MM
  AVERAGE SKY COVER 0.0


WEATHER CONDITIONS
 THE FOLLOWING WEATHER WAS RECORDED YESTERDAY.
  LIGHT RAIN


RELATIVE HUMIDITY (PERCENT)
 HIGHEST    76          1200 AM
 LOWEST     41           300 PM
 AVERAGE    59

..........................................................


THE LINCOLN, NEBRASKA CLIMATE NORMALS FOR TODAY
                         NORMAL    RECORD    YEAR
 MAXIMUM TEMPERATURE (F)   89       115      1936
 MINIMUM TEMPERATURE (F)   66        51      2004


SUNRISE AND SUNSET
JULY 25 2014..........SUNRISE   617 AM CDT   SUNSET   850 PM CDT
JULY 26 2014..........SUNRISE   618 AM CDT   SUNSET   849 PM CDT


-  INDICATES NEGATIVE NUMBERS.
R  INDICATES RECORD WAS SET OR TIED.
MM INDICATES DATA IS MISSING.
T  INDICATES TRACE AMOUNT.




$$
