000
CDUS43 KOAX 200711
CLILNK


CLIMATE REPORT
NATIONAL WEATHER SERVICE OMAHA NEBRASKA
110 AM CST TUE FEB 20 2018


...................................

...THE LINCOLN, NEBRASKA CLIMATE SUMMARY FOR FEBRUARY 19 2018...

CLIMATE NORMAL PERIOD 1981 TO 2010
CLIMATE RECORD PERIOD 1887 TO 2018


WEATHER ITEM   OBSERVED TIME   RECORD YEAR NORMAL DEPARTURE LAST
                VALUE   (LST)  VALUE       VALUE  FROM      YEAR
                                                  NORMAL
..................................................................
TEMPERATURE (F)
 YESTERDAY
  MAXIMUM         34   1204 AM  73    2017  41     -7       73
  MINIMUM         20    814 PM -15    1936  19      1       35
  AVERAGE         27                        30     -3       54

PRECIPITATION (IN)
  YESTERDAY        0.03          0.50 1891   0.03   0.00     0.00
  MONTH TO DATE    0.49                      0.50  -0.01     0.01
  SINCE DEC 1      1.28                      2.09  -0.81     2.73
  SINCE JAN 1      0.90                      1.14  -0.24     1.11

SNOWFALL (IN)
  YESTERDAY        0.1                       0.2   -0.1      0.0
  MONTH TO DATE    7.8                       4.0    3.8      0.2
  SINCE JUL 1     15.5                      18.1   -2.6      5.1
  SNOW DEPTH       0

DEGREE DAYS
 HEATING
  YESTERDAY       38                        35      3       11
  MONTH TO DATE  826                       710    116      521
  SINCE DEC 1   3229                      3146     83     2855
  SINCE JUL 1   4282                      4407   -125     3663

 COOLING
  YESTERDAY        0                         0      0        0
  MONTH TO DATE    0                         0      0        0
  SINCE DEC 1      0                         0      0        0
  SINCE JAN 1      0                         0      0        0
..................................................................


WIND (MPH)
  HIGHEST WIND SPEED    30   HIGHEST WIND DIRECTION     N (350)
  HIGHEST GUST SPEED    38   HIGHEST GUST DIRECTION     N (350)
  AVERAGE WIND SPEED    16.2


SKY COVER
  POSSIBLE SUNSHINE  MM
  AVERAGE SKY COVER 1.0


WEATHER CONDITIONS
 THE FOLLOWING WEATHER WAS RECORDED YESTERDAY.
  LT FREEZING RAIN
  SNOW
  LIGHT SNOW
  FOG


RELATIVE HUMIDITY (PERCENT)
 HIGHEST    92           200 AM
 LOWEST     84           600 PM
 AVERAGE    88

..........................................................


THE LINCOLN, NEBRASKA CLIMATE NORMALS FOR TODAY
                         NORMAL    RECORD    YEAR
 MAXIMUM TEMPERATURE (F)   42        71      1991
 MINIMUM TEMPERATURE (F)   20       -10      1918


SUNRISE AND SUNSET
FEBRUARY 20 2018......SUNRISE   714 AM CST   SUNSET   608 PM CST
FEBRUARY 21 2018......SUNRISE   713 AM CST   SUNSET   609 PM CST


-  INDICATES NEGATIVE NUMBERS.
R  INDICATES RECORD WAS SET OR TIED.
MM INDICATES DATA IS MISSING.
T  INDICATES TRACE AMOUNT.




$$
