000
CDUS43 KOAX 270629
CLILNK


CLIMATE REPORT
NATIONAL WEATHER SERVICE OMAHA NEBRASKA
1226 AM CST THU NOV 27 2014


...................................

...THE LINCOLN, NEBRASKA CLIMATE SUMMARY FOR NOVEMBER 26 2014...

CLIMATE NORMAL PERIOD 1981 TO 2010
CLIMATE RECORD PERIOD 1887 TO 2014


WEATHER ITEM   OBSERVED TIME   RECORD YEAR NORMAL DEPARTURE LAST
                VALUE   (LST)  VALUE       VALUE  FROM      YEAR
                                                  NORMAL
..................................................................
TEMPERATURE (F)
 YESTERDAY
  MAXIMUM         42   1228 AM  71    1894  44     -2       34
  MINIMUM         17   1123 PM  -2    1887  22     -5       11
  AVERAGE         30                        33     -3       23

PRECIPITATION (IN)
  YESTERDAY        0.00          1.31 1896   0.04  -0.04     0.00
  MONTH TO DATE    0.47                      1.27  -0.80     1.22
  SINCE SEP 1      9.82                      6.26   3.56     6.04
  SINCE JAN 1     33.52                     27.84   5.68    26.49

SNOWFALL (IN)
  YESTERDAY        0.0                       0.1   -0.1      0.0
  MONTH TO DATE    3.0                       1.6    1.4      0.2
  SINCE JUL 1      3.0                       2.3    0.7      0.2
  SNOW DEPTH       0

DEGREE DAYS
 HEATING
  YESTERDAY       35                        32      3       42
  MONTH TO DATE  783                       651    132      699
  SINCE SEP 1   1186                      1124     62     1152
  SINCE JUL 1   1188                      1130     58     1155

 COOLING
  YESTERDAY        0                         0      0        0
  MONTH TO DATE    0                         0      0        0
  SINCE SEP 1    126                       138    -12      221
  SINCE JAN 1   1237                      1173     64     1236
..................................................................


WIND (MPH)
  HIGHEST WIND SPEED    35   HIGHEST WIND DIRECTION     N (340)
  HIGHEST GUST SPEED    43   HIGHEST GUST DIRECTION    NW (330)
  AVERAGE WIND SPEED    18.4


SKY COVER
  POSSIBLE SUNSHINE  MM
  AVERAGE SKY COVER 0.7


WEATHER CONDITIONS
 THE FOLLOWING WEATHER WAS RECORDED YESTERDAY.
  NO SIGNIFICANT WEATHER WAS OBSERVED.


RELATIVE HUMIDITY (PERCENT)
 HIGHEST    82           200 AM
 LOWEST     63           300 PM
 AVERAGE    73

..........................................................


THE LINCOLN, NEBRASKA CLIMATE NORMALS FOR TODAY
                         NORMAL    RECORD    YEAR
 MAXIMUM TEMPERATURE (F)   44        68      1998
                                             1963
                                             1933
 MINIMUM TEMPERATURE (F)   22       -15      1887


SUNRISE AND SUNSET
NOVEMBER 27 2014......SUNRISE   728 AM CST   SUNSET   501 PM CST
NOVEMBER 28 2014......SUNRISE   729 AM CST   SUNSET   501 PM CST


-  INDICATES NEGATIVE NUMBERS.
R  INDICATES RECORD WAS SET OR TIED.
MM INDICATES DATA IS MISSING.
T  INDICATES TRACE AMOUNT.


$$

BCM
