000
CDUS43 KOAX 220700
CLILNK


CLIMATE REPORT
NATIONAL WEATHER SERVICE OMAHA NEBRASKA
159 AM CDT FRI SEP 22 2017


...................................

...THE LINCOLN, NEBRASKA CLIMATE SUMMARY FOR SEPTEMBER 21 2017...

CLIMATE NORMAL PERIOD 1981 TO 2010
CLIMATE RECORD PERIOD 1887 TO 2017


WEATHER ITEM   OBSERVED TIME   RECORD YEAR NORMAL DEPARTURE LAST
                VALUE   (LST)  VALUE       VALUE  FROM      YEAR
                                                  NORMAL
..................................................................
TEMPERATURE (F)
 YESTERDAY
  MAXIMUM         95    234 PM 103    2005  77     18       94
  MINIMUM         59    537 AM  32    1999  51      8       75
  AVERAGE         77                        64     13       85

PRECIPITATION (IN)
  YESTERDAY        0.00          1.43 2006   0.10  -0.10     0.00
  MONTH TO DATE    0.46                      2.23  -1.77     3.03
  SINCE SEP 1      0.46                      2.23  -1.77     3.03
  SINCE JAN 1     30.29                     23.81   6.48    24.42

SNOWFALL (IN)
  YESTERDAY        0.0                       0.0    0.0      0.0
  MONTH TO DATE    0.0                       0.0    0.0      0.0
  SINCE JUL 1      0.0                       0.0    0.0      0.0
  SNOW DEPTH       0

DEGREE DAYS
 HEATING
  YESTERDAY        0                         4     -4        0
  MONTH TO DATE   18                        43    -25        9
  SINCE SEP 1     18                        43    -25        9
  SINCE JUL 1     18                        49    -31       10

 COOLING
  YESTERDAY       12                         3      9       20
  MONTH TO DATE  146                       105     41      164
  SINCE SEP 1    146                       105     41      164
  SINCE JAN 1   1176                      1140     36     1393
..................................................................


WIND (MPH)
  HIGHEST WIND SPEED    31   HIGHEST WIND DIRECTION     S (160)
  HIGHEST GUST SPEED    39   HIGHEST GUST DIRECTION     S (160)
  AVERAGE WIND SPEED    14.7


SKY COVER
  POSSIBLE SUNSHINE  MM
  AVERAGE SKY COVER 0.1


WEATHER CONDITIONS
 THE FOLLOWING WEATHER WAS RECORDED YESTERDAY.
  NO SIGNIFICANT WEATHER WAS OBSERVED.


RELATIVE HUMIDITY (PERCENT)
 HIGHEST    87           500 AM
 LOWEST     46           200 PM
 AVERAGE    67

..........................................................


THE LINCOLN, NEBRASKA CLIMATE NORMALS FOR TODAY
                         NORMAL    RECORD    YEAR
 MAXIMUM TEMPERATURE (F)   76        99      1937
 MINIMUM TEMPERATURE (F)   50        27      1995


SUNRISE AND SUNSET
SEPTEMBER 22 2017.....SUNRISE   715 AM CDT   SUNSET   724 PM CDT
SEPTEMBER 23 2017.....SUNRISE   716 AM CDT   SUNSET   722 PM CDT


-  INDICATES NEGATIVE NUMBERS.
R  INDICATES RECORD WAS SET OR TIED.
MM INDICATES DATA IS MISSING.
T  INDICATES TRACE AMOUNT.




$$
