000
CDUS43 KLOT 070642
CLILOT


CLIMATE REPORT
NATIONAL WEATHER SERVICE CHICAGO IL
1241 AM CST SUN FEB 7 2016


...................................

...THE ROMEOVILLE  WFO CLIMATE SUMMARY FOR FEBRUARY 6 2016...

CLIMATE NORMAL PERIOD 1981 TO 2010
CLIMATE RECORD PERIOD 1992 TO 2016


WEATHER ITEM   OBSERVED RECORD YEAR NORMAL DEPARTURE LAST
                VALUE   VALUE       VALUE  FROM      YEAR
                                           NORMAL
...........................................................
TEMPERATURE (F)
 YESTERDAY
  MAXIMUM         41     46    2005  33      8       32
  MINIMUM         24     -8    2014  17      7        9
  AVERAGE         33                 25      8       21

PRECIPITATION (IN)
  YESTERDAY        0.00   0.64 2008   0.05  -0.05     0.00
  MONTH TO DATE    0.79               0.33   0.46     1.14
  SINCE DEC 1      7.67               4.51   3.16     3.70
  SINCE JAN 1      1.82               2.26  -0.44     2.65

SNOWFALL (IN)
  YESTERDAY        0.0    4.7  2007   0.2   -0.2      0.0
  MONTH TO DATE    T                  1.6   -1.6     15.1
  SINCE DEC 1     11.1               21.7  -10.6     25.9
  SINCE JUL 1     15.8               22.6   -6.8     27.3
  SNOW DEPTH       0

DEGREE DAYS
 HEATING
  YESTERDAY       32                 40     -8
  MONTH TO DATE  202                243    -41
  SINCE DEC 1   2243               2705   -462
  SINCE JUL 1   3245               3924   -679

 COOLING
  YESTERDAY        0                  0      0
  MONTH TO DATE    0                  0      0
  SINCE DEC 1      0                  0      0
  SINCE JAN 1      0                  0      0
...........................................................







THE ROMEOVILLE  WFO CLIMATE NORMALS FOR TODAY
                         NORMAL    RECORD    YEAR
 MAXIMUM TEMPERATURE (F)   33        60      2009
 MINIMUM TEMPERATURE (F)   18       -10      2007


SUNRISE AND SUNSET
FEBRUARY  7 2016......SUNRISE   658 AM CST   SUNSET   515 PM CST
FEBRUARY  8 2016......SUNRISE   657 AM CST   SUNSET   516 PM CST


-  INDICATES NEGATIVE NUMBERS.
R  INDICATES RECORD WAS SET OR TIED.
MM INDICATES DATA IS MISSING.
T  INDICATES TRACE AMOUNT.




$$
