000
CDUS43 KLOT 210637
CLILOT


CLIMATE REPORT
NATIONAL WEATHER SERVICE CHICAGO IL
136 AM CDT THU AUG 21 2014


...................................

...THE ROMEOVILLE  WFO CLIMATE SUMMARY FOR AUGUST 20 2014...

CLIMATE NORMAL PERIOD 1981 TO 2010
CLIMATE RECORD PERIOD 1992 TO 2014


WEATHER ITEM   OBSERVED RECORD YEAR NORMAL DEPARTURE LAST
                VALUE   VALUE       VALUE  FROM      YEAR
                                           NORMAL
...........................................................
TEMPERATURE (F)
 YESTERDAY
  MAXIMUM         84     91    2010  82      2       87
  MINIMUM         63     49    1992  63      0       64
  AVERAGE         74                 72      2       76

PRECIPITATION (IN)
  YESTERDAY        0.05   2.06 2007   0.12  -0.07     0.00
  MONTH TO DATE    5.73               2.69   3.04     1.63
  SINCE JUN 1     19.29              11.74   7.55     6.76
  SINCE JAN 1     34.66              26.44   8.22    27.75

DEGREE DAYS
 HEATING
  YESTERDAY        0                  0      0
  MONTH TO DATE    3                  0      3
  SINCE JUN 1     24                 35    -11
  SINCE JUL 1     12                  2     10

 COOLING
  YESTERDAY        9                  7      2
  MONTH TO DATE  118                158    -40
  SINCE JUN 1    460                620   -160
  SINCE JAN 1    548                678   -130
...........................................................







THE ROMEOVILLE  WFO CLIMATE NORMALS FOR TODAY
                         NORMAL    RECORD    YEAR
 MAXIMUM TEMPERATURE (F)   82        94      2003
 MINIMUM TEMPERATURE (F)   62        49      1992


SUNRISE AND SUNSET
AUGUST 21 2014........SUNRISE   607 AM CDT   SUNSET   743 PM CDT
AUGUST 22 2014........SUNRISE   608 AM CDT   SUNSET   742 PM CDT


-  INDICATES NEGATIVE NUMBERS.
R  INDICATES RECORD WAS SET OR TIED.
MM INDICATES DATA IS MISSING.
T  INDICATES TRACE AMOUNT.




$$
