000
CDUS43 KLOT 232136
CLILOT


CLIMATE REPORT
NATIONAL WEATHER SERVICE CHICAGO IL
435 PM CDT MON OCT 23 2017


...................................

...THE ROMEOVILLE  WFO CLIMATE SUMMARY FOR OCTOBER 23 2017...
VALID TODAY AS OF 0400 PM LOCAL TIME.

CLIMATE NORMAL PERIOD 1981 TO 2010
CLIMATE RECORD PERIOD 1992 TO 2017


WEATHER ITEM   OBSERVED TIME   RECORD YEAR NORMAL DEPARTURE
                VALUE   (LST)  VALUE       VALUE  FROM
                                                  NORMAL
...............................................................
TEMPERATURE (F)
 TODAY
  MAXIMUM         53    100 PM  77    1992  60     -7
  MINIMUM         50        MM  28    2013  41      9
  AVERAGE         52                        51      1

PRECIPITATION (IN)
  TODAY            0.60          1.67 2009   0.10   0.50
  MONTH TO DATE    7.38                      2.56   4.82
  SINCE SEP 1      7.77                      5.69   2.08
  SINCE JAN 1     41.62                     33.51   8.11

SNOWFALL (IN)
  TODAY            0.0          MM      MM   0.0    0.0
  MONTH TO DATE    0.0                       0.0    0.0
  SINCE SEP 1      0.0                       0.0    0.0
  SINCE JUL 1      0.0                       0.0    0.0

DEGREE DAYS
 HEATING
  TODAY           13                        15     -2
  MONTH TO DATE   87                       258   -171
  SINCE SEP 1    136                       349   -213
  SINCE JUL 1    144                       357   -213

 COOLING
  TODAY            0                         0      0
  MONTH TO DATE   20                        12      8
  SINCE SEP 1    178                       106     72
  SINCE JAN 1    875                       859     16
...............................................................







THE ROMEOVILLE  WFO CLIMATE NORMALS FOR TOMORROW
                         NORMAL    RECORD    YEAR
 MAXIMUM TEMPERATURE (F)   60        79      2012
 MINIMUM TEMPERATURE (F)   41        26      1999


SUNRISE AND SUNSET
OCTOBER 23 2017.......SUNRISE   714 AM CDT   SUNSET   559 PM CDT
OCTOBER 24 2017.......SUNRISE   715 AM CDT   SUNSET   557 PM CDT


-  INDICATES NEGATIVE NUMBERS.
R  INDICATES RECORD WAS SET OR TIED.
MM INDICATES DATA IS MISSING.
T  INDICATES TRACE AMOUNT.




$$
