000
CDUS43 KLOT 030647
CLILOT


CLIMATE REPORT
NATIONAL WEATHER SERVICE CHICAGO IL
147 AM CDT MON AUG 3 2015


...................................

...THE ROMEOVILLE  WFO CLIMATE SUMMARY FOR AUGUST 2 2015...

CLIMATE NORMAL PERIOD 1981 TO 2010
CLIMATE RECORD PERIOD 1992 TO 2015


WEATHER ITEM   OBSERVED RECORD YEAR NORMAL DEPARTURE LAST
                VALUE   VALUE       VALUE  FROM      YEAR
                                           NORMAL
...........................................................
TEMPERATURE (F)
 YESTERDAY
  MAXIMUM         91     94    2006  83      8       83
  MINIMUM         66     55    2009  64      2       59
  AVERAGE         79                 73      6       71

PRECIPITATION (IN)
  YESTERDAY        0.50   1.16 2013   0.13   0.37     0.00
  MONTH TO DATE    0.50               0.26   0.24     1.99
  SINCE JUN 1     13.15               9.31   3.84    15.55
  SINCE JAN 1     25.06              24.01   1.05    30.92

DEGREE DAYS
 HEATING
  YESTERDAY        0                  0      0
  MONTH TO DATE    0                  0      0
  SINCE JUN 1     38                 35      3
  SINCE JUL 1     11                  2      9

 COOLING
  YESTERDAY       14                  8      6
  MONTH TO DATE   22                 16      6
  SINCE JUN 1    396                478    -82
  SINCE JAN 1    472                536    -64
...........................................................







THE ROMEOVILLE  WFO CLIMATE NORMALS FOR TODAY
                         NORMAL    RECORD    YEAR
 MAXIMUM TEMPERATURE (F)   83        96      2012
 MINIMUM TEMPERATURE (F)   64        54      2000


SUNRISE AND SUNSET
AUGUST  3 2015........SUNRISE   549 AM CDT   SUNSET   808 PM CDT
AUGUST  4 2015........SUNRISE   550 AM CDT   SUNSET   807 PM CDT


-  INDICATES NEGATIVE NUMBERS.
R  INDICATES RECORD WAS SET OR TIED.
MM INDICATES DATA IS MISSING.
T  INDICATES TRACE AMOUNT.




$$
