383
CDUS43 KJKL 300531 RRA
CLILOZ

CLIMATE REPORT
NATIONAL WEATHER SERVICE JACKSON KY
130 AM EDT SAT APR 30 2016

...................................

...THE LONDON KY CLIMATE SUMMARY FOR APRIL 29 2016...

CLIMATE NORMAL PERIOD 1981 TO 2010
CLIMATE RECORD PERIOD 1954 TO 2016


WEATHER ITEM   OBSERVED TIME   RECORD YEAR NORMAL DEPARTURE LAST
                VALUE   (LST)  VALUE       VALUE  FROM      YEAR
                                                  NORMAL
..................................................................
TEMPERATURE (F)
 YESTERDAY
  MAXIMUM         78    336 PM  86    1970  73      5       72
  MINIMUM         51    607 AM  30    1961  49      2       46
  AVERAGE         65                        60      5       59

PRECIPITATION (IN)
  YESTERDAY        0.00          1.33 1994   0.14  -0.14     0.00
  MONTH TO DATE    2.90                      3.92  -1.02     5.48
  SINCE MAR 1      5.03                      7.97  -2.94    10.81

SNOWFALL (IN)
  YESTERDAY       MM
  MONTH TO DATE   MM
  SINCE MAR 1     MM
  SINCE JUL 1     MM
  SNOW DEPTH      MM

DEGREE DAYS
 HEATING
  YESTERDAY        0                         6     -6        6
  MONTH TO DATE  228                       270    -42      183
  SINCE MAR 1    627                       819   -192      707
  SINCE JUL 1   3543                      4095   -552     4328

 COOLING
  YESTERDAY        0                         1     -1        0
  MONTH TO DATE   22                        21      1       23
  SINCE MAR 1     22                        24     -2       23
  SINCE JAN 1     22                        24     -2       23
..................................................................


WIND (MPH)
  HIGHEST WIND SPEED    15   HIGHEST WIND DIRECTION    NE (30)
  HIGHEST GUST SPEED    20   HIGHEST GUST DIRECTION    NE (30)
  AVERAGE WIND SPEED     3.5


SKY COVER
  POSSIBLE SUNSHINE  MM
  AVERAGE SKY COVER 0.0


WEATHER CONDITIONS
 THE FOLLOWING WEATHER WAS RECORDED YESTERDAY.
  FOG


RELATIVE HUMIDITY (PERCENT)
 HIGHEST    96           500 AM
 LOWEST     31           200 PM
 AVERAGE    64

..........................................................


THE LONDON KY CLIMATE NORMALS FOR TODAY
                         NORMAL    RECORD    YEAR
 MAXIMUM TEMPERATURE (F)   73        89      1962
 MINIMUM TEMPERATURE (F)   49        33      2008
                                             1988


SUNRISE AND SUNSET
APRIL 30 2016.........SUNRISE   642 AM EDT   SUNSET   825 PM EDT
MAY  1 2016...........SUNRISE   641 AM EDT   SUNSET   826 PM EDT


-  INDICATES NEGATIVE NUMBERS.
R  INDICATES RECORD WAS SET OR TIED.
MM INDICATES DATA IS MISSING.
T  INDICATES TRACE AMOUNT.




$$
