468
CDUS43 KJKL 250523
CLILOZ

SDFCLILOZ 000
TTAA00 KJKL 250522

CLIMATE REPORT
NATIONAL WEATHER SERVICE JACKSON KY
122 AM EDT SUN SEP 25 2016

...................................

...THE LONDON KY CLIMATE SUMMARY FOR SEPTEMBER 24 2016...

CLIMATE NORMAL PERIOD 1981 TO 2010
CLIMATE RECORD PERIOD 1954 TO 2016


WEATHER ITEM   OBSERVED TIME   RECORD YEAR NORMAL DEPARTURE LAST
                VALUE   (LST)  VALUE       VALUE  FROM      YEAR
                                                  NORMAL
..................................................................
TEMPERATURE (F)
 YESTERDAY
  MAXIMUM         90    308 PM  94    2007  77     13       84
  MINIMUM         60    634 AM  32    1983  53      7       58
  AVERAGE         75                        65     10       71

PRECIPITATION (IN)
  YESTERDAY        0.00          0.87 1988   0.11  -0.11     0.00
  MONTH TO DATE    1.06                      2.69  -1.63     2.31
  SINCE SEP 1      1.06                      2.69  -1.63     2.31

SNOWFALL (IN)
  YESTERDAY       MM
  MONTH TO DATE   MM
  SINCE SEP 1     MM
  SINCE JUL 1     MM
  SNOW DEPTH      MM

DEGREE DAYS
 HEATING
  YESTERDAY        0                         3     -3        0
  MONTH TO DATE    0                        23    -23       12
  SINCE SEP 1      0                        23    -23       12
  SINCE JUL 1      0                        24    -24       12

 COOLING
  YESTERDAY       10                         3      7        6
  MONTH TO DATE  216                       129     87      166
  SINCE SEP 1    216                       129     87      166
  SINCE JAN 1   1439                      1153    286     1337
..................................................................

WIND (MPH)
  HIGHEST WIND SPEED     9   HIGHEST WIND DIRECTION     N (360)
  HIGHEST GUST SPEED    13   HIGHEST GUST DIRECTION    NE (30)
  AVERAGE WIND SPEED     1.0

SKY COVER
  POSSIBLE SUNSHINE  MM
  AVERAGE SKY COVER 0.1

WEATHER CONDITIONS
 THE FOLLOWING WEATHER WAS RECORDED YESTERDAY.
  FOG

RELATIVE HUMIDITY (PERCENT)
 HIGHEST    97           500 AM
 LOWEST     39           200 PM
 AVERAGE    68

..........................................................

THE LONDON KY CLIMATE NORMALS FOR TODAY
                         NORMAL    RECORD    YEAR
 MAXIMUM TEMPERATURE (F)   76        90      2007
                                             1961
 MINIMUM TEMPERATURE (F)   53        35      1965


SUNRISE AND SUNSET
SEPTEMBER 25 2016.....SUNRISE   727 AM EDT   SUNSET   728 PM EDT
SEPTEMBER 26 2016.....SUNRISE   728 AM EDT   SUNSET   726 PM EDT


-  INDICATES NEGATIVE NUMBERS.
R  INDICATES RECORD WAS SET OR TIED.
MM INDICATES DATA IS MISSING.
T  INDICATES TRACE AMOUNT.


$$

JVM
