000
CDUS44 KCRP 010931
CLILRD

CLIMATE REPORT
NATIONAL WEATHER SERVICE CORPUS CHRISTI TX
429 AM CDT SAT AUG 1 2015

...................................

...THE LAREDO CLIMATE SUMMARY FOR JULY 31 2015...

CLIMATE NORMAL PERIOD 1981 TO 2010
CLIMATE RECORD PERIOD 1900 TO 2015


WEATHER ITEM   OBSERVED TIME   RECORD YEAR NORMAL DEPARTURE LAST
                VALUE   (LST)  VALUE       VALUE  FROM      YEAR
                                                  NORMAL
..................................................................
TEMPERATURE (F)
 YESTERDAY
  MAXIMUM        102    445 PM 112    1991 100      2      106
  MINIMUM         77    928 PM  62    1908  77      0       81
  AVERAGE         90                        89      1       94

PRECIPITATION (IN)
  YESTERDAY        0.06          1.04 1903   0.04   0.02     0.00
  MONTH TO DATE    0.06                      2.01  -1.95     1.34
  SINCE JUN 1      1.26                      4.24  -2.98     1.89
  SINCE JAN 1     19.96                     11.11   8.85     6.92

SNOWFALL (IN)
  YESTERDAY        0.0
  MONTH TO DATE    0.0
  SINCE JUN 1      0.0
  SINCE JUL 1      0.0

DEGREE DAYS
 HEATING
  YESTERDAY        0                         0      0        0
  MONTH TO DATE    0                         0      0        0
  SINCE JUN 1      0                         0      0        0
  SINCE JUL 1      0                         0      0        0

 COOLING
  YESTERDAY       25                        24      1       29
  MONTH TO DATE  759                       713     46      763
  SINCE JUN 1   1359                      1373    -14     1499
  SINCE JAN 1   2301                      2516   -215     2624
..................................................................


WIND (MPH)
  HIGHEST WIND SPEED    31   HIGHEST WIND DIRECTION    NE (60)
  HIGHEST GUST SPEED    41   HIGHEST GUST DIRECTION    NE (60)
  AVERAGE WIND SPEED     6.6


SKY COVER
  POSSIBLE SUNSHINE  MM
  AVERAGE SKY COVER 0.1


WEATHER CONDITIONS
 THE FOLLOWING WEATHER WAS RECORDED YESTERDAY.
  LIGHT RAIN
  HAZE


RELATIVE HUMIDITY (PERCENT)
 HIGHEST    82           800 PM
 LOWEST     29           400 PM

..........................................................


THE LAREDO CLIMATE NORMALS FOR TODAY
                         NORMAL    RECORD    YEAR
 MAXIMUM TEMPERATURE (F)  100       108      1999
 MINIMUM TEMPERATURE (F)   77        62      1936


SUNRISE AND SUNSET
AUGUST  1 2015........SUNRISE   701 AM CDT   SUNSET   827 PM CDT
AUGUST  2 2015........SUNRISE   702 AM CDT   SUNSET   826 PM CDT


-  INDICATES NEGATIVE NUMBERS.
R  INDICATES RECORD WAS SET OR TIED.
MM INDICATES DATA IS MISSING.
T  INDICATES TRACE AMOUNT.

$$

87
