000
CDUS44 KCRP 260039 RRA
CLILRD

CLIMATE REPORT
NATIONAL WEATHER SERVICE CORPUS CHRISTI TX
735 PM CDT THU MAY 25 2017


...................................

...THE LAREDO CLIMATE SUMMARY FOR MAY 25 2017...
VALID TODAY AS OF 700 PM LOCAL TIME.

CLIMATE NORMAL PERIOD 1981 TO 2010
CLIMATE RECORD PERIOD 1900 TO 2017


WEATHER ITEM   OBSERVED TIME   RECORD YEAR NORMAL DEPARTURE LAST
                VALUE   (LST)  VALUE       VALUE  FROM      YEAR
                                                  NORMAL
..................................................................
TEMPERATURE (F)
 TODAY
  MAXIMUM        100        MM 109    1989  95      5       94
  MINIMUM         68        MM  60    1918  73     -5       79
  AVERAGE         84                        84      0       87

PRECIPITATION (IN)
  TODAY            0.00          2.30 1936   0.08  -0.08      T
  MONTH TO DATE    4.08                      1.99   2.09     2.33
  SINCE MAR 1      7.90                      4.53   3.37     8.21
  SINCE JAN 1      8.87                      6.37   2.50    10.10

SNOWFALL (IN)
  TODAY            0.0
  MONTH TO DATE    0.0
  SINCE MAR 1      0.0
  SINCE JUL 1      0.0

DEGREE DAYS
 HEATING
  TODAY            0                         0      0        0
  MONTH TO DATE    0                         0      0        0
  SINCE MAR 1     16                        82    -66       18
  SINCE JUL 1    396                       926   -530      594

 COOLING
  TODAY           19                        19      0       22
  MONTH TO DATE  425                       423      2      377
  SINCE MAR 1   1093                       938    155     1018
  SINCE JAN 1   1399                      1023    376     1136
..................................................................


WIND (MPH)
  HIGHEST WIND SPEED    21   HIGHEST WIND DIRECTION     S (160)
  HIGHEST GUST SPEED    27   HIGHEST GUST DIRECTION     S (160)


SKY COVER
  POSSIBLE SUNSHINE  MM
  AVERAGE SKY COVER 0.0


WEATHER CONDITIONS
 THE FOLLOWING WEATHER WAS RECORDED TODAY.
  NO SIGNIFICANT WEATHER WAS OBSERVED.


RELATIVE HUMIDITY (PERCENT)
 HIGHEST    73           600 AM
 LOWEST     38           500 PM
 AVERAGE    56

..........................................................


THE LAREDO CLIMATE NORMALS FOR TOMORROW
                         NORMAL    RECORD    YEAR
 MAXIMUM TEMPERATURE (F)   96       109      1973
 MINIMUM TEMPERATURE (F)   74        59      1941


SUNRISE AND SUNSET
MAY 25 2017...........SUNRISE   644 AM CDT   SUNSET   825 PM CDT
MAY 26 2017...........SUNRISE   644 AM CDT   SUNSET   826 PM CDT


-  INDICATES NEGATIVE NUMBERS.
R  INDICATES RECORD WAS SET OR TIED.
MM INDICATES DATA IS MISSING.
T  INDICATES TRACE AMOUNT.




$$
