000
CDUS44 KCRP 210857
CLILRD

CLIMATE REPORT
NATIONAL WEATHER SERVICE CORPUS CHRISTI TX
352 AM CDT THU SEP 21 2017


...................................

...THE LAREDO CLIMATE SUMMARY FOR SEPTEMBER 20 2017...

CLIMATE NORMAL PERIOD 1981 TO 2010
CLIMATE RECORD PERIOD 1900 TO 2017


WEATHER ITEM   OBSERVED TIME   RECORD YEAR NORMAL DEPARTURE LAST
                VALUE   (LST)  VALUE       VALUE  FROM      YEAR
                                                  NORMAL
..................................................................
TEMPERATURE (F)
 YESTERDAY
  MAXIMUM        103        MM 106    1932  92     11      101
  MINIMUM         79        MM  53    1913  72      7       76
  AVERAGE         91                        82      9       89

PRECIPITATION (IN)
  YESTERDAY        0.00          0.93 2010   0.08  -0.08     0.00
  MONTH TO DATE    0.46                      2.06  -1.60     1.17
  SINCE SEP 1      0.46                      2.06  -1.60     1.17
  SINCE JAN 1     13.05                     15.05  -2.00    18.25

SNOWFALL (IN)
  YESTERDAY        0.0
  MONTH TO DATE    0.0
  SINCE SEP 1      0.0
  SINCE JUL 1      0.0

DEGREE DAYS
 HEATING
  YESTERDAY        0                         0      0        0
  MONTH TO DATE    0                         0      0        0
  SINCE SEP 1      0                         0      0        0
  SINCE JUL 1      0                         0      0        0

 COOLING
  YESTERDAY       26                        17      9       24
  MONTH TO DATE  407                       385     22      451
  SINCE SEP 1    407                       385     22      451
  SINCE JAN 1   4132                      3628    504     3870
..................................................................


WIND (MPH)
  HIGHEST WIND SPEED    20   HIGHEST WIND DIRECTION     S (160)
  HIGHEST GUST SPEED    24   HIGHEST GUST DIRECTION    SE (140)
  AVERAGE WIND SPEED    13.7


SKY COVER
  POSSIBLE SUNSHINE  MM
  AVERAGE SKY COVER 0.0


WEATHER CONDITIONS
 THE FOLLOWING WEATHER WAS RECORDED YESTERDAY.
  NO SIGNIFICANT WEATHER WAS OBSERVED.


RELATIVE HUMIDITY (PERCENT)
 HIGHEST    79           400 AM
 LOWEST     31           300 PM

..........................................................


THE LAREDO CLIMATE NORMALS FOR TODAY
                         NORMAL    RECORD    YEAR
 MAXIMUM TEMPERATURE (F)   92       110      1926
 MINIMUM TEMPERATURE (F)   71        57      1983


SUNRISE AND SUNSET
SEPTEMBER 21 2017.....SUNRISE   726 AM CDT   SUNSET   735 PM CDT
SEPTEMBER 22 2017.....SUNRISE   726 AM CDT   SUNSET   734 PM CDT


-  INDICATES NEGATIVE NUMBERS.
R  INDICATES RECORD WAS SET OR TIED.
MM INDICATES DATA IS MISSING.
T  INDICATES TRACE AMOUNT.




$$
