000
CDUS44 KCRP 181045 RRA
CLILRD

CLIMATE REPORT
NATIONAL WEATHER SERVICE CORPUS CHRISTI TX
443 AM CST SAT NOV 18 2017

...THE LAREDO CLIMATE SUMMARY FOR NOVEMBER 17 2017...

CLIMATE NORMAL PERIOD 1981 TO 2010
CLIMATE RECORD PERIOD 1900 TO 2017


WEATHER ITEM   OBSERVED TIME   RECORD YEAR NORMAL DEPARTURE LAST
                VALUE   (LST)  VALUE       VALUE  FROM      YEAR
                                                  NORMAL
..................................................................
TEMPERATURE (F)
 YESTERDAY
  MAXIMUM         89        MM 101    1906  76     13       88
  MINIMUM         69        MM  31    1926  55     14       63
  AVERAGE         79                        65     14       76

PRECIPITATION (IN)
  YESTERDAY        0.00          1.93 1950   0.04  -0.04     0.00
  MONTH TO DATE    0.62                      0.74  -0.12     0.67
  SINCE SEP 1      9.68                      5.88   3.80     5.80
  SINCE JAN 1     22.27                     18.87   3.40    22.88

SNOWFALL (IN)
  YESTERDAY        0.0
  MONTH TO DATE    0.0
  SINCE SEP 1      0.0
  SINCE JUL 1      0.0

DEGREE DAYS
 HEATING
  YESTERDAY        0                         3     -3        0
  MONTH TO DATE   20                        37    -17        0
  SINCE SEP 1     43                        49     -6        0
  SINCE JUL 1     43                        49     -6        0

 COOLING
  YESTERDAY       14                         4     10       11
  MONTH TO DATE  160                        92     68      154
  SINCE SEP 1   1077                       978     99     1240
  SINCE JAN 1   4802                      4221    581     4659
..................................................................


WIND (MPH)
  HIGHEST WIND SPEED    MM   HIGHEST WIND DIRECTION    MM
  HIGHEST GUST SPEED    MM   HIGHEST GUST DIRECTION    MM
  AVERAGE WIND SPEED    13.0


SKY COVER
  POSSIBLE SUNSHINE  MM
  AVERAGE SKY COVER 0.3


WEATHER CONDITIONS
 THE FOLLOWING WEATHER WAS RECORDED YESTERDAY.
  NO SIGNIFICANT WEATHER WAS OBSERVED.


RELATIVE HUMIDITY (PERCENT)
 HIGHEST    97           300 AM
 LOWEST     44           300 PM

..........................................................


THE LAREDO CLIMATE NORMALS FOR TODAY
                         NORMAL    RECORD    YEAR
 MAXIMUM TEMPERATURE (F)   75        92      1921
 MINIMUM TEMPERATURE (F)   54        31      1959


SUNRISE AND SUNSET
NOVEMBER 18 2017......SUNRISE   701 AM CST   SUNSET   545 PM CST
NOVEMBER 19 2017......SUNRISE   702 AM CST   SUNSET   544 PM CST


-  INDICATES NEGATIVE NUMBERS.
R  INDICATES RECORD WAS SET OR TIED.
MM INDICATES DATA IS MISSING.
T  INDICATES TRACE AMOUNT.

$$

87
