000
CDUS44 KCRP 190042 RRA
CLILRD

CLIMATE REPORT
NATIONAL WEATHER SERVICE CORPUS CHRISTI TX
636 PM CST THU JAN 18 2018


...................................

...THE LAREDO CLIMATE SUMMARY FOR JANUARY 18 2018...
VALID TODAY AS OF 600 PM LOCAL TIME.

CLIMATE NORMAL PERIOD 1981 TO 2010
CLIMATE RECORD PERIOD 1900 TO 2018


WEATHER ITEM   OBSERVED TIME   RECORD YEAR NORMAL DEPARTURE LAST
                VALUE   (LST)  VALUE       VALUE  FROM      YEAR
                                                  NORMAL
..................................................................
TEMPERATURE (F)
 TODAY
  MAXIMUM         43        MM  98    1914  67    -24       67
  MINIMUM         34        MM  22    1930  46    -12       52
  AVERAGE         39                        57    -18       60

PRECIPITATION (IN)
  TODAY            0.00          0.82 1932   0.03  -0.03      T
  MONTH TO DATE    0.10                      0.52  -0.42     0.01
  SINCE DEC 1      2.79                      1.40   1.39     1.63
  SINCE JAN 1      0.10                      0.52  -0.42     0.01

SNOWFALL (IN)
  TODAY            0.0
  MONTH TO DATE    T
  SINCE DEC 1      1.3
  SINCE JUL 1      1.3

DEGREE DAYS
 HEATING
  TODAY           26                         9     17        5
  MONTH TO DATE  255                       178     77       94
  SINCE DEC 1    568                       453    115      273
  SINCE JUL 1    637                       568     69      290

 COOLING
  TODAY            0                         1     -1        0
  MONTH TO DATE    1                        18    -17       76
  SINCE DEC 1     44                        53     -9      139
  SINCE JAN 1      1                        18    -17       76
..................................................................


WIND (MPH)
  HIGHEST WIND SPEED    MM   HIGHEST WIND DIRECTION    MM
  HIGHEST GUST SPEED    MM   HIGHEST GUST DIRECTION    MM


SKY COVER
  POSSIBLE SUNSHINE  MM
  AVERAGE SKY COVER 1.0


WEATHER CONDITIONS
 THE FOLLOWING WEATHER WAS RECORDED TODAY.
  NO SIGNIFICANT WEATHER WAS OBSERVED.


RELATIVE HUMIDITY (PERCENT)
 HIGHEST    57           300 PM
 LOWEST     44          1200 AM
 AVERAGE    51

..........................................................


THE LAREDO CLIMATE NORMALS FOR TOMORROW
                         NORMAL    RECORD    YEAR
 MAXIMUM TEMPERATURE (F)   67        90      1953
 MINIMUM TEMPERATURE (F)   46        23      1940


SUNRISE AND SUNSET
JANUARY 18 2018.......SUNRISE   729 AM CST   SUNSET   608 PM CST
JANUARY 19 2018.......SUNRISE   729 AM CST   SUNSET   609 PM CST


-  INDICATES NEGATIVE NUMBERS.
R  INDICATES RECORD WAS SET OR TIED.
MM INDICATES DATA IS MISSING.
T  INDICATES TRACE AMOUNT.




$$
