000
CDUS44 KCRP 250655 RRA
CLILRD

CLIMATE REPORT
NATIONAL WEATHER SERVICE CORPUS CHRISTI TX
154 AM CDT SAT MAR 25 2017


...................................

...THE LAREDO CLIMATE SUMMARY FOR MARCH 24 2017...

CLIMATE NORMAL PERIOD 1981 TO 2010
CLIMATE RECORD PERIOD 1900 TO 2017


WEATHER ITEM   OBSERVED TIME   RECORD YEAR NORMAL DEPARTURE LAST
                VALUE   (LST)  VALUE       VALUE  FROM      YEAR
                                                  NORMAL
..................................................................
TEMPERATURE (F)
 YESTERDAY
  MAXIMUM         90        MM 103    1954  82      8       78
  MINIMUM         68        MM  38    1974  59      9       57
  AVERAGE         79                        70      9       68

PRECIPITATION (IN)
  YESTERDAY        T             1.42 1940   0.04  -0.04     0.00
  MONTH TO DATE    2.34                      0.91   1.43     3.97
  SINCE MAR 1      2.34                      0.91   1.43     3.97
  SINCE JAN 1      3.31                      2.75   0.56     5.86

SNOWFALL (IN)
  YESTERDAY        0.0
  MONTH TO DATE    0.0
  SINCE MAR 1      0.0
  SINCE JUL 1      0.0

DEGREE DAYS
 HEATING
  YESTERDAY        0                         1     -1        0
  MONTH TO DATE   16                        62    -46       18
  SINCE MAR 1     16                        62    -46       18
  SINCE JUL 1    396                       906   -510      594

 COOLING
  YESTERDAY       14                         7      7        3
  MONTH TO DATE  184                       120     64      195
  SINCE MAR 1    184                       120     64      195
  SINCE JAN 1    490                       205    285      313
..................................................................


WIND (MPH)
  HIGHEST WIND SPEED    23   HIGHEST WIND DIRECTION    SE (140)
  HIGHEST GUST SPEED    31   HIGHEST GUST DIRECTION    SE (140)
  AVERAGE WIND SPEED    10.1


SKY COVER
  POSSIBLE SUNSHINE  MM
  AVERAGE SKY COVER 0.1


WEATHER CONDITIONS
 THE FOLLOWING WEATHER WAS RECORDED YESTERDAY.
  NO SIGNIFICANT WEATHER WAS OBSERVED.


RELATIVE HUMIDITY (PERCENT)
 HIGHEST    81           700 AM
 LOWEST     38           500 PM

..........................................................


THE LAREDO CLIMATE NORMALS FOR TODAY
                         NORMAL    RECORD    YEAR
 MAXIMUM TEMPERATURE (F)   82       100      1995
 MINIMUM TEMPERATURE (F)   59        35      1930


SUNRISE AND SUNSET
MARCH 25 2017.........SUNRISE   736 AM CDT   SUNSET   752 PM CDT
MARCH 26 2017.........SUNRISE   735 AM CDT   SUNSET   752 PM CDT


-  INDICATES NEGATIVE NUMBERS.
R  INDICATES RECORD WAS SET OR TIED.
MM INDICATES DATA IS MISSING.
T  INDICATES TRACE AMOUNT.




$$
