000
CDUS44 KCRP 290817
CLILRD

CLIMATE REPORT
NATIONAL WEATHER SERVICE CORPUS CHRISTI TX
314 AM CDT MON AUG 29 2016

...................................

...THE LAREDO CLIMATE SUMMARY FOR AUGUST 28 2016...

CLIMATE NORMAL PERIOD 1981 TO 2010
CLIMATE RECORD PERIOD 1900 TO 2016

WEATHER ITEM   OBSERVED TIME   RECORD YEAR NORMAL DEPARTURE LAST
                VALUE   (LST)  VALUE       VALUE  FROM      YEAR
                                                  NORMAL
..................................................................
TEMPERATURE (F)
 YESTERDAY
  MAXIMUM         96        MM 109    2011  98     -2      100
  MINIMUM         76        MM  61    1973  77     -1       71
  AVERAGE         86                        87     -1       86

PRECIPITATION (IN)
  YESTERDAY        0.00          2.05 1946   0.09  -0.09     0.00
  MONTH TO DATE    2.85                      1.58   1.27     0.03
  SINCE JUN 1      6.11                      5.82   0.29     1.29
  SINCE JAN 1     16.62                     12.69   3.93    19.99

SNOWFALL (IN)
  YESTERDAY        0.0
  MONTH TO DATE    0.0
  SINCE JUN 1      0.0
  SINCE JUL 1      0.0

DEGREE DAYS
 HEATING
  YESTERDAY        0                         0      0        0
  MONTH TO DATE    0                         0      0        0
  SINCE JUN 1      0                         0      0        0
  SINCE JUL 1      0                         0      0        0

 COOLING
  YESTERDAY       21                        22     -1       21
  MONTH TO DATE  658                       663     -5      718
  SINCE JUN 1   2098                      2036     62     2077
  SINCE JAN 1   3362                      3179    183     3019
..................................................................

WIND (MPH)
  HIGHEST WIND SPEED    14   HIGHEST WIND DIRECTION    NE (40)
  HIGHEST GUST SPEED    MM   HIGHEST GUST DIRECTION    MM
  AVERAGE WIND SPEED     7.2

SKY COVER
  POSSIBLE SUNSHINE  MM
  AVERAGE SKY COVER 0.2

WEATHER CONDITIONS
 THE FOLLOWING WEATHER WAS RECORDED YESTERDAY.
  NO SIGNIFICANT WEATHER WAS OBSERVED.

RELATIVE HUMIDITY (PERCENT)
 HIGHEST    88           400 AM
 LOWEST     40           400 PM

..........................................................

THE LAREDO CLIMATE NORMALS FOR TODAY
                         NORMAL    RECORD    YEAR
 MAXIMUM TEMPERATURE (F)   98       109      2011
 MINIMUM TEMPERATURE (F)   76        65      1973

SUNRISE AND SUNSET
AUGUST 29 2016........SUNRISE   716 AM CDT   SUNSET   801 PM CDT
AUGUST 30 2016........SUNRISE   716 AM CDT   SUNSET   800 PM CDT

-  INDICATES NEGATIVE NUMBERS.
R  INDICATES RECORD WAS SET OR TIED.
MM INDICATES DATA IS MISSING.
T  INDICATES TRACE AMOUNT.

$$
