000
CDUS43 KARX 282142
CLILSE


CLIMATE REPORT
NATIONAL WEATHER SERVICE LA CROSSE WI
439 PM CDT SUN AUG 28 2016


...................................

...THE LA CROSSE WI CLIMATE SUMMARY FOR AUGUST 28 2016...
VALID TODAY AS OF 0400 PM LOCAL TIME.

CLIMATE NORMAL PERIOD 1981 TO 2010
CLIMATE RECORD PERIOD 1873 TO 2016


WEATHER ITEM   OBSERVED TIME   RECORD YEAR NORMAL DEPARTURE LAST
                VALUE   (LST)  VALUE       VALUE  FROM      YEAR
                                                  NORMAL
..................................................................
TEMPERATURE (F)
 TODAY
  MAXIMUM         83    259 PM  97    1955  80      3       67
  MINIMUM         67    725 AM  39    1891  60      7       59
  AVERAGE         75                        70      5       63

PRECIPITATION (IN)
  TODAY            0.00          1.80 1960   0.13  -0.13     1.49
  MONTH TO DATE    6.36                      3.90   2.46     2.80
  SINCE JUN 1     18.24                     12.50   5.74    10.12
  SINCE JAN 1     28.72                     23.57   5.15    22.71

SNOWFALL (IN)
  TODAY            0.0           0.0  2002   0.0    0.0      0.0
                                      2001
  MONTH TO DATE    0.0                       0.0    0.0      0.0
  SINCE JUL 1      0.0                       0.0    0.0      0.0
  SNOW DEPTH       0

DEGREE DAYS
 HEATING
  TODAY            0                         1     -1        2
  MONTH TO DATE    0                         8     -8       11
  SINCE JUL 1      0                        13    -13       14

 COOLING
  TODAY           10                         5      5        0
  MONTH TO DATE  270                       199     71      195
  SINCE JAN 1    886                       686    200      677
..................................................................


WIND (MPH)
  HIGHEST WIND SPEED     9   HIGHEST WIND DIRECTION     E (90)
  HIGHEST GUST SPEED    13   HIGHEST GUST DIRECTION    NE (60)
  AVERAGE WIND SPEED     4.9


SKY COVER
  POSSIBLE SUNSHINE  MM
  AVERAGE SKY COVER 0.9


WEATHER CONDITIONS
 THE FOLLOWING WEATHER WAS RECORDED TODAY.
  FOG


RELATIVE HUMIDITY (PERCENT)
 HIGHEST   100          1200 AM
 LOWEST     65           200 PM
 AVERAGE    83

..........................................................


THE LA CROSSE WI CLIMATE NORMALS FOR TOMORROW
                         NORMAL    RECORD    YEAR
 MAXIMUM TEMPERATURE (F)   79        95      1966
 MINIMUM TEMPERATURE (F)   59        40      1965
                                             1934
                                             1893


SUNRISE AND SUNSET
AUGUST 28 2016........SUNRISE   624 AM CDT   SUNSET   747 PM CDT
AUGUST 29 2016........SUNRISE   626 AM CDT   SUNSET   745 PM CDT


-  INDICATES NEGATIVE NUMBERS.
R  INDICATES RECORD WAS SET OR TIED.
MM INDICATES DATA IS MISSING.
T  INDICATES TRACE AMOUNT.




$$
