000
CDUS43 KARX 270726
CLILSE


CLIMATE REPORT
NATIONAL WEATHER SERVICE LA CROSSE WI
224 AM CDT FRI MAY 27 2016

...THE LA CROSSE WI CLIMATE SUMMARY FOR MAY 26 2016...

CLIMATE NORMAL PERIOD 1981 TO 2010
CLIMATE RECORD PERIOD 1873 TO 2016

WEATHER ITEM   OBSERVED TIME   RECORD YEAR NORMAL DEPARTURE LAST
                VALUE   (LST)  VALUE       VALUE  FROM      YEAR
                                                  NORMAL
..................................................................
TEMPERATURE (F)
 YESTERDAY
  MAXIMUM         84    412 PM  94    1967  74     10       70
  MINIMUM         61    647 AM  34    1925  52      9       61
  AVERAGE         73                        63     10       66

PRECIPITATION (IN)
  YESTERDAY        0.30          1.68 1935   0.12   0.18     1.10
  MONTH TO DATE    1.84                      2.92  -1.08     3.96
  SINCE MAR 1      6.53                      8.30  -1.77     8.93
  SINCE JAN 1      8.18                     10.47  -2.29    10.14

SNOWFALL (IN)
  YESTERDAY        0.0           0.0  2002   0.0    0.0      0.0
                                      2001
  MONTH TO DATE    0.0                       0.1   -0.1      0.0
  SINCE JUL 1     40.3                      43.4   -3.1     38.8
  SNOW DEPTH       0

DEGREE DAYS
 HEATING
  YESTERDAY        0                         4     -4        0
  MONTH TO DATE  192                       185      7      132
  SINCE JUL 1   5949                      7137  -1188     7039

 COOLING
  YESTERDAY        8                         2      6        1
  MONTH TO DATE   39                        30      9       42
  SINCE JAN 1     50                        37     13       43
..................................................................

WIND (MPH)
  HIGHEST WIND SPEED    33   HIGHEST WIND DIRECTION     W (280)
  HIGHEST GUST SPEED    43   HIGHEST GUST DIRECTION     W (280)
  AVERAGE WIND SPEED     6.7

SKY COVER
  POSSIBLE SUNSHINE  MM
  AVERAGE SKY COVER 0.2

WEATHER CONDITIONS
 THE FOLLOWING WEATHER WAS RECORDED YESTERDAY.
  THUNDERSTORM
  HEAVY RAIN
  RAIN
  LIGHT RAIN
  FOG

RELATIVE HUMIDITY (PERCENT)
 HIGHEST   100           400 AM
 LOWEST     40           400 PM
 AVERAGE    70
..........................................................

THE LA CROSSE WI CLIMATE NORMALS FOR TODAY
                         NORMAL    RECORD    YEAR
 MAXIMUM TEMPERATURE (F)   74        96      1874
 MINIMUM TEMPERATURE (F)   52        30      1971

SUNRISE AND SUNSET
MAY 27 2016...........SUNRISE   528 AM CDT   SUNSET   837 PM CDT
MAY 28 2016...........SUNRISE   528 AM CDT   SUNSET   838 PM CDT

-  INDICATES NEGATIVE NUMBERS.
R  INDICATES RECORD WAS SET OR TIED.
MM INDICATES DATA IS MISSING.
T  INDICATES TRACE AMOUNT.

$$

BOYNE
