000
CDUS43 KARX 032132
CLILSE


CLIMATE REPORT
NATIONAL WEATHER SERVICE LA CROSSE WI
431 PM CDT MON AUG 3 2015


...................................

...THE LA CROSSE WI CLIMATE SUMMARY FOR AUGUST 3 2015...
VALID TODAY AS OF 0430 PM LOCAL TIME.

CLIMATE NORMAL PERIOD 1981 TO 2010
CLIMATE RECORD PERIOD 1873 TO 2015


WEATHER ITEM   OBSERVED TIME   RECORD YEAR NORMAL DEPARTURE LAST
                VALUE   (LST)  VALUE       VALUE  FROM      YEAR
                                                  NORMAL
..................................................................
TEMPERATURE (F)
 TODAY
  MAXIMUM         82    235 PM 101    1988  83     -1       86
  MINIMUM         57    442 AM  44    1894  63     -6       67
  AVERAGE         70                        73     -3       77

PRECIPITATION (IN)
  TODAY            0.00          2.95 1924   0.14  -0.14      T
  MONTH TO DATE    0.00                      0.42  -0.42      T
  SINCE JUN 1      7.32                      9.02  -1.70    11.70
  SINCE JAN 1     19.91                     20.09  -0.18    24.86

SNOWFALL (IN)
  TODAY            0.0           0.0  2002   0.0    0.0      0.0
                                      2001
  MONTH TO DATE    0.0                       0.0    0.0      0.0
  SINCE JUL 1      0.0                       0.0    0.0      0.0
  SNOW DEPTH       0

DEGREE DAYS
 HEATING
  TODAY            0                         0      0        0
  MONTH TO DATE    0                         0      0        0
  SINCE JUL 1      3                         5     -2        3

 COOLING
  TODAY            5                         8     -3       12
  MONTH TO DATE   33                        24      9       31
  SINCE JAN 1    515                       511      4      510
..................................................................


WIND (MPH)
  HIGHEST WIND SPEED    18   HIGHEST WIND DIRECTION    NW (300)
  HIGHEST GUST SPEED    27   HIGHEST GUST DIRECTION    NW (320)
  AVERAGE WIND SPEED     7.8


SKY COVER
  POSSIBLE SUNSHINE  MM
  AVERAGE SKY COVER 0.0


WEATHER CONDITIONS
 THE FOLLOWING WEATHER WAS RECORDED TODAY.
  NO SIGNIFICANT WEATHER WAS OBSERVED.


RELATIVE HUMIDITY (PERCENT)
 HIGHEST    80           500 AM
 LOWEST     33           100 PM
 AVERAGE    57

..........................................................


THE LA CROSSE WI CLIMATE NORMALS FOR TOMORROW
                         NORMAL    RECORD    YEAR
 MAXIMUM TEMPERATURE (F)   83        99      1896
 MINIMUM TEMPERATURE (F)   63        45      1912


SUNRISE AND SUNSET
AUGUST  3 2015........SUNRISE   555 AM CDT   SUNSET   826 PM CDT
AUGUST  4 2015........SUNRISE   557 AM CDT   SUNSET   825 PM CDT


-  INDICATES NEGATIVE NUMBERS.
R  INDICATES RECORD WAS SET OR TIED.
MM INDICATES DATA IS MISSING.
T  INDICATES TRACE AMOUNT.




$$
