000
CDUS43 KARX 120642
CLILSE


CLIMATE REPORT
NATIONAL WEATHER SERVICE LA CROSSE WI
1242 AM CST TUE DEC 12 2017


...................................

...THE LA CROSSE WI CLIMATE SUMMARY FOR DECEMBER 11 2017...

CLIMATE NORMAL PERIOD 1981 TO 2010
CLIMATE RECORD PERIOD 1873 TO 2017


WEATHER ITEM   OBSERVED TIME   RECORD YEAR NORMAL DEPARTURE LAST
                VALUE   (LST)  VALUE       VALUE  FROM      YEAR
                                                  NORMAL
..................................................................
TEMPERATURE (F)
 YESTERDAY
  MAXIMUM         34    522 PM  57    1949  30      4       26
  MINIMUM         19   1050 PM -11    1936  16      3       18
  AVERAGE         27                        23      4       22

PRECIPITATION (IN)
  YESTERDAY        0.13          0.99 2010   0.05   0.08     0.30
  MONTH TO DATE    0.44                      0.58  -0.14     0.86
  SINCE DEC 1      0.44                      0.58  -0.14     0.86
  SINCE JAN 1     39.51                     32.28   7.23    43.43

SNOWFALL (IN)
  YESTERDAY        1.4          13.9  2010   0.4    1.0      5.8
  MONTH TO DATE    2.8                       4.2   -1.4     12.7
  SINCE JUL 1      2.8                       8.5   -5.7     12.7
  SNOW DEPTH       2

DEGREE DAYS
 HEATING
  YESTERDAY       38                        42     -4       43
  MONTH TO DATE  371                       441    -70      402
  SINCE JUL 1   1608                      1941   -333     1261

 COOLING
  YESTERDAY        0                         0      0        0
  MONTH TO DATE    0                         0      0        0
  SINCE JAN 1   1001                       782    219     1033
..................................................................


WIND (MPH)
  HIGHEST WIND SPEED    29   HIGHEST WIND DIRECTION     N (340)
  HIGHEST GUST SPEED    40   HIGHEST GUST DIRECTION    NW (330)
  AVERAGE WIND SPEED    10.8


SKY COVER
  POSSIBLE SUNSHINE  MM
  AVERAGE SKY COVER 0.9


WEATHER CONDITIONS
 THE FOLLOWING WEATHER WAS RECORDED YESTERDAY.
  SNOW
  LIGHT SNOW
  FOG
  HAZE


RELATIVE HUMIDITY (PERCENT)
 HIGHEST    92           400 AM
 LOWEST     55          1000 PM
 AVERAGE    74

..........................................................


THE LA CROSSE WI CLIMATE NORMALS FOR TODAY
                         NORMAL    RECORD    YEAR
 MAXIMUM TEMPERATURE (F)   30        57      1968
 MINIMUM TEMPERATURE (F)   15       -13      1958


SUNRISE AND SUNSET
DECEMBER 12 2017......SUNRISE   730 AM CST   SUNSET   427 PM CST
DECEMBER 13 2017......SUNRISE   731 AM CST   SUNSET   428 PM CST


-  INDICATES NEGATIVE NUMBERS.
R  INDICATES RECORD WAS SET OR TIED.
MM INDICATES DATA IS MISSING.
T  INDICATES TRACE AMOUNT.




$$
