000
CDUS43 KARX 270712
CLILSE


CLIMATE REPORT
NATIONAL WEATHER SERVICE LA CROSSE WI
211 AM CDT FRI MAR 27 2015


...................................

...THE LA CROSSE WI CLIMATE SUMMARY FOR MARCH 26 2015...

CLIMATE NORMAL PERIOD 1981 TO 2010
CLIMATE RECORD PERIOD 1873 TO 2015


WEATHER ITEM   OBSERVED TIME   RECORD YEAR NORMAL DEPARTURE LAST
                VALUE   (LST)  VALUE       VALUE  FROM      YEAR
                                                  NORMAL
..................................................................
TEMPERATURE (F)
 YESTERDAY
  MAXIMUM         38    307 PM  83    2007  49    -11       43
  MINIMUM         27   1159 PM  -2    1965  29     -2       14
  AVERAGE         33                        39     -6       29

PRECIPITATION (IN)
  YESTERDAY        0.00          1.09 1967   0.08  -0.08      T
  MONTH TO DATE    0.78                      1.64  -0.86     0.67
  SINCE MAR 1      0.78                      1.64  -0.86     0.67
  SINCE JAN 1      1.99                      3.81  -1.82     3.03

SNOWFALL (IN)
  YESTERDAY        0.0           5.6  1959   0.2   -0.2       T
  MONTH TO DATE    9.9                       6.4    3.5      5.7
  SINCE JUL 1     38.3                      40.9   -2.6     46.6
  SNOW DEPTH       1

DEGREE DAYS
 HEATING
  YESTERDAY       32                        26      6       36
  MONTH TO DATE  758                       822    -64     1044
  SINCE JUL 1   6364                      6331     33     7234

 COOLING
  YESTERDAY        0                         0      0        0
  MONTH TO DATE    0                         0      0        0
  SINCE JAN 1      0                         0      0        0
..................................................................


WIND (MPH)
  HIGHEST WIND SPEED    21   HIGHEST WIND DIRECTION    NW (310)
  HIGHEST GUST SPEED    25   HIGHEST GUST DIRECTION    NW (310)
  AVERAGE WIND SPEED    11.9


SKY COVER
  POSSIBLE SUNSHINE  MM
  AVERAGE SKY COVER 0.9


WEATHER CONDITIONS
 THE FOLLOWING WEATHER WAS RECORDED YESTERDAY.
  NO SIGNIFICANT WEATHER WAS OBSERVED.


RELATIVE HUMIDITY (PERCENT)
 HIGHEST    64          1200 AM
 LOWEST     47           500 PM
 AVERAGE    56

..........................................................


THE LA CROSSE WI CLIMATE NORMALS FOR TODAY
                         NORMAL    RECORD    YEAR
 MAXIMUM TEMPERATURE (F)   49        78      2012
 MINIMUM TEMPERATURE (F)   30         7      1874


SUNRISE AND SUNSET
MARCH 27 2015.........SUNRISE   656 AM CDT   SUNSET   726 PM CDT
MARCH 28 2015.........SUNRISE   654 AM CDT   SUNSET   727 PM CDT


-  INDICATES NEGATIVE NUMBERS.
R  INDICATES RECORD WAS SET OR TIED.
MM INDICATES DATA IS MISSING.
T  INDICATES TRACE AMOUNT.




$$
