000
CDUS46 KMTR 260035
CLILVK


CLIMATE REPORT
NATIONAL WEATHER SERVICE SAN FRANCISCO BAY AREA
435 PM PST SUN JAN 25 2015


...................................

...THE LIVERMORE AIRPORT CLIMATE SUMMARY FOR JANUARY 25 2015...
VALID TODAY AS OF 0400 PM LOCAL TIME.

CLIMATE NORMAL PERIOD 1981 TO 2010
CLIMATE RECORD PERIOD 1930 TO 2015


WEATHER ITEM   OBSERVED TIME   RECORD YEAR NORMAL DEPARTURE LAST
                VALUE   (LST)  VALUE       VALUE  FROM      YEAR
                                                  NORMAL
..................................................................
TEMPERATURE (F)
 TODAY
  MAXIMUM         66    354 PM  74    2014  56     10       74
  MINIMUM         42    742 AM  21    1950  38      4       39
  AVERAGE         54                        47      7       57

PRECIPITATION (IN)
  TODAY            0.00          1.55 1969   0.07  -0.07     0.00
  MONTH TO DATE    0.00                      2.55  -2.55      T
  SINCE JUL 1      9.83                      8.36   1.47     2.38
  SINCE JAN 1      0.00                      2.55  -2.55      T

DEGREE DAYS
 HEATING
  TODAY           11                        18     -7        8
  MONTH TO DATE  354                       465   -111      308
  SINCE DEC 1    656                      1024   -368      841
  SINCE JUL 1    887                      1496   -609     1159

 COOLING
  TODAY            0                         0      0        0
  MONTH TO DATE    0                         0      0        0
  SINCE DEC 1      0                         0      0        0
  SINCE JAN 1      0                         0      0        0
..................................................................


WIND (MPH)
  RESULTANT WIND SPEED   4   RESULTANT WIND DIRECTION   E (70)
  HIGHEST WIND SPEED    14   HIGHEST WIND DIRECTION    NE (60)
  HIGHEST GUST SPEED    16   HIGHEST GUST DIRECTION    NE (60)
  AVERAGE WIND SPEED     4.8


SKY COVER
  POSSIBLE SUNSHINE  MM
  AVERAGE SKY COVER 0.5


WEATHER CONDITIONS
 THE FOLLOWING WEATHER WAS RECORDED TODAY.
  FOG
  HAZE


RELATIVE HUMIDITY (PERCENT)
 HIGHEST    89           200 AM
 LOWEST     40           300 PM
 AVERAGE    65

..........................................................


THE LIVERMORE AIRPORT CLIMATE NORMALS FOR TOMORROW
                         NORMAL    RECORD    YEAR
 MAXIMUM TEMPERATURE (F)   57        73      2014
 MINIMUM TEMPERATURE (F)   38        22      1949


SUNRISE AND SUNSET
JANUARY 25 2015.......SUNRISE   716 AM PST   SUNSET   523 PM PST
JANUARY 26 2015.......SUNRISE   716 AM PST   SUNSET   524 PM PST


-  INDICATES NEGATIVE NUMBERS.
R  INDICATES RECORD WAS SET OR TIED.
MM INDICATES DATA IS MISSING.
T  INDICATES TRACE AMOUNT.




$$
