000
CDUS46 KMTR 300033
CLILVK


CLIMATE REPORT
NATIONAL WEATHER SERVICE SAN FRANCISCO BAY AREA
533 PM PDT TUE JUL 29 2014


...................................

...THE LIVERMORE AIRPORT CLIMATE SUMMARY FOR JULY 29 2014...
VALID TODAY AS OF 0500 PM LOCAL TIME.

CLIMATE NORMAL PERIOD 1981 TO 2010
CLIMATE RECORD PERIOD 1930 TO 2014


WEATHER ITEM   OBSERVED TIME   RECORD YEAR NORMAL DEPARTURE LAST
                VALUE   (LST)  VALUE       VALUE  FROM      YEAR
                                                  NORMAL
..................................................................
TEMPERATURE (F)
 TODAY
  MAXIMUM         97    156 PM 108    1954  88      9       81
  MINIMUM         65    551 AM  48    1961  57      8       55
  AVERAGE         81                        73      8       68

PRECIPITATION (IN)
  TODAY            0.00          0.00 2006   0.00   0.00     0.00
  MONTH TO DATE    T                         0.00   0.00     0.00
  SINCE JUL 1      T                         0.00   0.00     0.00
  SINCE JAN 1      4.88                      9.90  -5.02     2.12

DEGREE DAYS
 HEATING
  TODAY            0                         0      0        0
  MONTH TO DATE    0                         0      0        0
  SINCE JUN 1      4                        32    -28        5
  SINCE JUL 1      0                         0      0        0

 COOLING
  TODAY           16                         8      8        3
  MONTH TO DATE  296                       218     78      267
  SINCE JUN 1    489                       328    161      457
  SINCE JAN 1    615                       381    234      558
..................................................................


WIND (MPH)
  RESULTANT WIND SPEED   6   RESULTANT WIND DIRECTION   W (280)
  HIGHEST WIND SPEED    20   HIGHEST WIND DIRECTION     W (280)
  HIGHEST GUST SPEED    23   HIGHEST GUST DIRECTION     W (280)
  AVERAGE WIND SPEED     6.8


SKY COVER
  POSSIBLE SUNSHINE  MM
  AVERAGE SKY COVER 0.0


WEATHER CONDITIONS
 THE FOLLOWING WEATHER WAS RECORDED TODAY.
  NO SIGNIFICANT WEATHER WAS OBSERVED.


RELATIVE HUMIDITY (PERCENT)
 HIGHEST    73           400 AM
 LOWEST     12           100 PM
 AVERAGE    43

..........................................................


THE LIVERMORE AIRPORT CLIMATE NORMALS FOR TOMORROW
                         NORMAL    RECORD    YEAR
 MAXIMUM TEMPERATURE (F)   88       107      1979
 MINIMUM TEMPERATURE (F)   57        46      1975


SUNRISE AND SUNSET
JULY 29 2014..........SUNRISE   609 AM PDT   SUNSET   818 PM PDT
JULY 30 2014..........SUNRISE   609 AM PDT   SUNSET   817 PM PDT


-  INDICATES NEGATIVE NUMBERS.
R  INDICATES RECORD WAS SET OR TIED.
MM INDICATES DATA IS MISSING.
T  INDICATES TRACE AMOUNT.




$$
