000
CDUS45 KBYZ 250938
CLILVM


CLIMATE REPORT
NATIONAL WEATHER SERVICE BILLINGS MT
336 AM MDT THU AUG 25 2016


...................................

...THE LIVINGSTON MT CLIMATE SUMMARY FOR AUGUST 24 2016...

CLIMATE NORMAL PERIOD 1981 TO 2010
CLIMATE RECORD PERIOD 1948 TO 2016


WEATHER ITEM   OBSERVED TIME   RECORD YEAR NORMAL DEPARTURE LAST
                VALUE   (LST)  VALUE       VALUE  FROM      YEAR
                                                  NORMAL
..................................................................
TEMPERATURE (F)
 YESTERDAY
  MAXIMUM         68    355 PM 100    1969  82    -14       93
  MINIMUM         42    254 AM  34    1992  46     -4       41
  AVERAGE         55                        64     -9       67

PRECIPITATION (IN)
  YESTERDAY        0.05          2.61 1979   0.04   0.01     0.00
  MONTH TO DATE    1.16                      0.86   0.30     1.18
  SINCE OCT 1     12.05                     13.35  -1.30    11.83
  SINCE JAN 1      8.35                     10.98  -2.63    10.04

DEGREE DAYS
 HEATING
  YESTERDAY       10                         3      7        0
  MONTH TO DATE   34                        40     -6       57
  SINCE JUN 1    145                       297   -152      121
  SINCE JUL 1     67                        90    -23       67

 COOLING
  YESTERDAY        0                         2     -2        2
  MONTH TO DATE   69                        77     -8       94
  SINCE JUN 1    291                       205     86      308
  SINCE JAN 1    291                       206     85      309
..................................................................


WIND (MPH)
  HIGHEST WIND SPEED    24   HIGHEST WIND DIRECTION    SE (150)
  HIGHEST GUST SPEED    28   HIGHEST GUST DIRECTION    SE (150)
  AVERAGE WIND SPEED    11.8


SKY COVER
  POSSIBLE SUNSHINE  MM
  AVERAGE SKY COVER 0.4


WEATHER CONDITIONS
 THE FOLLOWING WEATHER WAS RECORDED YESTERDAY.
  RAIN


RELATIVE HUMIDITY (PERCENT)
 HIGHEST    76           300 AM
 LOWEST     32           400 PM
 AVERAGE    54

..........................................................


THE LIVINGSTON MT CLIMATE NORMALS FOR TODAY
                         NORMAL    RECORD    YEAR
 MAXIMUM TEMPERATURE (F)   82       100      2008
 MINIMUM TEMPERATURE (F)   45        28      2012
                                             1992


SUNRISE AND SUNSET
AUGUST 25 2016........SUNRISE   635 AM MDT   SUNSET   811 PM MDT
AUGUST 26 2016........SUNRISE   636 AM MDT   SUNSET   810 PM MDT


-  INDICATES NEGATIVE NUMBERS.
R  INDICATES RECORD WAS SET OR TIED.
MM INDICATES DATA IS MISSING.
T  INDICATES TRACE AMOUNT.





&&

THIS IS AN AUTOMATED...UNATTENDED WEATHER STATION AND MAY
UNDERESTIMATE WINTER PRECIPITATION.

$$
