000
CDUS45 KBYZ 182326
CLILVM


CLIMATE REPORT
NATIONAL WEATHER SERVICE BILLINGS MT
425 PM MST WED JAN 18 2017


...................................

...THE LIVINGSTON MT CLIMATE SUMMARY FOR JANUARY 18 2017...
VALID TODAY AS OF 0400 PM LOCAL TIME.

CLIMATE NORMAL PERIOD 1981 TO 2010
CLIMATE RECORD PERIOD 1948 TO 2017


WEATHER ITEM   OBSERVED TIME   RECORD YEAR NORMAL DEPARTURE LAST
                VALUE   (LST)  VALUE       VALUE  FROM      YEAR
                                                  NORMAL
..................................................................
TEMPERATURE (F)
 TODAY
  MAXIMUM         48    259 PM  53    2015  37     11       41
  MINIMUM         39    831 AM -23    1963  18     21       25
  AVERAGE         44                        27     17       33

PRECIPITATION (IN)
  TODAY            0.00          0.35 1958   0.02  -0.02     0.07
  MONTH TO DATE    0.18                      0.29  -0.11     0.11
  SINCE OCT 1      4.11                      2.66   1.45     3.81
  SINCE JAN 1      0.18                      0.29  -0.11     0.11

DEGREE DAYS
 HEATING
  TODAY           21                        38    -17       32
  MONTH TO DATE  890                       688    202      693
  SINCE DEC 1   2319                      1894    425     1824
  SINCE JUL 1   3817                      3853    -36     3501

 COOLING
  TODAY            0                         0      0        0
  MONTH TO DATE    0                         0      0        0
  SINCE DEC 1      0                         0      0        0
  SINCE JAN 1      0                         0      0        0
..................................................................


WIND (MPH)
  HIGHEST WIND SPEED    45   HIGHEST WIND DIRECTION    SW (210)
  HIGHEST GUST SPEED    56   HIGHEST GUST DIRECTION    SW (210)
  AVERAGE WIND SPEED    31.7


SKY COVER
  POSSIBLE SUNSHINE  MM
  AVERAGE SKY COVER 0.0


WEATHER CONDITIONS
 THE FOLLOWING WEATHER WAS RECORDED TODAY.
  NO SIGNIFICANT WEATHER WAS OBSERVED.


RELATIVE HUMIDITY (PERCENT)
 HIGHEST    37           100 AM
 LOWEST     24           200 PM
 AVERAGE    31

..........................................................


THE LIVINGSTON MT CLIMATE NORMALS FOR TOMORROW
                         NORMAL    RECORD    YEAR
 MAXIMUM TEMPERATURE (F)   37        59      1986
 MINIMUM TEMPERATURE (F)   18       -27      1962


SUNRISE AND SUNSET
JANUARY 18 2017.......SUNRISE   756 AM MST   SUNSET   509 PM MST
JANUARY 19 2017.......SUNRISE   756 AM MST   SUNSET   510 PM MST


-  INDICATES NEGATIVE NUMBERS.
R  INDICATES RECORD WAS SET OR TIED.
MM INDICATES DATA IS MISSING.
T  INDICATES TRACE AMOUNT.





&&

THIS IS AN AUTOMATED...UNATTENDED WEATHER STATION AND MAY
UNDERESTIMATE WINTER PRECIPITATION.

$$
