000
CDUS45 KBYZ 120723
CLILVM


CLIMATE REPORT
NATIONAL WEATHER SERVICE BILLINGS MT
1223 AM MST TUE DEC 12 2017


...................................

...THE LIVINGSTON MT CLIMATE SUMMARY FOR DECEMBER 11 2017...

CLIMATE NORMAL PERIOD 1981 TO 2010
CLIMATE RECORD PERIOD 1948 TO 2017


WEATHER ITEM   OBSERVED TIME   RECORD YEAR NORMAL DEPARTURE LAST
                VALUE   (LST)  VALUE       VALUE  FROM      YEAR
                                                  NORMAL
..................................................................
TEMPERATURE (F)
 YESTERDAY
  MAXIMUM         48    130 PM  60    2004  35     13       32
                                      1993
  MINIMUM         29    803 AM -24    2000  17     12        7
  AVERAGE         39                        26     13       20

PRECIPITATION (IN)
  YESTERDAY        0.00          0.55 1956   0.02  -0.02      T
  MONTH TO DATE    0.07                      0.22  -0.15     0.23
  SINCE OCT 1      2.34                      2.07   0.27     3.80
  SINCE JAN 1     16.24                     14.51   1.73    13.79

DEGREE DAYS
 HEATING
  YESTERDAY       26                        39    -13       45
  MONTH TO DATE  318                       420   -102      512
  SINCE DEC 1    318                       420   -102      512
  SINCE JUL 1   2141                      2379   -238     2010

 COOLING
  YESTERDAY        0                         0      0        0
  MONTH TO DATE    0                         0      0        0
  SINCE DEC 1      0                         0      0        0
  SINCE JAN 1    397                       230    167      330
..................................................................


WIND (MPH)
  HIGHEST WIND SPEED    28   HIGHEST WIND DIRECTION     W (280)
  HIGHEST GUST SPEED    36   HIGHEST GUST DIRECTION    SW (230)
  AVERAGE WIND SPEED    17.8


SKY COVER
  POSSIBLE SUNSHINE  MM
  AVERAGE SKY COVER 0.0


WEATHER CONDITIONS
 THE FOLLOWING WEATHER WAS RECORDED YESTERDAY.
  NO SIGNIFICANT WEATHER WAS OBSERVED.


RELATIVE HUMIDITY (PERCENT)
 HIGHEST    59          1000 PM
 LOWEST     27          1200 AM
 AVERAGE    43

..........................................................


THE LIVINGSTON MT CLIMATE NORMALS FOR TODAY
                         NORMAL    RECORD    YEAR
 MAXIMUM TEMPERATURE (F)   35        64      2014
 MINIMUM TEMPERATURE (F)   17       -17      2000


SUNRISE AND SUNSET
DECEMBER 12 2017......SUNRISE   754 AM MST   SUNSET   438 PM MST
DECEMBER 13 2017......SUNRISE   754 AM MST   SUNSET   438 PM MST


-  INDICATES NEGATIVE NUMBERS.
R  INDICATES RECORD WAS SET OR TIED.
MM INDICATES DATA IS MISSING.
T  INDICATES TRACE AMOUNT.




$$
