000
CDUS45 KBYZ 290931
CLILVM


CLIMATE REPORT
NATIONAL WEATHER SERVICE BILLINGS MT
330 AM MDT SUN MAY 29 2016


...................................

...THE LIVINGSTON MT CLIMATE SUMMARY FOR MAY 28 2016...

CLIMATE NORMAL PERIOD 1981 TO 2010
CLIMATE RECORD PERIOD 1948 TO 2016


WEATHER ITEM   OBSERVED TIME   RECORD YEAR NORMAL DEPARTURE LAST
                VALUE   (LST)  VALUE       VALUE  FROM      YEAR
                                                  NORMAL
..................................................................
TEMPERATURE (F)
 YESTERDAY
  MAXIMUM         62    600 PM  88    1958  68     -6       62
  MINIMUM         44    241 AM  30    1984  40      4       48
  AVERAGE         53                        54     -1       55

PRECIPITATION (IN)
  YESTERDAY        0.11          1.16 2010   0.09   0.02     0.57
  MONTH TO DATE    2.34                      2.35  -0.01     3.88
  SINCE OCT 1      8.70                      8.32   0.38     8.36
  SINCE JAN 1      5.00                      5.95  -0.95     6.57

DEGREE DAYS
 HEATING
  YESTERDAY       12                        11      1       10
  MONTH TO DATE  385                       415    -30      430
  SINCE MAR 1   1684                      2015   -331     1658
  SINCE JUL 1   6287                      7363  -1076     6272

 COOLING
  YESTERDAY        0                         0      0        0
  MONTH TO DATE    0                         0      0        0
  SINCE MAR 1      0                         0      0        0
  SINCE JAN 1      0                         0      0        0
..................................................................


WIND (MPH)
  HIGHEST WIND SPEED    29   HIGHEST WIND DIRECTION    SW (240)
  HIGHEST GUST SPEED    36   HIGHEST GUST DIRECTION    SW (240)
  AVERAGE WIND SPEED     9.2


SKY COVER
  POSSIBLE SUNSHINE  MM
  AVERAGE SKY COVER 0.8


WEATHER CONDITIONS
 THE FOLLOWING WEATHER WAS RECORDED YESTERDAY.
  LIGHT RAIN


RELATIVE HUMIDITY (PERCENT)
 HIGHEST    93          1200 AM
 LOWEST     49           600 PM
 AVERAGE    71

..........................................................


THE LIVINGSTON MT CLIMATE NORMALS FOR TODAY
                         NORMAL    RECORD    YEAR
 MAXIMUM TEMPERATURE (F)   68        88      2003
 MINIMUM TEMPERATURE (F)   40        29      1954


SUNRISE AND SUNSET
MAY 29 2016...........SUNRISE   537 AM MDT   SUNSET   902 PM MDT
MAY 30 2016...........SUNRISE   537 AM MDT   SUNSET   903 PM MDT


-  INDICATES NEGATIVE NUMBERS.
R  INDICATES RECORD WAS SET OR TIED.
MM INDICATES DATA IS MISSING.
T  INDICATES TRACE AMOUNT.





&&

THIS IS AN AUTOMATED...UNATTENDED WEATHER STATION AND MAY
UNDERESTIMATE WINTER PRECIPITATION.

$$
