551
CDUS45 KBYZ 272223
CLILVM


CLIMATE REPORT
NATIONAL WEATHER SERVICE BILLINGS MT
423 PM MDT TUE JUN 27 2017


...................................

...THE LIVINGSTON MT CLIMATE SUMMARY FOR JUNE 27 2017...
VALID TODAY AS OF 0400 PM LOCAL TIME.

CLIMATE NORMAL PERIOD 1981 TO 2010
CLIMATE RECORD PERIOD 1948 TO 2017


WEATHER ITEM   OBSERVED TIME   RECORD YEAR NORMAL DEPARTURE LAST
                VALUE   (LST)  VALUE       VALUE  FROM      YEAR
                                                  NORMAL
..................................................................
TEMPERATURE (F)
 TODAY
  MAXIMUM         78   1112 AM  96    2015  78      0       87
  MINIMUM         57    458 AM  35    2011  46     11       44
                                      1985
  AVERAGE         68                        62      6       66

PRECIPITATION (IN)
  TODAY            T             0.75 1971   0.06  -0.06     0.00
  MONTH TO DATE    1.54                      2.22  -0.68     0.61
  SINCE OCT 1     13.57                     10.85   2.72     9.38
  SINCE JAN 1      9.64                      8.48   1.16     5.68

DEGREE DAYS
 HEATING
  TODAY            0                         4     -4        0
  MONTH TO DATE  144                       196    -52       78
  SINCE JUN 1    144                       196    -52       78
  SINCE JUL 1   7134                      7592   -458     6398

 COOLING
  TODAY            3                         1      2        1
  MONTH TO DATE   23                        11     12       46
  SINCE JUN 1     23                        11     12       46
  SINCE JAN 1     23                        12     11       46
..................................................................


WIND (MPH)
  HIGHEST WIND SPEED    30   HIGHEST WIND DIRECTION     W (290)
  HIGHEST GUST SPEED    37   HIGHEST GUST DIRECTION     W (280)
  AVERAGE WIND SPEED    14.6


SKY COVER
  POSSIBLE SUNSHINE  MM
  AVERAGE SKY COVER 0.3


WEATHER CONDITIONS
 THE FOLLOWING WEATHER WAS RECORDED TODAY.
  THUNDERSTORM
  LIGHT RAIN


RELATIVE HUMIDITY (PERCENT)
 HIGHEST    72           500 AM
 LOWEST     35          1100 AM
 AVERAGE    54

..........................................................


THE LIVINGSTON MT CLIMATE NORMALS FOR TOMORROW
                         NORMAL    RECORD    YEAR
 MAXIMUM TEMPERATURE (F)   78        98      2015
 MINIMUM TEMPERATURE (F)   47        36      1969


SUNRISE AND SUNSET
JUNE 27 2017..........SUNRISE   534 AM MDT   SUNSET   915 PM MDT
JUNE 28 2017..........SUNRISE   535 AM MDT   SUNSET   915 PM MDT


-  INDICATES NEGATIVE NUMBERS.
R  INDICATES RECORD WAS SET OR TIED.
MM INDICATES DATA IS MISSING.
T  INDICATES TRACE AMOUNT.




$$
