000
CDUS45 KBYZ 172223
CLILVM


CLIMATE REPORT
NATIONAL WEATHER SERVICE BILLINGS MT
423 PM MDT THU AUG 17 2017


...................................

...THE LIVINGSTON MT CLIMATE SUMMARY FOR AUGUST 17 2017...
VALID TODAY AS OF 0400 PM LOCAL TIME.

CLIMATE NORMAL PERIOD 1981 TO 2010
CLIMATE RECORD PERIOD 1948 TO 2017


WEATHER ITEM   OBSERVED TIME   RECORD YEAR NORMAL DEPARTURE LAST
                VALUE   (LST)  VALUE       VALUE  FROM      YEAR
                                                  NORMAL
..................................................................
TEMPERATURE (F)
 TODAY
  MAXIMUM         84    251 PM  95    2016  84      0       95
                                      2013
                                      1996
  MINIMUM         52    231 AM  29    2002  47      5       53
  AVERAGE         68                        66      2       74

PRECIPITATION (IN)
  TODAY            0.00          0.71 2005   0.03  -0.03     0.03
  MONTH TO DATE    0.68                      0.61   0.07     0.19
  SINCE OCT 1     14.78                     13.10   1.68    11.08
  SINCE JAN 1     10.85                     10.73   0.12     7.38

DEGREE DAYS
 HEATING
  TODAY            0                         2     -2        0
  MONTH TO DATE   16                        22     -6        6
  SINCE JUN 1    176                       279   -103      117
  SINCE JUL 1     18                        72    -54       39

 COOLING
  TODAY            3                         3      0        9
  MONTH TO DATE   24                        61    -37       63
  SINCE JUN 1    280                       189     91      285
  SINCE JAN 1    280                       190     90      285
..................................................................


WIND (MPH)
  HIGHEST WIND SPEED    23   HIGHEST WIND DIRECTION     W (280)
  HIGHEST GUST SPEED    30   HIGHEST GUST DIRECTION     W (280)
  AVERAGE WIND SPEED    11.1


SKY COVER
  POSSIBLE SUNSHINE  MM
  AVERAGE SKY COVER 0.3


WEATHER CONDITIONS
 THE FOLLOWING WEATHER WAS RECORDED TODAY.
  HAZE


RELATIVE HUMIDITY (PERCENT)
 HIGHEST    64           600 AM
 LOWEST     18           300 PM
 AVERAGE    41

..........................................................


THE LIVINGSTON MT CLIMATE NORMALS FOR TOMORROW
                         NORMAL    RECORD    YEAR
 MAXIMUM TEMPERATURE (F)   84        96      2013
                                             2008
                                             1964
 MINIMUM TEMPERATURE (F)   47        34      1987


SUNRISE AND SUNSET
AUGUST 17 2017........SUNRISE   625 AM MDT   SUNSET   826 PM MDT
AUGUST 18 2017........SUNRISE   626 AM MDT   SUNSET   824 PM MDT


-  INDICATES NEGATIVE NUMBERS.
R  INDICATES RECORD WAS SET OR TIED.
MM INDICATES DATA IS MISSING.
T  INDICATES TRACE AMOUNT.




$$
