000
CDUS45 KBYZ 030948
CLILVM


CLIMATE REPORT
NATIONAL WEATHER SERVICE BILLINGS MT
347 AM MDT WED JUN 3 2015


...................................

...THE LIVINGSTON MT CLIMATE SUMMARY FOR JUNE 2 2015...

CLIMATE NORMAL PERIOD 1981 TO 2010
CLIMATE RECORD PERIOD 1948 TO 2015


WEATHER ITEM   OBSERVED TIME   RECORD YEAR NORMAL DEPARTURE LAST
                VALUE   (LST)  VALUE       VALUE  FROM      YEAR
                                                  NORMAL
..................................................................
TEMPERATURE (F)
 YESTERDAY
  MAXIMUM         72    323 PM  88    1986  69      3       74
  MINIMUM         44    442 AM  28    1984  41      3       41
  AVERAGE         58                        55      3       58

PRECIPITATION (IN)
  YESTERDAY        0.07          0.81 1982   0.10  -0.03      T
  MONTH TO DATE    0.15                      0.20  -0.05     0.15
  SINCE OCT 1      8.71                      8.83  -0.12     8.94
  SINCE JAN 1      6.92                      6.46   0.46     6.65

DEGREE DAYS
 HEATING
  YESTERDAY        7                        10     -3        7
  MONTH TO DATE    7                        20    -13       18
  SINCE JUN 1      7                        20    -13       18
  SINCE JUL 1   6294                      7416  -1122     7179

 COOLING
  YESTERDAY        0                         0      0        0
  MONTH TO DATE    0                         0      0        0
  SINCE JUN 1      0                         0      0        0
  SINCE JAN 1      1                         1      0        5
..................................................................


WIND (MPH)
  HIGHEST WIND SPEED    38   HIGHEST WIND DIRECTION    SW (210)
  HIGHEST GUST SPEED    52   HIGHEST GUST DIRECTION    SW (210)
  AVERAGE WIND SPEED    12.6


SKY COVER
  POSSIBLE SUNSHINE  MM
  AVERAGE SKY COVER 0.3


WEATHER CONDITIONS
 THE FOLLOWING WEATHER WAS RECORDED YESTERDAY.
  THUNDERSTORM
  HEAVY RAIN
  RAIN
  LIGHT RAIN


RELATIVE HUMIDITY (PERCENT)
 HIGHEST    92           400 AM
 LOWEST     31           200 PM
 AVERAGE    62

..........................................................


THE LIVINGSTON MT CLIMATE NORMALS FOR TODAY
                         NORMAL    RECORD    YEAR
 MAXIMUM TEMPERATURE (F)   69        86      1988
 MINIMUM TEMPERATURE (F)   41        28      1951


SUNRISE AND SUNSET
JUNE  3 2015..........SUNRISE   535 AM MDT   SUNSET   905 PM MDT
JUNE  4 2015..........SUNRISE   534 AM MDT   SUNSET   906 PM MDT


-  INDICATES NEGATIVE NUMBERS.
R  INDICATES RECORD WAS SET OR TIED.
MM INDICATES DATA IS MISSING.
T  INDICATES TRACE AMOUNT.





&&

THIS IS AN AUTOMATED...UNATTENDED WEATHER STATION AND MAY
UNDERESTIMATE WINTER PRECIPITATION.

$$
