000
CDUS45 KBYZ 272327
CLILVM


CLIMATE REPORT
NATIONAL WEATHER SERVICE BILLINGS MT
425 PM MST TUE JAN 27 2015


...................................

...THE LIVINGSTON MT CLIMATE SUMMARY FOR JANUARY 27 2015...
VALID TODAY AS OF 0400 PM LOCAL TIME.

CLIMATE NORMAL PERIOD 1981 TO 2010
CLIMATE RECORD PERIOD 1948 TO 2015


WEATHER ITEM   OBSERVED TIME   RECORD YEAR NORMAL DEPARTURE LAST
                VALUE   (LST)  VALUE       VALUE  FROM      YEAR
                                                  NORMAL
..................................................................
TEMPERATURE (F)
 TODAY
  MAXIMUM         64R   218 PM  57    1986  37     27       28
  MINIMUM         38    607 AM -29    1972  18     20        9
  AVERAGE         51                        27     24       19

PRECIPITATION (IN)
  TODAY            0.00          0.23        0.02  -0.02     0.00
  MONTH TO DATE    0.54                      0.43   0.11     0.19
  SINCE OCT 1      2.33                      2.80  -0.47     2.48
  SINCE JAN 1      0.54                      0.43   0.11     0.19

DEGREE DAYS
 HEATING
  TODAY           14                        38    -24       46
  MONTH TO DATE  878                      1030   -152      827
  SINCE DEC 1   1925                      2236   -311     2075
  SINCE JUL 1   3663                      4195   -532     3782

 COOLING
  TODAY            0                         0      0        0
  MONTH TO DATE    0                         0      0        0
  SINCE DEC 1      0                         0      0        0
  SINCE JAN 1      0                         0      0        0
..................................................................


WIND (MPH)
  HIGHEST WIND SPEED    32   HIGHEST WIND DIRECTION    SW (220)
  HIGHEST GUST SPEED    39   HIGHEST GUST DIRECTION     W (260)
  AVERAGE WIND SPEED    22.0


SKY COVER
  POSSIBLE SUNSHINE  MM
  AVERAGE SKY COVER 0.0


WEATHER CONDITIONS
 THE FOLLOWING WEATHER WAS RECORDED TODAY.
  NO SIGNIFICANT WEATHER WAS OBSERVED.


RELATIVE HUMIDITY (PERCENT)
 HIGHEST    49           600 AM
 LOWEST     21          1200 PM
 AVERAGE    35

..........................................................


THE LIVINGSTON MT CLIMATE NORMALS FOR TOMORROW
                         NORMAL    RECORD    YEAR
 MAXIMUM TEMPERATURE (F)   37        56      1992
 MINIMUM TEMPERATURE (F)   18       -26      1969


SUNRISE AND SUNSET
JANUARY 27 2015.......SUNRISE   749 AM MST   SUNSET   520 PM MST
JANUARY 28 2015.......SUNRISE   748 AM MST   SUNSET   522 PM MST


-  INDICATES NEGATIVE NUMBERS.
R  INDICATES RECORD WAS SET OR TIED.
MM INDICATES DATA IS MISSING.
T  INDICATES TRACE AMOUNT.





&&

THIS IS AN AUTOMATED...UNATTENDED WEATHER STATION AND MAY
UNDERESTIMATE WINTER PRECIPITATION.

$$
