000
CDUS45 KBYZ 292239
CLILVM


CLIMATE REPORT
NATIONAL WEATHER SERVICE BILLINGS MT
436 PM MDT THU SEP 29 2016


...................................

...THE LIVINGSTON MT CLIMATE SUMMARY FOR SEPTEMBER 29 2016...
VALID TODAY AS OF 0400 PM LOCAL TIME.

CLIMATE NORMAL PERIOD 1981 TO 2010
CLIMATE RECORD PERIOD 1948 TO 2016


WEATHER ITEM   OBSERVED TIME   RECORD YEAR NORMAL DEPARTURE LAST
                VALUE   (LST)  VALUE       VALUE  FROM      YEAR
                                                  NORMAL
..................................................................
TEMPERATURE (F)
 TODAY
  MAXIMUM         83    257 PM  89    1967  66     17       79
  MINIMUM         41    539 AM  10    1985  36      5       32
  AVERAGE         62                        51     11       56

PRECIPITATION (IN)
  TODAY            0.00          0.37 1991   0.05  -0.05     0.00
  MONTH TO DATE    1.64                      1.17   0.47     1.24
  SINCE OCT 1     13.69                     14.77  -1.08    13.14
  SINCE JAN 1      9.99                     12.40  -2.41    11.35

DEGREE DAYS
 HEATING
  TODAY            3                        14    -11        9
  MONTH TO DATE  261                       275    -14      155
  SINCE SEP 1    261                       275    -14      155
  SINCE JUL 1    349                       393    -44      222

 COOLING
  TODAY            0                         0      0        0
  MONTH TO DATE   17                        13      4       42
  SINCE SEP 1     17                        13      4       42
  SINCE JAN 1    329                       228    101      384
..................................................................


WIND (MPH)
  HIGHEST WIND SPEED    22   HIGHEST WIND DIRECTION    SW (220)
  HIGHEST GUST SPEED    27   HIGHEST GUST DIRECTION    SW (230)
  AVERAGE WIND SPEED     7.6


SKY COVER
  POSSIBLE SUNSHINE  MM
  AVERAGE SKY COVER 0.4


WEATHER CONDITIONS
 THE FOLLOWING WEATHER WAS RECORDED TODAY.
  NO SIGNIFICANT WEATHER WAS OBSERVED.


RELATIVE HUMIDITY (PERCENT)
 HIGHEST    96           300 AM
 LOWEST     24           300 PM
 AVERAGE    60

..........................................................


THE LIVINGSTON MT CLIMATE NORMALS FOR TOMORROW
                         NORMAL    RECORD    YEAR
 MAXIMUM TEMPERATURE (F)   65        90      2011
 MINIMUM TEMPERATURE (F)   35        16      1985


SUNRISE AND SUNSET
SEPTEMBER 29 2016.....SUNRISE   718 AM MDT   SUNSET   705 PM MDT
SEPTEMBER 30 2016.....SUNRISE   719 AM MDT   SUNSET   703 PM MDT


-  INDICATES NEGATIVE NUMBERS.
R  INDICATES RECORD WAS SET OR TIED.
MM INDICATES DATA IS MISSING.
T  INDICATES TRACE AMOUNT.





&&

THIS IS AN AUTOMATED...UNATTENDED WEATHER STATION AND MAY
UNDERESTIMATE WINTER PRECIPITATION.

$$
