000
CDUS45 KBYZ 210723
CLILVM


CLIMATE REPORT
NATIONAL WEATHER SERVICE BILLINGS MT
123 AM MDT SAT OCT 21 2017


...................................

...THE LIVINGSTON MT CLIMATE SUMMARY FOR OCTOBER 20 2017...

CLIMATE NORMAL PERIOD 1981 TO 2010
CLIMATE RECORD PERIOD 1948 TO 2017


WEATHER ITEM   OBSERVED TIME   RECORD YEAR NORMAL DEPARTURE LAST
                VALUE   (LST)  VALUE       VALUE  FROM      YEAR
                                                  NORMAL
..................................................................
TEMPERATURE (F)
 YESTERDAY
  MAXIMUM         68   1022 AM  78    2014  57     11       58
                                      2003
                                      1974
  MINIMUM         37    524 PM  16    1987  31      6       35
  AVERAGE         53                        44      9       47

PRECIPITATION (IN)
  YESTERDAY        T             0.41 1951   0.03  -0.03     0.00
  MONTH TO DATE    0.22                      0.91  -0.69     1.86
  SINCE OCT 1      0.22                      0.91  -0.69     1.86
  SINCE JAN 1     14.01                     13.35   0.66    11.85

DEGREE DAYS
 HEATING
  YESTERDAY       12                        21     -9       18
  MONTH TO DATE  359                       363     -4      355
  SINCE SEP 1    675                       654     21      617
  SINCE JUL 1    698                       772    -74      705

 COOLING
  YESTERDAY        0                         0      0        0
  MONTH TO DATE    1                         0      1        0
  SINCE SEP 1     53                        14     39       17
  SINCE JAN 1    397                       229    168      329
..................................................................


WIND (MPH)
  HIGHEST WIND SPEED    49   HIGHEST WIND DIRECTION    SW (210)
  HIGHEST GUST SPEED    60   HIGHEST GUST DIRECTION    SW (240)
  AVERAGE WIND SPEED    21.8


SKY COVER
  POSSIBLE SUNSHINE  MM
  AVERAGE SKY COVER 0.3


WEATHER CONDITIONS
 THE FOLLOWING WEATHER WAS RECORDED YESTERDAY.
  LIGHT RAIN


RELATIVE HUMIDITY (PERCENT)
 HIGHEST    79           600 PM
 LOWEST     19          1200 AM
 AVERAGE    49

..........................................................


THE LIVINGSTON MT CLIMATE NORMALS FOR TODAY
                         NORMAL    RECORD    YEAR
 MAXIMUM TEMPERATURE (F)   57        81      2003
 MINIMUM TEMPERATURE (F)   31         7      1981


SUNRISE AND SUNSET
OCTOBER 21 2017.......SUNRISE   747 AM MDT   SUNSET   625 PM MDT
OCTOBER 22 2017.......SUNRISE   748 AM MDT   SUNSET   623 PM MDT


-  INDICATES NEGATIVE NUMBERS.
R  INDICATES RECORD WAS SET OR TIED.
MM INDICATES DATA IS MISSING.
T  INDICATES TRACE AMOUNT.




$$
