000
CDUS45 KBYZ 042322 CCA
CLILVM


CLIMATE REPORT...CORRECTED
NATIONAL WEATHER SERVICE BILLINGS MT
421 PM MST WED MAR 4 2015


...................................

...THE LIVINGSTON MT CLIMATE SUMMARY FOR MARCH 4 2015...
VALID TODAY AS OF 0400 PM LOCAL TIME.

CLIMATE NORMAL PERIOD 1981 TO 2010
CLIMATE RECORD PERIOD 1948 TO 2015


WEATHER ITEM   OBSERVED TIME   RECORD YEAR NORMAL DEPARTURE LAST
                VALUE   (LST)  VALUE       VALUE  FROM      YEAR
                                                  NORMAL
..................................................................
TEMPERATURE (F)
 TODAY
  MAXIMUM         32    341 PM  68    1987  45    -13       43
  MINIMUM         -2   1248 AM -11    1989  21    -23       36
  AVERAGE         15                        33    -18       40

PRECIPITATION (IN)
  TODAY            0.00          0.38        0.02  -0.02      T
  MONTH TO DATE    T                         0.08  -0.08     0.16
  SINCE OCT 1      2.98                      3.44  -0.46     3.55
  SINCE JAN 1      1.19                      1.07   0.12     1.26

DEGREE DAYS
 HEATING
  TODAY           50                        32     18       25
  MONTH TO DATE  188                       131     57      212
  SINCE MAR 1    188                       131     57      212
  SINCE JUL 1   4802                      5479   -677     5455

 COOLING
  TODAY            0                         0      0        0
  MONTH TO DATE    0                         0      0        0
  SINCE MAR 1      0                         0      0        0
  SINCE JAN 1      0                         0      0        0
..................................................................


WIND (MPH)
  HIGHEST WIND SPEED    28   HIGHEST WIND DIRECTION     W (260)
  HIGHEST GUST SPEED    35   HIGHEST GUST DIRECTION     W (270)
  AVERAGE WIND SPEED    14.2


SKY COVER
  POSSIBLE SUNSHINE  MM
  AVERAGE SKY COVER 0.2


WEATHER CONDITIONS
 THE FOLLOWING WEATHER WAS RECORDED TODAY.
  NO SIGNIFICANT WEATHER WAS OBSERVED.


RELATIVE HUMIDITY (PERCENT)
 HIGHEST    75          1200 AM
 LOWEST     36           200 PM
 AVERAGE    56

..........................................................


THE LIVINGSTON MT CLIMATE NORMALS FOR TOMORROW
                         NORMAL    RECORD    YEAR
 MAXIMUM TEMPERATURE (F)   45        70      1987
 MINIMUM TEMPERATURE (F)   21       -16      1951


SUNRISE AND SUNSET
MARCH  4 2015.........SUNRISE   655 AM MST   SUNSET   612 PM MST
MARCH  5 2015.........SUNRISE   653 AM MST   SUNSET   614 PM MST


-  INDICATES NEGATIVE NUMBERS.
R  INDICATES RECORD WAS SET OR TIED.
MM INDICATES DATA IS MISSING.
T  INDICATES TRACE AMOUNT.

&&

THIS IS AN AUTOMATED...UNATTENDED WEATHER STATION AND MAY
UNDERESTIMATE WINTER PRECIPITATION.

$$
