000
CDUS45 KBYZ 042223
CLILVM


CLIMATE REPORT
NATIONAL WEATHER SERVICE BILLINGS MT
423 PM MDT TUE AUG 4 2015


...................................

...THE LIVINGSTON MT CLIMATE SUMMARY FOR AUGUST 4 2015...
VALID TODAY AS OF 0400 PM LOCAL TIME.

CLIMATE NORMAL PERIOD 1981 TO 2010
CLIMATE RECORD PERIOD 1948 TO 2015


WEATHER ITEM   OBSERVED TIME   RECORD YEAR NORMAL DEPARTURE LAST
                VALUE   (LST)  VALUE       VALUE  FROM      YEAR
                                                  NORMAL
..................................................................
TEMPERATURE (F)
 TODAY
  MAXIMUM         82    130 PM 100    1961  87     -5       74
  MINIMUM         65    438 AM  40    1982  49     16       56
  AVERAGE         74                        68      6       65

PRECIPITATION (IN)
  TODAY            0.01          0.44 1949   0.04  -0.03      T
  MONTH TO DATE    0.01                      0.15  -0.14      T
  SINCE OCT 1     10.66                     12.64  -1.98    11.54
  SINCE JAN 1      8.87                     10.27  -1.40     9.25

DEGREE DAYS
 HEATING
  TODAY            0                         1     -1        0
  MONTH TO DATE    0                         4     -4        0
  SINCE JUN 1     64                       261   -197      204
  SINCE JUL 1     10                        54    -44        9

 COOLING
  TODAY            9                         4      5        0
  MONTH TO DATE   28                        16     12       18
  SINCE JUN 1    242                       144     98      193
  SINCE JAN 1    243                       145     98      198
..................................................................


WIND (MPH)
  HIGHEST WIND SPEED    29   HIGHEST WIND DIRECTION    SW (230)
  HIGHEST GUST SPEED    36   HIGHEST GUST DIRECTION    SW (240)
  AVERAGE WIND SPEED    13.9


SKY COVER
  POSSIBLE SUNSHINE  MM
  AVERAGE SKY COVER 0.2


WEATHER CONDITIONS
 THE FOLLOWING WEATHER WAS RECORDED TODAY.
  THUNDERSTORM


RELATIVE HUMIDITY (PERCENT)
 HIGHEST    57           300 PM
 LOWEST     33           100 PM
 AVERAGE    45

..........................................................


THE LIVINGSTON MT CLIMATE NORMALS FOR TOMORROW
                         NORMAL    RECORD    YEAR
 MAXIMUM TEMPERATURE (F)   87       105      1961
 MINIMUM TEMPERATURE (F)   49        39      1980


SUNRISE AND SUNSET
AUGUST  4 2015........SUNRISE   608 AM MDT   SUNSET   847 PM MDT
AUGUST  5 2015........SUNRISE   610 AM MDT   SUNSET   845 PM MDT


-  INDICATES NEGATIVE NUMBERS.
R  INDICATES RECORD WAS SET OR TIED.
MM INDICATES DATA IS MISSING.
T  INDICATES TRACE AMOUNT.





&&

THIS IS AN AUTOMATED...UNATTENDED WEATHER STATION AND MAY
UNDERESTIMATE WINTER PRECIPITATION.

$$
