000
CDUS45 KBYZ 250721
CLILVM


CLIMATE REPORT
NATIONAL WEATHER SERVICE BILLINGS MT
1220 AM MST SUN FEB 25 2018


...................................

...THE LIVINGSTON MT CLIMATE SUMMARY FOR FEBRUARY 24 2018...

CLIMATE NORMAL PERIOD 1981 TO 2010
CLIMATE RECORD PERIOD 1948 TO 2018


WEATHER ITEM   OBSERVED TIME   RECORD YEAR NORMAL DEPARTURE LAST
                VALUE   (LST)  VALUE       VALUE  FROM      YEAR
                                                  NORMAL
..................................................................
TEMPERATURE (F)
 YESTERDAY
  MAXIMUM         32    244 PM  70    1995  42    -10       28
  MINIMUM         20    212 AM -24    2003  19      1       18
  AVERAGE         26                        31     -5       23

PRECIPITATION (IN)
  YESTERDAY        T             0.40 1996   0.02  -0.02     0.04
  MONTH TO DATE    0.31                      0.42  -0.11     0.90
  SINCE OCT 1      4.35                      3.28   1.07     5.24
  SINCE JAN 1      1.31                      0.91   0.40     1.31

DEGREE DAYS
 HEATING
  YESTERDAY       39                        34      5       42
  MONTH TO DATE 1091                       870    221      807
  SINCE DEC 1   3341                      3252     89     3569
  SINCE JUL 1   5164                      5211    -47     5067

 COOLING
  YESTERDAY        0                         0      0        0
  MONTH TO DATE    0                         0      0        0
  SINCE DEC 1      0                         0      0        0
  SINCE JAN 1      0                         0      0        0
..................................................................


WIND (MPH)
  HIGHEST WIND SPEED    41   HIGHEST WIND DIRECTION    SW (240)
  HIGHEST GUST SPEED    50   HIGHEST GUST DIRECTION    SW (220)
  AVERAGE WIND SPEED    26.4


SKY COVER
  POSSIBLE SUNSHINE  MM
  AVERAGE SKY COVER 0.9


WEATHER CONDITIONS
 THE FOLLOWING WEATHER WAS RECORDED YESTERDAY.
  LIGHT SNOW


RELATIVE HUMIDITY (PERCENT)
 HIGHEST    73           200 AM
 LOWEST     46           100 PM
 AVERAGE    60

..........................................................


THE LIVINGSTON MT CLIMATE NORMALS FOR TODAY
                         NORMAL    RECORD    YEAR
 MAXIMUM TEMPERATURE (F)   42        63      1983
 MINIMUM TEMPERATURE (F)   20       -20      2011


SUNRISE AND SUNSET
FEBRUARY 25 2018......SUNRISE   707 AM MST   SUNSET   603 PM MST
FEBRUARY 26 2018......SUNRISE   705 AM MST   SUNSET   604 PM MST


-  INDICATES NEGATIVE NUMBERS.
R  INDICATES RECORD WAS SET OR TIED.
MM INDICATES DATA IS MISSING.
T  INDICATES TRACE AMOUNT.




$$
