000
CDUS41 KRNK 102127
CLILWB


CLIMATE REPORT
NATIONAL WEATHER SERVICE BLACKSBURG VA
524 PM EDT THU JUL 10 2014


...................................

...THE LEWISBURG WV CLIMATE SUMMARY FOR JULY 10 2014...
VALID TODAY AS OF 0500 PM LOCAL TIME.

CLIMATE NORMAL PERIOD 1981 TO 2010
CLIMATE RECORD PERIOD 1973 TO 2014


WEATHER ITEM   OBSERVED TIME   RECORD YEAR NORMAL DEPARTURE
                VALUE   (LST)  VALUE       VALUE  FROM
                                                  NORMAL
...............................................................
TEMPERATURE (F)
 TODAY
  MAXIMUM         84    335 PM  92    1988  82      2
  MINIMUM         59    555 AM  54    2005  59      0
  AVERAGE         72                        70      2

PRECIPITATION (IN)
  TODAY            0.00                      0.12  -0.12
  MONTH TO DATE    0.09                      1.20  -1.11
  SINCE JUN 1      3.52                      4.93  -1.41
  SINCE JAN 1     14.45                     22.11  -7.66

SNOWFALL (IN)
  TODAY            0.0
  MONTH TO DATE    0.0
  SINCE JUN 1      0.0
  SINCE JUL 1      0.0
  SNOW DEPTH       0

DEGREE DAYS
 HEATING
  TODAY            0                                0
  MONTH TO DATE    4                                4
  SINCE JUN 1     17                              -33
  SINCE JUL 1      4                                4

 COOLING
  TODAY            7                                1
  MONTH TO DATE   68                               12
  SINCE JUN 1    232                               72
  SINCE JAN 1    265                               79
...............................................................


WIND (MPH)
  HIGHEST WIND SPEED     8   HIGHEST WIND DIRECTION     W (290)
  HIGHEST GUST SPEED    MM   HIGHEST GUST DIRECTION    MM
  AVERAGE WIND SPEED     2.4




RELATIVE HUMIDITY (PERCENT)
 HIGHEST    93
 LOWEST     34
 AVERAGE    64

..........................................................


THE LEWISBURG WV CLIMATE NORMALS FOR TOMORROW
                         NORMAL    RECORD    YEAR
 MAXIMUM TEMPERATURE (F)   82        91      2011
 MINIMUM TEMPERATURE (F)   59        48      1996


SUNRISE AND SUNSET
JULY 10 2014..........SUNRISE   608 AM EDT   SUNSET   846 PM EDT
JULY 11 2014..........SUNRISE   609 AM EDT   SUNSET   845 PM EDT


-  INDICATES NEGATIVE NUMBERS.
R  INDICATES RECORD WAS SET OR TIED.
MM INDICATES DATA IS MISSING.
T  INDICATES TRACE AMOUNT.


REMARKS:
DUE TO MISSING PRECIPITATION ON JANUARY 25...THE ANNUAL TOTAL AND
DEPARTURE FROM NORMAL FOR PRECIPITATION WILL BE CALCULATED WITHOUT
DATA FROM THAT DATE.


$$
