000
CDUS41 KRNK 221004
CLILWB


CLIMATE REPORT
NATIONAL WEATHER SERVICE BLACKSBURG VA
500 AM EST MON DEC 22 2014


...................................

...THE LEWISBURG WV CLIMATE SUMMARY FOR DECEMBER 21 2014...

CLIMATE NORMAL PERIOD 1981 TO 2010
CLIMATE RECORD PERIOD 1973 TO 2014


WEATHER ITEM   OBSERVED TIME   RECORD YEAR NORMAL DEPARTURE
                VALUE   (LST)  VALUE       VALUE  FROM
                                                  NORMAL
...............................................................
TEMPERATURE (F)
 YESTERDAY
  MAXIMUM         47    400 PM  64    2013  39      8
  MINIMUM         32    800 AM   0    1996  21     11
  AVERAGE         40                        30     10

PRECIPITATION (IN)
  YESTERDAY        0.00          0.27 2011   0.10  -0.10
  MONTH TO DATE    1.05                      2.21  -1.16
  SINCE DEC 1      1.05                      2.21  -1.16
  SINCE JAN 1     25.45                     39.03 -13.58

SNOWFALL (IN)
  YESTERDAY        0.0
  MONTH TO DATE    T
  SINCE DEC 1      T
  SINCE JUL 1      2.0
  SNOW DEPTH       0

DEGREE DAYS
 HEATING
  YESTERDAY       25                              -10
  MONTH TO DATE  560                             -127
  SINCE DEC 1    560                             -127
  SINCE JUL 1   1772                             -232

 COOLING
  YESTERDAY        0                                0
  MONTH TO DATE    0                                0
  SINCE DEC 1      0                                0
  SINCE JAN 1    619                              120
...............................................................


WIND (MPH)
  HIGHEST WIND SPEED     6   HIGHEST WIND DIRECTION    SW (230)
  HIGHEST GUST SPEED    MM   HIGHEST GUST DIRECTION    MM
  AVERAGE WIND SPEED     1.6




RELATIVE HUMIDITY (PERCENT)
 HIGHEST    92
 LOWEST     45
 AVERAGE    69

..........................................................


THE LEWISBURG WV CLIMATE NORMALS FOR TODAY
                         NORMAL    RECORD    YEAR
 MAXIMUM TEMPERATURE (F)   39        64      2013
 MINIMUM TEMPERATURE (F)   20       -12      1989


SUNRISE AND SUNSET
DECEMBER 22 2014......SUNRISE   734 AM EST   SUNSET   506 PM EST
DECEMBER 23 2014......SUNRISE   734 AM EST   SUNSET   507 PM EST


-  INDICATES NEGATIVE NUMBERS.
R  INDICATES RECORD WAS SET OR TIED.
MM INDICATES DATA IS MISSING.
T  INDICATES TRACE AMOUNT.

REMARKS:
DUE TO MISSING PRECIPITATION DATA ON JANUARY 25...THE ANNUAL
TOTAL AND DEPARTURE FROM NORMAL FOR PRECIPITATION WILL BE
CALCULATED WITHOUT DATA FROM THAT DATE.


$$
