000
CDUS43 KTOP 210633
CLILWC


CLIMATE REPORT
NATIONAL WEATHER SERVICE TOPEKA KS
1232 AM CST TUE NOV 21 2017


...................................

...THE LAWRENCE KS CLIMATE SUMMARY FOR NOVEMBER 20 2017...

CLIMATE NORMAL PERIOD 1981 TO 2010
CLIMATE RECORD PERIOD 9999 TO 9999


WEATHER ITEM   OBSERVED NORMAL DEPARTURE LAST
                VALUE   VALUE  FROM      YEAR
                               NORMAL
...............................................
TEMPERATURE (F)
 YESTERDAY
  MAXIMUM         64     53     11       53
  MINIMUM         36     30      6       21
  AVERAGE         50     41      9       37

PRECIPITATION (IN)
  YESTERDAY        0.00   0.06  -0.06     0.00
  MONTH TO DATE    0.12   1.52  -1.40     0.04
  SINCE SEP 1      6.99   8.56  -1.57     7.87
  SINCE JAN 1     34.13  36.42  -2.29    31.46

DEGREE DAYS
 HEATING
  YESTERDAY       15     24     -9       28
  MONTH TO DATE  416    383     33      248
  SINCE SEP 1    709    744    -35      438
  SINCE JUL 1    712    747    -35      438

 COOLING
  YESTERDAY        0      0      0        0
  MONTH TO DATE    0      0      0       12
  SINCE SEP 1    248    179     69      282
  SINCE JAN 1   1327   1370    -43     1599
...............................................


WIND (MPH)
  HIGHEST WIND SPEED    30   HIGHEST WIND DIRECTION     S (170)
  HIGHEST GUST SPEED    40   HIGHEST GUST DIRECTION     S (190)
  AVERAGE WIND SPEED    11.9


SKY COVER
  AVERAGE SKY COVER 0.0


WEATHER CONDITIONS
 THE FOLLOWING WEATHER WAS RECORDED YESTERDAY.
  NO SIGNIFICANT WEATHER WAS OBSERVED.


RELATIVE HUMIDITY (PERCENT)
 HIGHEST    70
 LOWEST     25
 AVERAGE    48

..........................................................


THE LAWRENCE KS CLIMATE NORMALS FOR TODAY
                         NORMAL
 MAXIMUM TEMPERATURE (F)   53
 MINIMUM TEMPERATURE (F)   29


SUNRISE AND SUNSET
NOVEMBER 21 2017......SUNRISE   711 AM CST   SUNSET   503 PM CST
NOVEMBER 22 2017......SUNRISE   712 AM CST   SUNSET   502 PM CST


-  INDICATES NEGATIVE NUMBERS.
R  INDICATES RECORD WAS SET OR TIED.
MM INDICATES DATA IS MISSING.
T  INDICATES TRACE AMOUNT.




$$
