431
CDUS43 KTOP 250636
CLILWC


CLIMATE REPORT
NATIONAL WEATHER SERVICE TOPEKA KS
1236 AM CST SAT FEB 25 2017


...................................

...THE LAWRENCE KS CLIMATE SUMMARY FOR FEBRUARY 24 2017...

CLIMATE NORMAL PERIOD 1981 TO 2010
CLIMATE RECORD PERIOD 9999 TO 9999


WEATHER ITEM   OBSERVED NORMAL DEPARTURE LAST
                VALUE   VALUE  FROM      YEAR
                               NORMAL
...............................................
TEMPERATURE (F)
 YESTERDAY
  MAXIMUM         44     48     -4       48
  MINIMUM         24     25     -1       27
  AVERAGE         34     37     -3       38

PRECIPITATION (IN)
  YESTERDAY        0.02   0.04  -0.02     0.00
  MONTH TO DATE    0.02   1.11  -1.09     0.44
  SINCE DEC 1      2.00   3.59  -1.59     4.33
  SINCE JAN 1      1.00   2.12  -1.12     1.12

DEGREE DAYS
 HEATING
  YESTERDAY       31     28      3       27
  MONTH TO DATE  505    755   -250      655
  SINCE DEC 1   2550   2898   -348     2566
  SINCE JUL 1   3194   3906   -712     3389

 COOLING
  YESTERDAY        0      0      0        0
  MONTH TO DATE    0      0      0        0
  SINCE DEC 1      0      0      0        0
  SINCE JAN 1      0      0      0        0
...............................................


WIND (MPH)
  HIGHEST WIND SPEED    28   HIGHEST WIND DIRECTION    NW (310)
  HIGHEST GUST SPEED    33   HIGHEST GUST DIRECTION    NW (300)
  AVERAGE WIND SPEED    17.0


SKY COVER
  AVERAGE SKY COVER 0.9


WEATHER CONDITIONS
 THE FOLLOWING WEATHER WAS RECORDED YESTERDAY.
  LIGHT RAIN
  LIGHT SNOW
  FOG
  HAZE


RELATIVE HUMIDITY (PERCENT)
 HIGHEST    93
 LOWEST     75
 AVERAGE    84

..........................................................


THE LAWRENCE KS CLIMATE NORMALS FOR TODAY
                         NORMAL
 MAXIMUM TEMPERATURE (F)   49
 MINIMUM TEMPERATURE (F)   26


SUNRISE AND SUNSET
FEBRUARY 25 2017......SUNRISE   659 AM CST   SUNSET   610 PM CST
FEBRUARY 26 2017......SUNRISE   657 AM CST   SUNSET   611 PM CST


-  INDICATES NEGATIVE NUMBERS.
R  INDICATES RECORD WAS SET OR TIED.
MM INDICATES DATA IS MISSING.
T  INDICATES TRACE AMOUNT.




$$
