000
CDUS43 KTOP 020633
CLILWC


CLIMATE REPORT
NATIONAL WEATHER SERVICE TOPEKA KS
132 AM CDT TUE JUN 2 2015


...................................

...THE LAWRENCE KS CLIMATE SUMMARY FOR JUNE 1 2015...

CLIMATE NORMAL PERIOD 1981 TO 2010
CLIMATE RECORD PERIOD 9999 TO 9999


WEATHER ITEM   OBSERVED NORMAL DEPARTURE LAST
                VALUE   VALUE  FROM      YEAR
                               NORMAL
...............................................
TEMPERATURE (F)
 YESTERDAY
  MAXIMUM         68     81    -13       88
  MINIMUM         56     59     -3       64
  AVERAGE         62     70     -8       76

PRECIPITATION (IN)
  YESTERDAY        0.00   0.20  -0.20     1.31
  MONTH TO DATE    0.00   0.20  -0.20     1.31
  SINCE JUN 1      0.00   0.20  -0.20     1.31
  SINCE JAN 1     14.28  14.09   0.19     8.97

DEGREE DAYS
 HEATING
  YESTERDAY        3      1      2        0
  MONTH TO DATE    3      1      2        0
  SINCE JUN 1      3      1      2        0
  SINCE JUL 1   5228   5085    143     5635

 COOLING
  YESTERDAY        0      6     -6       11
  MONTH TO DATE    0      6     -6       11
  SINCE JUN 1      0      6     -6       11
  SINCE JAN 1     76    125    -49      204
...............................................


WIND (MPH)
  HIGHEST WIND SPEED    14   HIGHEST WIND DIRECTION     E (90)
  HIGHEST GUST SPEED    20   HIGHEST GUST DIRECTION    SE (140)
  AVERAGE WIND SPEED     7.6


SKY COVER
  AVERAGE SKY COVER 0.6


WEATHER CONDITIONS
 THE FOLLOWING WEATHER WAS RECORDED YESTERDAY.
  NO SIGNIFICANT WEATHER WAS OBSERVED.


RELATIVE HUMIDITY (PERCENT)
 HIGHEST    93
 LOWEST     63
 AVERAGE    78

..........................................................


THE LAWRENCE KS CLIMATE NORMALS FOR TODAY
                         NORMAL
 MAXIMUM TEMPERATURE (F)   82
 MINIMUM TEMPERATURE (F)   59


SUNRISE AND SUNSET
JUNE  2 2015..........SUNRISE   557 AM CDT   SUNSET   841 PM CDT
JUNE  3 2015..........SUNRISE   556 AM CDT   SUNSET   842 PM CDT


-  INDICATES NEGATIVE NUMBERS.
R  INDICATES RECORD WAS SET OR TIED.
MM INDICATES DATA IS MISSING.
T  INDICATES TRACE AMOUNT.




$$
