000
CDUS43 KTOP 210653
CLILWC


CLIMATE REPORT
NATIONAL WEATHER SERVICE TOPEKA KS
1252 AM CST SAT JAN 21 2017


...................................

...THE LAWRENCE KS CLIMATE SUMMARY FOR JANUARY 20 2017...

CLIMATE NORMAL PERIOD 1981 TO 2010
CLIMATE RECORD PERIOD 9999 TO 9999


WEATHER ITEM   OBSERVED NORMAL DEPARTURE LAST
                VALUE   VALUE  FROM      YEAR
                               NORMAL
...............................................
TEMPERATURE (F)
 YESTERDAY
  MAXIMUM         53     40     13       29
  MINIMUM         37     19     18       21
  AVERAGE         45     29     16       25

PRECIPITATION (IN)
  YESTERDAY        0.01   0.03  -0.02     0.00
  MONTH TO DATE    0.96   0.59   0.37     0.64
  SINCE DEC 1      1.96   2.06  -0.10     3.85
  SINCE JAN 1      0.96   0.59   0.37     0.64

DEGREE DAYS
 HEATING
  YESTERDAY       20     36    -16       40
  MONTH TO DATE  713    720     -7      757
  SINCE DEC 1   1744   1755    -11     1567
  SINCE JUL 1   2388   2763   -375     2390

 COOLING
  YESTERDAY        0      0      0        0
  MONTH TO DATE    0      0      0        0
  SINCE DEC 1      0      0      0        0
  SINCE JAN 1      0      0      0        0
...............................................


WIND (MPH)
  HIGHEST WIND SPEED    12   HIGHEST WIND DIRECTION     S (160)
  HIGHEST GUST SPEED    15   HIGHEST GUST DIRECTION     S (160)
  AVERAGE WIND SPEED     5.7


SKY COVER
  AVERAGE SKY COVER 0.9


WEATHER CONDITIONS
 THE FOLLOWING WEATHER WAS RECORDED YESTERDAY.
  LIGHT RAIN
  FOG
  FOG W/VISIBILITY <= 1/4 MILE


RELATIVE HUMIDITY (PERCENT)
 HIGHEST   100
 LOWEST     83
 AVERAGE    92

..........................................................


THE LAWRENCE KS CLIMATE NORMALS FOR TODAY
                         NORMAL
 MAXIMUM TEMPERATURE (F)   40
 MINIMUM TEMPERATURE (F)   19


SUNRISE AND SUNSET
JANUARY 21 2017.......SUNRISE   735 AM CST   SUNSET   530 PM CST
JANUARY 22 2017.......SUNRISE   735 AM CST   SUNSET   531 PM CST


-  INDICATES NEGATIVE NUMBERS.
R  INDICATES RECORD WAS SET OR TIED.
MM INDICATES DATA IS MISSING.
T  INDICATES TRACE AMOUNT.




$$
