701
CDUS43 KTOP 010632
CLILWC


CLIMATE REPORT
NATIONAL WEATHER SERVICE TOPEKA KS
131 AM CDT SUN MAY 1 2016


...................................

...THE LAWRENCE KS CLIMATE SUMMARY FOR APRIL 30 2016...

CLIMATE NORMAL PERIOD 1981 TO 2010
CLIMATE RECORD PERIOD 9999 TO 9999


WEATHER ITEM   OBSERVED NORMAL DEPARTURE LAST
                VALUE   VALUE  FROM      YEAR
                               NORMAL
...............................................
TEMPERATURE (F)
 YESTERDAY
  MAXIMUM         67     71     -4       75
  MINIMUM         52     48      4       39
  AVERAGE         60     59      1       57

PRECIPITATION (IN)
  YESTERDAY        0.25   0.18   0.07     0.00
  MONTH TO DATE    4.08   3.77   0.31     2.80
  SINCE MAR 1      5.73   6.39  -0.66     3.52
  SINCE JAN 1      6.85   8.70  -1.85     5.21

DEGREE DAYS
 HEATING
  YESTERDAY        5      7     -2        8
  MONTH TO DATE  240    324    -84      251
  SINCE MAR 1    724    964   -240      843
  SINCE JUL 1   4226   4979   -753     5132

 COOLING
  YESTERDAY        0      1     -1        0
  MONTH TO DATE   15     20     -5        5
  SINCE MAR 1     18     23     -5        5
  SINCE JAN 1     18     23     -5        5
...............................................


WIND (MPH)
  HIGHEST WIND SPEED    21   HIGHEST WIND DIRECTION     W (260)
  HIGHEST GUST SPEED    26   HIGHEST GUST DIRECTION     W (270)
  AVERAGE WIND SPEED     9.7


SKY COVER
  AVERAGE SKY COVER 0.7


WEATHER CONDITIONS
 THE FOLLOWING WEATHER WAS RECORDED YESTERDAY.
  RAIN
  LIGHT RAIN
  FOG


RELATIVE HUMIDITY (PERCENT)
 HIGHEST   100
 LOWEST     48
 AVERAGE    74

..........................................................


THE LAWRENCE KS CLIMATE NORMALS FOR TODAY
                         NORMAL
 MAXIMUM TEMPERATURE (F)   72
 MINIMUM TEMPERATURE (F)   48


SUNRISE AND SUNSET
MAY  1 2016...........SUNRISE   622 AM CDT   SUNSET   814 PM CDT
MAY  2 2016...........SUNRISE   621 AM CDT   SUNSET   815 PM CDT


-  INDICATES NEGATIVE NUMBERS.
R  INDICATES RECORD WAS SET OR TIED.
MM INDICATES DATA IS MISSING.
T  INDICATES TRACE AMOUNT.




$$
