000
CDUS43 KTOP 012133
CLILWC


CLIMATE REPORT
NATIONAL WEATHER SERVICE TOPEKA KS
433 PM CDT WED JUL 1 2015


...................................

...THE LAWRENCE KS CLIMATE SUMMARY FOR JULY 1 2015...
VALID TODAY AS OF 0400 PM LOCAL TIME.

CLIMATE NORMAL PERIOD 1981 TO 2010
CLIMATE RECORD PERIOD 9999 TO 9999


WEATHER ITEM   OBSERVED NORMAL DEPARTURE LAST
                VALUE   VALUE  FROM      YEAR
                               NORMAL
...............................................
TEMPERATURE (F)
 TODAY
  MAXIMUM         89     88      1       86
  MINIMUM         69     66      3       62
  AVERAGE         79     77      2       74

PRECIPITATION (IN)
  TODAY            0.06   0.17  -0.11     0.00
  MONTH TO DATE    0.06   0.17  -0.11     0.00
  SINCE JUN 1      4.37   5.63  -1.26     9.16
  SINCE JAN 1     18.65  19.52  -0.87    16.82

DEGREE DAYS
 HEATING
  TODAY            0      0      0        0
  MONTH TO DATE    0      0      0        0
  SINCE JUN 1      3      8     -5        0
  SINCE JUL 1      0      0      0        0

 COOLING
  TODAY           14     12      2        9
  MONTH TO DATE   14     12      2        9
  SINCE JUN 1    354    287     67      327
  SINCE JAN 1    430    406     24      520
...............................................


WIND (MPH)
  HIGHEST WIND SPEED    20   HIGHEST WIND DIRECTION     S (160)
  HIGHEST GUST SPEED    24   HIGHEST GUST DIRECTION    NE (50)
  AVERAGE WIND SPEED    12.2



WEATHER CONDITIONS
 THE FOLLOWING WEATHER WAS RECORDED TODAY.
  THUNDERSTORM
  LIGHT RAIN
  FOG
  HAZE


RELATIVE HUMIDITY (PERCENT)
 HIGHEST    90
 LOWEST     63
 AVERAGE    77

..........................................................


THE LAWRENCE KS CLIMATE NORMALS FOR TOMORROW
                         NORMAL
 MAXIMUM TEMPERATURE (F)   88
 MINIMUM TEMPERATURE (F)   66


SUNRISE AND SUNSET
JULY  1 2015..........SUNRISE   559 AM CDT   SUNSET   850 PM CDT
JULY  2 2015..........SUNRISE   559 AM CDT   SUNSET   850 PM CDT


-  INDICATES NEGATIVE NUMBERS.
R  INDICATES RECORD WAS SET OR TIED.
MM INDICATES DATA IS MISSING.
T  INDICATES TRACE AMOUNT.




$$
