255
CDUS46 KOTX 250824
CLILWS


CLIMATE REPORT
NATIONAL WEATHER SERVICE SPOKANE, WA
123 AM PDT SAT MAR 25 2017


...................................

...THE LEWISTON ID AIRPORT CLIMATE SUMMARY FOR MARCH 24 2017...

CLIMATE NORMAL PERIOD 1981 TO 2010
CLIMATE RECORD PERIOD 1881 TO 2017


WEATHER ITEM   OBSERVED TIME   RECORD YEAR NORMAL DEPARTURE LAST
                VALUE   (LST)  VALUE       VALUE  FROM      YEAR
                                                  NORMAL
..................................................................
TEMPERATURE (F)
 YESTERDAY
  MAXIMUM         53    528 PM  74    1903  57     -4       55
  MINIMUM         39   1219 AM  12    1965  37      2       43
  AVERAGE         46                        47     -1       49

PRECIPITATION (IN)
  YESTERDAY        0.02          0.72 2002   0.03  -0.01     0.04
  MONTH TO DATE    2.87                      0.88   1.99     1.94
  SINCE OCT 1     10.53                      5.85   4.68     6.97
  SINCE JAN 1      5.65                      2.74   2.91     3.52

SNOWFALL (IN)
  YESTERDAY        0.0           1.8  1955   0.0    0.0      0.0
  MONTH TO DATE    4.8                       0.7    4.1      0.0
  SINCE MAR 1      4.8                       0.7    4.1      0.0
  SINCE JUL 1     39.2                      10.5   28.7      6.4
  SNOW DEPTH       0

DEGREE DAYS
 HEATING
  YESTERDAY       19                        18      1       16
  MONTH TO DATE  469                       494    -25      430
  SINCE MAR 1    469                       494    -25      430
  SINCE JUL 1   4505                      4349    156     3694

 COOLING
  YESTERDAY        0                         0      0        0
  MONTH TO DATE    0                         0      0        0
  SINCE MAR 1      0                         0      0        0
  SINCE JAN 1      0                         0      0        0
..................................................................


WIND (MPH)
  HIGHEST WIND SPEED    18   HIGHEST WIND DIRECTION     S (200)
  HIGHEST GUST SPEED    24   HIGHEST GUST DIRECTION    SW (220)
  AVERAGE WIND SPEED     6.9


SKY COVER
  POSSIBLE SUNSHINE  MM
  AVERAGE SKY COVER 0.7


WEATHER CONDITIONS
 THE FOLLOWING WEATHER WAS RECORDED YESTERDAY.
  NO SIGNIFICANT WEATHER WAS OBSERVED.


RELATIVE HUMIDITY (PERCENT)
 HIGHEST    82           700 PM
 LOWEST     54          1100 AM
 AVERAGE    68

..........................................................


THE LEWISTON ID AIRPORT CLIMATE NORMALS FOR TODAY
                         NORMAL    RECORD    YEAR
 MAXIMUM TEMPERATURE (F)   58        76      1960
 MINIMUM TEMPERATURE (F)   38        17      1955


SUNRISE AND SUNSET
MARCH 25 2017.........SUNRISE   641 AM PDT   SUNSET   708 PM PDT
MARCH 26 2017.........SUNRISE   639 AM PDT   SUNSET   709 PM PDT


-  INDICATES NEGATIVE NUMBERS.
R  INDICATES RECORD WAS SET OR TIED.
MM INDICATES DATA IS MISSING.
T  INDICATES TRACE AMOUNT.




$$
