000
CDUS46 KOTX 250847
CLILWS


CLIMATE REPORT
NATIONAL WEATHER SERVICE SPOKANE, WA
146 AM PDT MON MAY 25 2015


...................................

...THE LEWISTON ID AIRPORT CLIMATE SUMMARY FOR MAY 24 2015...

CLIMATE NORMAL PERIOD 1981 TO 2010
CLIMATE RECORD PERIOD 1881 TO 2015


WEATHER ITEM   OBSERVED TIME   RECORD YEAR NORMAL DEPARTURE LAST
                VALUE   (LST)  VALUE       VALUE  FROM      YEAR
                                                  NORMAL
..................................................................
TEMPERATURE (F)
 YESTERDAY
  MAXIMUM         81    302 PM  99    1934  73      8       77
  MINIMUM         54    420 AM  37    1950  49      5       55
  AVERAGE         68                        61      7       66

PRECIPITATION (IN)
  YESTERDAY        T             0.80 1973   0.06  -0.06     0.00
  MONTH TO DATE    1.01                      1.22  -0.21     0.36
  SINCE OCT 1      8.96                      8.66   0.30     6.66
  SINCE JAN 1      4.77                      5.55  -0.78     5.13

SNOWFALL (IN)
  YESTERDAY        0.0           0.0  1995   0.0    0.0      0.0
  MONTH TO DATE    0.0                       0.0    0.0      0.0
  SINCE MAR 1      0.0                       0.7   -0.7      0.6
  SINCE JUL 1      1.5                      10.5   -9.0     16.5
  SNOW DEPTH       0

DEGREE DAYS
 HEATING
  YESTERDAY        0                         5     -5        0
  MONTH TO DATE   85                       187   -102      110
  SINCE MAR 1    982                      1212   -230     1110
  SINCE JUL 1   4204                      5067   -863     5271

 COOLING
  YESTERDAY        3                         1      2        1
  MONTH TO DATE   20                        21     -1       25
  SINCE MAR 1     21                        23     -2       25
  SINCE JAN 1     21                        23     -2       25
..................................................................


WIND (MPH)
  HIGHEST WIND SPEED    13   HIGHEST WIND DIRECTION    NW (330)
  HIGHEST GUST SPEED    15   HIGHEST GUST DIRECTION    NW (320)
  AVERAGE WIND SPEED     3.8


SKY COVER
  POSSIBLE SUNSHINE  MM
  AVERAGE SKY COVER 0.1


WEATHER CONDITIONS
 THE FOLLOWING WEATHER WAS RECORDED YESTERDAY.
  LIGHT RAIN


RELATIVE HUMIDITY (PERCENT)
 HIGHEST    93           300 AM
 LOWEST     30           200 PM
 AVERAGE    62

..........................................................


THE LEWISTON ID AIRPORT CLIMATE NORMALS FOR TODAY
                         NORMAL    RECORD    YEAR
 MAXIMUM TEMPERATURE (F)   73       101      1928
 MINIMUM TEMPERATURE (F)   49        35      1955
                                             1918


SUNRISE AND SUNSET
MAY 25 2015...........SUNRISE   505 AM PDT   SUNSET   826 PM PDT
MAY 26 2015...........SUNRISE   504 AM PDT   SUNSET   827 PM PDT


-  INDICATES NEGATIVE NUMBERS.
R  INDICATES RECORD WAS SET OR TIED.
MM INDICATES DATA IS MISSING.
T  INDICATES TRACE AMOUNT.




$$
