000
CDUS46 KOTX 291245
CLILWS


CLIMATE REPORT
NATIONAL WEATHER SERVICE SPOKANE, WA
545 AM PDT MON AUG 29 2016


...................................

...THE LEWISTON ID AIRPORT CLIMATE SUMMARY FOR AUGUST 28 2016...

CLIMATE NORMAL PERIOD 1981 TO 2010
CLIMATE RECORD PERIOD 1881 TO 2016


WEATHER ITEM   OBSERVED TIME   RECORD YEAR NORMAL DEPARTURE LAST
                VALUE   (LST)  VALUE       VALUE  FROM      YEAR
                                                  NORMAL
..................................................................
TEMPERATURE (F)
 YESTERDAY
  MAXIMUM         90    358 PM 103    2006  86      4       86
                                      1922
  MINIMUM         61    509 AM  43    1960  57      4       64
  AVERAGE         76                        71      5       75

PRECIPITATION (IN)
  YESTERDAY        0.00          0.21 1951   0.02  -0.02     0.00
  MONTH TO DATE    0.24                      0.61  -0.37      T
  SINCE OCT 1     13.09                     11.56   1.53    10.30
  SINCE JAN 1      9.64                      8.45   1.19     6.11

SNOWFALL (IN)
  YESTERDAY        0.0           T    1927   0.0    0.0      0.0
  MONTH TO DATE    0.0                       0.0    0.0      0.0
  SINCE JUN 1      0.0                       0.0    0.0      0.0
  SINCE JUL 1      0.0                       0.0    0.0      0.0
  SNOW DEPTH       0

DEGREE DAYS
 HEATING
  YESTERDAY        0                         1     -1        0
  MONTH TO DATE    2                         2      0        0
  SINCE JUN 1     68                        79    -11        2
  SINCE JUL 1     11                         9      2        0

 COOLING
  YESTERDAY       11                         7      4       10
  MONTH TO DATE  295                       268     27      350
  SINCE JUN 1    745                       666     79     1096
  SINCE JAN 1    785                       698     87     1148
..................................................................


WIND (MPH)
  HIGHEST WIND SPEED    13   HIGHEST WIND DIRECTION     W (290)
  HIGHEST GUST SPEED    19   HIGHEST GUST DIRECTION     W (280)
  AVERAGE WIND SPEED     5.2


SKY COVER
  POSSIBLE SUNSHINE  MM
  AVERAGE SKY COVER 0.0


WEATHER CONDITIONS
 THE FOLLOWING WEATHER WAS RECORDED YESTERDAY.
  NO SIGNIFICANT WEATHER WAS OBSERVED.


RELATIVE HUMIDITY (PERCENT)
 HIGHEST    56           500 AM
 LOWEST     16           400 PM
 AVERAGE    36

..........................................................


THE LEWISTON ID AIRPORT CLIMATE NORMALS FOR TODAY
                         NORMAL    RECORD    YEAR
 MAXIMUM TEMPERATURE (F)   85       104      1915
 MINIMUM TEMPERATURE (F)   57        42      1980


SUNRISE AND SUNSET
AUGUST 29 2016........SUNRISE   605 AM PDT   SUNSET   731 PM PDT
AUGUST 30 2016........SUNRISE   606 AM PDT   SUNSET   730 PM PDT


-  INDICATES NEGATIVE NUMBERS.
R  INDICATES RECORD WAS SET OR TIED.
MM INDICATES DATA IS MISSING.
T  INDICATES TRACE AMOUNT.




$$
