000
CDUS46 KOTX 290432
CLILWS


CLIMATE REPORT
NATIONAL WEATHER SERVICE SPOKANE, WA
931 PM PDT TUE JUL 28 2015


...................................

...THE LEWISTON ID AIRPORT CLIMATE SUMMARY FOR JULY 28 2015...
VALID TODAY AS OF 0800 PM LOCAL TIME.

CLIMATE NORMAL PERIOD 1981 TO 2010
CLIMATE RECORD PERIOD 1881 TO 2015


WEATHER ITEM   OBSERVED TIME   RECORD YEAR NORMAL DEPARTURE LAST
                VALUE   (LST)  VALUE       VALUE  FROM      YEAR
                                                  NORMAL
..................................................................
TEMPERATURE (F)
 TODAY
  MAXIMUM         85    514 PM 112    1939  92     -7      104
  MINIMUM         53    447 AM  46    1955  61     -8       68
  AVERAGE         69                        77     -8       86

PRECIPITATION (IN)
  TODAY            0.00          0.84 1948   0.02  -0.02     0.00
  MONTH TO DATE    0.02                      0.61  -0.59     0.26
  SINCE OCT 1     10.30                     10.90  -0.60     8.03
  SINCE JAN 1      6.11                      7.79  -1.68     6.50

DEGREE DAYS
 HEATING
  TODAY            0                         0      0        0
  MONTH TO DATE    0                         4     -4        0
  SINCE JUN 1      2                        74    -72       41
  SINCE JUL 1      0                         4     -4        0

 COOLING
  TODAY            4                        12     -8       21
  MONTH TO DATE  382                       264    118      416
  SINCE JUN 1    697                       362    335      506
  SINCE JAN 1    749                       394    355      534
..................................................................


WIND (MPH)
  HIGHEST WIND SPEED    14   HIGHEST WIND DIRECTION     E (80)
  HIGHEST GUST SPEED    18   HIGHEST GUST DIRECTION     E (80)
  AVERAGE WIND SPEED     5.8


SKY COVER
  POSSIBLE SUNSHINE  MM
  AVERAGE SKY COVER 0.0


WEATHER CONDITIONS
 THE FOLLOWING WEATHER WAS RECORDED TODAY.
  NO SIGNIFICANT WEATHER WAS OBSERVED.


RELATIVE HUMIDITY (PERCENT)
 HIGHEST    83           400 AM
 LOWEST     16           500 PM
 AVERAGE    50

..........................................................


THE LEWISTON ID AIRPORT CLIMATE NORMALS FOR TOMORROW
                         NORMAL    RECORD    YEAR
 MAXIMUM TEMPERATURE (F)   92       107      1939
 MINIMUM TEMPERATURE (F)   61        45      1959


SUNRISE AND SUNSET
JULY 28 2015..........SUNRISE   524 AM PDT   SUNSET   824 PM PDT
JULY 29 2015..........SUNRISE   526 AM PDT   SUNSET   823 PM PDT


-  INDICATES NEGATIVE NUMBERS.
R  INDICATES RECORD WAS SET OR TIED.
MM INDICATES DATA IS MISSING.
T  INDICATES TRACE AMOUNT.




$$
