000
CDUS46 KOTX 270440
CLILWS


CLIMATE REPORT
NATIONAL WEATHER SERVICE SPOKANE, WA
940 PM PDT MON JUN 26 2017


...................................

...THE LEWISTON ID AIRPORT CLIMATE SUMMARY FOR JUNE 26 2017...
VALID TODAY AS OF 0800 PM LOCAL TIME.

CLIMATE NORMAL PERIOD 1981 TO 2010
CLIMATE RECORD PERIOD 1881 TO 2017


WEATHER ITEM   OBSERVED TIME   RECORD YEAR NORMAL DEPARTURE LAST
                VALUE   (LST)  VALUE       VALUE  FROM      YEAR
                                                  NORMAL
..................................................................
TEMPERATURE (F)
 TODAY
  MAXIMUM         98    154 PM 106    1925  82     16       89
  MINIMUM         66    633 AM  42    1976  55     11       54
                                      1920
  AVERAGE         82                        69     13       72

PRECIPITATION (IN)
  TODAY            T             0.54 2012   0.03  -0.03     0.00
  MONTH TO DATE    0.62                      1.11  -0.49     1.00
  SINCE OCT 1     15.25                     10.16   5.09    11.27
  SINCE JAN 1     10.37                      7.05   3.32     7.82

DEGREE DAYS
 HEATING
  TODAY            0                         1     -1        0
  MONTH TO DATE   37                        66    -29       57
  SINCE JUN 1     37                        66    -29       57
  SINCE JUL 1   5280                      5163    117     4223

 COOLING
  TODAY           17                         5     12        7
  MONTH TO DATE  110                        75     35      116
  SINCE JUN 1    110                        75     35      116
  SINCE JAN 1    161                       107     54      156
..................................................................


WIND (MPH)
  HIGHEST WIND SPEED    32   HIGHEST WIND DIRECTION    SW (230)
  HIGHEST GUST SPEED    41   HIGHEST GUST DIRECTION    SW (240)
  AVERAGE WIND SPEED     4.7


SKY COVER
  POSSIBLE SUNSHINE  MM
  AVERAGE SKY COVER 0.1


WEATHER CONDITIONS
 THE FOLLOWING WEATHER WAS RECORDED TODAY.
  THUNDERSTORM
  LIGHT RAIN


RELATIVE HUMIDITY (PERCENT)
 HIGHEST    63           300 AM
 LOWEST     20           100 PM
 AVERAGE    42

..........................................................


THE LEWISTON ID AIRPORT CLIMATE NORMALS FOR TOMORROW
                         NORMAL    RECORD    YEAR
 MAXIMUM TEMPERATURE (F)   82       107      2015
 MINIMUM TEMPERATURE (F)   56        43      1975


SUNRISE AND SUNSET
JUNE 26 2017..........SUNRISE   457 AM PDT   SUNSET   845 PM PDT
JUNE 27 2017..........SUNRISE   458 AM PDT   SUNSET   845 PM PDT


-  INDICATES NEGATIVE NUMBERS.
R  INDICATES RECORD WAS SET OR TIED.
MM INDICATES DATA IS MISSING.
T  INDICATES TRACE AMOUNT.




$$
