000
CDUS46 KOTX 280824
CLILWS


CLIMATE REPORT
NATIONAL WEATHER SERVICE SPOKANE, WA
1224 AM PST SAT FEB 28 2015


...................................

...THE LEWISTON ID AIRPORT CLIMATE SUMMARY FOR FEBRUARY 27 2015...

CLIMATE NORMAL PERIOD 1981 TO 2010
CLIMATE RECORD PERIOD 1881 TO 2015


WEATHER ITEM   OBSERVED TIME   RECORD YEAR NORMAL DEPARTURE LAST
                VALUE   (LST)  VALUE       VALUE  FROM      YEAR
                                                  NORMAL
..................................................................
TEMPERATURE (F)
 YESTERDAY
  MAXIMUM         54    323 PM  71    1926  50      4       39
  MINIMUM         32    521 AM   8    1962  32      0       33
  AVERAGE         43                        41      2       36

PRECIPITATION (IN)
  YESTERDAY        0.00          0.73 1896   0.03  -0.03     0.12
  MONTH TO DATE    1.46                      0.75   0.71     1.31
  SINCE OCT 1      6.48                      4.94   1.54     3.89
  SINCE JAN 1      2.29                      1.83   0.46     2.36

SNOWFALL (IN)
  YESTERDAY        0.0           1.2  1971   0.1   -0.1      0.0
  MONTH TO DATE    T                         2.1   -2.1     13.4
  SINCE DEC 1      1.5                       8.0   -6.5     15.9
  SINCE JUL 1      1.5                       9.8   -8.3     15.9
  SNOW DEPTH       0

DEGREE DAYS
 HEATING
  YESTERDAY       22                        24     -2       29
  MONTH TO DATE  565                       712   -147      824
  SINCE DEC 1   2218                      2591   -373     2779
  SINCE JUL 1   3196                      3831   -635     4133

 COOLING
  YESTERDAY        0                         0      0        0
  MONTH TO DATE    0                         0      0        0
  SINCE DEC 1      0                         0      0        0
  SINCE JAN 1      0                         0      0        0
..................................................................


WIND (MPH)
  HIGHEST WIND SPEED    14   HIGHEST WIND DIRECTION    NE (50)
  HIGHEST GUST SPEED    18   HIGHEST GUST DIRECTION    NE (40)
  AVERAGE WIND SPEED     3.9


SKY COVER
  POSSIBLE SUNSHINE  MM
  AVERAGE SKY COVER 0.0


WEATHER CONDITIONS
 THE FOLLOWING WEATHER WAS RECORDED YESTERDAY.
  FOG


RELATIVE HUMIDITY (PERCENT)
 HIGHEST   100           400 AM
 LOWEST     41           900 PM
 AVERAGE    71

..........................................................


THE LEWISTON ID AIRPORT CLIMATE NORMALS FOR TODAY
                         NORMAL    RECORD    YEAR
 MAXIMUM TEMPERATURE (F)   50        67      1901
                                             1897
 MINIMUM TEMPERATURE (F)   32         9      1960


SUNRISE AND SUNSET
FEBRUARY 28 2015......SUNRISE   629 AM PST   SUNSET   532 PM PST
MARCH  1 2015.........SUNRISE   628 AM PST   SUNSET   534 PM PST


-  INDICATES NEGATIVE NUMBERS.
R  INDICATES RECORD WAS SET OR TIED.
MM INDICATES DATA IS MISSING.
T  INDICATES TRACE AMOUNT.




$$
