000
CDUS46 KOTX 180428
CLILWS


CLIMATE REPORT
NATIONAL WEATHER SERVICE SPOKANE, WA
827 PM PST WED DEC 17 2014


...................................

...THE LEWISTON ID AIRPORT CLIMATE SUMMARY FOR DECEMBER 17 2014...
VALID TODAY AS OF 0800 PM LOCAL TIME.

CLIMATE NORMAL PERIOD 1981 TO 2010
CLIMATE RECORD PERIOD 1881 TO 2014


WEATHER ITEM   OBSERVED TIME   RECORD YEAR NORMAL DEPARTURE LAST
                VALUE   (LST)  VALUE       VALUE  FROM      YEAR
                                                  NORMAL
..................................................................
TEMPERATURE (F)
 TODAY
  MAXIMUM         45    152 PM  59    1937  39      6       48
  MINIMUM         35    723 AM -11    1964  27      8       28
  AVERAGE         40                        33      7       38

PRECIPITATION (IN)
  TODAY            T             0.50 1917   0.03  -0.03     0.00
  MONTH TO DATE    0.83                      0.52   0.31     0.35
  SINCE OCT 1      3.18                      2.66   0.52     1.15
  SINCE JAN 1     11.10                     11.86  -0.76     9.11

DEGREE DAYS
 HEATING
  TODAY           25                        32     -7       27
  MONTH TO DATE  433                       522    -89      627
  SINCE DEC 1    433                       522    -89      627
  SINCE JUL 1   1411                      1762   -351     1981

 COOLING
  TODAY            0                         0      0        0
  MONTH TO DATE    0                         0      0        0
  SINCE DEC 1      0                         0      0        0
  SINCE JAN 1   1095                       807    288     1178
..................................................................


WIND (MPH)
  HIGHEST WIND SPEED    15   HIGHEST WIND DIRECTION    SE (130)
  HIGHEST GUST SPEED    18   HIGHEST GUST DIRECTION    SE (130)
  AVERAGE WIND SPEED     4.7


SKY COVER
  POSSIBLE SUNSHINE  MM
  AVERAGE SKY COVER 0.7


WEATHER CONDITIONS
 THE FOLLOWING WEATHER WAS RECORDED TODAY.
  LIGHT RAIN


RELATIVE HUMIDITY (PERCENT)
 HIGHEST    89           700 AM
 LOWEST     70          1100 AM
 AVERAGE    80

..........................................................


THE LEWISTON ID AIRPORT CLIMATE NORMALS FOR TOMORROW
                         NORMAL    RECORD    YEAR
 MAXIMUM TEMPERATURE (F)   39        66      1917
 MINIMUM TEMPERATURE (F)   27        -8      1924


SUNRISE AND SUNSET
DECEMBER 17 2014......SUNRISE   726 AM PST   SUNSET   402 PM PST
DECEMBER 18 2014......SUNRISE   727 AM PST   SUNSET   403 PM PST


-  INDICATES NEGATIVE NUMBERS.
R  INDICATES RECORD WAS SET OR TIED.
MM INDICATES DATA IS MISSING.
T  INDICATES TRACE AMOUNT.




$$
