000
CDUS46 KOTX 290828
CLILWS


CLIMATE REPORT
NATIONAL WEATHER SERVICE SPOKANE, WA
1228 AM PST THU JAN 29 2015


...................................

...THE LEWISTON ID AIRPORT CLIMATE SUMMARY FOR JANUARY 28 2015...

CLIMATE NORMAL PERIOD 1981 TO 2010
CLIMATE RECORD PERIOD 1881 TO 2015


WEATHER ITEM   OBSERVED TIME   RECORD YEAR NORMAL DEPARTURE LAST
                VALUE   (LST)  VALUE       VALUE  FROM      YEAR
                                                  NORMAL
..................................................................
TEMPERATURE (F)
 YESTERDAY
  MAXIMUM         47    407 PM  57    1976  43      4       36
                                      1931
  MINIMUM         31    733 AM -16    1957  31      0       30
  AVERAGE         39                        37      2       33

PRECIPITATION (IN)
  YESTERDAY        T             0.75 1907   0.03  -0.03     0.03
  MONTH TO DATE    0.82                      0.98  -0.16     0.36
  SINCE OCT 1      5.01                      4.09   0.92     1.89
  SINCE JAN 1      0.82                      0.98  -0.16     0.36

SNOWFALL (IN)
  YESTERDAY        0.0           7.0  1907   0.1   -0.1      0.0
  MONTH TO DATE    1.5                       2.2   -0.7       T
  SINCE DEC 1      1.5                       5.7   -4.2      2.5
  SINCE JUL 1      1.5                       7.5   -6.0      2.5
  SNOW DEPTH       0

DEGREE DAYS
 HEATING
  YESTERDAY       26                        28     -2       32
  MONTH TO DATE  735                       827    -92      820
  SINCE DEC 1   1567                      1795   -228     1874
  SINCE JUL 1   2545                      3035   -490     3228

 COOLING
  YESTERDAY        0                         0      0        0
  MONTH TO DATE    0                         0      0        0
  SINCE DEC 1      0                         0      0        0
  SINCE JAN 1      0                         0      0        0
..................................................................


WIND (MPH)
  HIGHEST WIND SPEED     6   HIGHEST WIND DIRECTION     W (290)
  HIGHEST GUST SPEED     6   HIGHEST GUST DIRECTION     W (280)
  AVERAGE WIND SPEED     0.6


SKY COVER
  POSSIBLE SUNSHINE  MM
  AVERAGE SKY COVER 0.4


WEATHER CONDITIONS
 THE FOLLOWING WEATHER WAS RECORDED YESTERDAY.
  FOG
  FOG W/VISIBILITY <= 1/4 MILE


RELATIVE HUMIDITY (PERCENT)
 HIGHEST   100           400 AM
 LOWEST     76           300 PM
 AVERAGE    88

..........................................................


THE LEWISTON ID AIRPORT CLIMATE NORMALS FOR TODAY
                         NORMAL    RECORD    YEAR
 MAXIMUM TEMPERATURE (F)   44        58      1967
                                             1935
 MINIMUM TEMPERATURE (F)   31       -12      1950


SUNRISE AND SUNSET
JANUARY 29 2015.......SUNRISE   715 AM PST   SUNSET   448 PM PST
JANUARY 30 2015.......SUNRISE   714 AM PST   SUNSET   449 PM PST


-  INDICATES NEGATIVE NUMBERS.
R  INDICATES RECORD WAS SET OR TIED.
MM INDICATES DATA IS MISSING.
T  INDICATES TRACE AMOUNT.




$$
