000
CDUS45 KTFX 280907
CLILWT


CLIMATE REPORT
NATIONAL WEATHER SERVICE GREAT FALLS MT
206 AM MST SAT FEB 28 2015


...................................

...THE LEWISTOWN MT CLIMATE SUMMARY FOR FEBRUARY 27 2015...

CLIMATE NORMAL PERIOD 1981 TO 2010
CLIMATE RECORD PERIOD 1896 TO 2015


WEATHER ITEM   OBSERVED TIME   RECORD YEAR NORMAL DEPARTURE LAST
                VALUE   (LST)  VALUE       VALUE  FROM      YEAR
                                                  NORMAL
..................................................................
TEMPERATURE (F)
 YESTERDAY
  MAXIMUM         17    325 PM  70    1932  39    -22       41
  MINIMUM         -8    443 AM -24    1960  17    -25       10
  AVERAGE          5                        28    -23       26

PRECIPITATION (IN)
  YESTERDAY        T             0.29 1940   0.01  -0.01      T
  MONTH TO DATE    0.69                      0.42   0.27     0.26
  SINCE OCT 1      3.81                      3.49   0.32     3.33
  SINCE JAN 1      1.50                      0.99   0.51     1.25

SNOWFALL (IN)
  YESTERDAY       MM
  SNOW DEPTH       4

DEGREE DAYS
 HEATING
  YESTERDAY       60                        37     23       39
  MONTH TO DATE  919                      1061   -142     1379
  SINCE DEC 1   3227                      3638   -411     4015
  SINCE JUL 1   5144                      5766   -622     5993

 COOLING
  YESTERDAY        0                         0      0        0
  MONTH TO DATE    0                         0      0        0
  SINCE DEC 1      0                         0      0        0
  SINCE JAN 1      0                         0      0        0
..................................................................


WIND (MPH)
  HIGHEST WIND SPEED    15   HIGHEST WIND DIRECTION    NW (300)
  HIGHEST GUST SPEED    19   HIGHEST GUST DIRECTION    NW (310)
  AVERAGE WIND SPEED     8.0


SKY COVER
  AVERAGE SKY COVER 0.4


WEATHER CONDITIONS
 THE FOLLOWING WEATHER WAS RECORDED YESTERDAY.
  LIGHT SNOW
  FOG


RELATIVE HUMIDITY (PERCENT)
 HIGHEST    84          1100 PM
 LOWEST     61          1100 AM
 AVERAGE    73

..........................................................


THE LEWISTOWN MT CLIMATE NORMALS FOR TODAY
                         NORMAL    RECORD    YEAR
 MAXIMUM TEMPERATURE (F)   39        66      1986
 MINIMUM TEMPERATURE (F)   17       -17      1962


SUNRISE AND SUNSET
FEBRUARY 28 2015......SUNRISE   700 AM MST   SUNSET   602 PM MST
MARCH  1 2015.........SUNRISE   658 AM MST   SUNSET   603 PM MST


-  INDICATES NEGATIVE NUMBERS.
R  INDICATES RECORD WAS SET OR TIED.
MM INDICATES DATA IS MISSING.
T  INDICATES TRACE AMOUNT.




$$
