000
CDUS45 KTFX 252330
CLILWT


CLIMATE REPORT
NATIONAL WEATHER SERVICE GREAT FALLS MT
430 PM MST SAT FEB 25 2017


...................................

...THE LEWISTOWN MT CLIMATE SUMMARY FOR FEBRUARY 25 2017...
VALID TODAY AS OF 0400 PM LOCAL TIME.

CLIMATE NORMAL PERIOD 1981 TO 2010
CLIMATE RECORD PERIOD 1896 TO 2017


WEATHER ITEM   OBSERVED TIME   RECORD YEAR NORMAL DEPARTURE LAST
                VALUE   (LST)  VALUE       VALUE  FROM      YEAR
                                                  NORMAL
..................................................................
TEMPERATURE (F)
 TODAY
  MAXIMUM         28    354 PM  64    1983  38    -10       53
  MINIMUM          8    719 AM -23    2011  17     -9       20
  AVERAGE         18                        27     -9       37

PRECIPITATION (IN)
  TODAY            0.00          0.40 1897   0.02  -0.02     0.00
  MONTH TO DATE    0.56                      0.39   0.17     0.53
  SINCE OCT 1      5.31                      3.46   1.85     3.28
  SINCE JAN 1      0.91                      0.96  -0.05     1.20

DEGREE DAYS
 HEATING
  TODAY           47                        38      9       28
  MONTH TO DATE  926                       987    -61      749
  SINCE DEC 1   3944                      3564    380     3113
  SINCE JUL 1   5670                      5692    -22     4870

 COOLING
  TODAY            0                         0      0        0
  MONTH TO DATE    0                         0      0        0
  SINCE DEC 1      0                         0      0        0
  SINCE JAN 1      0                         0      0        0
..................................................................


WIND (MPH)
  HIGHEST WIND SPEED    24   HIGHEST WIND DIRECTION     W (280)
  HIGHEST GUST SPEED    31   HIGHEST GUST DIRECTION     W (290)
  AVERAGE WIND SPEED    12.6


SKY COVER
  AVERAGE SKY COVER 0.5


WEATHER CONDITIONS
 THE FOLLOWING WEATHER WAS RECORDED TODAY.
  HAZE


RELATIVE HUMIDITY (PERCENT)
 HIGHEST    96
 LOWEST     42
 AVERAGE    69

..........................................................


THE LEWISTOWN MT CLIMATE NORMALS FOR TOMORROW
                         NORMAL    RECORD    YEAR
 MAXIMUM TEMPERATURE (F)   39        65      2016
                                             1921
 MINIMUM TEMPERATURE (F)   17       -19      1962


SUNRISE AND SUNSET
FEBRUARY 25 2017......SUNRISE   704 AM MST   SUNSET   558 PM MST
FEBRUARY 26 2017......SUNRISE   703 AM MST   SUNSET   559 PM MST


-  INDICATES NEGATIVE NUMBERS.
R  INDICATES RECORD WAS SET OR TIED.
MM INDICATES DATA IS MISSING.
T  INDICATES TRACE AMOUNT.




$$
