000
CDUS45 KTFX 220848
CLILWT


CLIMATE REPORT
NATIONAL WEATHER SERVICE GREAT FALLS MT
145 AM MST MON JAN 22 2018


...................................

...THE LEWISTOWN MT CLIMATE SUMMARY FOR JANUARY 21 2018...

CLIMATE NORMAL PERIOD 1981 TO 2010
CLIMATE RECORD PERIOD 1896 TO 2018


WEATHER ITEM   OBSERVED TIME   RECORD YEAR NORMAL DEPARTURE LAST
                VALUE   (LST)  VALUE       VALUE  FROM      YEAR
                                                  NORMAL
..................................................................
TEMPERATURE (F)
 YESTERDAY
  MAXIMUM         37    335 PM  61    1981  34      3       33
  MINIMUM         13    801 AM -34    1927  14     -1       15
  AVERAGE         25                        24      1       24

PRECIPITATION (IN)
  YESTERDAY        0.00          0.50 1979   0.02  -0.02     0.00
  MONTH TO DATE    0.41                      0.40   0.01     0.31
  SINCE OCT 1      2.41                      2.90  -0.49     4.71
  SINCE JAN 1      0.41                      0.40   0.01     0.31

SNOWFALL (IN)
  YESTERDAY       MM
  SNOW DEPTH      MM

DEGREE DAYS
 HEATING
  YESTERDAY       40                        41     -1       41
  MONTH TO DATE  895                       873     22     1089
  SINCE DEC 1   2267                      2167    100     2636
  SINCE JUL 1   4241                      4295    -54     4362

 COOLING
  YESTERDAY        0                         0      0        0
  MONTH TO DATE    0                         0      0        0
  SINCE DEC 1      0                         0      0        0
  SINCE JAN 1      0                         0      0        0
..................................................................


WIND (MPH)
  HIGHEST WIND SPEED    13   HIGHEST WIND DIRECTION    SW (210)
  HIGHEST GUST SPEED    15   HIGHEST GUST DIRECTION     S (200)
  AVERAGE WIND SPEED     4.9


SKY COVER
  AVERAGE SKY COVER 0.0


WEATHER CONDITIONS
 THE FOLLOWING WEATHER WAS RECORDED YESTERDAY.
  NO SIGNIFICANT WEATHER WAS OBSERVED.


RELATIVE HUMIDITY (PERCENT)
 HIGHEST    88           800 AM
 LOWEST     44           300 PM
 AVERAGE    66

..........................................................


THE LEWISTOWN MT CLIMATE NORMALS FOR TODAY
                         NORMAL    RECORD    YEAR
 MAXIMUM TEMPERATURE (F)   35        73      1981
 MINIMUM TEMPERATURE (F)   14       -28      1943


SUNRISE AND SUNSET
JANUARY 22 2018.......SUNRISE   754 AM MST   SUNSET   506 PM MST
JANUARY 23 2018.......SUNRISE   753 AM MST   SUNSET   507 PM MST


-  INDICATES NEGATIVE NUMBERS.
R  INDICATES RECORD WAS SET OR TIED.
MM INDICATES DATA IS MISSING.
T  INDICATES TRACE AMOUNT.




$$
