000
CDUS45 KTFX 291033
CLILWT


CLIMATE REPORT
NATIONAL WEATHER SERVICE GREAT FALLS MT
431 AM MDT SAT AUG 29 2015


...................................

...THE LEWISTOWN MT CLIMATE SUMMARY FOR AUGUST 28 2015...

CLIMATE NORMAL PERIOD 1981 TO 2010
CLIMATE RECORD PERIOD 1896 TO 2015


WEATHER ITEM   OBSERVED TIME   RECORD YEAR NORMAL DEPARTURE LAST
                VALUE   (LST)  VALUE       VALUE  FROM      YEAR
                                                  NORMAL
..................................................................
TEMPERATURE (F)
 YESTERDAY
  MAXIMUM         88    425 PM 100    1924  77     11       85
  MINIMUM         54    610 AM  33    1918  47      7       51
  AVERAGE         71                        62      9       68

PRECIPITATION (IN)
  YESTERDAY        0.00          0.94 1993   0.06  -0.06     0.00
  MONTH TO DATE    0.87                      1.57  -0.70     5.97
  SINCE OCT 1     13.37                     15.34  -1.97    17.07
  SINCE JAN 1     11.06                     12.84  -1.78    14.99

SNOWFALL (IN)
  YESTERDAY       MM
  SNOW DEPTH       0

DEGREE DAYS
 HEATING
  YESTERDAY        0                         5     -5        0
  MONTH TO DATE   66                        69     -3       60
  SINCE JUN 1    185                       369   -184      356
  SINCE JUL 1     99                       142    -43       70

 COOLING
  YESTERDAY        6                         2      4        3
  MONTH TO DATE  124                        85     39      127
  SINCE JUN 1    300                       193    107      281
  SINCE JAN 1    300                       195    105      281
..................................................................


WIND (MPH)
  HIGHEST WIND SPEED    16   HIGHEST WIND DIRECTION     W (270)
  HIGHEST GUST SPEED    19   HIGHEST GUST DIRECTION     W (260)
  AVERAGE WIND SPEED     6.0


SKY COVER
  AVERAGE SKY COVER 0.4


WEATHER CONDITIONS
 THE FOLLOWING WEATHER WAS RECORDED YESTERDAY.
  HAZE


RELATIVE HUMIDITY (PERCENT)
 HIGHEST    61           600 AM
 LOWEST     14           100 PM
 AVERAGE    38

..........................................................


THE LEWISTOWN MT CLIMATE NORMALS FOR TODAY
                         NORMAL    RECORD    YEAR
 MAXIMUM TEMPERATURE (F)   77        94      2005
 MINIMUM TEMPERATURE (F)   47        32      1902


SUNRISE AND SUNSET
AUGUST 29 2015........SUNRISE   633 AM MDT   SUNSET   804 PM MDT
AUGUST 30 2015........SUNRISE   634 AM MDT   SUNSET   802 PM MDT


-  INDICATES NEGATIVE NUMBERS.
R  INDICATES RECORD WAS SET OR TIED.
MM INDICATES DATA IS MISSING.
T  INDICATES TRACE AMOUNT.




$$
