000
CDUS45 KTFX 182222
CLILWT


CLIMATE REPORT
NATIONAL WEATHER SERVICE GREAT FALLS MT
422 PM MDT THU SEP 18 2014


...................................

...THE LEWISTOWN MT CLIMATE SUMMARY FOR SEPTEMBER 18 2014...
VALID TODAY AS OF 0400 PM LOCAL TIME.

CLIMATE NORMAL PERIOD 1981 TO 2010
CLIMATE RECORD PERIOD 1896 TO 2014


WEATHER ITEM   OBSERVED TIME   RECORD YEAR NORMAL DEPARTURE LAST
                VALUE   (LST)  VALUE       VALUE  FROM      YEAR
                                                  NORMAL
..................................................................
TEMPERATURE (F)
 TODAY
  MAXIMUM         80   1257 PM  90    1966  68     12       54
  MINIMUM         54    607 AM  19    1965  40     14       40
  AVERAGE         67                        54     13       47

PRECIPITATION (IN)
  TODAY            0.00          0.76 1976   0.04  -0.04     0.55
  MONTH TO DATE    0.33                      0.83  -0.50     1.39
  SINCE OCT 1     17.49                     16.33   1.16    21.96
  SINCE JAN 1     15.41                     13.83   1.58    19.45

SNOWFALL (IN)
  TODAY           MM
  SNOW DEPTH       0

DEGREE DAYS
 HEATING
  TODAY            0                        11    -11       18
  MONTH TO DATE  202                       153     49       45
  SINCE SEP 1    202                       153     49       45
  SINCE JUL 1    283                       311    -28       84

 COOLING
  TODAY            2                         0      2        0
  MONTH TO DATE    4                        13     -9       47
  SINCE SEP 1      4                        13     -9       47
  SINCE JAN 1    285                       209     76      277
..................................................................


WIND (MPH)
  HIGHEST WIND SPEED    36   HIGHEST WIND DIRECTION    SW (210)
  HIGHEST GUST SPEED    43   HIGHEST GUST DIRECTION    SW (210)
  AVERAGE WIND SPEED    12.3


SKY COVER
  AVERAGE SKY COVER 0.1


WEATHER CONDITIONS
 THE FOLLOWING WEATHER WAS RECORDED TODAY.
  HAZE


RELATIVE HUMIDITY (PERCENT)
 HIGHEST    67
 LOWEST     33
 AVERAGE    50

..........................................................


THE LEWISTOWN MT CLIMATE NORMALS FOR TOMORROW
                         NORMAL    RECORD    YEAR
 MAXIMUM TEMPERATURE (F)   67        92      1938
 MINIMUM TEMPERATURE (F)   40        22      1983


SUNRISE AND SUNSET
SEPTEMBER 18 2014.....SUNRISE   659 AM MDT   SUNSET   723 PM MDT
SEPTEMBER 19 2014.....SUNRISE   701 AM MDT   SUNSET   721 PM MDT


-  INDICATES NEGATIVE NUMBERS.
R  INDICATES RECORD WAS SET OR TIED.
MM INDICATES DATA IS MISSING.
T  INDICATES TRACE AMOUNT.




$$
