000
CDUS45 KTFX 270919
CLILWT


CLIMATE REPORT
NATIONAL WEATHER SERVICE GREAT FALLS MT
318 AM MDT TUE JUN 27 2017


...................................

...THE LEWISTOWN MT CLIMATE SUMMARY FOR JUNE 26 2017...

CLIMATE NORMAL PERIOD 1981 TO 2010
CLIMATE RECORD PERIOD 1896 TO 2017


WEATHER ITEM   OBSERVED TIME   RECORD YEAR NORMAL DEPARTURE LAST
                VALUE   (LST)  VALUE       VALUE  FROM      YEAR
                                                  NORMAL
..................................................................
TEMPERATURE (F)
 YESTERDAY
  MAXIMUM         92    148 PM  99    1919  75     17       76
  MINIMUM         48    445 AM  33    1989  47      1       43
  AVERAGE         70                        61      9       60

PRECIPITATION (IN)
  YESTERDAY        0.02          1.45 1914   0.08  -0.06     0.00
  MONTH TO DATE    1.70                      2.75  -1.05     0.76
  SINCE OCT 1     11.91                     11.51   0.40    10.53
  SINCE JAN 1      7.51                      9.01  -1.50     8.45

SNOWFALL (IN)
  YESTERDAY       MM
  SNOW DEPTH       0

DEGREE DAYS
 HEATING
  YESTERDAY        0                         5     -5        5
  MONTH TO DATE  154                       207    -53       88
  SINCE JUN 1    154                       207    -53       88
  SINCE JUL 1   7931                      8181   -250     6810

 COOLING
  YESTERDAY        5                         1      4        0
  MONTH TO DATE   24                        12     12       35
  SINCE JUN 1     24                        12     12       35
  SINCE JAN 1     25                        14     11       35
..................................................................


WIND (MPH)
  HIGHEST WIND SPEED    22   HIGHEST WIND DIRECTION    SW (210)
  HIGHEST GUST SPEED    26   HIGHEST GUST DIRECTION     S (200)
  AVERAGE WIND SPEED     8.3


SKY COVER
  AVERAGE SKY COVER 0.0


WEATHER CONDITIONS
 THE FOLLOWING WEATHER WAS RECORDED YESTERDAY.
  THUNDERSTORM
  LIGHT RAIN


RELATIVE HUMIDITY (PERCENT)
 HIGHEST    72          1100 PM
 LOWEST     16           200 PM
 AVERAGE    44

..........................................................


THE LEWISTOWN MT CLIMATE NORMALS FOR TODAY
                         NORMAL    RECORD    YEAR
 MAXIMUM TEMPERATURE (F)   75        99      1936
 MINIMUM TEMPERATURE (F)   47        33      1902


SUNRISE AND SUNSET
JUNE 27 2017..........SUNRISE   525 AM MDT   SUNSET   917 PM MDT
JUNE 28 2017..........SUNRISE   525 AM MDT   SUNSET   917 PM MDT


-  INDICATES NEGATIVE NUMBERS.
R  INDICATES RECORD WAS SET OR TIED.
MM INDICATES DATA IS MISSING.
T  INDICATES TRACE AMOUNT.




$$
