000
CDUS45 KTFX 182330
CLILWT


CLIMATE REPORT
NATIONAL WEATHER SERVICE GREAT FALLS MT
430 PM MST SAT NOV 18 2017


...................................

...THE LEWISTOWN MT CLIMATE SUMMARY FOR NOVEMBER 18 2017...
VALID TODAY AS OF 0400 PM LOCAL TIME.

CLIMATE NORMAL PERIOD 1981 TO 2010
CLIMATE RECORD PERIOD 1896 TO 2017


WEATHER ITEM   OBSERVED TIME   RECORD YEAR NORMAL DEPARTURE LAST
                VALUE   (LST)  VALUE       VALUE  FROM      YEAR
                                                  NORMAL
..................................................................
TEMPERATURE (F)
 TODAY
  MAXIMUM         43    105 PM  71    1908  42      1       37
  MINIMUM         25    200 AM -19    1903  20      5       19
  AVERAGE         34                        31      3       28

PRECIPITATION (IN)
  TODAY            0.00          0.58 1941   0.03  -0.03     0.00
  MONTH TO DATE    0.28                      0.44  -0.16     0.06
  SINCE OCT 1      1.26                      1.57  -0.31     4.07
  SINCE JAN 1     11.87                     15.92  -4.05    20.10

DEGREE DAYS
 HEATING
  TODAY           31                        34     -3       37
  MONTH TO DATE  704                       549    155      330
  SINCE SEP 1   1667                      1529    138     1254
  SINCE JUL 1   1705                      1687     18     1365

 COOLING
  TODAY            0                         0      0        0
  MONTH TO DATE    0                         0      0        0
  SINCE SEP 1     33                        14     19       14
  SINCE JAN 1    375                       210    165      259
..................................................................


WIND (MPH)
  HIGHEST WIND SPEED    22   HIGHEST WIND DIRECTION    NW (300)
  HIGHEST GUST SPEED    29   HIGHEST GUST DIRECTION     W (290)
  AVERAGE WIND SPEED    13.7


SKY COVER
  AVERAGE SKY COVER 0.2


WEATHER CONDITIONS
 THE FOLLOWING WEATHER WAS RECORDED TODAY.
  NO SIGNIFICANT WEATHER WAS OBSERVED.


RELATIVE HUMIDITY (PERCENT)
 HIGHEST    69
 LOWEST     38
 AVERAGE    54

..........................................................


THE LEWISTOWN MT CLIMATE NORMALS FOR TOMORROW
                         NORMAL    RECORD    YEAR
 MAXIMUM TEMPERATURE (F)   41        72      1936
 MINIMUM TEMPERATURE (F)   20       -24      1921


SUNRISE AND SUNSET
NOVEMBER 18 2017......SUNRISE   726 AM MST   SUNSET   440 PM MST
NOVEMBER 19 2017......SUNRISE   728 AM MST   SUNSET   439 PM MST


-  INDICATES NEGATIVE NUMBERS.
R  INDICATES RECORD WAS SET OR TIED.
MM INDICATES DATA IS MISSING.
T  INDICATES TRACE AMOUNT.




$$
