000
CDUS45 KTFX 022216
CLILWT


CLIMATE REPORT
NATIONAL WEATHER SERVICE GREAT FALLS MT
415 PM MDT TUE SEP 2 2014


...................................

...THE LEWISTOWN MT CLIMATE SUMMARY FOR SEPTEMBER 2 2014...
VALID TODAY AS OF 0400 PM LOCAL TIME.

CLIMATE NORMAL PERIOD 1981 TO 2010
CLIMATE RECORD PERIOD 1896 TO 2014


WEATHER ITEM   OBSERVED TIME   RECORD YEAR NORMAL DEPARTURE LAST
                VALUE   (LST)  VALUE       VALUE  FROM      YEAR
                                                  NORMAL
..................................................................
TEMPERATURE (F)
 TODAY
  MAXIMUM         74    259 PM  96    1945  75     -1       95
  MINIMUM         44    620 AM  29    1900  45     -1       53
  AVERAGE         59                        60     -1       74

PRECIPITATION (IN)
  TODAY            0.00          0.41 1953   0.05  -0.05     0.00
  MONTH TO DATE    0.00                      0.09  -0.09     0.00
  SINCE OCT 1     17.16                     15.59   1.57    20.57
  SINCE JAN 1     15.08                     13.09   1.99    18.06

SNOWFALL (IN)
  TODAY           MM
  SNOW DEPTH       0

DEGREE DAYS
 HEATING
  TODAY            6                         6      0        0
  MONTH TO DATE   13                        12      1        0
  SINCE SEP 1     13                        12      1        0
  SINCE JUL 1     94                       170    -76       39

 COOLING
  TODAY            0                         1     -1        9
  MONTH TO DATE    0                         2     -2       12
  SINCE SEP 1      0                         2     -2       12
  SINCE JAN 1    281                       198     83      242
..................................................................


WIND (MPH)
  HIGHEST WIND SPEED    12   HIGHEST WIND DIRECTION     N (10)
  HIGHEST GUST SPEED    17   HIGHEST GUST DIRECTION     W (250)
  AVERAGE WIND SPEED     4.7


SKY COVER
  AVERAGE SKY COVER 0.0


WEATHER CONDITIONS
 THE FOLLOWING WEATHER WAS RECORDED TODAY.
  NO SIGNIFICANT WEATHER WAS OBSERVED.


RELATIVE HUMIDITY (PERCENT)
 HIGHEST    76
 LOWEST     29
 AVERAGE    53

..........................................................


THE LEWISTOWN MT CLIMATE NORMALS FOR TOMORROW
                         NORMAL    RECORD    YEAR
 MAXIMUM TEMPERATURE (F)   75        93      2001
                                             1945
 MINIMUM TEMPERATURE (F)   45        29      1929


SUNRISE AND SUNSET
SEPTEMBER  2 2014.....SUNRISE   639 AM MDT   SUNSET   755 PM MDT
SEPTEMBER  3 2014.....SUNRISE   640 AM MDT   SUNSET   753 PM MDT


-  INDICATES NEGATIVE NUMBERS.
R  INDICATES RECORD WAS SET OR TIED.
MM INDICATES DATA IS MISSING.
T  INDICATES TRACE AMOUNT.




$$
