000
CDUS43 KILX 150638
CLILWV


CLIMATE REPORT
NATIONAL WEATHER SERVICE LINCOLN IL
138 AM CDT MON SEP 15 2014


...................................

...THE LAWRENCEVILLE IL AIRPORT CLIMATE SUMMARY FOR SEPTEMBER 14 2014...

CLIMATE NORMAL PERIOD 1981 TO 2010
CLIMATE RECORD PERIOD 9999 TO 9999


WEATHER ITEM   OBSERVED TIME   RECORD YEAR NORMAL DEPARTURE LAST
                VALUE   (LST)  VALUE       VALUE  FROM      YEAR
                                                  NORMAL
..................................................................
TEMPERATURE (F)
 YESTERDAY
  MAXIMUM         71    408 PM  MM      MM  83    -12       74
  MINIMUM         44    539 AM  MM      MM  58    -14       48
  AVERAGE         58                        70    -12       61

PRECIPITATION (IN)
  YESTERDAY        0.00         MM      MM   0.11  -0.11     0.00
  MONTH TO DATE    2.69                      1.54   1.15     0.12
  SINCE SEP 1      2.69                      1.54   1.15     0.12
  SINCE JAN 1     31.49                     30.89   0.60    41.76

DEGREE DAYS
 HEATING
  YESTERDAY        7                         1      6        4
  MONTH TO DATE   23                         1     22        6
  SINCE SEP 1     23                         1     22        6
  SINCE JUL 1     23                         2     21       11

 COOLING
  YESTERDAY        0                         6     -6        0
  MONTH TO DATE   84                       107    -23      136
  SINCE SEP 1     84                       107    -23      136
  SINCE JAN 1   1157                      1290   -133     1191
..................................................................


WIND (MPH)
  HIGHEST WIND SPEED     9   HIGHEST WIND DIRECTION     N (360)
  HIGHEST GUST SPEED    12   HIGHEST GUST DIRECTION     N (10)
  AVERAGE WIND SPEED     2.5


SKY COVER
  POSSIBLE SUNSHINE  MM
  AVERAGE SKY COVER 0.0


WEATHER CONDITIONS
 THE FOLLOWING WEATHER WAS RECORDED YESTERDAY.
  FOG


RELATIVE HUMIDITY (PERCENT)
 HIGHEST   100           300 AM
 LOWEST     41           400 PM
 AVERAGE    71

..........................................................


THE LAWRENCEVILLE IL AIRPORT CLIMATE NORMALS FOR TODAY
                         NORMAL    RECORD    YEAR
 MAXIMUM TEMPERATURE (F)   83        MM        MM
 MINIMUM TEMPERATURE (F)   57        MM        MM


SUNRISE AND SUNSET
SEPTEMBER 15 2014.....SUNRISE   632 AM CDT   SUNSET   659 PM CDT
SEPTEMBER 16 2014.....SUNRISE   633 AM CDT   SUNSET   657 PM CDT


-  INDICATES NEGATIVE NUMBERS.
R  INDICATES RECORD WAS SET OR TIED.
MM INDICATES DATA IS MISSING.
T  INDICATES TRACE AMOUNT.




$$
