947
CDUS43 KILX 270643
CLILWV


CLIMATE REPORT
NATIONAL WEATHER SERVICE LINCOLN IL
142 AM CDT WED JUL 27 2016


...................................

...THE LAWRENCEVILLE IL AIRPORT CLIMATE SUMMARY FOR JULY 26 2016...

CLIMATE NORMAL PERIOD 1981 TO 2010
CLIMATE RECORD PERIOD 9999 TO 9999


WEATHER ITEM   OBSERVED TIME   RECORD YEAR NORMAL DEPARTURE LAST
                VALUE   (LST)  VALUE       VALUE  FROM      YEAR
                                                  NORMAL
..................................................................
TEMPERATURE (F)
 YESTERDAY
  MAXIMUM         88    342 PM  MM      MM  88      0       85
  MINIMUM         73    815 AM  MM      MM  67      6       71
  AVERAGE         81                        78      3       78

PRECIPITATION (IN)
  YESTERDAY        0.00         MM      MM   0.12  -0.12     0.17
  MONTH TO DATE    4.27                      3.86   0.41     3.63
  SINCE JUN 1      6.05                      7.84  -1.79    12.65
  SINCE JAN 1     23.72                     25.40  -1.68    29.61

DEGREE DAYS
 HEATING
  YESTERDAY        0                         0      0        0
  MONTH TO DATE    0                         0      0        0
  SINCE JUN 1      0                         7     -7        8
  SINCE JUL 1      0                         0      0        0

 COOLING
  YESTERDAY       16                        13      3       13
  MONTH TO DATE  322                       338    -16      291
  SINCE JUN 1    688                       628     60      594
  SINCE JAN 1    808                       767     41      749
..................................................................


WIND (MPH)
  HIGHEST WIND SPEED    14   HIGHEST WIND DIRECTION     N (340)
  HIGHEST GUST SPEED    17   HIGHEST GUST DIRECTION     N (360)
  AVERAGE WIND SPEED     3.8


SKY COVER
  POSSIBLE SUNSHINE  MM
  AVERAGE SKY COVER 0.5


WEATHER CONDITIONS
 THE FOLLOWING WEATHER WAS RECORDED YESTERDAY.
  THUNDERSTORM
  FOG
  FOG W/VISIBILITY <= 1/4 MILE


RELATIVE HUMIDITY (PERCENT)
 HIGHEST   100           100 AM
 LOWEST     65           200 PM
 AVERAGE    83

..........................................................


THE LAWRENCEVILLE IL AIRPORT CLIMATE NORMALS FOR TODAY
                         NORMAL    RECORD    YEAR
 MAXIMUM TEMPERATURE (F)   88        MM        MM
 MINIMUM TEMPERATURE (F)   67        MM        MM


SUNRISE AND SUNSET
JULY 27 2016..........SUNRISE   548 AM CDT   SUNSET   806 PM CDT
JULY 28 2016..........SUNRISE   549 AM CDT   SUNSET   805 PM CDT


-  INDICATES NEGATIVE NUMBERS.
R  INDICATES RECORD WAS SET OR TIED.
MM INDICATES DATA IS MISSING.
T  INDICATES TRACE AMOUNT.




$$
