000
CDUS41 KRNK 292107
CLILYH


CLIMATE REPORT
NATIONAL WEATHER SERVICE BLACKSBURG VA
506 PM EDT SAT APR 29 2017


...................................

...THE LYNCHBURG VA CLIMATE SUMMARY FOR APRIL 29 2017...
VALID TODAY AS OF 0500 PM LOCAL TIME.

CLIMATE NORMAL PERIOD 1981 TO 2010
CLIMATE RECORD PERIOD 1893 TO 2017


WEATHER ITEM   OBSERVED TIME   RECORD YEAR NORMAL DEPARTURE LAST
                VALUE   (LST)  VALUE       VALUE  FROM      YEAR
                                                  NORMAL
..................................................................
TEMPERATURE (F)
 TODAY
  MAXIMUM         86    259 PM  88    1974  72     14       69
                                      1915
                                      1905
  MINIMUM         65    411 AM  31    1976  46     19       53
  AVERAGE         76                        59     17       61

PRECIPITATION (IN)
  TODAY            0.00          1.23 1902   0.10  -0.10     0.00
  MONTH TO DATE    4.18                      3.20   0.98     1.91
  SINCE MAR 1      6.84                      6.78   0.06     5.27
  SINCE JAN 1     11.22                     12.85  -1.63    12.56

SNOWFALL (IN)
  TODAY            0.0                                       0.0
  MONTH TO DATE    0.0                                       0.0
  SINCE MAR 1      T                                          T
  SINCE JUL 1      5.9                                      15.6
  SNOW DEPTH       0

DEGREE DAYS
 HEATING
  TODAY            0                         7     -7        4
  MONTH TO DATE  160                       297   -137      281
  SINCE MAR 1    699                       892   -193      671
  SINCE JUL 1   3408                      4316   -908     3637

 COOLING
  TODAY           11                         1     10        0
  MONTH TO DATE   42                        17     25       14
  SINCE MAR 1     42                        19     23       17
  SINCE JAN 1     43                        19     24       17
..................................................................


WIND (MPH)
  HIGHEST WIND SPEED    17   HIGHEST WIND DIRECTION     S (190)
  HIGHEST GUST SPEED    22   HIGHEST GUST DIRECTION     S (200)
  AVERAGE WIND SPEED     6.9


SKY COVER
  AVERAGE SKY COVER 0.1


WEATHER CONDITIONS
 THE FOLLOWING WEATHER WAS RECORDED TODAY.
  NO SIGNIFICANT WEATHER WAS OBSERVED.


RELATIVE HUMIDITY (PERCENT)
 HIGHEST    93           100 AM
 LOWEST     55           200 PM
 AVERAGE    74

..........................................................


THE LYNCHBURG VA CLIMATE NORMALS FOR TOMORROW
                         NORMAL    RECORD    YEAR
 MAXIMUM TEMPERATURE (F)   72        91      1942
 MINIMUM TEMPERATURE (F)   46        32      2008


SUNRISE AND SUNSET
APRIL 29 2017.........SUNRISE   624 AM EDT   SUNSET   805 PM EDT
APRIL 30 2017.........SUNRISE   623 AM EDT   SUNSET   806 PM EDT


-  INDICATES NEGATIVE NUMBERS.
R  INDICATES RECORD WAS SET OR TIED.
MM INDICATES DATA IS MISSING.
T  INDICATES TRACE AMOUNT.

REMARKS:
DUE TO A POWER OUTAGE CAUSING A MISSING LOW TEMPERATURE ON FEBRUARY
23...THE SEASONAL HEATING DEGREE DAY TOTAL AND DEPARTURE FROM
NORMAL WILL BE CALCULATED WITHOUT DATA FROM THIS DATE.


$$
