000
CDUS41 KRNK 242208
CLILYH


CLIMATE REPORT
NATIONAL WEATHER SERVICE BLACKSBURG VA
506 PM EST TUE JAN 24 2017


...................................

...THE LYNCHBURG VA CLIMATE SUMMARY FOR JANUARY 24 2017...
VALID TODAY AS OF 0500 PM LOCAL TIME.

CLIMATE NORMAL PERIOD 1981 TO 2010
CLIMATE RECORD PERIOD 1893 TO 2017


WEATHER ITEM   OBSERVED TIME   RECORD YEAR NORMAL DEPARTURE LAST
                VALUE   (LST)  VALUE       VALUE  FROM      YEAR
                                                  NORMAL
..................................................................
TEMPERATURE (F)
 TODAY
  MAXIMUM         56   1247 PM  77    1909  46     10       43
  MINIMUM         31    618 AM  -1    1963  25      6       13
  AVERAGE         44                        35      9       28

PRECIPITATION (IN)
  TODAY            0.00          0.96 1997   0.10  -0.10     0.00
  MONTH TO DATE    3.71                      2.43   1.28     2.76
  SINCE DEC 1      6.81                      5.67   1.14     7.73
  SINCE JAN 1      3.71                      2.43   1.28     2.76

SNOWFALL (IN)
  TODAY            0.0                                       0.0
  MONTH TO DATE    5.9                                      10.2
  SINCE DEC 1      5.9                                      10.2
  SINCE JUL 1      5.9                                      10.2
  SNOW DEPTH       0

DEGREE DAYS
 HEATING
  TODAY           21                        30     -9       37
  MONTH TO DATE  600                       720   -120      786
  SINCE DEC 1   1409                      1571   -162     1270
  SINCE JUL 1   2039                      2465   -426     1980

 COOLING
  TODAY            0                         0      0        0
  MONTH TO DATE    0                         0      0        0
  SINCE DEC 1      0                         0      0        0
  SINCE JAN 1      0                         0      0        0
..................................................................


WIND (MPH)
  HIGHEST WIND SPEED    21   HIGHEST WIND DIRECTION    NW (310)
  HIGHEST GUST SPEED    31   HIGHEST GUST DIRECTION     W (290)
  AVERAGE WIND SPEED     7.0


SKY COVER
  AVERAGE SKY COVER 0.4


WEATHER CONDITIONS
 THE FOLLOWING WEATHER WAS RECORDED TODAY.
  NO SIGNIFICANT WEATHER WAS OBSERVED.


RELATIVE HUMIDITY (PERCENT)
 HIGHEST    92           600 AM
 LOWEST     47           100 PM
 AVERAGE    70

..........................................................


THE LYNCHBURG VA CLIMATE NORMALS FOR TOMORROW
                         NORMAL    RECORD    YEAR
 MAXIMUM TEMPERATURE (F)   46        76      1943
 MINIMUM TEMPERATURE (F)   25         8      1963
                                             1936
                                             1922


SUNRISE AND SUNSET
JANUARY 24 2017.......SUNRISE   726 AM EST   SUNSET   533 PM EST
JANUARY 25 2017.......SUNRISE   725 AM EST   SUNSET   534 PM EST


-  INDICATES NEGATIVE NUMBERS.
R  INDICATES RECORD WAS SET OR TIED.
MM INDICATES DATA IS MISSING.
T  INDICATES TRACE AMOUNT.




$$
