000
CDUS41 KRNK 280638
CLILYH


CLIMATE REPORT
NATIONAL WEATHER SERVICE BLACKSBURG VA
236 AM EDT THU MAY 28 2015


...................................

...THE LYNCHBURG VA CLIMATE SUMMARY FOR MAY 27 2015...

CLIMATE NORMAL PERIOD 1981 TO 2010
CLIMATE RECORD PERIOD 1893 TO 2015


WEATHER ITEM   OBSERVED TIME   RECORD YEAR NORMAL DEPARTURE LAST
                VALUE   (LST)  VALUE       VALUE  FROM      YEAR
                                                  NORMAL
..................................................................
TEMPERATURE (F)
 YESTERDAY
  MAXIMUM         84    403 PM  95    1936  78      6       88
                                      1914
  MINIMUM         65   1159 PM  40    1925  54     11       61
  AVERAGE         75                        66      9       75

PRECIPITATION (IN)
  YESTERDAY        0.00          2.38 1968   0.13  -0.13     1.70
  MONTH TO DATE    1.56                      3.20  -1.64     5.27
  SINCE MAR 1      8.90                     10.09  -1.19    13.82
  SINCE JAN 1     13.28                     16.16  -2.88    20.90

SNOWFALL (IN)
  YESTERDAY        0.0                                       0.0
  MONTH TO DATE    0.0                                       0.0
  SINCE MAR 1      2.5                                       9.4
  SINCE JUL 1     22.9                                      21.4
  SNOW DEPTH       0

DEGREE DAYS
 HEATING
  YESTERDAY        0                         2     -2        0
  MONTH TO DATE   59                       114    -55       65
  SINCE MAR 1    938                      1013    -75      926
  SINCE JUL 1   4627                      4437    190     4440

 COOLING
  YESTERDAY       10                         3      7       10
  MONTH TO DATE  104                        49     55       80
  SINCE MAR 1    112                        67     45       99
  SINCE JAN 1    112                        67     45       99
..................................................................


WIND (MPH)
  HIGHEST WIND SPEED    16   HIGHEST WIND DIRECTION     S (190)
  HIGHEST GUST SPEED    21   HIGHEST GUST DIRECTION     S (200)
  AVERAGE WIND SPEED     7.8


SKY COVER
  AVERAGE SKY COVER 0.1


WEATHER CONDITIONS
 THE FOLLOWING WEATHER WAS RECORDED YESTERDAY.
  NO SIGNIFICANT WEATHER WAS OBSERVED.


RELATIVE HUMIDITY (PERCENT)
 HIGHEST   100           500 AM
 LOWEST     48           200 PM
 AVERAGE    74

..........................................................


THE LYNCHBURG VA CLIMATE NORMALS FOR TODAY
                         NORMAL    RECORD    YEAR
 MAXIMUM TEMPERATURE (F)   78        97      1941
 MINIMUM TEMPERATURE (F)   55        39      1961


SUNRISE AND SUNSET
MAY 28 2015...........SUNRISE   600 AM EDT   SUNSET   829 PM EDT
MAY 29 2015...........SUNRISE   559 AM EDT   SUNSET   830 PM EDT


-  INDICATES NEGATIVE NUMBERS.
R  INDICATES RECORD WAS SET OR TIED.
MM INDICATES DATA IS MISSING.
T  INDICATES TRACE AMOUNT.




$$
