000
CDUS41 KRNK 230922
CLILYH


CLIMATE REPORT
NATIONAL WEATHER SERVICE BLACKSBURG VA
516 AM EDT WED AUG 23 2017


...................................

...THE LYNCHBURG VA CLIMATE SUMMARY FOR AUGUST 22 2017...

CLIMATE NORMAL PERIOD 1981 TO 2010
CLIMATE RECORD PERIOD 1893 TO 2017


WEATHER ITEM   OBSERVED TIME   RECORD YEAR NORMAL DEPARTURE LAST
                VALUE   (LST)  VALUE       VALUE  FROM      YEAR
                                                  NORMAL
..................................................................
TEMPERATURE (F)
 YESTERDAY
  MAXIMUM         92    235 PM  99    1983  85      7       83
  MINIMUM         67    507 AM  48    1922  63      4       58
  AVERAGE         80                        74      6       71

PRECIPITATION (IN)
  YESTERDAY        0.00          2.39 1947   0.11  -0.11     0.00
  MONTH TO DATE    1.47                      2.30  -0.83     1.19
  SINCE JUN 1      6.86                     10.28  -3.42    13.46
  SINCE JAN 1     25.96                     26.97  -1.01    33.12

SNOWFALL (IN)
  YESTERDAY        0.0                                       0.0
  MONTH TO DATE    0.0                                       0.0
  SINCE JUN 1      0.0                                       0.0
  SINCE JUL 1      0.0                                       0.0
  SNOW DEPTH       0

DEGREE DAYS
 HEATING
  YESTERDAY        0                         0      0        0
  MONTH TO DATE    0                         0      0        0
  SINCE JUN 1      4                        15    -11        1
  SINCE JUL 1      0                         1     -1        0

 COOLING
  YESTERDAY       15                         9      6        6
  MONTH TO DATE  231                       212     19      270
  SINCE JUN 1    790                       744     46      892
  SINCE JAN 1    926                       826    100      963
..................................................................


WIND (MPH)
  HIGHEST WIND SPEED    20   HIGHEST WIND DIRECTION     S (200)
  HIGHEST GUST SPEED    24   HIGHEST GUST DIRECTION     S (200)
  AVERAGE WIND SPEED     6.3


SKY COVER
  AVERAGE SKY COVER 0.1


WEATHER CONDITIONS
 THE FOLLOWING WEATHER WAS RECORDED YESTERDAY.
  FOG


RELATIVE HUMIDITY (PERCENT)
 HIGHEST   100          1200 AM
 LOWEST     44           300 PM
 AVERAGE    72

..........................................................


THE LYNCHBURG VA CLIMATE NORMALS FOR TODAY
                         NORMAL    RECORD    YEAR
 MAXIMUM TEMPERATURE (F)   85        98      2002
 MINIMUM TEMPERATURE (F)   63        49      1997
                                             1925


SUNRISE AND SUNSET
AUGUST 23 2017........SUNRISE   640 AM EDT   SUNSET   758 PM EDT
AUGUST 24 2017........SUNRISE   641 AM EDT   SUNSET   757 PM EDT


-  INDICATES NEGATIVE NUMBERS.
R  INDICATES RECORD WAS SET OR TIED.
MM INDICATES DATA IS MISSING.
T  INDICATES TRACE AMOUNT.

REMARKS:
DUE TO MISSING TEMPERATURES ON FEBRUARY 23 AND JULY 24-25...ALL
TEMPERATURE AND DEGREE DAY INFORMATION WILL BE CALCULATED WITHOUT
DATA FROM THESE DATES.

$$

RAB
