000
CDUS41 KRNK 280607
CLILYH


CLIMATE REPORT
NATIONAL WEATHER SERVICE BLACKSBURG VA
206 AM EDT WED SEP 28 2016


...................................

...THE LYNCHBURG VA CLIMATE SUMMARY FOR SEPTEMBER 27 2016...

CLIMATE NORMAL PERIOD 1981 TO 2010
CLIMATE RECORD PERIOD 1893 TO 2016


WEATHER ITEM   OBSERVED TIME   RECORD YEAR NORMAL DEPARTURE LAST
                VALUE   (LST)  VALUE       VALUE  FROM      YEAR
                                                  NORMAL
..................................................................
TEMPERATURE (F)
 YESTERDAY
  MAXIMUM         78    356 PM  95    1933  74      4       65
  MINIMUM         64    649 AM  38    1940  51     13       57
  AVERAGE         71                        63      8       61

PRECIPITATION (IN)
  YESTERDAY        0.19          1.31 1937   0.13   0.06     1.26
  MONTH TO DATE    2.31                      3.51  -1.20     3.89
  SINCE SEP 1      2.31                      3.51  -1.20     3.89
  SINCE JAN 1     35.43                     31.44   3.99    28.63

SNOWFALL (IN)
  YESTERDAY        0.0                                       0.0
  MONTH TO DATE    0.0                                       0.0
  SINCE SEP 1      0.0                                       0.0
  SINCE JUL 1      0.0                                       0.0
  SNOW DEPTH       0

DEGREE DAYS
 HEATING
  YESTERDAY        0                         4     -4        4
  MONTH TO DATE    0                        41    -41       27
  SINCE SEP 1      0                        41    -41       27
  SINCE JUL 1      0                        44    -44       27

 COOLING
  YESTERDAY        6                         2      4        0
  MONTH TO DATE  228                       113    115      143
  SINCE SEP 1    228                       113    115      143
  SINCE JAN 1   1306                      1011    295     1168
..................................................................


WIND (MPH)
  HIGHEST WIND SPEED    13   HIGHEST WIND DIRECTION    SE (150)
  HIGHEST GUST SPEED    16   HIGHEST GUST DIRECTION     S (160)
  AVERAGE WIND SPEED     3.2


SKY COVER
  AVERAGE SKY COVER 0.6


WEATHER CONDITIONS
 THE FOLLOWING WEATHER WAS RECORDED YESTERDAY.
  THUNDERSTORM
  HEAVY RAIN
  RAIN
  LIGHT RAIN
  FOG


RELATIVE HUMIDITY (PERCENT)
 HIGHEST   100          1200 AM
 LOWEST     62           400 PM
 AVERAGE    81

..........................................................


THE LYNCHBURG VA CLIMATE NORMALS FOR TODAY
                         NORMAL    RECORD    YEAR
 MAXIMUM TEMPERATURE (F)   74        93      1936
 MINIMUM TEMPERATURE (F)   51        38      1989


SUNRISE AND SUNSET
SEPTEMBER 28 2016.....SUNRISE   710 AM EDT   SUNSET   704 PM EDT
SEPTEMBER 29 2016.....SUNRISE   711 AM EDT   SUNSET   702 PM EDT


-  INDICATES NEGATIVE NUMBERS.
R  INDICATES RECORD WAS SET OR TIED.
MM INDICATES DATA IS MISSING.
T  INDICATES TRACE AMOUNT.




$$
