000
CDUS41 KRNK 012117
CLILYH


CLIMATE REPORT
NATIONAL WEATHER SERVICE BLACKSBURG VA
515 PM EDT FRI AUG 1 2014


...................................

...THE LYNCHBURG VA CLIMATE SUMMARY FOR AUGUST 1 2014...
VALID TODAY AS OF 0500 PM LOCAL TIME.

CLIMATE NORMAL PERIOD 1981 TO 2010
CLIMATE RECORD PERIOD 1893 TO 2014


WEATHER ITEM   OBSERVED TIME   RECORD YEAR NORMAL DEPARTURE LAST
                VALUE   (LST)  VALUE       VALUE  FROM      YEAR
                                                  NORMAL
..................................................................
TEMPERATURE (F)
 TODAY
  MAXIMUM         70    402 PM  98    1935  86    -16       88
  MINIMUM         65    620 AM  51    1997  64      1       66
  AVERAGE         68                        75     -7       77

PRECIPITATION (IN)
  TODAY            0.67          1.27 1953   0.12   0.55     0.02
  MONTH TO DATE    0.67                      0.12   0.55     0.02
  SINCE JUN 1      8.86                      8.10   0.76     9.75
  SINCE JAN 1     29.88                     24.79   5.09    30.19

SNOWFALL (IN)
  TODAY            0.0
  MONTH TO DATE    0.0
  SINCE JUN 1      0.0
  SINCE JUL 1      0.0
  SNOW DEPTH       0

DEGREE DAYS
 HEATING
  TODAY            0                         0      0        0
  MONTH TO DATE    0                         0      0        0
  SINCE JUN 1      1                        15    -14        1
  SINCE JUL 1      0                         1     -1        0

 COOLING
  TODAY            3                        10     -7       12
  MONTH TO DATE    3                        10     -7       12
  SINCE JUN 1    548                       542      6      644
  SINCE JAN 1    662                       624     38      779
..................................................................


WIND (MPH)
  HIGHEST WIND SPEED    13   HIGHEST WIND DIRECTION     N (20)
  HIGHEST GUST SPEED    14   HIGHEST GUST DIRECTION    NE (40)
  AVERAGE WIND SPEED     2.3


SKY COVER
  POSSIBLE SUNSHINE  MM
  AVERAGE SKY COVER 0.9


WEATHER CONDITIONS
 THE FOLLOWING WEATHER WAS RECORDED TODAY.
  RAIN
  LIGHT RAIN
  FOG


RELATIVE HUMIDITY (PERCENT)
 HIGHEST   100          1200 AM
 LOWEST     84           300 PM
 AVERAGE    92

..........................................................


THE LYNCHBURG VA CLIMATE NORMALS FOR TOMORROW
                         NORMAL    RECORD    YEAR
 MAXIMUM TEMPERATURE (F)   86       101      1942
 MINIMUM TEMPERATURE (F)   64        51      1912


SUNRISE AND SUNSET
AUGUST  1 2014........SUNRISE   621 AM EDT   SUNSET   824 PM EDT
AUGUST  2 2014........SUNRISE   622 AM EDT   SUNSET   823 PM EDT


-  INDICATES NEGATIVE NUMBERS.
R  INDICATES RECORD WAS SET OR TIED.
MM INDICATES DATA IS MISSING.
T  INDICATES TRACE AMOUNT.



$$
