000
CDUS41 KRNK 281027
CLILYH

CLIMATE REPORT...CORRECTED
NATIONAL WEATHER SERVICE BLACKSBURG VA
516 AM EST TUE FEB 28 2017


...................................

...THE LYNCHBURG VA CLIMATE SUMMARY FOR FEBRUARY 27 2017...

CLIMATE NORMAL PERIOD 1981 TO 2010
CLIMATE RECORD PERIOD 1893 TO 2017


WEATHER ITEM   OBSERVED TIME   RECORD YEAR NORMAL DEPARTURE LAST
                VALUE   (LST)  VALUE       VALUE  FROM      YEAR
                                                  NORMAL
..................................................................
TEMPERATURE (F)
 YESTERDAY
  MAXIMUM         58    418 PM  74    1944  52      6       49
  MINIMUM         27    513 AM   7    1934  29     -2       24
  AVERAGE         43                        41      2       37

PRECIPITATION (IN)
  YESTERDAY        0.00          1.19 1982   0.11  -0.11     0.00
  MONTH TO DATE    0.47                      2.83  -2.36     4.52
  SINCE DEC 1      7.35                      9.21  -1.86    12.26
  SINCE JAN 1      4.25                      5.97  -1.72     7.29

SNOWFALL (IN)
  YESTERDAY        0.0                                       0.0
  MONTH TO DATE    0.0                                       5.4
  SINCE DEC 1      5.9                                      15.6
  SINCE JUL 1      5.9                                      15.6
  SNOW DEPTH       0

DEGREE DAYS
 HEATING
  YESTERDAY       22                        24     -2       28
  MONTH TO DATE  489                       728   -239      759
  SINCE DEC 1   2067                      2506   -439     2226
  SINCE JUL 1   2697                      3400   -703     2936

 COOLING
  YESTERDAY        0                         0      0        0
  MONTH TO DATE    1                         0      1        0
  SINCE DEC 1      1                         0      1        0
  SINCE JAN 1      1                         0      1        0
..................................................................


WIND (MPH)
  HIGHEST WIND SPEED    16   HIGHEST WIND DIRECTION     S (170)
  HIGHEST GUST SPEED    20   HIGHEST GUST DIRECTION     S (190)
  AVERAGE WIND SPEED     3.1


SKY COVER
  AVERAGE SKY COVER 0.5


WEATHER CONDITIONS
 THE FOLLOWING WEATHER WAS RECORDED YESTERDAY.
  NO SIGNIFICANT WEATHER WAS OBSERVED.


RELATIVE HUMIDITY (PERCENT)
 HIGHEST    69           400 AM
 LOWEST     24           200 PM
 AVERAGE    47

..........................................................


THE LYNCHBURG VA CLIMATE NORMALS FOR TODAY
                         NORMAL    RECORD    YEAR
 MAXIMUM TEMPERATURE (F)   53        80      1918
 MINIMUM TEMPERATURE (F)   30        -5      1934


SUNRISE AND SUNSET
FEBRUARY 28 2017......SUNRISE   649 AM EST   SUNSET   610 PM EST
MARCH  1 2017.........SUNRISE   648 AM EST   SUNSET   611 PM EST


-  INDICATES NEGATIVE NUMBERS.
R  INDICATES RECORD WAS SET OR TIED.
MM INDICATES DATA IS MISSING.
T  INDICATES TRACE AMOUNT.

REMARKS:

DUE TO A POWER OUTAGE CAUSING A MISSING LOW TEMPERATURE ON
FEBRUARY 23...ALL TEMPERATURE AND HEATING DEGREE DAY INFORMATION
WILL BE CALCULATED WITHOUT DATA FROM THIS DATE.

$$

RAB
