000
CDUS44 KLZK 230652
CLILZK


CLIMATE REPORT
NATIONAL WEATHER SERVICE LITTLE ROCK AR
1251 AM CST FRI FEB 23 2018


...................................

...THE NORTH LITTLE ROCK CLIMATE SUMMARY FOR FEBRUARY 22 2018...

CLIMATE NORMAL PERIOD 1981 TO 2010
CLIMATE RECORD PERIOD 1975 TO 2018


WEATHER ITEM   OBSERVED TIME   RECORD YEAR NORMAL DEPARTURE LAST
                VALUE   (LST)  VALUE       VALUE  FROM      YEAR
                                                  NORMAL
..................................................................
TEMPERATURE (F)
 YESTERDAY
  MAXIMUM         45        MM  75    2000  56    -11       61
  MINIMUM         36        MM  17    1978  38     -2       55
  AVERAGE         41                        47     -6       58

PRECIPITATION (IN)
  YESTERDAY        2.16R         1.85 1994   0.14   2.02     0.00
  MONTH TO DATE    8.77                      2.79   5.98     2.80
  SINCE DEC 1     18.09                     11.22   6.87     8.27
  SINCE JAN 1     11.26                      6.21   5.05     5.10

SNOWFALL (IN)
  YESTERDAY        0.0           0.8  2015   0.0    0.0      0.0
  MONTH TO DATE    T                         1.5   -1.5      0.0
  SINCE DEC 1      1.5                       3.7   -2.2      0.8
  SINCE JUL 1      1.5                       3.7   -2.2      0.8
  SNOW DEPTH       0

DEGREE DAYS
 HEATING
  YESTERDAY       24                        18      6        7
  MONTH TO DATE  470                       452     18      258
  SINCE DEC 1   1969                      1873     96     1475
  SINCE JUL 1   2375                      2385    -10     1769

 COOLING
  YESTERDAY        0                         0      0        0
  MONTH TO DATE    3                         0      3       13
  SINCE DEC 1      3                         2      1       15
  SINCE JAN 1      3                         1      2       14
..................................................................


WIND (MPH)
  HIGHEST WIND SPEED    10   HIGHEST WIND DIRECTION     E (90)
  HIGHEST GUST SPEED    MM   HIGHEST GUST DIRECTION    MM
  AVERAGE WIND SPEED     4.8


SKY COVER
  POSSIBLE SUNSHINE  MM
  AVERAGE SKY COVER 0.0


WEATHER CONDITIONS
 THE FOLLOWING WEATHER WAS RECORDED YESTERDAY.
  THUNDERSTORM
  HEAVY RAIN
  RAIN
  LIGHT RAIN
  FOG


RELATIVE HUMIDITY (PERCENT)
 HIGHEST   100          1200 AM
 LOWEST     92           100 PM
 AVERAGE    96

..........................................................


THE NORTH LITTLE ROCK CLIMATE NORMALS FOR TODAY
                         NORMAL    RECORD    YEAR
 MAXIMUM TEMPERATURE (F)   57        80      2012
                                             1982
 MINIMUM TEMPERATURE (F)   38        14      1989


SUNRISE AND SUNSET
FEBRUARY 23 2018......SUNRISE   646 AM CST   SUNSET   600 PM CST
FEBRUARY 24 2018......SUNRISE   644 AM CST   SUNSET   600 PM CST


-  INDICATES NEGATIVE NUMBERS.
R  INDICATES RECORD WAS SET OR TIED.
MM INDICATES DATA IS MISSING.
T  INDICATES TRACE AMOUNT.




$$
