000
CDUS44 KLZK 270644
CLILZK


CLIMATE REPORT
NATIONAL WEATHER SERVICE LITTLE ROCK AR
144 AM CDT THU APR 27 2017


...................................

...THE NORTH LITTLE ROCK CLIMATE SUMMARY FOR APRIL 26 2017...

CLIMATE NORMAL PERIOD 1981 TO 2010
CLIMATE RECORD PERIOD 1975 TO 2017


WEATHER ITEM   OBSERVED TIME   RECORD YEAR NORMAL DEPARTURE LAST
                VALUE   (LST)  VALUE       VALUE  FROM      YEAR
                                                  NORMAL
..................................................................
TEMPERATURE (F)
 YESTERDAY
  MAXIMUM         72        MM  89    1987  75     -3       82
  MINIMUM         50   1100 PM  39    1976  56     -6       67
  AVERAGE         61                        66     -5       75

PRECIPITATION (IN)
  YESTERDAY        1.43R         1.30 1999   0.17   1.26     0.00
  MONTH TO DATE    4.56                      4.12   0.44     2.89
  SINCE MAR 1      8.03                      8.89  -0.86    15.41
  SINCE JAN 1     13.31                     15.97  -2.66    20.47

SNOWFALL (IN)
  YESTERDAY        0.0          MM      MM   0.0    0.0      0.0
  MONTH TO DATE    0.0                       0.0    0.0      0.0
  SINCE MAR 1      T                         0.4   -0.4       T
  SINCE JUL 1      0.8                       4.4   -3.6      7.2
  SNOW DEPTH       0

DEGREE DAYS
 HEATING
  YESTERDAY        4                         3      1        0
  MONTH TO DATE   59                       129    -70       82
  SINCE MAR 1    330                       489   -159      326
  SINCE JUL 1   2161                      2975   -814     2287

 COOLING
  YESTERDAY        0                         3     -3       10
  MONTH TO DATE   71                        54     17       40
  SINCE MAR 1     98                        71     27       57
  SINCE JAN 1    115                        73     42       60
..................................................................


WIND (MPH)
  HIGHEST WIND SPEED    13   HIGHEST WIND DIRECTION     S (160)
  HIGHEST GUST SPEED    23   HIGHEST GUST DIRECTION     S (180)
  AVERAGE WIND SPEED     8.0


SKY COVER
  POSSIBLE SUNSHINE  MM
  AVERAGE SKY COVER 0.0


WEATHER CONDITIONS
 THE FOLLOWING WEATHER WAS RECORDED YESTERDAY.
  NO SIGNIFICANT WEATHER WAS OBSERVED.


RELATIVE HUMIDITY (PERCENT)
 HIGHEST   100           500 PM
 LOWEST     73          1200 AM
 AVERAGE    87

..........................................................


THE NORTH LITTLE ROCK CLIMATE NORMALS FOR TODAY
                         NORMAL    RECORD    YEAR
 MAXIMUM TEMPERATURE (F)   76        91      1987
 MINIMUM TEMPERATURE (F)   56        41      1992


SUNRISE AND SUNSET
APRIL 27 2017.........SUNRISE   622 AM CDT   SUNSET   751 PM CDT
APRIL 28 2017.........SUNRISE   621 AM CDT   SUNSET   752 PM CDT


-  INDICATES NEGATIVE NUMBERS.
R  INDICATES RECORD WAS SET OR TIED.
MM INDICATES DATA IS MISSING.
T  INDICATES TRACE AMOUNT.




$$
