000
CDUS44 KLZK 250910
CLILZK


CLIMATE REPORT
NATIONAL WEATHER SERVICE LITTLE ROCK AR
410 AM CDT SAT OCT 25 2014


...................................

...THE NORTH LITTLE ROCK CLIMATE SUMMARY FOR OCTOBER 24 2014...

CLIMATE NORMAL PERIOD 1981 TO 2010
CLIMATE RECORD PERIOD 1975 TO 2014


WEATHER ITEM   OBSERVED TIME   RECORD YEAR NORMAL DEPARTURE LAST
                VALUE   (LST)  VALUE       VALUE  FROM      YEAR
                                                  NORMAL
..................................................................
TEMPERATURE (F)
 YESTERDAY
  MAXIMUM         75        MM  90    2003  71      4       65
  MINIMUM         50        MM  30    1981  52     -2       44
  AVERAGE         63                        61      2       55

PRECIPITATION (IN)
  YESTERDAY        0.00          2.12 1976   0.16  -0.16     0.00
  MONTH TO DATE    4.80                      3.65   1.15     2.59
  SINCE SEP 1      5.87                      6.96  -1.09     4.85
  SINCE JAN 1     41.67                     38.48   3.19    39.07

SNOWFALL (IN)
  YESTERDAY        0.0          MM      MM   0.0    0.0      0.0
  MONTH TO DATE    T                         0.0    0.0      0.0
  SINCE SEP 1      T                         0.0    0.0      0.0
  SINCE JUL 1      T                         0.0    0.0      0.0
  SNOW DEPTH       0

DEGREE DAYS
 HEATING
  YESTERDAY        2                         5     -3       10
  MONTH TO DATE   47                        76    -29       78
  SINCE SEP 1     54                        89    -35       78
  SINCE JUL 1     54                        89    -35       78

 COOLING
  YESTERDAY        0                         2     -2        0
  MONTH TO DATE   77                        73      4       77
  SINCE SEP 1    394                       370     24      470
  SINCE JAN 1   1909                      2147   -238     2106
..................................................................


WIND (MPH)
  HIGHEST WIND SPEED    MM   HIGHEST WIND DIRECTION    MM
  HIGHEST GUST SPEED    MM   HIGHEST GUST DIRECTION    MM
  AVERAGE WIND SPEED    MM


SKY COVER
  POSSIBLE SUNSHINE  MM
  AVERAGE SKY COVER  MM


WEATHER CONDITIONS
 THE FOLLOWING WEATHER WAS RECORDED YESTERDAY.
  NO SIGNIFICANT WEATHER WAS OBSERVED.


RELATIVE HUMIDITY (PERCENT)
 HIGHEST    MM
 LOWEST     MM
 AVERAGE    MM

..........................................................


THE NORTH LITTLE ROCK CLIMATE NORMALS FOR TODAY
                         NORMAL    RECORD    YEAR
 MAXIMUM TEMPERATURE (F)   70        85      2000
 MINIMUM TEMPERATURE (F)   51        37      2013
                                             1982
                                             1980


SUNRISE AND SUNSET
OCTOBER 25 2014.......SUNRISE   723 AM CDT   SUNSET   622 PM CDT
OCTOBER 26 2014.......SUNRISE   724 AM CDT   SUNSET   621 PM CDT


-  INDICATES NEGATIVE NUMBERS.
R  INDICATES RECORD WAS SET OR TIED.
MM INDICATES DATA IS MISSING.
T  INDICATES TRACE AMOUNT.




$$
