000
CDUS44 KLZK 102210
CLILZK


CLIMATE REPORT
NATIONAL WEATHER SERVICE LITTLE ROCK AR
409 PM CST SUN DEC 10 2017


...................................

...THE NORTH LITTLE ROCK CLIMATE SUMMARY FOR DECEMBER 10 2017...
VALID TODAY AS OF 0400 PM LOCAL TIME.

CLIMATE NORMAL PERIOD 1981 TO 2010
CLIMATE RECORD PERIOD 1975 TO 2017


WEATHER ITEM   OBSERVED TIME   RECORD YEAR NORMAL DEPARTURE LAST
                VALUE   (LST)  VALUE       VALUE  FROM      YEAR
                                                  NORMAL
..................................................................
TEMPERATURE (F)
 TODAY
  MAXIMUM         64        MM  70    2015  52     12       43
                                      1996
  MINIMUM         31        MM  12    1995  36     -5       25
  AVERAGE         48                        44      4       34

PRECIPITATION (IN)
  TODAY            0.00          1.47 1985   0.18  -0.18     0.00
  MONTH TO DATE    0.87                      1.77  -0.90     0.70
  SINCE DEC 1      0.87                      1.77  -0.90     0.70
  SINCE JAN 1     45.52                     46.79  -1.27    50.00

SNOWFALL (IN)
  TODAY            0.0           T    2012   0.0    0.0      0.0
                                      2003
                                      2002
  MONTH TO DATE    0.0                       0.1   -0.1       T
  SINCE DEC 1      0.0                       0.1   -0.1       T
  SINCE JUL 1      T                         0.1   -0.1       T
  SNOW DEPTH       0

DEGREE DAYS
 HEATING
  TODAY           17                        21     -4       31
  MONTH TO DATE  166                       198    -32      231
  SINCE DEC 1    166                       198    -32      231
  SINCE JUL 1    572                       710   -138      525

 COOLING
  TODAY            0                         0      0        0
  MONTH TO DATE    0                         0      0        0
  SINCE DEC 1      0                         0      0        0
  SINCE JAN 1   2083                      2169    -86     2374
..................................................................


WIND (MPH)
  HIGHEST WIND SPEED    10   HIGHEST WIND DIRECTION    SW (220)
  HIGHEST GUST SPEED    MM   HIGHEST GUST DIRECTION    MM
  AVERAGE WIND SPEED     3.5


SKY COVER
  POSSIBLE SUNSHINE  MM
  AVERAGE SKY COVER 0.0


WEATHER CONDITIONS
 THE FOLLOWING WEATHER WAS RECORDED TODAY.
  NO SIGNIFICANT WEATHER WAS OBSERVED.


RELATIVE HUMIDITY (PERCENT)
 HIGHEST    70           800 AM
 LOWEST     29           200 PM
 AVERAGE    50

..........................................................


THE NORTH LITTLE ROCK CLIMATE NORMALS FOR TOMORROW
                         NORMAL    RECORD    YEAR
 MAXIMUM TEMPERATURE (F)   52        76      1996
 MINIMUM TEMPERATURE (F)   36        19      2000


SUNRISE AND SUNSET
DECEMBER 10 2017......SUNRISE   706 AM CST   SUNSET   458 PM CST
DECEMBER 11 2017......SUNRISE   707 AM CST   SUNSET   458 PM CST


-  INDICATES NEGATIVE NUMBERS.
R  INDICATES RECORD WAS SET OR TIED.
MM INDICATES DATA IS MISSING.
T  INDICATES TRACE AMOUNT.




$$
