000
CDUS44 KLZK 281004
CLILZK


CLIMATE REPORT
NATIONAL WEATHER SERVICE LITTLE ROCK AR
404 AM CST SAT FEB 28 2015


...................................

...THE NORTH LITTLE ROCK CLIMATE SUMMARY FOR FEBRUARY 27 2015...

CLIMATE NORMAL PERIOD 1981 TO 2010
CLIMATE RECORD PERIOD 1975 TO 2015


WEATHER ITEM   OBSERVED TIME   RECORD YEAR NORMAL DEPARTURE LAST
                VALUE   (LST)  VALUE       VALUE  FROM      YEAR
                                                  NORMAL
..................................................................
TEMPERATURE (F)
 YESTERDAY
  MAXIMUM         30        MM  80    1996  58    -28       51
                                      1981
  MINIMUM         18R       MM  18    2002  40    -22       26
  AVERAGE         24                        49    -25       39

PRECIPITATION (IN)
  YESTERDAY        T             1.18 1989   0.15  -0.15     0.00
  MONTH TO DATE    3.26                      3.52  -0.26     3.00
  SINCE DEC 1      9.17                     11.95  -2.78    12.63
  SINCE JAN 1      6.18                      6.94  -0.76     5.31

SNOWFALL (IN)
  YESTERDAY        T   R         T    1989   0.1   -0.1      0.0
                                      1984
  MONTH TO DATE    3.6                       1.8    1.8      2.5
  SINCE DEC 1      3.6                       4.0   -0.4      3.6
  SINCE JUL 1      4.2                       4.0    0.2      3.6
  SNOW DEPTH       T

DEGREE DAYS
 HEATING
  YESTERDAY       41                        16     25       26
  MONTH TO DATE  755                       537    218      661
  SINCE DEC 1   2148                      1958    190     2195
  SINCE JUL 1   2763                      2470    293     2801

 COOLING
  YESTERDAY        0                         0      0        0
  MONTH TO DATE    0                         0      0        0
  SINCE DEC 1      0                         2     -2        1
  SINCE JAN 1      0                         1     -1        0
..................................................................


WIND (MPH)
  HIGHEST WIND SPEED    MM   HIGHEST WIND DIRECTION    MM
  HIGHEST GUST SPEED    MM   HIGHEST GUST DIRECTION    MM
  AVERAGE WIND SPEED    MM


SKY COVER
  POSSIBLE SUNSHINE  MM
  AVERAGE SKY COVER  MM


WEATHER CONDITIONS
 THE FOLLOWING WEATHER WAS RECORDED YESTERDAY.
  LIGHT SNOW


RELATIVE HUMIDITY (PERCENT)
 HIGHEST    MM
 LOWEST     MM
 AVERAGE    MM

..........................................................


THE NORTH LITTLE ROCK CLIMATE NORMALS FOR TODAY
                         NORMAL    RECORD    YEAR
 MAXIMUM TEMPERATURE (F)   58        81      1980
 MINIMUM TEMPERATURE (F)   40        24      2002


SUNRISE AND SUNSET
FEBRUARY 28 2015......SUNRISE   640 AM CST   SUNSET   604 PM CST
MARCH  1 2015.........SUNRISE   639 AM CST   SUNSET   605 PM CST


-  INDICATES NEGATIVE NUMBERS.
R  INDICATES RECORD WAS SET OR TIED.
MM INDICATES DATA IS MISSING.
T  INDICATES TRACE AMOUNT.




$$
