000
CDUS46 KHNX 270021
CLIMAE


CLIMATE REPORT
NATIONAL WEATHER SERVICE SAN JOAQUIN VALLEY, CA
421 PM PST FRI DEC 26 2014


...................................

...THE MADERA CA CLIMATE SUMMARY FOR DECEMBER 26 2014...
VALID AS OF 0400 PM LOCAL TIME.

CLIMATE NORMAL PERIOD 1981 TO 2010
CLIMATE RECORD PERIOD 1998 TO 2014


WEATHER ITEM   OBSERVED TIME   RECORD YEAR NORMAL DEPARTURE LAST
                VALUE   (LST)  VALUE       VALUE  FROM      YEAR
                                                  NORMAL
..................................................................
TEMPERATURE (F)
 TODAY
  MAXIMUM         53    336 PM  67    2013  53      0       67
  MINIMUM         31    556 AM  25    2011  36     -5       29
  AVERAGE         42                        44     -2       48

PRECIPITATION (IN)
  TODAY            0.00          0.49 2005   0.06  -0.06     0.00
  MONTH TO DATE    2.88                      1.34   1.54     0.27
  SINCE JUL 1      3.71                      3.66   0.05     0.97
  SINCE JAN 1      7.32                     11.66  -4.34     4.49

SNOWFALL (IN)
  TODAY            0.0
  MONTH TO DATE    0.0
  SINCE DEC 1      0.0
  SINCE JUL 1      0.0
  SNOW DEPTH       0

DEGREE DAYS
 HEATING
  TODAY           23                                        17
  MONTH TO DATE  269                                       560
  SINCE DEC 1    269                                       560
  SINCE JUL 1    585                                       978

 COOLING
  TODAY            0                                         0
  MONTH TO DATE    1                                         0
  SINCE DEC 1      1                                         0
  SINCE JAN 1   2953                                      1688
..................................................................


WIND (MPH)
  HIGHEST WIND SPEED    12   HIGHEST WIND DIRECTION     E (90)
  HIGHEST GUST SPEED    13   HIGHEST GUST DIRECTION     E (90)
  AVERAGE WIND SPEED     2.8




RELATIVE HUMIDITY (PERCENT)
 HIGHEST    92
 LOWEST     54
 AVERAGE    73

..........................................................


THE MADERA CA CLIMATE NORMALS FOR TOMORROW
                         NORMAL    RECORD    YEAR
 MAXIMUM TEMPERATURE (F)   52        69      1999
 MINIMUM TEMPERATURE (F)   36        25      2011


SUNRISE AND SUNSET
DECEMBER 26 2014......SUNRISE   712 AM PST   SUNSET   450 PM PST
DECEMBER 27 2014......SUNRISE   712 AM PST   SUNSET   451 PM PST


-  INDICATES NEGATIVE NUMBERS.
R  INDICATES RECORD WAS SET OR TIED.
MM INDICATES DATA IS MISSING.
T  INDICATES TRACE AMOUNT.




$$
