875
CDUS46 KHNX 250823
CLIMAE


CLIMATE REPORT
NATIONAL WEATHER SERVICE SAN JOAQUIN VALLEY, CA
123 AM PDT MON SEP 25 2017


...................................

...THE MADERA CA AIRPORT CLIMATE SUMMARY FOR SEPTEMBER 24 2017...

CLIMATE NORMAL PERIOD 1981 TO 2010
CLIMATE RECORD PERIOD 1998 TO 2017


WEATHER ITEM   OBSERVED TIME   RECORD YEAR NORMAL DEPARTURE
                VALUE   (LST)  VALUE       VALUE  FROM
                                                  NORMAL
...............................................................
TEMPERATURE (F)
 YESTERDAY
  MAXIMUM         80        MM 101    2002  88     -8
  MINIMUM         48R       MM  49    2007  54     -6
  AVERAGE         64                        71     -7

PRECIPITATION (IN)
  YESTERDAY        0.00          T    2001   0.02  -0.02
  MONTH TO DATE    0.08                      0.19  -0.11
  SINCE OCT 1     14.26                     11.96   2.30
  SINCE JAN 1     10.19                      8.23   1.96

SNOWFALL (IN)
  YESTERDAY        0.0
  MONTH TO DATE    0.0
  SINCE SEP 1      0.0
  SINCE JUL 1      0.0
  SNOW DEPTH       0

DEGREE DAYS
 HEATING
  YESTERDAY        1
  MONTH TO DATE    5
  SINCE SEP 1      5
  SINCE JUL 1      5

 COOLING
  YESTERDAY        0
  MONTH TO DATE  283
  SINCE SEP 1    283
  SINCE JAN 1   1954
...............................................................


WIND (MPH)
  HIGHEST WIND SPEED     8   HIGHEST WIND DIRECTION     N (340)
  HIGHEST GUST SPEED    16   HIGHEST GUST DIRECTION     W (250)
  AVERAGE WIND SPEED     4.3




RELATIVE HUMIDITY (PERCENT)
 HIGHEST    71
 LOWEST     19
 AVERAGE    45

..........................................................


THE MADERA CA AIRPORT CLIMATE NORMALS FOR TODAY
                         NORMAL    RECORD    YEAR
 MAXIMUM TEMPERATURE (F)   87       100      2015
 MINIMUM TEMPERATURE (F)   54        46      2005


SUNRISE AND SUNSET
SEPTEMBER 25 2017.....SUNRISE   651 AM PDT   SUNSET   652 PM PDT
SEPTEMBER 26 2017.....SUNRISE   652 AM PDT   SUNSET   651 PM PDT


-  INDICATES NEGATIVE NUMBERS.
R  INDICATES RECORD WAS SET OR TIED.
MM INDICATES DATA IS MISSING.
T  INDICATES TRACE AMOUNT.




$$
