000
CDUS46 KHNX 020822
CLIMAE


CLIMATE REPORT
NATIONAL WEATHER SERVICE SAN JOAQUIN VALLEY, CA
122 AM PDT WED SEP 2 2015


...................................

...THE MADERA CA AIRPORT CLIMATE SUMMARY FOR SEPTEMBER 1 2015...

CLIMATE NORMAL PERIOD 1981 TO 2010
CLIMATE RECORD PERIOD 1998 TO 2015


WEATHER ITEM   OBSERVED TIME   RECORD YEAR NORMAL DEPARTURE
                VALUE   (LST)  VALUE       VALUE  FROM
                                                  NORMAL
...............................................................
TEMPERATURE (F)
 YESTERDAY
  MAXIMUM         97    300 PM 106    2007  93      4
  MINIMUM         59    539 AM  49    1999  58      1
  AVERAGE         78                        75      3

PRECIPITATION (IN)
  YESTERDAY        0.00          T    2000   0.00   0.00
  MONTH TO DATE    0.00                      0.00   0.00
  SINCE OCT 1      5.83                     11.77  -5.94
  SINCE JAN 1      2.15                      8.04  -5.89

SNOWFALL (IN)
  YESTERDAY        0.0
  MONTH TO DATE    0.0
  SINCE SEP 1      0.0
  SINCE JUL 1      0.0
  SNOW DEPTH       0

DEGREE DAYS
 HEATING
  YESTERDAY        0
  MONTH TO DATE    0
  SINCE SEP 1      0
  SINCE JUL 1      0

 COOLING
  YESTERDAY       13
  MONTH TO DATE   13
  SINCE SEP 1     13
  SINCE JAN 1   1571
...............................................................


WIND (MPH)
  HIGHEST WIND SPEED    14   HIGHEST WIND DIRECTION     W (290)
  HIGHEST GUST SPEED    17   HIGHEST GUST DIRECTION     W (280)
  AVERAGE WIND SPEED     4.7




RELATIVE HUMIDITY (PERCENT)
 HIGHEST    78
 LOWEST     16
 AVERAGE    47

..........................................................


THE MADERA CA AIRPORT CLIMATE NORMALS FOR TODAY
                         NORMAL    RECORD    YEAR
 MAXIMUM TEMPERATURE (F)   92       106      1998
 MINIMUM TEMPERATURE (F)   58        52      1999


SUNRISE AND SUNSET
SEPTEMBER  2 2015.....SUNRISE   632 AM PDT   SUNSET   728 PM PDT
SEPTEMBER  3 2015.....SUNRISE   633 AM PDT   SUNSET   726 PM PDT


-  INDICATES NEGATIVE NUMBERS.
R  INDICATES RECORD WAS SET OR TIED.
MM INDICATES DATA IS MISSING.
T  INDICATES TRACE AMOUNT.




$$
