000
CDUS46 KHNX 250025
CLIMAE


CLIMATE REPORT
NATIONAL WEATHER SERVICE SAN JOAQUIN VALLEY, CA
524 PM PDT SUN MAY 24 2015


...................................

...THE MADERA CA CLIMATE SUMMARY FOR MAY 24 2015...
VALID AS OF 0500 PM LOCAL TIME.

CLIMATE NORMAL PERIOD 1981 TO 2010
CLIMATE RECORD PERIOD 1998 TO 2015


WEATHER ITEM   OBSERVED TIME   RECORD YEAR NORMAL DEPARTURE LAST
                VALUE   (LST)  VALUE       VALUE  FROM      YEAR
                                                  NORMAL
..................................................................
TEMPERATURE (F)
 TODAY
  MAXIMUM         83    349 PM 100    2001  85     -2       94
  MINIMUM         53    505 AM  45    2011  53      0       60
  AVERAGE         68                        69     -1       77

PRECIPITATION (IN)
  TODAY            0.00          0.02 2008   0.00   0.00     0.00
  MONTH TO DATE    0.45                      0.44   0.01      T
  SINCE OCT 1      5.71                     11.50  -5.79     4.30
  SINCE JAN 1      2.03                      7.77  -5.74     3.61

SNOWFALL (IN)
  TODAY            0.0
  MONTH TO DATE    0.0
  SINCE MAR 1      0.0
  SINCE JUL 1      0.0
  SNOW DEPTH       0

DEGREE DAYS
 HEATING
  TODAY            0                                         0
  MONTH TO DATE   27                                        13
  SINCE MAR 1    276                                       309
  SINCE JUL 1   1726                                      2136

 COOLING
  TODAY            3                                        12
  MONTH TO DATE   45                                       127
  SINCE MAR 1    121                                       184
  SINCE JAN 1    123                                       184
..................................................................


WIND (MPH)
  HIGHEST WIND SPEED    12   HIGHEST WIND DIRECTION    NW (300)
  HIGHEST GUST SPEED    MM   HIGHEST GUST DIRECTION    MM
  AVERAGE WIND SPEED     4.7




RELATIVE HUMIDITY (PERCENT)
 HIGHEST    77
 LOWEST     33
 AVERAGE    55

..........................................................


THE MADERA CA CLIMATE NORMALS FOR TOMORROW
                         NORMAL    RECORD    YEAR
 MAXIMUM TEMPERATURE (F)   86        99      2001
 MINIMUM TEMPERATURE (F)   53        46      2010


SUNRISE AND SUNSET
MAY 24 2015...........SUNRISE   546 AM PDT   SUNSET   809 PM PDT
MAY 25 2015...........SUNRISE   546 AM PDT   SUNSET   810 PM PDT


-  INDICATES NEGATIVE NUMBERS.
R  INDICATES RECORD WAS SET OR TIED.
MM INDICATES DATA IS MISSING.
T  INDICATES TRACE AMOUNT.




$$
