936
CDUS46 KHNX 310023
CLIMAE


CLIMATE REPORT
NATIONAL WEATHER SERVICE SAN JOAQUIN VALLEY, CA
523 PM PDT MON MAY 30 2016


...................................

...THE MADERA CA CLIMATE SUMMARY FOR MAY 30 2016...
VALID AS OF 0400 PM LOCAL TIME.

CLIMATE NORMAL PERIOD 1981 TO 2010
CLIMATE RECORD PERIOD 1998 TO 2016


WEATHER ITEM   OBSERVED TIME   RECORD YEAR NORMAL DEPARTURE LAST
                VALUE   (LST)  VALUE       VALUE  FROM      YEAR
                                                  NORMAL
..................................................................
TEMPERATURE (F)
 TODAY
  MAXIMUM         96    325 PM 100    2002  87      9       97
  MINIMUM         57    357 AM  44    2011  54      3       58
  AVERAGE         77                        70      7       78

PRECIPITATION (IN)
  TODAY            0.00          0.00   MM   0.01  -0.01     0.00
  MONTH TO DATE    T                         0.48  -0.48     0.45
  SINCE OCT 1     12.96                     11.54   1.42     5.71
  SINCE JAN 1      8.40                      7.81   0.59     2.03

SNOWFALL (IN)
  TODAY            0.0
  MONTH TO DATE    0.0
  SINCE MAR 1      0.0
  SINCE JUL 1      0.0
  SNOW DEPTH       0

DEGREE DAYS
 HEATING
  TODAY            0                                         0
  MONTH TO DATE   19                                        27
  SINCE MAR 1    328                                       276
  SINCE JUL 1   2072                                      1726

 COOLING
  TODAY           12                                        13
  MONTH TO DATE  147                                        92
  SINCE MAR 1    179                                       168
  SINCE JAN 1    179                                       170
..................................................................


WIND (MPH)
  HIGHEST WIND SPEED    15   HIGHEST WIND DIRECTION    NW (310)
  HIGHEST GUST SPEED    19   HIGHEST GUST DIRECTION     W (280)
  AVERAGE WIND SPEED     6.5




RELATIVE HUMIDITY (PERCENT)
 HIGHEST    80
 LOWEST     17
 AVERAGE    49

..........................................................


THE MADERA CA CLIMATE NORMALS FOR TOMORROW
                         NORMAL    RECORD    YEAR
 MAXIMUM TEMPERATURE (F)   87       105      2001
 MINIMUM TEMPERATURE (F)   54        45      2011


SUNRISE AND SUNSET
MAY 30 2016...........SUNRISE   543 AM PDT   SUNSET   814 PM PDT
MAY 31 2016...........SUNRISE   543 AM PDT   SUNSET   814 PM PDT


-  INDICATES NEGATIVE NUMBERS.
R  INDICATES RECORD WAS SET OR TIED.
MM INDICATES DATA IS MISSING.
T  INDICATES TRACE AMOUNT.




$$
