000
CDUS46 KHNX 160023
CLIMAE


CLIMATE REPORT
NATIONAL WEATHER SERVICE SAN JOAQUIN VALLEY, CA
523 PM PDT MON SEP 15 2014


...................................

...THE MADERA CA CLIMATE SUMMARY FOR SEPTEMBER 15 2014...
VALID AS OF 0500 PM LOCAL TIME.

CLIMATE NORMAL PERIOD 1981 TO 2010
CLIMATE RECORD PERIOD 1998 TO 2014


WEATHER ITEM   OBSERVED TIME   RECORD YEAR NORMAL DEPARTURE LAST
                VALUE   (LST)  VALUE       VALUE  FROM      YEAR
                                                  NORMAL
..................................................................
TEMPERATURE (F)
 TODAY
  MAXIMUM        101R   358 PM  98    2012  90     11       93
                                      1998
  MINIMUM         66    534 AM  49    2006  56     10       59
  AVERAGE         84                        73     11       76

PRECIPITATION (IN)
  TODAY            0.00          0.00   MM   0.00   0.00     0.00
  MONTH TO DATE    T                         0.09  -0.09     0.00
  SINCE JUL 1      T                         0.13  -0.13     0.01
  SINCE JAN 1      3.61                      8.13  -4.52     3.53

SNOWFALL (IN)
  TODAY            0.0
  MONTH TO DATE    0.0
  SINCE SEP 1      0.0
  SINCE JUL 1      0.0
  SNOW DEPTH       0

DEGREE DAYS
 HEATING
  TODAY            0                                         0
  MONTH TO DATE    0                                         0
  SINCE SEP 1      0                                         0
  SINCE JUL 1      0                                         0

 COOLING
  TODAY           19                                        11
  MONTH TO DATE  217                                       181
  SINCE SEP 1    217                                       181
  SINCE JAN 1   2703                                      1623
..................................................................


WIND (MPH)
  HIGHEST WIND SPEED    12   HIGHEST WIND DIRECTION    NW (310)
  HIGHEST GUST SPEED    16   HIGHEST GUST DIRECTION    NW (330)
  AVERAGE WIND SPEED     7.6




RELATIVE HUMIDITY (PERCENT)
 HIGHEST    63
 LOWEST     16
 AVERAGE    40

..........................................................


THE MADERA CA CLIMATE NORMALS FOR TOMORROW
                         NORMAL    RECORD    YEAR
 MAXIMUM TEMPERATURE (F)   90        98      2012
 MINIMUM TEMPERATURE (F)   56        46      2006


SUNRISE AND SUNSET
SEPTEMBER 15 2014.....SUNRISE   643 AM PDT   SUNSET   708 PM PDT
SEPTEMBER 16 2014.....SUNRISE   643 AM PDT   SUNSET   706 PM PDT


-  INDICATES NEGATIVE NUMBERS.
R  INDICATES RECORD WAS SET OR TIED.
MM INDICATES DATA IS MISSING.
T  INDICATES TRACE AMOUNT.




$$
