000
CDUS46 KHNX 170834
CLIMAE


CLIMATE REPORT
NATIONAL WEATHER SERVICE SAN JOAQUIN VALLEY, CA
134 AM PDT THU APR 17 2014


...................................

...THE MADERA CA AIRPORT CLIMATE SUMMARY FOR APRIL 16 2014...

CLIMATE NORMAL PERIOD 1981 TO 2010
CLIMATE RECORD PERIOD 1998 TO 2014


WEATHER ITEM   OBSERVED TIME   RECORD YEAR NORMAL DEPARTURE
                VALUE   (LST)  VALUE       VALUE  FROM
                                                  NORMAL
...............................................................
TEMPERATURE (F)
 YESTERDAY
  MAXIMUM         86    359 PM  89    1999  74     12
  MINIMUM         50    514 AM  35    2009  45      5
  AVERAGE         68                        60      8

PRECIPITATION (IN)
  YESTERDAY        0.00          0.21 2006   0.04  -0.04
  MONTH TO DATE    0.02                      0.52  -0.50
  SINCE JUL 1      4.04                     10.92  -6.88
  SINCE JAN 1      3.07                      6.90  -3.83

SNOWFALL (IN)
  YESTERDAY        0.0
  MONTH TO DATE    0.0
  SINCE MAR 1      0.0
  SINCE JUL 1      0.0
  SNOW DEPTH       0

DEGREE DAYS
 HEATING
  YESTERDAY        0
  MONTH TO DATE   66
  SINCE MAR 1    256
  SINCE JUL 1   2083

 COOLING
  YESTERDAY        3
  MONTH TO DATE   34
  SINCE MAR 1     34
  SINCE JAN 1     34
...............................................................


WIND (MPH)
  HIGHEST WIND SPEED    17   HIGHEST WIND DIRECTION    NW (300)
  HIGHEST GUST SPEED    MM   HIGHEST GUST DIRECTION    MM
  AVERAGE WIND SPEED     8.7




RELATIVE HUMIDITY (PERCENT)
 HIGHEST    83
 LOWEST     20
 AVERAGE    52

..........................................................


THE MADERA CA AIRPORT CLIMATE NORMALS FOR TODAY
                         NORMAL    RECORD    YEAR
 MAXIMUM TEMPERATURE (F)   75        88      1999
 MINIMUM TEMPERATURE (F)   45        35      2013


SUNRISE AND SUNSET
APRIL 17 2014.........SUNRISE   623 AM PDT   SUNSET   737 PM PDT
APRIL 18 2014.........SUNRISE   622 AM PDT   SUNSET   738 PM PDT


-  INDICATES NEGATIVE NUMBERS.
R  INDICATES RECORD WAS SET OR TIED.
MM INDICATES DATA IS MISSING.
T  INDICATES TRACE AMOUNT.




$$
