000
CDUS46 KHNX 300022
CLIMAE


CLIMATE REPORT
NATIONAL WEATHER SERVICE SAN JOAQUIN VALLEY, CA
521 PM PDT SUN MAR 29 2015


...................................

...THE MADERA CA CLIMATE SUMMARY FOR MARCH 29 2015...
VALID AS OF 0500 PM LOCAL TIME.

CLIMATE NORMAL PERIOD 1981 TO 2010
CLIMATE RECORD PERIOD 1998 TO 2015


WEATHER ITEM   OBSERVED TIME   RECORD YEAR NORMAL DEPARTURE LAST
                VALUE   (LST)  VALUE       VALUE  FROM      YEAR
                                                  NORMAL
..................................................................
TEMPERATURE (F)
 TODAY
  MAXIMUM         84    357 PM  87    2004  69     15       73
  MINIMUM         48    539 AM  34    1999  43      5       47
  AVERAGE         66                        56     10       60

PRECIPITATION (IN)
  TODAY            0.00          0.36 2014   0.04  -0.04     0.36
  MONTH TO DATE    0.01                      1.70  -1.69     0.65
  SINCE OCT 1      4.26                     10.01  -5.75     3.73
  SINCE JAN 1      0.58                      6.28  -5.70     3.04

SNOWFALL (IN)
  TODAY            0.0
  MONTH TO DATE    0.0
  SINCE MAR 1      0.0
  SINCE JUL 1      0.0
  SNOW DEPTH       0

DEGREE DAYS
 HEATING
  TODAY            0                                         5
  MONTH TO DATE  127                                       170
  SINCE MAR 1    127                                       170
  SINCE JUL 1   1577                                      1997

 COOLING
  TODAY            1                                         0
  MONTH TO DATE   25                                         0
  SINCE MAR 1     25                                         0
  SINCE JAN 1     27                                         0
..................................................................


WIND (MPH)
  HIGHEST WIND SPEED    10   HIGHEST WIND DIRECTION     W (270)
  HIGHEST GUST SPEED    16   HIGHEST GUST DIRECTION     W (270)
  AVERAGE WIND SPEED     4.2




RELATIVE HUMIDITY (PERCENT)
 HIGHEST    77
 LOWEST     20
 AVERAGE    49

..........................................................


THE MADERA CA CLIMATE NORMALS FOR TOMORROW
                         NORMAL    RECORD    YEAR
 MAXIMUM TEMPERATURE (F)   69        83      2013
                                             2003
 MINIMUM TEMPERATURE (F)   43        34      2009


SUNRISE AND SUNSET
MARCH 29 2015.........SUNRISE   651 AM PDT   SUNSET   720 PM PDT
MARCH 30 2015.........SUNRISE   649 AM PDT   SUNSET   721 PM PDT


-  INDICATES NEGATIVE NUMBERS.
R  INDICATES RECORD WAS SET OR TIED.
MM INDICATES DATA IS MISSING.
T  INDICATES TRACE AMOUNT.




$$
