000
CDUS44 KMAF 010844
CLIMAF

CLIMATE REPORT
NATIONAL WEATHER SERVICE MIDLAND/ODESSA TX
230 AM CST SUN MAR 1 2015

...................................

...THE MIDLAND CLIMATE SUMMARY FOR FEBRUARY 28 2015...

CLIMATE NORMAL PERIOD 1981 TO 2010
CLIMATE RECORD PERIOD 1930 TO 2015

WEATHER ITEM   OBSERVED TIME   RECORD YEAR NORMAL DEPARTURE LAST
                VALUE   (LST)  VALUE       VALUE  FROM      YEAR
                                                  NORMAL
..................................................................
TEMPERATURE (F)
 YESTERDAY
  MAXIMUM         31   1159 PM  87    1940  66    -35       81
  MINIMUM         20    637 AM  14    1962  38    -18       44
  AVERAGE         26                        52    -26       63

PRECIPITATION (IN)
  YESTERDAY        T             0.59 1981   0.03  -0.03     0.00
  MONTH TO DATE    0.26                      0.71  -0.45     0.26
  SINCE DEC 1      2.91                      1.87   1.04     1.70
  SINCE JAN 1      2.69                      1.27   1.42     0.26

SNOWFALL (IN)
  YESTERDAY        0.1
  MONTH TO DATE    1.1
  SINCE DEC 1      3.6
  SINCE JUL 1      3.6
  SNOW DEPTH       T

DEGREE DAYS
 HEATING
  YESTERDAY       39                        13     26        2
  MONTH TO DATE  504                       464     40      462
  SINCE DEC 1   1702                      1758    -56     1751
  SINCE JUL 1   2150                      2237    -87     2248
..................................................................

WIND (MPH)
  HIGHEST WIND SPEED    13   HIGHEST WIND DIRECTION    SE (140)
  HIGHEST GUST SPEED    15   HIGHEST GUST DIRECTION     E (80)
  AVERAGE WIND SPEED     9.4

SKY COVER
  POSSIBLE SUNSHINE  MM
  AVERAGE SKY COVER 1.0

WEATHER CONDITIONS
 THE FOLLOWING WEATHER WAS RECORDED YESTERDAY.
  LIGHT SNOW
  FOG

RELATIVE HUMIDITY (PERCENT)
 HIGHEST   100           700 PM
 LOWEST     85           100 PM
 AVERAGE    93

..........................................................

THE MIDLAND CLIMATE NORMALS FOR TODAY
                         NORMAL    RECORD    YEAR
 MAXIMUM TEMPERATURE (F)   66        89      2006
 MINIMUM TEMPERATURE (F)   38        14      1962

SUNRISE AND SUNSET
MARCH  1 2015.........SUNRISE   716 AM CST   SUNSET   646 PM CST
MARCH  2 2015.........SUNRISE   715 AM CST   SUNSET   647 PM CST

-  INDICATES NEGATIVE NUMBERS.
R  INDICATES RECORD WAS SET OR TIED.
MM INDICATES DATA IS MISSING.
T  INDICATES TRACE AMOUNT.

$$

44
