000
CDUS44 KMAF 222114
CLIMAF


CLIMATE REPORT
NATIONAL WEATHER SERVICE MIDLAND/ODESSA TX
413 PM CDT MON SEP 22 2014


...................................

...THE MIDLAND CLIMATE SUMMARY FOR SEPTEMBER 22 2014...
VALID TODAY AS OF 0400 PM LOCAL TIME.

CLIMATE NORMAL PERIOD 1981 TO 2010
CLIMATE RECORD PERIOD 1930 TO 2014


WEATHER ITEM   OBSERVED TIME   RECORD YEAR NORMAL DEPARTURE LAST
                VALUE   (LST)  VALUE       VALUE  FROM      YEAR
                                                  NORMAL
..................................................................
TEMPERATURE (F)
 TODAY
  MAXIMUM         81    223 PM 100    1977  85     -4       83
  MINIMUM         69    709 AM  42    1995  60      9       56
  AVERAGE         75                        72      3       70

PRECIPITATION (IN)
  TODAY            0.00          2.98 1932   0.06  -0.06     0.00
  MONTH TO DATE    1.63                      1.40   0.23     0.27
  SINCE SEP 1      1.63                      1.40   0.23     0.27
  SINCE JAN 1      6.37                     11.12  -4.75     4.84

DEGREE DAYS
 HEATING
  TODAY            0                         1     -1        0
  MONTH TO DATE   14                         2     12        0
  SINCE SEP 1     14                         2     12        0
  SINCE JUL 1     14                         2     12        0

 COOLING
  TODAY           10                         8      2        5
  MONTH TO DATE  255                       240     15      305
  SINCE SEP 1    255                       240     15      305
  SINCE JAN 1   2452                      2124    328     2480
..................................................................


WIND (MPH)
  HIGHEST WIND SPEED    17   HIGHEST WIND DIRECTION     S (160)
  HIGHEST GUST SPEED    22   HIGHEST GUST DIRECTION    SE (150)
  AVERAGE WIND SPEED     9.9


SKY COVER
  POSSIBLE SUNSHINE  MM
  AVERAGE SKY COVER 0.5


WEATHER CONDITIONS
 THE FOLLOWING WEATHER WAS RECORDED TODAY.
  FOG


RELATIVE HUMIDITY (PERCENT)
 HIGHEST    97           200 AM
 LOWEST     51           300 PM
 AVERAGE    74

..........................................................


THE MIDLAND CLIMATE NORMALS FOR TOMORROW
                         NORMAL    RECORD    YEAR
 MAXIMUM TEMPERATURE (F)   85        99      1933
 MINIMUM TEMPERATURE (F)   60        45      1995
                                             1994


SUNRISE AND SUNSET
SEPTEMBER 22 2014.....SUNRISE   737 AM CDT   SUNSET   745 PM CDT
SEPTEMBER 23 2014.....SUNRISE   738 AM CDT   SUNSET   744 PM CDT


-  INDICATES NEGATIVE NUMBERS.
R  INDICATES RECORD WAS SET OR TIED.
MM INDICATES DATA IS MISSING.
T  INDICATES TRACE AMOUNT.




$$
