000
CDUS44 KMAF 240832
CLIMAF


CLIMATE REPORT
NATIONAL WEATHER SERVICE MIDLAND TX
231 AM CST FRI FEB 24 2017


...................................

...THE MIDLAND CLIMATE SUMMARY FOR FEBRUARY 23 2017...

CLIMATE NORMAL PERIOD 1981 TO 2010
CLIMATE RECORD PERIOD 1930 TO 2017


WEATHER ITEM   OBSERVED TIME   RECORD YEAR NORMAL DEPARTURE LAST
                VALUE   (LST)  VALUE       VALUE  FROM      YEAR
                                                  NORMAL
..................................................................
TEMPERATURE (F)
 YESTERDAY
  MAXIMUM         86R   321 PM  84    2012  65     21       50
                                      1982
                                      1956
  MINIMUM         50    555 AM  14    1966  36     14       37
  AVERAGE         68                        50     18       44

PRECIPITATION (IN)
  YESTERDAY        0.00          0.60 1992   0.03  -0.03      T
  MONTH TO DATE    0.72                      0.59   0.13     0.30
  SINCE DEC 1      2.25                      1.75   0.50     1.72
  SINCE JAN 1      1.84                      1.15   0.69     0.48

SNOWFALL (IN)
  YESTERDAY        0.0
  MONTH TO DATE    0.0
  SINCE DEC 1      0.3
  SINCE JUL 1      0.3
  SNOW DEPTH       0

DEGREE DAYS
 HEATING
  YESTERDAY        0                        15    -15       21
  MONTH TO DATE  196                       395   -199      294
  SINCE DEC 1   1255                      1688   -433     1407
  SINCE JUL 1   1466                      2167   -701     1759
..................................................................


WIND (MPH)
  HIGHEST WIND SPEED    38   HIGHEST WIND DIRECTION    SW (240)
  HIGHEST GUST SPEED    46   HIGHEST GUST DIRECTION     W (250)
  AVERAGE WIND SPEED    15.6


SKY COVER
  POSSIBLE SUNSHINE  MM
  AVERAGE SKY COVER 0.0


WEATHER CONDITIONS
 THE FOLLOWING WEATHER WAS RECORDED YESTERDAY.
  NO SIGNIFICANT WEATHER WAS OBSERVED.


RELATIVE HUMIDITY (PERCENT)
 HIGHEST    54           100 AM
 LOWEST     10           300 PM
 AVERAGE    32

..........................................................


THE MIDLAND CLIMATE NORMALS FOR TODAY
                         NORMAL    RECORD    YEAR
 MAXIMUM TEMPERATURE (F)   65        90      2009
 MINIMUM TEMPERATURE (F)   37        14      1965
                                             1960


SUNRISE AND SUNSET
FEBRUARY 24 2017......SUNRISE   721 AM CST   SUNSET   643 PM CST
FEBRUARY 25 2017......SUNRISE   720 AM CST   SUNSET   644 PM CST


-  INDICATES NEGATIVE NUMBERS.
R  INDICATES RECORD WAS SET OR TIED.
MM INDICATES DATA IS MISSING.
T  INDICATES TRACE AMOUNT.




$$
