000
CDUS44 KMAF 190731
CLIMAF

CLIMATE REPORT
NATIONAL WEATHER SERVICE MIDLAND/ODESSA TX
230 AM CDT SAT APR 19 2014

...................................

...THE MIDLAND CLIMATE SUMMARY FOR APRIL 18 2014...

CLIMATE NORMAL PERIOD 1981 TO 2010
CLIMATE RECORD PERIOD 1930 TO 2014

WEATHER ITEM   OBSERVED TIME   RECORD YEAR NORMAL DEPARTURE LAST
                VALUE   (LST)  VALUE       VALUE  FROM      YEAR
                                                  NORMAL
..................................................................
TEMPERATURE (F)
 YESTERDAY
  MAXIMUM         78    411 PM  96    2011  80     -2       62
                                      1948
  MINIMUM         51    416 AM  34    2008  50      1       40
                                      1998
  AVERAGE         65                        65      0       51

PRECIPITATION (IN)
  YESTERDAY        0.00          0.70 1990   0.03  -0.03     0.00
  MONTH TO DATE    T                         0.39  -0.39      T
  SINCE MAR 1      0.19                      0.99  -0.80      T
  SINCE JAN 1      0.45                      2.26  -1.81     1.53

SNOWFALL (IN)
  YESTERDAY        0.0
  MONTH TO DATE    0.0
  SINCE MAR 1      0.0
  SINCE JUL 1      0.8
  SNOW DEPTH       0

DEGREE DAYS
 HEATING
  YESTERDAY        0                         3     -3       14
  MONTH TO DATE   68                        86    -18       85
  SINCE MAR 1    350                       393    -43      323
  SINCE JUL 1   2598                      2630    -32     2295

 COOLING
  YESTERDAY        0                         3     -3        0
  MONTH TO DATE   67                        39     28       70
  SINCE MAR 1     90                        55     35      105
  SINCE JAN 1     92                        57     35      105
..................................................................

WIND (MPH)
  HIGHEST WIND SPEED    22   HIGHEST WIND DIRECTION    SE (150)
  HIGHEST GUST SPEED    27   HIGHEST GUST DIRECTION    SE (150)
  AVERAGE WIND SPEED    11.2

SKY COVER
  POSSIBLE SUNSHINE  MM
  AVERAGE SKY COVER 0.5

WEATHER CONDITIONS
 THE FOLLOWING WEATHER WAS RECORDED YESTERDAY.
  FOG
  HAZE

RELATIVE HUMIDITY (PERCENT)
 HIGHEST    93           900 AM
 LOWEST     35           700 PM
 AVERAGE    64

..........................................................

THE MIDLAND CLIMATE NORMALS FOR TODAY
                         NORMAL    RECORD    YEAR
 MAXIMUM TEMPERATURE (F)   80        94      2000
                                             1964
                                             1954
 MINIMUM TEMPERATURE (F)   50        32      2013

SUNRISE AND SUNSET
APRIL 19 2014.........SUNRISE   715 AM CDT   SUNSET   821 PM CDT
APRIL 20 2014.........SUNRISE   714 AM CDT   SUNSET   821 PM CDT

-  INDICATES NEGATIVE NUMBERS.
R  INDICATES RECORD WAS SET OR TIED.
MM INDICATES DATA IS MISSING.
T  INDICATES TRACE AMOUNT.

$$

44
