000
CDUS44 KMAF 202223
CLIMAF


CLIMATE REPORT
NATIONAL WEATHER SERVICE MIDLAND TX
423 PM CST MON NOV 20 2017


...................................

...THE MIDLAND CLIMATE SUMMARY FOR NOVEMBER 20 2017...
VALID TODAY AS OF 0400 PM LOCAL TIME.

CLIMATE NORMAL PERIOD 1981 TO 2010
CLIMATE RECORD PERIOD 1930 TO 2017


WEATHER ITEM   OBSERVED TIME   RECORD YEAR NORMAL DEPARTURE LAST
                VALUE   (LST)  VALUE       VALUE  FROM      YEAR
                                                  NORMAL
..................................................................
TEMPERATURE (F)
 TODAY
  MAXIMUM         70    355 PM  90    1996  65      5       73
  MINIMUM         37    425 AM  22    1988  37      0       38
  AVERAGE         54                        51      3       56

PRECIPITATION (IN)
  TODAY            0.00          0.34 1962   0.02  -0.02     0.00
  MONTH TO DATE    0.40                      0.48  -0.08     1.74
  SINCE SEP 1      4.60                      4.07   0.53     4.16
  SINCE JAN 1     17.34                     13.79   3.55    14.50

SNOWFALL (IN)
  TODAY            0.0
  MONTH TO DATE    0.0
  SINCE SEP 1      0.0
  SINCE JUL 1      0.0
  SNOW DEPTH       0

DEGREE DAYS
 HEATING
  TODAY           11                        14     -3        9
  MONTH TO DATE  130                       208    -78       99
  SINCE SEP 1    240                       317    -77      110
  SINCE JUL 1    240                       317    -77      110
..................................................................


WIND (MPH)
  HIGHEST WIND SPEED    17   HIGHEST WIND DIRECTION    SW (230)
  HIGHEST GUST SPEED    23   HIGHEST GUST DIRECTION    SW (210)
  AVERAGE WIND SPEED     9.7


SKY COVER
  POSSIBLE SUNSHINE  MM
  AVERAGE SKY COVER 0.0


WEATHER CONDITIONS
 THE FOLLOWING WEATHER WAS RECORDED TODAY.
  NO SIGNIFICANT WEATHER WAS OBSERVED.


RELATIVE HUMIDITY (PERCENT)
 HIGHEST    49           800 AM
 LOWEST     18           300 PM
 AVERAGE    34

..........................................................


THE MIDLAND CLIMATE NORMALS FOR TOMORROW
                         NORMAL    RECORD    YEAR
 MAXIMUM TEMPERATURE (F)   64        82      2010
 MINIMUM TEMPERATURE (F)   37        21      2008


SUNRISE AND SUNSET
NOVEMBER 20 2017......SUNRISE   722 AM CST   SUNSET   547 PM CST
NOVEMBER 21 2017......SUNRISE   723 AM CST   SUNSET   546 PM CST


-  INDICATES NEGATIVE NUMBERS.
R  INDICATES RECORD WAS SET OR TIED.
MM INDICATES DATA IS MISSING.
T  INDICATES TRACE AMOUNT.




$$
