263
CDUS44 KMAF 010730
CLIMAF


CLIMATE REPORT
NATIONAL WEATHER SERVICE MIDLAND TX
230 AM CDT SUN MAY 1 2016


...................................

...THE MIDLAND CLIMATE SUMMARY FOR APRIL 30 2016...

CLIMATE NORMAL PERIOD 1981 TO 2010
CLIMATE RECORD PERIOD 1930 TO 2016


WEATHER ITEM   OBSERVED TIME   RECORD YEAR NORMAL DEPARTURE LAST
                VALUE   (LST)  VALUE       VALUE  FROM      YEAR
                                                  NORMAL
..................................................................
TEMPERATURE (F)
 YESTERDAY
  MAXIMUM         82    605 PM  97    2013  83     -1       82
                                      2009
  MINIMUM         49    547 AM  41    1960  54     -5       47
  AVERAGE         66                        69     -3       65

PRECIPITATION (IN)
  YESTERDAY        0.00          0.41 1966   0.02  -0.02     0.00
  MONTH TO DATE    1.45                      0.65   0.80     1.30
  SINCE MAR 1      1.79                      1.25   0.54     2.95
  SINCE JAN 1      2.27                      2.52  -0.25     5.64

SNOWFALL (IN)
  YESTERDAY        0.0
  MONTH TO DATE    0.0
  SINCE MAR 1      0.0
  SINCE JUL 1      8.0
  SNOW DEPTH       0

DEGREE DAYS
 HEATING
  YESTERDAY        0                         1     -1        0
  MONTH TO DATE   54                       112    -58       64
  SINCE MAR 1    215                       419   -204      402
  SINCE JUL 1   2045                      2656   -611     2552

 COOLING
  YESTERDAY        1                         5     -4        0
  MONTH TO DATE  123                        90     33      107
  SINCE MAR 1    158                       106     52      133
  SINCE JAN 1    173                       108     65      134
..................................................................


WIND (MPH)
  HIGHEST WIND SPEED    22   HIGHEST WIND DIRECTION     E (90)
  HIGHEST GUST SPEED    27   HIGHEST GUST DIRECTION     E (80)
  AVERAGE WIND SPEED     8.3


SKY COVER
  POSSIBLE SUNSHINE  MM
  AVERAGE SKY COVER 0.0


WEATHER CONDITIONS
 THE FOLLOWING WEATHER WAS RECORDED YESTERDAY.
  NO SIGNIFICANT WEATHER WAS OBSERVED.


RELATIVE HUMIDITY (PERCENT)
 HIGHEST    83           700 AM
 LOWEST     13           700 PM
 AVERAGE    48

..........................................................


THE MIDLAND CLIMATE NORMALS FOR TODAY
                         NORMAL    RECORD    YEAR
 MAXIMUM TEMPERATURE (F)   84        99      2009
 MINIMUM TEMPERATURE (F)   55        34      1970


SUNRISE AND SUNSET
MAY  1 2016...........SUNRISE   702 AM CDT   SUNSET   830 PM CDT
MAY  2 2016...........SUNRISE   701 AM CDT   SUNSET   830 PM CDT


-  INDICATES NEGATIVE NUMBERS.
R  INDICATES RECORD WAS SET OR TIED.
MM INDICATES DATA IS MISSING.
T  INDICATES TRACE AMOUNT.




$$
