000
CDUS44 KMAF 300831
CLIMAF


CLIMATE REPORT
NATIONAL WEATHER SERVICE MIDLAND/ODESSA TX
230 AM CST FRI JAN 30 2015


...................................

...THE MIDLAND CLIMATE SUMMARY FOR JANUARY 29 2015...

CLIMATE NORMAL PERIOD 1981 TO 2010
CLIMATE RECORD PERIOD 1930 TO 2015


WEATHER ITEM   OBSERVED TIME   RECORD YEAR NORMAL DEPARTURE LAST
                VALUE   (LST)  VALUE       VALUE  FROM      YEAR
                                                  NORMAL
..................................................................
TEMPERATURE (F)
 YESTERDAY
  MAXIMUM         63    338 PM  78    1967  59      4       52
  MINIMUM         43    655 AM   2    1948  31     12       15
  AVERAGE         53                        45      8       34

PRECIPITATION (IN)
  YESTERDAY        T             0.27 1999   0.02  -0.02     0.00
  MONTH TO DATE    1.87                      0.51   1.36     0.00
  SINCE DEC 1      2.09                      1.11   0.98     1.44
  SINCE JAN 1      1.87                      0.51   1.36     0.00

SNOWFALL (IN)
  YESTERDAY       MM
  MONTH TO DATE    2.4
  SINCE DEC 1      2.5
  SINCE JUL 1      2.5
  SNOW DEPTH       0

DEGREE DAYS
 HEATING
  YESTERDAY       12                        20     -8       31
  MONTH TO DATE  677                       618     59      609
  SINCE DEC 1   1162                      1255    -93     1274
  SINCE JUL 1   1610                      1734   -124     1771
..................................................................


WIND (MPH)
  HIGHEST WIND SPEED    30   HIGHEST WIND DIRECTION    NE (50)
  HIGHEST GUST SPEED    37   HIGHEST GUST DIRECTION    NE (60)
  AVERAGE WIND SPEED    16.1


SKY COVER
  POSSIBLE SUNSHINE  MM
  AVERAGE SKY COVER 0.4


WEATHER CONDITIONS
 THE FOLLOWING WEATHER WAS RECORDED YESTERDAY.
  NO SIGNIFICANT WEATHER WAS OBSERVED.


RELATIVE HUMIDITY (PERCENT)
 HIGHEST    89           500 AM
 LOWEST     35           700 PM
 AVERAGE    62

..........................................................


THE MIDLAND CLIMATE NORMALS FOR TODAY
                         NORMAL    RECORD    YEAR
 MAXIMUM TEMPERATURE (F)   59        80      1971
                                             1967
                                             1963
 MINIMUM TEMPERATURE (F)   32         8      1951
                                             1949


SUNRISE AND SUNSET
JANUARY 30 2015.......SUNRISE   744 AM CST   SUNSET   621 PM CST
JANUARY 31 2015.......SUNRISE   743 AM CST   SUNSET   622 PM CST


-  INDICATES NEGATIVE NUMBERS.
R  INDICATES RECORD WAS SET OR TIED.
MM INDICATES DATA IS MISSING.
T  INDICATES TRACE AMOUNT.




$$
