000
CDUS44 KMAF 272201
CLIMAF


CLIMATE REPORT
NATIONAL WEATHER SERVICE MIDLAND TX
500 PM CDT SAT MAY 27 2017


...................................

...THE MIDLAND CLIMATE SUMMARY FOR MAY 27 2017...
VALID TODAY AS OF 0500 PM LOCAL TIME.

CLIMATE NORMAL PERIOD 1981 TO 2010
CLIMATE RECORD PERIOD 1930 TO 2017


WEATHER ITEM   OBSERVED TIME   RECORD YEAR NORMAL DEPARTURE LAST
                VALUE   (LST)  VALUE       VALUE  FROM      YEAR
                                                  NORMAL
..................................................................
TEMPERATURE (F)
 TODAY
  MAXIMUM        101    337 PM 106    2011  90     11       91
  MINIMUM         72    634 AM  48    1947  63      9       62
  AVERAGE         87                        77     10       77

PRECIPITATION (IN)
  TODAY            0.00          1.10 1982   0.08  -0.08     0.00
  MONTH TO DATE    0.58                      1.44  -0.86     0.26
  SINCE MAR 1      3.54                      2.69   0.85     2.05
  SINCE JAN 1      5.38                      3.96   1.42     2.53

DEGREE DAYS
 COOLING
  TODAY           22                        12     10       12
  MONTH TO DATE  245                       233     12      265
  SINCE MAR 1    504                       339    165      423
  SINCE JAN 1    521                       341    180      438
..................................................................


WIND (MPH)
  HIGHEST WIND SPEED    21   HIGHEST WIND DIRECTION     W (290)
  HIGHEST GUST SPEED    33   HIGHEST GUST DIRECTION     W (270)
  AVERAGE WIND SPEED    12.9


SKY COVER
  POSSIBLE SUNSHINE  MM
  AVERAGE SKY COVER 0.0


WEATHER CONDITIONS
 THE FOLLOWING WEATHER WAS RECORDED TODAY.
  NO SIGNIFICANT WEATHER WAS OBSERVED.


RELATIVE HUMIDITY (PERCENT)
 HIGHEST    79           700 AM
 LOWEST      6           300 PM
 AVERAGE    43

..........................................................


THE MIDLAND CLIMATE NORMALS FOR TOMORROW
                         NORMAL    RECORD    YEAR
 MAXIMUM TEMPERATURE (F)   91       107      2011
 MINIMUM TEMPERATURE (F)   63        47      1947


SUNRISE AND SUNSET
MAY 27 2017...........SUNRISE   645 AM CDT   SUNSET   847 PM CDT
MAY 28 2017...........SUNRISE   645 AM CDT   SUNSET   848 PM CDT


-  INDICATES NEGATIVE NUMBERS.
R  INDICATES RECORD WAS SET OR TIED.
MM INDICATES DATA IS MISSING.
T  INDICATES TRACE AMOUNT.




$$
