000
CDUS42 KTAE 290631
CLIMAI


CLIMATE REPORT
NATIONAL WEATHER SERVICE TALLAHASSEE FL
231 AM EDT SAT APR 29 2017


...................................

...THE MARIANNA CLIMATE SUMMARY FOR APRIL 28 2017...

CLIMATE NORMAL PERIOD 1981 TO 2010
CLIMATE RECORD PERIOD 1950 TO 2017


WEATHER ITEM   OBSERVED NORMAL DEPARTURE LAST
                VALUE   VALUE  FROM      YEAR
                               NORMAL
...............................................
TEMPERATURE (F)
 YESTERDAY
  MAXIMUM         91     83      8       82
  MINIMUM         69     57     12       68
  AVERAGE         80     70     10       75

PRECIPITATION (IN)
  YESTERDAY        0.00   0.05  -0.05     0.04
  MONTH TO DATE    2.04   3.60  -1.56     4.89
  SINCE MAR 1      4.12   9.14  -5.02    11.97
  SINCE JAN 1     14.52  19.12  -4.60    20.41

DEGREE DAYS
 HEATING
  YESTERDAY        0            -1
  MONTH TO DATE   19           -43
  SINCE MAR 1    147           -95
  SINCE JUL 1    836          -811

 COOLING
  YESTERDAY       15             9
  MONTH TO DATE  177            78
  SINCE MAR 1    276           145
  SINCE JAN 1    333           187
...............................................


WIND (MPH)
  HIGHEST WIND SPEED    18   HIGHEST WIND DIRECTION     S (170)
  HIGHEST GUST SPEED    23   HIGHEST GUST DIRECTION     S (170)
  AVERAGE WIND SPEED     7.5




RELATIVE HUMIDITY (PERCENT)
 HIGHEST    93
 LOWEST     49
 AVERAGE    71

..........................................................




SUNRISE AND SUNSET
APRIL 29 2017.........SUNRISE   558 AM CDT   SUNSET   718 PM CDT
APRIL 30 2017.........SUNRISE   557 AM CDT   SUNSET   719 PM CDT


-  INDICATES NEGATIVE NUMBERS.
R  INDICATES RECORD WAS SET OR TIED.
MM INDICATES DATA IS MISSING.
T  INDICATES TRACE AMOUNT.




$$
