000
CDUS42 KTAE 200631
CLIMAI


CLIMATE REPORT
NATIONAL WEATHER SERVICE TALLAHASSEE FL
131 AM EST MON FEB 20 2017


...................................

...THE MARIANNA CLIMATE SUMMARY FOR FEBRUARY 19 2017...

CLIMATE NORMAL PERIOD 1981 TO 2010
CLIMATE RECORD PERIOD 1950 TO 2017


WEATHER ITEM   OBSERVED NORMAL DEPARTURE LAST
                VALUE   VALUE  FROM      YEAR
                               NORMAL
...............................................
TEMPERATURE (F)
 YESTERDAY
  MAXIMUM         80     67     13       72
  MINIMUM         56     44     12       41
  AVERAGE         68     55     13       57

PRECIPITATION (IN)
  YESTERDAY        0.00   0.19  -0.19     0.00
  MONTH TO DATE    1.78   3.24  -1.46     3.13
  SINCE DEC 1     20.23  12.19   8.04    17.03
  SINCE JAN 1      8.46   8.28   0.18     7.90

DEGREE DAYS
 HEATING
  YESTERDAY        0           -10
  MONTH TO DATE   87          -135
  SINCE DEC 1    544          -540
  SINCE JUL 1    676          -646

 COOLING
  YESTERDAY        3             3
  MONTH TO DATE   15            15
  SINCE DEC 1     69            53
  SINCE JAN 1     42            38
...............................................


WIND (MPH)
  HIGHEST WIND SPEED    13   HIGHEST WIND DIRECTION    NW (320)
  HIGHEST GUST SPEED    18   HIGHEST GUST DIRECTION    NW (310)
  AVERAGE WIND SPEED     2.9




RELATIVE HUMIDITY (PERCENT)
 HIGHEST   100
 LOWEST     42
 AVERAGE    71

..........................................................




SUNRISE AND SUNSET
FEBRUARY 20 2017......SUNRISE   616 AM CST   SUNSET   533 PM CST
FEBRUARY 21 2017......SUNRISE   615 AM CST   SUNSET   533 PM CST


-  INDICATES NEGATIVE NUMBERS.
R  INDICATES RECORD WAS SET OR TIED.
MM INDICATES DATA IS MISSING.
T  INDICATES TRACE AMOUNT.




$$
