000
CDUS42 KTAE 300632
CLIMAI


CLIMATE REPORT
NATIONAL WEATHER SERVICE TALLAHASSEE FL
231 AM EDT TUE JUN 30 2015


...................................

...THE MARIANNA CLIMATE SUMMARY FOR JUNE 29 2015...

CLIMATE NORMAL PERIOD 1981 TO 2010
CLIMATE RECORD PERIOD 1950 TO 2015


WEATHER ITEM   OBSERVED NORMAL DEPARTURE LAST
                VALUE   VALUE  FROM      YEAR
                               NORMAL
...............................................
TEMPERATURE (F)
 YESTERDAY
  MAXIMUM         89     92     -3       97
  MINIMUM         70     71     -1       74
  AVERAGE         80     82     -2       86

PRECIPITATION (IN)
  YESTERDAY        T      0.18  -0.18     0.00
  MONTH TO DATE    2.76   5.39  -2.63     2.67
  SINCE JUN 1      2.76   5.39  -2.63     2.67
  SINCE JAN 1     28.33  27.61   0.72    34.39

DEGREE DAYS
 HEATING
  YESTERDAY        0             0
  MONTH TO DATE    0             0
  SINCE JUN 1      0             0
  SINCE JUL 1   1685            36

 COOLING
  YESTERDAY       15            -1
  MONTH TO DATE  473            32
  SINCE JUN 1    473            32
  SINCE JAN 1   1153           242
...............................................


WIND (MPH)
  HIGHEST WIND SPEED    13   HIGHEST WIND DIRECTION     W (250)
  HIGHEST GUST SPEED    16   HIGHEST GUST DIRECTION     W (260)
  AVERAGE WIND SPEED     4.8




RELATIVE HUMIDITY (PERCENT)
 HIGHEST   100
 LOWEST     44
 AVERAGE    72

..........................................................




SUNRISE AND SUNSET
JUNE 30 2015..........SUNRISE   541 AM CDT   SUNSET   748 PM CDT
JULY  1 2015..........SUNRISE   541 AM CDT   SUNSET   748 PM CDT


-  INDICATES NEGATIVE NUMBERS.
R  INDICATES RECORD WAS SET OR TIED.
MM INDICATES DATA IS MISSING.
T  INDICATES TRACE AMOUNT.




$$
