000
CDUS42 KTAE 010932
CLIMAI


CLIMATE REPORT
NATIONAL WEATHER SERVICE TALLAHASSEE FL
528 AM EDT FRI AUG 1 2014


...................................

...THE MARIANNA CLIMATE SUMMARY FOR JULY 31 2014...

CLIMATE NORMAL PERIOD 1981 TO 2010
CLIMATE RECORD PERIOD 1950 TO 2014


WEATHER ITEM   OBSERVED NORMAL DEPARTURE LAST
                VALUE   VALUE  FROM      YEAR
                               NORMAL
...............................................
TEMPERATURE (F)
 YESTERDAY
  MAXIMUM         90     91     -1
  MINIMUM         64     73     -9
  AVERAGE         77     82     -5

PRECIPITATION (IN)
  YESTERDAY        0.00   0.15  -0.15     0.24
  MONTH TO DATE    4.83   5.11  -0.28    11.45
  SINCE JUN 1      7.50  10.68  -3.18    15.55
  SINCE JAN 1     39.22  32.90   6.32    36.45

DEGREE DAYS
 HEATING
  YESTERDAY        0             0
  MONTH TO DATE    0             0
  SINCE JUN 1      0             0
  SINCE JUL 1      0             0

 COOLING
  YESTERDAY       12            -5
  MONTH TO DATE  523            -2
  SINCE JUN 1   1020            36
  SINCE JAN 1   1454             0
...............................................


WIND (MPH)
  HIGHEST WIND SPEED    10   HIGHEST WIND DIRECTION     S (190)
  HIGHEST GUST SPEED    14   HIGHEST GUST DIRECTION     N (340)
  AVERAGE WIND SPEED     1.9




RELATIVE HUMIDITY (PERCENT)
 HIGHEST   100
 LOWEST     38
 AVERAGE    69

..........................................................




SUNRISE AND SUNSET
AUGUST  1 2014........SUNRISE   558 AM CDT   SUNSET   735 PM CDT
AUGUST  2 2014........SUNRISE   559 AM CDT   SUNSET   735 PM CDT


-  INDICATES NEGATIVE NUMBERS.
R  INDICATES RECORD WAS SET OR TIED.
MM INDICATES DATA IS MISSING.
T  INDICATES TRACE AMOUNT.




$$
