000
CDUS42 KTAE 270633
CLIMAI


CLIMATE REPORT
NATIONAL WEATHER SERVICE TALLAHASSEE FL
231 AM EDT MON MAR 27 2017

...................................

...THE MARIANNA CLIMATE SUMMARY FOR MARCH 26 2017...

CLIMATE NORMAL PERIOD 1981 TO 2010
CLIMATE RECORD PERIOD 1950 TO 2017


WEATHER ITEM   OBSERVED NORMAL DEPARTURE LAST
                VALUE   VALUE  FROM      YEAR
                               NORMAL
...............................................
TEMPERATURE (F)
 YESTERDAY
  MAXIMUM         83     75      8       68
  MINIMUM         64     50     14       63
  AVERAGE         74     62     12       66

PRECIPITATION (IN)
  YESTERDAY        0.43   0.20   0.23     1.27
  MONTH TO DATE    1.27   4.43  -3.16     5.31
  SINCE MAR 1      1.27   4.43  -3.16     5.31
  SINCE JAN 1     11.67  14.41  -2.74    13.75

DEGREE DAYS
 HEATING
  YESTERDAY        0            -4
  MONTH TO DATE  128           -32
  SINCE MAR 1    128           -32
  SINCE JUL 1    817          -748

 COOLING
  YESTERDAY        9             8
  MONTH TO DATE   61            35
  SINCE MAR 1     61            35
  SINCE JAN 1    118            77
...............................................


WIND (MPH)
  HIGHEST WIND SPEED    17   HIGHEST WIND DIRECTION     S (170)
  HIGHEST GUST SPEED    25   HIGHEST GUST DIRECTION     S (180)
  AVERAGE WIND SPEED     5.5




RELATIVE HUMIDITY (PERCENT)
 HIGHEST   100
 LOWEST     45
 AVERAGE    73

..........................................................




SUNRISE AND SUNSET
MARCH 27 2017.........SUNRISE   636 AM CDT   SUNSET   657 PM CDT
MARCH 28 2017.........SUNRISE   634 AM CDT   SUNSET   658 PM CDT


-  INDICATES NEGATIVE NUMBERS.
R  INDICATES RECORD WAS SET OR TIED.
MM INDICATES DATA IS MISSING.
T  INDICATES TRACE AMOUNT.


$$
