000
CDUS42 KTAE 280633
CLIMAI


CLIMATE REPORT
NATIONAL WEATHER SERVICE TALLAHASSEE FL
233 AM EDT WED SEP 28 2016


...................................

...THE MARIANNA CLIMATE SUMMARY FOR SEPTEMBER 27 2016...

CLIMATE NORMAL PERIOD 1981 TO 2010
CLIMATE RECORD PERIOD 1950 TO 2016


WEATHER ITEM   OBSERVED NORMAL DEPARTURE LAST
                VALUE   VALUE  FROM      YEAR
                               NORMAL
...............................................
TEMPERATURE (F)
 YESTERDAY
  MAXIMUM         90     86      4       76
  MINIMUM         69     64      5       70
  AVERAGE         80     75      5       73

PRECIPITATION (IN)
  YESTERDAY        0.01   0.13  -0.12    MM
  MONTH TO DATE    3.77   3.47   0.30     1.81
  SINCE SEP 1      3.77   3.47   0.30     1.81
  SINCE JAN 1     37.56  41.80  -4.24    38.79

DEGREE DAYS
 HEATING
  YESTERDAY        0             0
  MONTH TO DATE    0             0
  SINCE SEP 1      0             0
  SINCE JUL 1      0             0

 COOLING
  YESTERDAY       15             5
  MONTH TO DATE  451            91
  SINCE SEP 1    451            91
  SINCE JAN 1   2624           299
...............................................


WIND (MPH)
  HIGHEST WIND SPEED    17   HIGHEST WIND DIRECTION     S (180)
  HIGHEST GUST SPEED    23   HIGHEST GUST DIRECTION     S (180)
  AVERAGE WIND SPEED     2.3




RELATIVE HUMIDITY (PERCENT)
 HIGHEST   100
 LOWEST     52
 AVERAGE    76

..........................................................




SUNRISE AND SUNSET
SEPTEMBER 28 2016.....SUNRISE   633 AM CDT   SUNSET   629 PM CDT
SEPTEMBER 29 2016.....SUNRISE   633 AM CDT   SUNSET   628 PM CDT


-  INDICATES NEGATIVE NUMBERS.
R  INDICATES RECORD WAS SET OR TIED.
MM INDICATES DATA IS MISSING.
T  INDICATES TRACE AMOUNT.




$$
