000
CDUS42 KTAE 300632
CLIMAI


CLIMATE REPORT
NATIONAL WEATHER SERVICE TALLAHASSEE FL
232 AM EDT MON MAR 30 2015


...................................

...THE MARIANNA CLIMATE SUMMARY FOR MARCH 29 2015...

CLIMATE NORMAL PERIOD 1981 TO 2010
CLIMATE RECORD PERIOD 1950 TO 2015


WEATHER ITEM   OBSERVED NORMAL DEPARTURE LAST
                VALUE   VALUE  FROM      YEAR
                               NORMAL
...............................................
TEMPERATURE (F)
 YESTERDAY
  MAXIMUM         69     75     -6       77
  MINIMUM         43     50     -7       53
  AVERAGE         56     63     -7       65

PRECIPITATION (IN)
  YESTERDAY        T      0.22  -0.22     0.54
  MONTH TO DATE    2.19   5.08  -2.89     7.86
  SINCE MAR 1      2.19   5.08  -2.89     7.86
  SINCE JAN 1      9.37  15.06  -5.69    15.19

DEGREE DAYS
 HEATING
  YESTERDAY        9             5
  MONTH TO DATE  105           -67
  SINCE MAR 1    105           -67
  SINCE JUL 1   1683           106

 COOLING
  YESTERDAY        0            -2
  MONTH TO DATE   91            61
  SINCE MAR 1     91            61
  SINCE JAN 1     97            52
...............................................


WIND (MPH)
  HIGHEST WIND SPEED    15   HIGHEST WIND DIRECTION    NE (60)
  HIGHEST GUST SPEED    18   HIGHEST GUST DIRECTION    NE (60)
  AVERAGE WIND SPEED     4.3




RELATIVE HUMIDITY (PERCENT)
 HIGHEST    82
 LOWEST     30
 AVERAGE    56

..........................................................




SUNRISE AND SUNSET
MARCH 30 2015.........SUNRISE   632 AM CDT   SUNSET   658 PM CDT
MARCH 31 2015.........SUNRISE   631 AM CDT   SUNSET   659 PM CDT


-  INDICATES NEGATIVE NUMBERS.
R  INDICATES RECORD WAS SET OR TIED.
MM INDICATES DATA IS MISSING.
T  INDICATES TRACE AMOUNT.




$$
