112
CDUS42 KTAE 290640
CLIMAI


CLIMATE REPORT
NATIONAL WEATHER SERVICE TALLAHASSEE FL
240 AM EDT FRI APR 29 2016


...................................

...THE MARIANNA CLIMATE SUMMARY FOR APRIL 28 2016...

CLIMATE NORMAL PERIOD 1981 TO 2010
CLIMATE RECORD PERIOD 1950 TO 2016


WEATHER ITEM   OBSERVED NORMAL DEPARTURE LAST
                VALUE   VALUE  FROM      YEAR
                               NORMAL
...............................................
TEMPERATURE (F)
 YESTERDAY
  MAXIMUM         82     83     -1       73
  MINIMUM         68     57     11       64
  AVERAGE         75     70      5       69

PRECIPITATION (IN)
  YESTERDAY        0.04   0.05  -0.01     0.06
  MONTH TO DATE    4.89   3.60   1.29    11.01
  SINCE MAR 1     11.97   9.14   2.83    13.31
  SINCE JAN 1     20.41  19.12   1.29    20.49

DEGREE DAYS
 HEATING
  YESTERDAY        0            -1
  MONTH TO DATE   28           -34
  SINCE MAR 1    121          -121
  SINCE JUL 1   1157          -490

 COOLING
  YESTERDAY       10             4
  MONTH TO DATE   82           -17
  SINCE MAR 1    162            31
  SINCE JAN 1    168            22
...............................................


WIND (MPH)
  HIGHEST WIND SPEED    14   HIGHEST WIND DIRECTION    SW (210)
  HIGHEST GUST SPEED    17   HIGHEST GUST DIRECTION    SW (210)
  AVERAGE WIND SPEED     5.1




RELATIVE HUMIDITY (PERCENT)
 HIGHEST   100
 LOWEST     69
 AVERAGE    85

..........................................................




SUNRISE AND SUNSET
APRIL 29 2016.........SUNRISE   558 AM CDT   SUNSET   718 PM CDT
APRIL 30 2016.........SUNRISE   557 AM CDT   SUNSET   719 PM CDT


-  INDICATES NEGATIVE NUMBERS.
R  INDICATES RECORD WAS SET OR TIED.
MM INDICATES DATA IS MISSING.
T  INDICATES TRACE AMOUNT.




$$
