000
CDUS42 KTAE 180638
CLIMAI


CLIMATE REPORT
NATIONAL WEATHER SERVICE TALLAHASSEE FL
138 AM EST MON DEC 18 2017


...................................

...THE MARIANNA CLIMATE SUMMARY FOR DECEMBER 17 2017...

CLIMATE NORMAL PERIOD 1981 TO 2010
CLIMATE RECORD PERIOD 1950 TO 2017


WEATHER ITEM   OBSERVED NORMAL DEPARTURE LAST
                VALUE   VALUE  FROM      YEAR
                               NORMAL
...............................................
TEMPERATURE (F)
 YESTERDAY
  MAXIMUM         78     63     15       82
  MINIMUM         41     41      0       52
  AVERAGE         60     52      8       67

PRECIPITATION (IN)
  YESTERDAY        0.10   0.12  -0.02     0.00
  MONTH TO DATE    1.85   2.30  -0.45    10.12
  SINCE DEC 1      1.85   2.30  -0.45    10.12
  SINCE JAN 1     45.93  51.97  -6.04    48.80

DEGREE DAYS
 HEATING
  YESTERDAY        5            -8
  MONTH TO DATE  201             4
  SINCE DEC 1    201             4
  SINCE JUL 1    382           -53

 COOLING
  YESTERDAY        0             0
  MONTH TO DATE    3            -9
  SINCE DEC 1      3            -9
  SINCE JAN 1   2988           427
...............................................


WIND (MPH)
  HIGHEST WIND SPEED    21   HIGHEST WIND DIRECTION     S (200)
  HIGHEST GUST SPEED    27   HIGHEST GUST DIRECTION     S (200)
  AVERAGE WIND SPEED     6.0




RELATIVE HUMIDITY (PERCENT)
 HIGHEST    93
 LOWEST     52
 AVERAGE    73

..........................................................




SUNRISE AND SUNSET
DECEMBER 18 2017......SUNRISE   633 AM CST   SUNSET   442 PM CST
DECEMBER 19 2017......SUNRISE   633 AM CST   SUNSET   443 PM CST


-  INDICATES NEGATIVE NUMBERS.
R  INDICATES RECORD WAS SET OR TIED.
MM INDICATES DATA IS MISSING.
T  INDICATES TRACE AMOUNT.




$$
