194
CDUS42 KTAE 140632
CLIMAI


CLIMATE REPORT
NATIONAL WEATHER SERVICE TALLAHASSEE FL
131 AM EST SUN FEB 14 2016


...................................

...THE MARIANNA CLIMATE SUMMARY FOR FEBRUARY 13 2016...

CLIMATE NORMAL PERIOD 1981 TO 2010
CLIMATE RECORD PERIOD 1950 TO 2016


WEATHER ITEM   OBSERVED NORMAL DEPARTURE LAST
                VALUE   VALUE  FROM      YEAR
                               NORMAL
...............................................
TEMPERATURE (F)
 YESTERDAY
  MAXIMUM         59     66     -7       51
  MINIMUM         41     43     -2       28
  AVERAGE         50     54     -4       40

PRECIPITATION (IN)
  YESTERDAY        0.00   0.17  -0.17     0.00
  MONTH TO DATE    2.17   2.20  -0.03     1.80
  SINCE DEC 1     16.07  11.15   4.92    10.61
  SINCE JAN 1      6.94   7.24  -0.30     5.24

DEGREE DAYS
 HEATING
  YESTERDAY       15             4
  MONTH TO DATE  166             7
  SINCE DEC 1    798          -223
  SINCE JUL 1    902          -357

 COOLING
  YESTERDAY        0             0
  MONTH TO DATE    0             0
  SINCE DEC 1     74            58
  SINCE JAN 1      0            -4
...............................................


WIND (MPH)
  HIGHEST WIND SPEED    18   HIGHEST WIND DIRECTION     N (360)
  HIGHEST GUST SPEED    24   HIGHEST GUST DIRECTION     N (20)
  AVERAGE WIND SPEED     8.5




RELATIVE HUMIDITY (PERCENT)
 HIGHEST    64
 LOWEST     17
 AVERAGE    41

..........................................................




SUNRISE AND SUNSET
FEBRUARY 14 2016......SUNRISE   623 AM CST   SUNSET   527 PM CST
FEBRUARY 15 2016......SUNRISE   622 AM CST   SUNSET   528 PM CST


-  INDICATES NEGATIVE NUMBERS.
R  INDICATES RECORD WAS SET OR TIED.
MM INDICATES DATA IS MISSING.
T  INDICATES TRACE AMOUNT.




$$
