000
CDUS42 KTAE 210631
CLIMAI


CLIMATE REPORT
NATIONAL WEATHER SERVICE TALLAHASSEE FL
130 AM EST SAT JAN 21 2017


...................................

...THE MARIANNA CLIMATE SUMMARY FOR JANUARY 20 2017...

CLIMATE NORMAL PERIOD 1981 TO 2010
CLIMATE RECORD PERIOD 1950 TO 2017


WEATHER ITEM   OBSERVED NORMAL DEPARTURE LAST
                VALUE   VALUE  FROM      YEAR
                               NORMAL
...............................................
TEMPERATURE (F)
 YESTERDAY
  MAXIMUM         79     61     18       64
  MINIMUM         63     39     24       29
  AVERAGE         71     50     21       47

PRECIPITATION (IN)
  YESTERDAY        0.18   0.15   0.03     0.00
  MONTH TO DATE    4.87   3.01   1.86     3.62
  SINCE DEC 1     16.64   6.92   9.72    12.75
  SINCE JAN 1      4.87   3.01   1.86     3.62

DEGREE DAYS
 HEATING
  YESTERDAY        0           -15
  MONTH TO DATE  143          -162
  SINCE DEC 1    366          -340
  SINCE JUL 1    498          -446

 COOLING
  YESTERDAY        6             6
  MONTH TO DATE   21            21
  SINCE DEC 1     48            36
  SINCE JAN 1     21            21
...............................................


WIND (MPH)
  HIGHEST WIND SPEED    20   HIGHEST WIND DIRECTION    SW (210)
  HIGHEST GUST SPEED    26   HIGHEST GUST DIRECTION    SE (150)
  AVERAGE WIND SPEED     8.5




RELATIVE HUMIDITY (PERCENT)
 HIGHEST   100
 LOWEST     67
 AVERAGE    84

..........................................................




SUNRISE AND SUNSET
JANUARY 21 2017.......SUNRISE   637 AM CST   SUNSET   507 PM CST
JANUARY 22 2017.......SUNRISE   637 AM CST   SUNSET   508 PM CST


-  INDICATES NEGATIVE NUMBERS.
R  INDICATES RECORD WAS SET OR TIED.
MM INDICATES DATA IS MISSING.
T  INDICATES TRACE AMOUNT.




$$
