000
CDUS42 KTAE 230640
CLIMAI


CLIMATE REPORT
NATIONAL WEATHER SERVICE TALLAHASSEE FL
239 AM EDT WED JUL 23 2014


...................................

...THE MARIANNA CLIMATE SUMMARY FOR JULY 22 2014...

CLIMATE NORMAL PERIOD 1981 TO 2010
CLIMATE RECORD PERIOD 1950 TO 2014


WEATHER ITEM   OBSERVED NORMAL DEPARTURE LAST
                VALUE   VALUE  FROM      YEAR
                               NORMAL
...............................................
TEMPERATURE (F)
 YESTERDAY
  MAXIMUM         91     92     -1
  MINIMUM         72     73     -1
  AVERAGE         82     82      0

PRECIPITATION (IN)
  YESTERDAY        T      0.14  -0.14     0.46
  MONTH TO DATE    3.59   3.78  -0.19     9.14
  SINCE JUN 1      6.26   9.35  -3.09    13.24
  SINCE JAN 1     37.98  31.57   6.41    34.14

DEGREE DAYS
 HEATING
  YESTERDAY        0             0
  MONTH TO DATE    0             0
  SINCE JUN 1      0             0
  SINCE JUL 1      0             0

 COOLING
  YESTERDAY       17             0
  MONTH TO DATE  373            -1
  SINCE JUN 1    870            37
  SINCE JAN 1   1304             1
...............................................


WIND (MPH)
  HIGHEST WIND SPEED    13   HIGHEST WIND DIRECTION    SW (210)
  HIGHEST GUST SPEED    16   HIGHEST GUST DIRECTION    SW (220)
  AVERAGE WIND SPEED     3.3




RELATIVE HUMIDITY (PERCENT)
 HIGHEST   100
 LOWEST     55
 AVERAGE    78

..........................................................




SUNRISE AND SUNSET
JULY 23 2014..........SUNRISE   553 AM CDT   SUNSET   741 PM CDT
JULY 24 2014..........SUNRISE   553 AM CDT   SUNSET   741 PM CDT


-  INDICATES NEGATIVE NUMBERS.
R  INDICATES RECORD WAS SET OR TIED.
MM INDICATES DATA IS MISSING.
T  INDICATES TRACE AMOUNT.




$$
