000
CDUS43 KABR 281443
CLIMBG


CLIMATE REPORT
NATIONAL WEATHER SERVICE ABERDEEN SD
842 AM CST WED JAN 28 2015


...................................

...THE MOBRIDGE SD CLIMATE SUMMARY FOR JANUARY 27 2015...

CLIMATE NORMAL PERIOD 1981 TO 2010
CLIMATE RECORD PERIOD 1911 TO 2015


WEATHER ITEM   OBSERVED TIME   RECORD YEAR NORMAL DEPARTURE LAST
                VALUE   (LST)  VALUE       VALUE  FROM      YEAR
                                                  NORMAL
..................................................................
TEMPERATURE (F)
 YESTERDAY
  MAXIMUM         53    347 PM  57    1934  27     26        6
  MINIMUM         29    124 AM -35    1915   7     22       -9
  AVERAGE         41                        17     24       -1

PRECIPITATION (IN)
  YESTERDAY        0.00          0.49 1944   0.01  -0.01     0.00
  MONTH TO DATE    0.31                      0.26   0.05     0.07
  SINCE DEC 1      0.73                      0.70   0.03     0.83
  SINCE JAN 1      0.31                      0.26   0.05     0.07

SNOWFALL (IN)
  YESTERDAY        0.0
  MONTH TO DATE    4.3
  SINCE OCT 1     14.6
  SINCE JUL 1     14.6
  SNOW DEPTH       0

DEGREE DAYS
 HEATING
  YESTERDAY       24                        48    -24       66
  MONTH TO DATE 1186                      1320   -134     1296
  SINCE DEC 1   2469                      2770   -301     2986
  SINCE JUL 1   4294                      4536   -242     4794

 COOLING
  YESTERDAY        0                         0      0        0
  MONTH TO DATE    0                         0      0        0
  SINCE DEC 1      0                         0      0        0
  SINCE JAN 1      0                         0      0        0
..................................................................


WIND (MPH)
  HIGHEST WIND SPEED    14   HIGHEST WIND DIRECTION     S (160)
  HIGHEST GUST SPEED    16   HIGHEST GUST DIRECTION     S (160)
  AVERAGE WIND SPEED     8.7


SKY COVER
  POSSIBLE SUNSHINE  MM
  AVERAGE SKY COVER 0.0


WEATHER CONDITIONS
 THE FOLLOWING WEATHER WAS RECORDED YESTERDAY.
  NO SIGNIFICANT WEATHER WAS OBSERVED.


RELATIVE HUMIDITY (PERCENT)
 HIGHEST    92           100 AM
 LOWEST     56           500 PM
 AVERAGE    74

..........................................................


THE MOBRIDGE SD CLIMATE NORMALS FOR TODAY
                         NORMAL    RECORD    YEAR
 MAXIMUM TEMPERATURE (F)   27        50      2008
 MINIMUM TEMPERATURE (F)    7       -28      1972


SUNRISE AND SUNSET
JANUARY 28 2015.......SUNRISE   807 AM CST   SUNSET   542 PM CST
JANUARY 29 2015.......SUNRISE   806 AM CST   SUNSET   544 PM CST


-  INDICATES NEGATIVE NUMBERS.
R  INDICATES RECORD WAS SET OR TIED.
MM INDICATES DATA IS MISSING.
T  INDICATES TRACE AMOUNT.




$$
