000
CDUS43 KABR 212242
CLIMBG


CLIMATE REPORT
NATIONAL WEATHER SERVICE ABERDEEN SD
540 PM CDT SAT OCT 21 2017


...................................

...THE MOBRIDGE SD CLIMATE SUMMARY FOR OCTOBER 21 2017...
VALID TODAY AS OF 0500 PM LOCAL TIME.

CLIMATE NORMAL PERIOD 1981 TO 2010
CLIMATE RECORD PERIOD 1911 TO 2017


WEATHER ITEM   OBSERVED TIME   RECORD YEAR NORMAL DEPARTURE LAST
                VALUE   (LST)  VALUE       VALUE  FROM      YEAR
                                                  NORMAL
..................................................................
TEMPERATURE (F)
 TODAY
  MAXIMUM         64   1249 AM  89    1947  58      6       72
  MINIMUM         48   1053 AM  10    1930  33     15       34
  AVERAGE         56                        45     11       53

PRECIPITATION (IN)
  TODAY            0.04          0.32 2008   0.05  -0.01     0.00
  MONTH TO DATE    0.22                      1.10  -0.88     0.21
  SINCE SEP 1      2.16                      2.64  -0.48     0.81
  SINCE JAN 1     14.86                     16.55  -1.69    17.78

SNOWFALL (IN)
  TODAY            0.0
  MONTH TO DATE    0.0
  SINCE OCT 1      0.0
  SINCE JUL 1      0.0
  SNOW DEPTH       0

DEGREE DAYS
 HEATING
  TODAY            9                        20    -11       12
  MONTH TO DATE  239                       332    -93      261
  SINCE SEP 1    378                       519   -141      360
  SINCE JUL 1    384                       552   -168      374

 COOLING
  TODAY            0                         0      0        0
  MONTH TO DATE    2                         0      2       17
  SINCE SEP 1     80                        60     20       83
  SINCE JAN 1    791                       641    150      961
..................................................................


WIND (MPH)
  HIGHEST WIND SPEED    26   HIGHEST WIND DIRECTION    NW (320)
  HIGHEST GUST SPEED    34   HIGHEST GUST DIRECTION    NW (300)
  AVERAGE WIND SPEED    15.5


SKY COVER
  POSSIBLE SUNSHINE  MM
  AVERAGE SKY COVER 0.5


WEATHER CONDITIONS
 THE FOLLOWING WEATHER WAS RECORDED TODAY.
  LIGHT RAIN


RELATIVE HUMIDITY (PERCENT)
 HIGHEST    77           300 AM
 LOWEST     51           400 AM
 AVERAGE    64

..........................................................


THE MOBRIDGE SD CLIMATE NORMALS FOR TOMORROW
                         NORMAL    RECORD    YEAR
 MAXIMUM TEMPERATURE (F)   57        79      1992
 MINIMUM TEMPERATURE (F)   33        16      1937


SUNRISE AND SUNSET
OCTOBER 21 2017.......SUNRISE   806 AM CDT   SUNSET   645 PM CDT
OCTOBER 22 2017.......SUNRISE   808 AM CDT   SUNSET   644 PM CDT


-  INDICATES NEGATIVE NUMBERS.
R  INDICATES RECORD WAS SET OR TIED.
MM INDICATES DATA IS MISSING.
T  INDICATES TRACE AMOUNT.




$$
