000
CDUS43 KABR 260906
CLIMBG


CLIMATE REPORT
NATIONAL WEATHER SERVICE ABERDEEN SD
405 AM CDT WED APR 26 2017


...................................

...THE MOBRIDGE SD CLIMATE SUMMARY FOR APRIL 25 2017...

CLIMATE NORMAL PERIOD 1981 TO 2010
CLIMATE RECORD PERIOD 1911 TO 2017


WEATHER ITEM   OBSERVED TIME   RECORD YEAR NORMAL DEPARTURE LAST
                VALUE   (LST)  VALUE       VALUE  FROM      YEAR
                                                  NORMAL
..................................................................
TEMPERATURE (F)
 YESTERDAY
  MAXIMUM         37   1219 AM  90    1962  62    -25       47
  MINIMUM         33   1150 AM  20    1928  36     -3       39
                                      1931
  AVERAGE         35                        49    -14       43

PRECIPITATION (IN)
  YESTERDAY        T             1.07 1942   0.08  -0.08     0.03
  MONTH TO DATE    0.48                      1.14  -0.66     2.97
  SINCE MAR 1      1.10                      2.04  -0.94     3.76
  SINCE JAN 1      1.86                      2.77  -0.91     4.98

SNOWFALL (IN)
  YESTERDAY        0.0
  MONTH TO DATE    0.0
  SINCE OCT 1     47.3
  SINCE JUL 1     47.3
  SNOW DEPTH       0

DEGREE DAYS
 HEATING
  YESTERDAY       30                        16     14       22
  MONTH TO DATE  418                       520   -102      402
  SINCE MAR 1   1353                      1547   -194     1136
  SINCE JUL 1   6790                      7522   -732     6011

 COOLING
  YESTERDAY        0                         0      0        0
  MONTH TO DATE    0                         0      0        2
  SINCE MAR 1      0                         0      0        2
  SINCE JAN 1      0                         0      0        2
..................................................................


WIND (MPH)
  HIGHEST WIND SPEED    23   HIGHEST WIND DIRECTION     N (10)
  HIGHEST GUST SPEED    30   HIGHEST GUST DIRECTION     N (10)
  AVERAGE WIND SPEED    16.7


SKY COVER
  POSSIBLE SUNSHINE  MM
  AVERAGE SKY COVER 1.0


WEATHER CONDITIONS
 THE FOLLOWING WEATHER WAS RECORDED YESTERDAY.
  LT FREEZING RAIN
  FOG
  HAZE


RELATIVE HUMIDITY (PERCENT)
 HIGHEST    82           400 AM
 LOWEST     64           100 PM
 AVERAGE    73

..........................................................


THE MOBRIDGE SD CLIMATE NORMALS FOR TODAY
                         NORMAL    RECORD    YEAR
 MAXIMUM TEMPERATURE (F)   63        89      1952
 MINIMUM TEMPERATURE (F)   36        20      1950


SUNRISE AND SUNSET
APRIL 26 2017.........SUNRISE   637 AM CDT   SUNSET   843 PM CDT
APRIL 27 2017.........SUNRISE   635 AM CDT   SUNSET   844 PM CDT


-  INDICATES NEGATIVE NUMBERS.
R  INDICATES RECORD WAS SET OR TIED.
MM INDICATES DATA IS MISSING.
T  INDICATES TRACE AMOUNT.




$$
