000
CDUS43 KDTX 300537
CLIMBS


CLIMATE REPORT
NATIONAL WEATHER SERVICE DETROIT/PONTIAC MI
137 AM EDT MON MAR 30 2015


...................................

...THE TRI CITIES MI CLIMATE SUMMARY FOR MARCH 29 2015...

CLIMATE NORMAL PERIOD 1981 TO 2010
CLIMATE RECORD PERIOD 1898 TO 2015


WEATHER ITEM   OBSERVED TIME   NORMAL DEPARTURE LAST
                VALUE   (LST)  VALUE  FROM      YEAR
                                      NORMAL
......................................................
TEMPERATURE (F)
 YESTERDAY
  MAXIMUM         46    224 PM  48     -2       36
  MINIMUM         22    534 AM  30     -8       29
  AVERAGE         34            39     -5

PRECIPITATION (IN)
  YESTERDAY        T             0.07  -0.07
  MONTH TO DATE    0.47          1.91  -1.44
  SINCE MAR 1      0.47          1.91  -1.44
  SINCE JAN 1      2.58          5.23  -2.65

SNOWFALL (IN)
  YESTERDAY        0.1
  MONTH TO DATE    2.5
  SINCE MAR 1      2.5
  SINCE JUL 1     34.4
  SNOW DEPTH       0

DEGREE DAYS
 HEATING
  YESTERDAY       31                    5
  MONTH TO DATE  962                   44
  SINCE MAR 1    962                   44
  SINCE JUL 1   6323                  306

 COOLING
  YESTERDAY        0                    0
  MONTH TO DATE    0                    0
  SINCE MAR 1      0                    0
  SINCE JAN 1      0                    0
......................................................


WIND (MPH)
  HIGHEST WIND SPEED    37   HIGHEST WIND DIRECTION    SW (230)
  HIGHEST GUST SPEED    50   HIGHEST GUST DIRECTION    SW (230)
  AVERAGE WIND SPEED    17.4



WEATHER CONDITIONS
 THE FOLLOWING WEATHER WAS RECORDED YESTERDAY.
  LIGHT RAIN
  LIGHT SNOW
  FOG
  HAZE


RELATIVE HUMIDITY (PERCENT)
 HIGHEST    85
 LOWEST     27
 AVERAGE    56

..........................................................


THE TRI CITIES MI CLIMATE NORMALS FOR TODAY
                         NORMAL
 MAXIMUM TEMPERATURE (F)   49
 MINIMUM TEMPERATURE (F)   30


SUNRISE AND SUNSET
MARCH 30 2015.........SUNRISE   722 AM EDT   SUNSET   800 PM EDT
MARCH 31 2015.........SUNRISE   720 AM EDT   SUNSET   802 PM EDT


-  INDICATES NEGATIVE NUMBERS.
R  INDICATES RECORD WAS SET OR TIED.
MM INDICATES DATA IS MISSING.
T  INDICATES TRACE AMOUNT.




$$
