000
CDUS46 KHNX 280823
CLIMCE


CLIMATE REPORT
NATIONAL WEATHER SERVICE SAN JOAQUIN VALLEY, CA
122 AM PDT THU JUL 28 2016


...................................

...THE MERCED  CA CLIMATE SUMMARY FOR JULY 27 2016...

CLIMATE NORMAL PERIOD 1981 TO 2010
CLIMATE RECORD PERIOD 1998 TO 2016


WEATHER ITEM   OBSERVED TIME   RECORD YEAR NORMAL DEPARTURE
                VALUE   (LST)  VALUE       VALUE  FROM
                                                  NORMAL
...............................................................
TEMPERATURE (F)
 YESTERDAY
  MAXIMUM        106R   241 PM 103    2014  95     11
  MINIMUM         68    552 AM  56    2010  61      7
                                      2000
  AVERAGE         87                        78      9

PRECIPITATION (IN)
  YESTERDAY        0.00          0.00   MM   0.00   0.00
  MONTH TO DATE    0.00                      0.00   0.00
  SINCE OCT 1     14.66                     12.19   2.47
  SINCE JAN 1     10.94                      8.68   2.26

SNOWFALL (IN)
  YESTERDAY        0.0
  MONTH TO DATE    0.0
  SINCE JUN 1      0.0
  SINCE JUL 1      0.0
  SNOW DEPTH       0

DEGREE DAYS
 HEATING
  YESTERDAY        0
  MONTH TO DATE    0
  SINCE JUN 1      2
  SINCE JUL 1      0

 COOLING
  YESTERDAY       22
  MONTH TO DATE  356
  SINCE JUN 1    728
  SINCE JAN 1    897
...............................................................


WIND (MPH)
  HIGHEST WIND SPEED    15   HIGHEST WIND DIRECTION    NW (330)
  HIGHEST GUST SPEED    25   HIGHEST GUST DIRECTION    NW (330)
  AVERAGE WIND SPEED     5.8




RELATIVE HUMIDITY (PERCENT)
 HIGHEST    66
 LOWEST     12
 AVERAGE    39

..........................................................


THE MERCED  CA CLIMATE NORMALS FOR TODAY
                         NORMAL    RECORD    YEAR
 MAXIMUM TEMPERATURE (F)   95       101      2014
                                             2003
 MINIMUM TEMPERATURE (F)   61        55      2010


SUNRISE AND SUNSET
JULY 28 2016..........SUNRISE   604 AM PDT   SUNSET   813 PM PDT
JULY 29 2016..........SUNRISE   605 AM PDT   SUNSET   812 PM PDT


-  INDICATES NEGATIVE NUMBERS.
R  INDICATES RECORD WAS SET OR TIED.
MM INDICATES DATA IS MISSING.
T  INDICATES TRACE AMOUNT.




$$
