000
CDUS46 KHNX 240022
CLIMCE


CLIMATE REPORT
NATIONAL WEATHER SERVICE SAN JOAQUIN VALLEY, CA
422 PM PST TUE JAN 23 2018


...................................

...THE MERCED  CA CLIMATE SUMMARY FOR JANUARY 23 2018...
VALID AS OF 0400 PM LOCAL TIME.

CLIMATE NORMAL PERIOD 1981 TO 2010
CLIMATE RECORD PERIOD 1998 TO 2018


WEATHER ITEM   OBSERVED TIME   RECORD YEAR NORMAL DEPARTURE LAST
                VALUE   (LST)  VALUE       VALUE  FROM      YEAR
                                                  NORMAL
..................................................................
TEMPERATURE (F)
 TODAY
  MAXIMUM         55    247 PM  69    2014  54      1       53
  MINIMUM         48    944 AM  27    2007  37     11       36
  AVERAGE         52                        46      6       45

PRECIPITATION (IN)
  TODAY            0.00          1.19 2009   0.07  -0.07     0.08
  MONTH TO DATE    1.06                      2.20  -1.14     5.61
  SINCE OCT 1      2.17                      5.71  -3.54     9.84
  SINCE JAN 1      1.06                      2.20  -1.14     5.61

SNOWFALL (IN)
  TODAY            0.0
  MONTH TO DATE    0.0
  SINCE DEC 1      0.0
  SINCE JUL 1      0.0
  SNOW DEPTH       0

DEGREE DAYS
 HEATING
  TODAY           13                                        20
  MONTH TO DATE  317                                       412
  SINCE DEC 1    870                                      1018
  SINCE JUL 1   1224                                      1363

 COOLING
  TODAY            0                                         0
  MONTH TO DATE    0                                         0
  SINCE DEC 1      0                                         0
  SINCE JAN 1      0                                         0
..................................................................


WIND (MPH)
  HIGHEST WIND SPEED    12   HIGHEST WIND DIRECTION    NW (330)
  HIGHEST GUST SPEED    15   HIGHEST GUST DIRECTION    NW (320)
  AVERAGE WIND SPEED     4.2




RELATIVE HUMIDITY (PERCENT)
 HIGHEST    93
 LOWEST     77
 AVERAGE    85

..........................................................


THE MERCED  CA CLIMATE NORMALS FOR TOMORROW
                         NORMAL    RECORD    YEAR
 MAXIMUM TEMPERATURE (F)   55        73      2014
 MINIMUM TEMPERATURE (F)   37        26      2007


SUNRISE AND SUNSET
JANUARY 23 2018.......SUNRISE   712 AM PST   SUNSET   517 PM PST
JANUARY 24 2018.......SUNRISE   711 AM PST   SUNSET   518 PM PST


-  INDICATES NEGATIVE NUMBERS.
R  INDICATES RECORD WAS SET OR TIED.
MM INDICATES DATA IS MISSING.
T  INDICATES TRACE AMOUNT.




$$
