000
CDUS46 KHNX 020821
CLIMCE


CLIMATE REPORT
NATIONAL WEATHER SERVICE SAN JOAQUIN VALLEY, CA
121 AM PDT THU JUL 2 2015


...................................

...THE MERCED  CA CLIMATE SUMMARY FOR JULY 1 2015...

CLIMATE NORMAL PERIOD 1981 TO 2010
CLIMATE RECORD PERIOD 1998 TO 2015


WEATHER ITEM   OBSERVED TIME   RECORD YEAR NORMAL DEPARTURE
                VALUE   (LST)  VALUE       VALUE  FROM
                                                  NORMAL
...............................................................
TEMPERATURE (F)
 YESTERDAY
  MAXIMUM        100    100 PM 107    2013  93      7
  MINIMUM         71    522 AM  54    2010  60     11
                                      2007
  AVERAGE         86                        77      9

PRECIPITATION (IN)
  YESTERDAY        T   R         0.00   MM   0.00   0.00
  MONTH TO DATE    T                         0.00   0.00
  SINCE OCT 1      7.84                     12.19  -4.35
  SINCE JAN 1      3.09                      8.68  -5.59

SNOWFALL (IN)
  YESTERDAY        0.0
  MONTH TO DATE    0.0
  SINCE JUN 1      0.0
  SINCE JUL 1      0.0
  SNOW DEPTH       0

DEGREE DAYS
 HEATING
  YESTERDAY        0
  MONTH TO DATE    0
  SINCE JUN 1      0
  SINCE JUL 1      0

 COOLING
  YESTERDAY       21
  MONTH TO DATE   21
  SINCE JUN 1    413
  SINCE JAN 1    535
...............................................................


WIND (MPH)
  HIGHEST WIND SPEED    25   HIGHEST WIND DIRECTION    NW (320)
  HIGHEST GUST SPEED    31   HIGHEST GUST DIRECTION    NW (320)
  AVERAGE WIND SPEED     7.7




RELATIVE HUMIDITY (PERCENT)
 HIGHEST    68
 LOWEST     19
 AVERAGE    44

..........................................................


THE MERCED  CA CLIMATE NORMALS FOR TODAY
                         NORMAL    RECORD    YEAR
 MAXIMUM TEMPERATURE (F)   94       107      2013
 MINIMUM TEMPERATURE (F)   61        54      2007


SUNRISE AND SUNSET
JULY  2 2015..........SUNRISE   546 AM PDT   SUNSET   827 PM PDT
JULY  3 2015..........SUNRISE   547 AM PDT   SUNSET   827 PM PDT


-  INDICATES NEGATIVE NUMBERS.
R  INDICATES RECORD WAS SET OR TIED.
MM INDICATES DATA IS MISSING.
T  INDICATES TRACE AMOUNT.




$$
