000
CDUS46 KHNX 180828
CLIMCE


CLIMATE REPORT
NATIONAL WEATHER SERVICE SAN JOAQUIN VALLEY, CA
127 AM PDT FRI APR 18 2014


...................................

...THE MERCED  CA CLIMATE SUMMARY FOR APRIL 17 2014...

CLIMATE NORMAL PERIOD 1981 TO 2010
CLIMATE RECORD PERIOD 1998 TO 2014


WEATHER ITEM   OBSERVED TIME   RECORD YEAR NORMAL DEPARTURE
                VALUE   (LST)  VALUE       VALUE  FROM
                                                  NORMAL
...............................................................
TEMPERATURE (F)
 YESTERDAY
  MAXIMUM         86R   400 PM  86    1999  74     12
  MINIMUM         50    508 AM  41    2009  45      5
  AVERAGE         68                        59      9

PRECIPITATION (IN)
  YESTERDAY        0.00          1.94 2000   0.03  -0.03
  MONTH TO DATE    0.29                      0.56  -0.27
  SINCE JUL 1      4.67                     11.40  -6.73
  SINCE JAN 1      3.66                      7.58  -3.92

SNOWFALL (IN)
  YESTERDAY        0.0
  MONTH TO DATE    0.0
  SINCE MAR 1      0.0
  SINCE JUL 1      0.0
  SNOW DEPTH       0

DEGREE DAYS
 HEATING
  YESTERDAY        0
  MONTH TO DATE   60
  SINCE MAR 1    219
  SINCE JUL 1   2088

 COOLING
  YESTERDAY        3
  MONTH TO DATE   40
  SINCE MAR 1     40
  SINCE JAN 1     40
...............................................................


WIND (MPH)
  HIGHEST WIND SPEED    16   HIGHEST WIND DIRECTION    NW (320)
  HIGHEST GUST SPEED    21   HIGHEST GUST DIRECTION    NW (330)
  AVERAGE WIND SPEED     4.4




RELATIVE HUMIDITY (PERCENT)
 HIGHEST    74
 LOWEST     23
 AVERAGE    49

..........................................................


THE MERCED  CA CLIMATE NORMALS FOR TODAY
                         NORMAL    RECORD    YEAR
 MAXIMUM TEMPERATURE (F)   74        87      2008
 MINIMUM TEMPERATURE (F)   45        36      2002


SUNRISE AND SUNSET
APRIL 18 2014.........SUNRISE   624 AM PDT   SUNSET   740 PM PDT
APRIL 19 2014.........SUNRISE   622 AM PDT   SUNSET   741 PM PDT


-  INDICATES NEGATIVE NUMBERS.
R  INDICATES RECORD WAS SET OR TIED.
MM INDICATES DATA IS MISSING.
T  INDICATES TRACE AMOUNT.




$$
