052
CDAK49 PAFG 300052
CLIMCG

CLIMATE REPORT
NATIONAL WEATHER SERVICE FAIRBANKS AK
452 PM AKDT WED MAR 29 2017


...................................

...THE MCGRATH AK CLIMATE SUMMARY FOR MARCH 29 2017...
VALID TODAY AS OF 0400 PM LOCAL TIME.

CLIMATE NORMAL PERIOD 1981 TO 2010
CLIMATE RECORD PERIOD 1946 TO 2017


WEATHER ITEM   OBSERVED TIME   RECORD YEAR NORMAL DEPARTURE LAST
                VALUE   (LST)  VALUE       VALUE  FROM      YEAR
                                                  NORMAL
..................................................................
TEMPERATURE (F)
 TODAY
  MAXIMUM         26    247 PM  50    1954  30     -4       37
  MINIMUM          5    520 AM -35    1972   5      0       27
  AVERAGE         16                        18     -2       32

PRECIPITATION (IN)
  TODAY            T             0.27 1970   0.02  -0.02     0.01
  MONTH TO DATE    T                         0.76  -0.76     0.31
  SINCE MAR 1      T                         0.76  -0.76     0.31
  SINCE JAN 1      1.20                      2.79  -1.59     0.37

SNOWFALL (IN)
  TODAY            T             2.7  1946   0.3   -0.3     MM
  MONTH TO DATE    T                        10.8  -10.8      0.0
  SINCE MAR 1      T                        10.8  -10.8      0.0
  SINCE JUL 1     48.7                      90.8  -42.1      0.0
  SNOW DEPTH      13

DEGREE DAYS
 HEATING
  TODAY           49                        48      1       33
  MONTH TO DATE 1836                      1563    273     1407
  SINCE MAR 1   1836                      1563    273     1407
  SINCE JUL 1  11594                     11795   -201     2375

 COOLING
  TODAY            0                         0      0        0
  MONTH TO DATE    0                         0      0        0
  SINCE MAR 1      0                         0      0        0
  SINCE JAN 1      0                         0      0        0
..................................................................


WIND (MPH)
  HIGHEST GUST SPEED     9   HIGHEST GUST DIRECTION     W (280)


SKY COVER
  AVERAGE SKY COVER 1.0


WEATHER CONDITIONS
 THE FOLLOWING WEATHER WAS RECORDED TODAY.
  HAZE


RELATIVE HUMIDITY (PERCENT)
 HIGHEST    80
 LOWEST     50
 AVERAGE    65

..........................................................


THE MCGRATH AK CLIMATE NORMALS FOR TOMORROW
                         NORMAL    RECORD    YEAR
 MAXIMUM TEMPERATURE (F)   31        48      1961
 MINIMUM TEMPERATURE (F)    6       -41      2004


SUNRISE AND SUNSET
MARCH 29 2017.........SUNRISE   752 AM AKDT  SUNSET   905 PM AKDT
MARCH 30 2017.........SUNRISE   748 AM AKDT  SUNSET   908 PM AKDT

-  INDICATES NEGATIVE NUMBERS.
R  INDICATES RECORD WAS SET OR TIED.
MM INDICATES DATA IS MISSING.
T  INDICATES TRACE AMOUNT.

&&

SNOW DEPTH IS MEASURED AT 3AM AKST/4AM AKDT.

----------------------------
AVAILABLE DAYLIGHT

AMOUNT OF DAYLIGHT TODAY  (HOUR:MIN)........13:13
GAIN/LOSS SINCE YESTERDAY (HOUR:MIN:SEC)....+0:06:11

$$
RM MAR 17
