000
CDAK49 PAMC 030908
CLIMCG

CLIMATE REPORT
NATIONAL WEATHER SERVICE MCGRATH, AK
1208 AM AKST TUE MAR 3 2015

...................................
...THE MCGRATH AIRPORT CLIMATE SUMMARY FOR MARCH 2 2015...

CLIMATE NORMAL PERIOD  1981 TO  2010
CLIMATE RECORD PERIOD  1940 TO  2015

WEATHER ITEM   OBSERVED TIME    RECORD YEAR NORMAL DEPARTURE LAST
               VALUE    (LST)   VALUE       VALUE  FROM      YEAR
                                                   NORMAL
...................................................................
TEMPERATURE
YESTERDAY
 MAXIMUM            26  0355 PM    45  2003     20       6     32
 MINIMUM            -7  0838 AM   -51  1956     -6      -1     -3
 AVERAGE            10                           7       3     15

PRECIPITATION
(INCHES)
 YESTERDAY        0.00           0.65  1974   0.03   -0.03   0.00
 MONTH TO DATE    0.00                        0.06   -0.06   0.00
 SINCE MAR 1      0.00                        0.06   -0.06   0.00
 SINCE JAN 1      0.44                        2.09   -1.65   1.69

SNOWFALL
(INCHES)
 YESTERDAY         0.0            8.5  1974    0.5    -0.5    0.0
 MONTH TO DATE     0.0                         0.9    -0.9    0.0
 SINCE MAR 1       0.0                         0.9    -0.9    0.0
 SINCE JUL 1      33.1                        80.9   -47.8   46.0
 SNOW DEPTH (IN)    12                                         15

DEGREE DAYS
 HEATING
  YESTERDAY         55                          58      -3     50
  MONTH TO DATE    107                         117     -10     97
  SINCE MAR 1      107                         117     -10     97
  SINCE JUL 1     9173                       10355   -1182   8922

 COOLING
  YESTERDAY          0                           0       0      0
  MONTH TO DATE      0                           0       0      0
  SINCE MAR 1        0                           0       0      0
  SINCE JAN 1        0                           0       0      0
...................................................................

WIND (MPH)
 HIGHEST WIND SPEED     5     HIGHEST WIND DIRECTION    320
 HIGHEST GUST SPEED     6     HIGHEST GUST DIRECTION    310
 AVERAGE WIND SPEED   0.4

WEATHER CONDITIONS
 THE FOLLOWING WEATHER WAS RECORDED YESTERDAY.
 NO SIGNIFICANT WEATHER WAS OBSERVED.
...................................................................

THE MCGRATH CLIMATE NORMALS FOR TODAY
                           NORMAL    RECORD   YEAR
 MAXIMUM TEMPERATURE (F)     20        45     1957
 MINIMUM TEMPERATURE (F)     -6       -42     1971

SUNRISE AND SUNSET
 MAR 3 2015..........SUNRISE  8:21 AM      SUNSET  6:50 PM
 MAR 4 2015..........SUNRISE  8:18 AM      SUNSET  6:53 PM

-  INDICATES NEGATIVE NUMBERS.
R  INDICATES RECORD HAS BEEN SET OR TIED.
MM INDICATES DATA IS MISSING.
T  INDICATES TRACE OF PRECIPITATION.

&&
-------------------------------------------------------------------

AMOUNT OF DAYLIGHT TODAY  (HOUR:MIN)........10 HOURS 29 MINUTES
GAIN SINCE YESTERDAY (HOUR:MIN:SEC)....+0:06:12

$$
ADJ MAR 15
