000
CDAK49 PAFG 190040
CLIMCG

CLIMATE REPORT
NATIONAL WEATHER SERVICE FAIRBANKS AK
340 PM AKST SAT NOV 18 2017


...................................

...THE MCGRATH AK CLIMATE SUMMARY FOR NOVEMBER 18 2017...
VALID TODAY AS OF 0300 PM LOCAL TIME.

CLIMATE NORMAL PERIOD 1981 TO 2010
CLIMATE RECORD PERIOD 1946 TO 2017


WEATHER ITEM   OBSERVED TIME   RECORD YEAR NORMAL DEPARTURE LAST
                VALUE   (LST)  VALUE       VALUE  FROM      YEAR
                                                  NORMAL
..................................................................
TEMPERATURE (F)
 TODAY
  MAXIMUM         22   1228 AM  35    1941  12     10        7
  MINIMUM          7    957 AM -36    1982  -4     11      -10
  AVERAGE         15                         4     11       -1

PRECIPITATION (IN)
  TODAY            0.00          0.56 1949   0.05  -0.05      T
  MONTH TO DATE    0.46                      0.86  -0.40     0.15
  SINCE SEP 1      5.64                      4.79   0.85     5.61
  SINCE JAN 1     16.01                     16.16  -0.15    18.44

SNOWFALL (IN)
  TODAY            0.0           5.0  1949   0.7   -0.7      0.4
  MONTH TO DATE    8.6                      11.5   -2.9      3.3
  SINCE SEP 1     14.9                      23.2   -8.3      4.9
  SINCE JUL 1     14.9                      23.2   -8.3      4.9
  SNOW DEPTH       6

DEGREE DAYS
 HEATING
  TODAY           50                        61    -11       66
  MONTH TO DATE  790                      1023   -233      934
  SINCE SEP 1   2277                      2872   -595     2562
  SINCE JUL 1   2630                      3363   -733     2838

 COOLING
  TODAY            0                         0      0        0
  MONTH TO DATE    0                         0      0        0
  SINCE SEP 1      0                         0      0        0
  SINCE JAN 1     37                        20     17       29
..................................................................


WIND (MPH)
  HIGHEST GUST SPEED     7   HIGHEST GUST DIRECTION     W (280)


SKY COVER
  AVERAGE SKY COVER 0.8


WEATHER CONDITIONS
 THE FOLLOWING WEATHER WAS RECORDED TODAY.
  FOG
  HAZE


RELATIVE HUMIDITY (PERCENT)
 HIGHEST    92
 LOWEST     80
 AVERAGE    86

..........................................................


THE MCGRATH AK CLIMATE NORMALS FOR TOMORROW
                         NORMAL    RECORD    YEAR
 MAXIMUM TEMPERATURE (F)   11        41      1967
 MINIMUM TEMPERATURE (F)   -4       -39      1982


SUNRISE AND SUNSET
NOVEMBER 18 2017......SUNRISE   952 AM AKST  SUNSET   424 PM AKST
NOVEMBER 19 2017......SUNRISE   955 AM AKST  SUNSET   421 PM AKST

-  INDICATES NEGATIVE NUMBERS.
R  INDICATES RECORD WAS SET OR TIED.
MM INDICATES DATA IS MISSING.
T  INDICATES TRACE AMOUNT.

&&

SNOW DEPTH IS MEASURED AT 3AM AKST/4AM AKDT.

----------------------------
AVAILABLE DAYLIGHT

AMOUNT OF DAYLIGHT TODAY  (HOUR:MIN)........6:31
GAIN/LOSS SINCE YESTERDAY (HOUR:MIN:SEC)....-0:05:27

$$
AY NOV 17
