000
CDAK49 PAMC 291113
CLIMCG

CLIMATE REPORT
NATIONAL WEATHER SERVICE MCGRATH, AK
313 AM AKDT WED JUL 29 2015

...................................
...THE MCGRATH AIRPORT CLIMATE SUMMARY FOR JULY 28 2015...

CLIMATE NORMAL PERIOD  1981 TO  2010
CLIMATE RECORD PERIOD  1940 TO  2015

WEATHER ITEM   OBSERVED TIME    RECORD YEAR NORMAL DEPARTURE LAST
               VALUE    (LST)   VALUE       VALUE  FROM      YEAR
                                                   NORMAL
...................................................................
TEMPERATURE
YESTERDAY
 MAXIMUM            70  0200 PM    85  2013     67       3     56
 MINIMUM            49  0508 AM    37  1941     50      -1     50
 AVERAGE            60                          58       2     53

PRECIPITATION
(INCHES)
 YESTERDAY        0.70R          0.48  2014   0.08    0.62   0.48
 MONTH TO DATE    3.82                        2.11    1.71   2.44
 SINCE JUN 1      4.90                        3.63    1.27   3.96
 SINCE JAN 1      6.24                        8.30   -2.06   6.69

SNOWFALL
(INCHES)
 YESTERDAY         0.0            0.0  2015    0.0     0.0    0.0
 MONTH TO DATE     0.0                         0.0     0.0    0.0
 SINCE JUN 1       0.0                         0.0     0.0    0.0
 SINCE JUL 1       0.0                         0.0     0.0    0.0
 SNOW DEPTH (IN)     0                                          0

DEGREE DAYS
 HEATING
  YESTERDAY          5                           7      -2     12
  MONTH TO DATE     MM                         151      MM    174
  SINCE JUN 1      954                         385     569    479
  SINCE JUL 1      761                         151     610    174

 COOLING
  YESTERDAY          0                           0       0      0
  MONTH TO DATE     MM                          11      MM     11
  SINCE JUN 1       26                          16      10     11
  SINCE JAN 1       MM                          16      MM     11
...................................................................

WIND (MPH)
 HIGHEST WIND SPEED    16     HIGHEST WIND DIRECTION     50
 HIGHEST GUST SPEED    21     HIGHEST GUST DIRECTION     40
 AVERAGE WIND SPEED   2.7

WEATHER CONDITIONS
 THE FOLLOWING WEATHER WAS RECORDED YESTERDAY.
  THUNDER
  RAIN
  FOG
...................................................................

THE MCGRATH CLIMATE NORMALS FOR TODAY
                           NORMAL    RECORD   YEAR
 MAXIMUM TEMPERATURE (F)     67        82     1953
 MINIMUM TEMPERATURE (F)     50        36     1971

SUNRISE AND SUNSET
 JUL 29 2015..........SUNRISE  5:32 AM      SUNSET 11:25 PM
 JUL 30 2015..........SUNRISE  5:35 AM      SUNSET 11:22 PM

-  INDICATES NEGATIVE NUMBERS.
R  INDICATES RECORD HAS BEEN SET OR TIED.
MM INDICATES DATA IS MISSING.
T  INDICATES TRACE OF PRECIPITATION.

&&
-------------------------------------------------------------------

AMOUNT OF DAYLIGHT TODAY  (HOUR:MIN)........17 HOURS 53 MINUTES
LOSS SINCE YESTERDAY (HOUR:MIN:SEC).........-0:05:49

$$
CRG JUL 15
