117
CDAK49 PAFG 241003
CLIMCG

CLIMATE REPORT
NATIONAL WEATHER SERVICE FAIRBANKS AK
203 AM AKDT MON JUL 24 2017


...................................

...THE MCGRATH AK CLIMATE SUMMARY FOR JULY 23 2017...

CLIMATE NORMAL PERIOD 1981 TO 2010
CLIMATE RECORD PERIOD 1946 TO 2017


WEATHER ITEM   OBSERVED TIME   RECORD YEAR NORMAL DEPARTURE LAST
                VALUE   (LST)  VALUE       VALUE  FROM      YEAR
                                                  NORMAL
..................................................................
TEMPERATURE (F)
 YESTERDAY
  MAXIMUM         80    458 PM  86    1968  68     12       58
  MINIMUM         55    532 AM  41    1956  50      5       51
  AVERAGE         68                        59      9       55

PRECIPITATION (IN)
  YESTERDAY        0.07          0.41 2015   0.08  -0.01     0.02
                                      1989
  MONTH TO DATE    1.37                      1.69  -0.32     2.98
  SINCE JUN 1      2.60                      3.21  -0.61     5.38
  SINCE JAN 1      5.59                      7.88  -2.29     8.03

SNOWFALL (IN)
  YESTERDAY        0.0           0.0    MM   0.0    0.0      0.0
  MONTH TO DATE    0.0                       0.0    0.0      0.0
  SINCE JUN 1      T                         0.0    0.0      0.0
  SINCE JUL 1      0.0                       0.0    0.0      0.0
  SNOW DEPTH       0

DEGREE DAYS
 HEATING
  YESTERDAY        0                         6     -6       10
  MONTH TO DATE   37                       119    -82       67
  SINCE JUN 1    196                       353   -157      257
  SINCE JUL 1     37                       119    -82       67

 COOLING
  YESTERDAY        3                         0      3        0
  MONTH TO DATE   31                        11     20       23
  SINCE JUN 1     32                        17     15       29
  SINCE JAN 1     32                        17     15       29
..................................................................


WIND (MPH)
  HIGHEST GUST SPEED    31   HIGHEST GUST DIRECTION     W (270)


SKY COVER
  AVERAGE SKY COVER 0.6


WEATHER CONDITIONS
 THE FOLLOWING WEATHER WAS RECORDED YESTERDAY.
  HEAVY RAIN
  LIGHT RAIN


RELATIVE HUMIDITY (PERCENT)
 HIGHEST    93
 LOWEST     42
 AVERAGE    68

..........................................................


THE MCGRATH AK CLIMATE NORMALS FOR TODAY
                         NORMAL    RECORD    YEAR
 MAXIMUM TEMPERATURE (F)   68        86      1968
 MINIMUM TEMPERATURE (F)   50        38      1954


SUNRISE AND SUNSET
JULY 24 2017..........SUNRISE   519 AM AKDT  SUNSET  1137 PM AKDT
JULY 25 2017..........SUNRISE   522 AM AKDT  SUNSET  1134 PM AKDT

-  INDICATES NEGATIVE NUMBERS.
R  INDICATES RECORD WAS SET OR TIED.
MM INDICATES DATA IS MISSING.
T  INDICATES TRACE AMOUNT.

&&

SNOW DEPTH IS MEASURED AT 3AM AKST/4AM AKDT.

----------------------------
AVAILABLE DAYLIGHT

AMOUNT OF DAYLIGHT TODAY  (HOUR:MIN)........18:18
GAIN/LOSS SINCE YESTERDAY (HOUR:MIN:SEC)....-0:05:36

$$
JUL 17
