000
CDAK49 PAMC 291030
CLIMCG

CLIMATE REPORT
NATIONAL WEATHER SERVICE MCGRATH, AK
230 AM AKDT SUN MAR 29 2015

...................................
...THE MCGRATH AIRPORT CLIMATE SUMMARY FOR MARCH 28 2015...

CLIMATE NORMAL PERIOD  1981 TO  2010
CLIMATE RECORD PERIOD  1940 TO  2015

WEATHER ITEM   OBSERVED TIME    RECORD YEAR NORMAL DEPARTURE LAST
               VALUE    (LST)   VALUE       VALUE  FROM      YEAR
                                                   NORMAL
...................................................................
TEMPERATURE
YESTERDAY
 MAXIMUM            49  0517 PM    51  1954     30      19     33
 MINIMUM            14  0717 AM   -32  2000      4      10      1
 AVERAGE            32                          17      15     17

PRECIPITATION
(INCHES)
 YESTERDAY        0.00           0.19  1977   0.02   -0.02   0.00
 MONTH TO DATE    0.13                        0.74   -0.61   0.04
 SINCE MAR 1      0.13                        0.74   -0.61   0.04
 SINCE JAN 1      0.57                        2.77   -2.20   1.73

SNOWFALL
(INCHES)
 YESTERDAY         0.0            3.8  1977    0.3    -0.3    0.0
 MONTH TO DATE     5.2                        10.5    -5.3    0.4
 SINCE MAR 1       5.2                        10.5    -5.3    0.4
 SINCE JUL 1      38.3                        90.5   -52.2   46.4
 SNOW DEPTH (IN)    10                                         13

DEGREE DAYS
 HEATING
  YESTERDAY         33                          48     -15     48
  MONTH TO DATE   1372                        1515    -143   1470
  SINCE MAR 1     1369                        1515    -146   1468
  SINCE JUL 1    10435                       11753   -1318  10295

 COOLING
  YESTERDAY          0                           0       0      0
  MONTH TO DATE      0                           0       0      0
  SINCE MAR 1        0                           0       0      0
  SINCE JAN 1        0                           0       0      0
...................................................................

WIND (MPH)
 HIGHEST WIND SPEED    12     HIGHEST WIND DIRECTION     30
 HIGHEST GUST SPEED    14     HIGHEST GUST DIRECTION     70
 AVERAGE WIND SPEED   3.8

WEATHER CONDITIONS
 THE FOLLOWING WEATHER WAS RECORDED YESTERDAY.
 NO SIGNIFICANT WEATHER WAS OBSERVED.
...................................................................

THE MCGRATH CLIMATE NORMALS FOR TODAY
                           NORMAL    RECORD   YEAR
 MAXIMUM TEMPERATURE (F)     30        50     1954
 MINIMUM TEMPERATURE (F)      5       -35     1972

SUNRISE AND SUNSET
 MAR 29 2015..........SUNRISE  7:53 AM      SUNSET  9:04 PM
 MAR 30 2015..........SUNRISE  7:50 AM      SUNSET  9:07 PM

-  INDICATES NEGATIVE NUMBERS.
R  INDICATES RECORD HAS BEEN SET OR TIED.
MM INDICATES DATA IS MISSING.
T  INDICATES TRACE OF PRECIPITATION.

&&
-------------------------------------------------------------------

AMOUNT OF DAYLIGHT TODAY  (HOUR:MIN)........13 HOURS 11 MINUTES
GAIN SINCE YESTERDAY (HOUR:MIN:SEC)....+0:06:12

$$
ADJ MAR 15
