000
CDAK49 PAMC 200930
CLIMCG

CLIMATE REPORT
NATIONAL WEATHER SERVICE MCGRATH, AK
131 AM AKDT WED AUG 20 2014

...................................
...THE MCGRATH AIRPORT CLIMATE SUMMARY FOR AUGUST 19 2014...

CLIMATE NORMAL PERIOD  1981 TO  2010
CLIMATE RECORD PERIOD  1940 TO  2014

WEATHER ITEM   OBSERVED TIME    RECORD YEAR NORMAL DEPARTURE LAST
               VALUE    (LST)   VALUE       VALUE  FROM      YEAR
                                                   NORMAL
...................................................................
TEMPERATURE
YESTERDAY
 MAXIMUM            65  0259 PM    80  2004     63       2     59
 MINIMUM            52  0730 AM    32  1997     45       7     48
 AVERAGE            59                          54       5     54

PRECIPITATION
(INCHES)
 YESTERDAY        0.03           0.90  1978   0.08   -0.05   0.05
 MONTH TO DATE    1.27                        1.72   -0.45   1.69
 SINCE JUN 1      5.37                        5.62   -0.25   4.47
 SINCE JAN 1      8.10                       10.29   -2.19   8.33

SNOWFALL
(INCHES)
 YESTERDAY         0.0            0.0  2014    0.0     0.0    0.0
 MONTH TO DATE     0.0                         0.0     0.0    0.0
 SINCE JUN 1       0.0                         0.0     0.0    0.0
 SINCE JUL 1       0.0                         0.0     0.0    0.0
 SNOW DEPTH (IN)     0                                          0

DEGREE DAYS
 HEATING
  YESTERDAY          6                          11      -5     11
  MONTH TO DATE     95                         175     -80     98
  SINCE JUN 1      587                         581       6    398
  SINCE JUL 1      282                         347     -65    263

 COOLING
  YESTERDAY          0                           0       0      0
  MONTH TO DATE      0                           0       0      3
  SINCE JUN 1       11                          16      -5     69
  SINCE JAN 1       11                          16      -5     78
...................................................................

WIND (MPH)
 HIGHEST WIND SPEED    10     HIGHEST WIND DIRECTION    280
 HIGHEST GUST SPEED    13     HIGHEST GUST DIRECTION    270
 AVERAGE WIND SPEED   2.2

WEATHER CONDITIONS
 THE FOLLOWING WEATHER WAS RECORDED YESTERDAY.
 FOG
 RAIN

...................................................................

THE MCGRATH CLIMATE NORMALS FOR TODAY
                           NORMAL    RECORD   YEAR
 MAXIMUM TEMPERATURE (F)     63        82     1977
 MINIMUM TEMPERATURE (F)     45        30     2009

SUNRISE AND SUNSET
 AUG 20 2014..........SUNRISE  6:36 AM      SUNSET 10:14 PM
 AUG 21 2014..........SUNRISE  6:39 AM      SUNSET 10:11 PM

-  INDICATES NEGATIVE NUMBERS.
R  INDICATES RECORD HAS BEEN SET OR TIED.
MM INDICATES DATA IS MISSING.
T  INDICATES TRACE OF PRECIPITATION.

&&
-------------------------------------------------------------------

AMOUNT OF DAYLIGHT TODAY  (HOUR:MIN)........15 HOURS 38 MINUTES
LOSS SINCE YESTERDAY (HOUR:MIN:SEC)....-0:06:08

$$
JMC AUG 14
