000
CDAK49 PAMC 301008
CLIMCG

CLIMATE REPORT
NATIONAL WEATHER SERVICE MCGRATH, AK
208 AM AKDT MON MAY 30 2016

...................................
...THE MCGRATH AIRPORT CLIMATE SUMMARY FOR MAY 29 2016...

CLIMATE NORMAL PERIOD  1981 TO  2010
CLIMATE RECORD PERIOD  1940 TO  2016

WEATHER ITEM   OBSERVED TIME    RECORD YEAR NORMAL DEPARTURE LAST
               VALUE    (LST)   VALUE       VALUE  FROM      YEAR
                                                   NORMAL
...................................................................
TEMPERATURE
YESTERDAY
 MAXIMUM            74  0427 PM    86  2013     63      11     73
 MINIMUM            47  0447 AM    31  1987     41       6     37
 AVERAGE            61                          52       9     55

PRECIPITATION
(INCHES)
 YESTERDAY        0.00           0.44  2014   0.04   -0.04   0.00
 MONTH TO DATE    1.11                        1.00    0.11   0.38
 SINCE MAR 1      2.55                        2.55   -0.00   0.90
 SINCE JAN 1      2.75                        4.58   -1.83   1.34

SNOWFALL
(INCHES)
 YESTERDAY         0.0            0.0  2016    0.0     0.0    0.0
 MONTH TO DATE       T                         0.9    -0.9    0.0
 SINCE MAR 1      14.9                        17.3    -2.4    8.5
 SINCE JUL 1      79.0                        97.3   -18.3   41.6
 SNOW DEPTH (IN)     0                                          0

DEGREE DAYS
 HEATING
  YESTERDAY          4                          13      -9     10
  MONTH TO DATE    431                         541    -110    387
  SINCE MAR 1     2678                        3257    -579   2721
  SINCE JUL 1    12122                       13495   -1373  11806

 COOLING
  YESTERDAY          0                           0       0      0
  MONTH TO DATE      0                           0       0      0
  SINCE MAR 1        0                           0       0      0
  SINCE JAN 1        0                           0       0      0
...................................................................

WIND (MPH)
 HIGHEST WIND SPEED    22     HIGHEST WIND DIRECTION     20
 HIGHEST GUST SPEED    30     HIGHEST GUST DIRECTION     20
 AVERAGE WIND SPEED   9.7

WEATHER CONDITIONS
 THE FOLLOWING WEATHER WAS RECORDED YESTERDAY.
 NO SIGNIFICANT WEATHER WAS OBSERVED.

...................................................................

THE MCGRATH CLIMATE NORMALS FOR TODAY
                           NORMAL    RECORD   YEAR
 MAXIMUM TEMPERATURE (F)     63        85     2013
 MINIMUM TEMPERATURE (F)     41        30     1964

SUNRISE AND SUNSET
 MAY 30 2016..........SUNRISE  4:40 AM      SUNSET 12:04 AM
 MAY 31 2016..........SUNRISE  4:37 AM      SUNSET 12:06 AM

-  INDICATES NEGATIVE NUMBERS.
R  INDICATES RECORD HAS BEEN SET OR TIED.
MM INDICATES DATA IS MISSING.
T  INDICATES TRACE OF PRECIPITATION.

&&
-------------------------------------------------------------------

AMOUNT OF DAYLIGHT TODAY  (HOUR:MIN)........19 HOURS 24 MINUTES
GAIN SINCE YESTERDAY (HOUR:MIN:SEC)....+0:02:49

$$
SBY MAY 16
