000
CDAK49 PAFG 220945
CLIMCG

CLIMATE REPORT
NATIONAL WEATHER SERVICE FAIRBANKS AK
1245 AM AKST MON JAN 22 2018


...................................

...THE MCGRATH AK CLIMATE SUMMARY FOR JANUARY 21 2018...

CLIMATE NORMAL PERIOD 1981 TO 2010
CLIMATE RECORD PERIOD 1946 TO 2018


WEATHER ITEM   OBSERVED TIME   RECORD YEAR NORMAL DEPARTURE LAST
                VALUE   (LST)  VALUE       VALUE  FROM      YEAR
                                                  NORMAL
..................................................................
TEMPERATURE (F)
 YESTERDAY
  MAXIMUM        -10    407 PM  41    1961   2    -12      -19
  MINIMUM        -24    259 AM -61    1973 -15     -9      -41
  AVERAGE        -17                        -7    -10      -30

PRECIPITATION (IN)
  YESTERDAY        0.00          0.51 1962   0.03  -0.03     0.00
  MONTH TO DATE    0.10                      0.76  -0.66     0.50
  SINCE DEC 1      1.23                      2.05  -0.82     1.47
  SINCE JAN 1      0.10                      0.76  -0.66     0.50

SNOWFALL (IN)
  YESTERDAY        0.0           3.6  1962   0.5   -0.5      0.0
  MONTH TO DATE    1.4                      10.9   -9.5     14.0
  SINCE DEC 1     10.3                      31.1  -20.8     27.9
  SINCE JUL 1     37.1                      62.1  -25.0     36.2
  SNOW DEPTH      14

DEGREE DAYS
 HEATING
  YESTERDAY       82                        72     10       95
  MONTH TO DATE 1319                      1511   -192     1591
  SINCE DEC 1   2728                      3625   -897     3613
  SINCE JUL 1   6153                      7748  -1595     7359

 COOLING
  YESTERDAY        0                         0      0        0
  MONTH TO DATE    0                         0      0        0
  SINCE DEC 1      0                         0      0        0
  SINCE JAN 1      0                         0      0        0
..................................................................


WIND (MPH)
  HIGHEST GUST SPEED    18   HIGHEST GUST DIRECTION     N (10)


SKY COVER
  AVERAGE SKY COVER 0.2


WEATHER CONDITIONS
 THE FOLLOWING WEATHER WAS RECORDED YESTERDAY.
  NO SIGNIFICANT WEATHER WAS OBSERVED.


RELATIVE HUMIDITY (PERCENT)
 HIGHEST    63
 LOWEST     50
 AVERAGE    57

..........................................................


THE MCGRATH AK CLIMATE NORMALS FOR TODAY
                         NORMAL    RECORD    YEAR
 MAXIMUM TEMPERATURE (F)    2        39      2008
 MINIMUM TEMPERATURE (F)  -15       -61      1989


SUNRISE AND SUNSET
JANUARY 22 2018.......SUNRISE  1020 AM AKST  SUNSET   450 PM AKST
JANUARY 23 2018.......SUNRISE  1018 AM AKST  SUNSET   453 PM AKST

-  INDICATES NEGATIVE NUMBERS.
R  INDICATES RECORD WAS SET OR TIED.
MM INDICATES DATA IS MISSING.
T  INDICATES TRACE AMOUNT.

&&

SNOW DEPTH IS MEASURED AT 3AM AKST/4AM AKDT.

----------------------------
AVAILABLE DAYLIGHT

AMOUNT OF DAYLIGHT TODAY  (HOUR:MIN)........6:30
GAIN/LOSS SINCE YESTERDAY (HOUR:MIN:SEC)....+0:05:24

$$
JAN 18
