000
CDAK49 PAFG 290950
CLIMCG

CLIMATE REPORT
NATIONAL WEATHER SERVICE FAIRBANKS AK
150 AM AKDT THU SEP 29 2016


...................................

...THE MCGRATH AK CLIMATE SUMMARY FOR SEPTEMBER 28 2016...

CLIMATE NORMAL PERIOD 1981 TO 2010
CLIMATE RECORD PERIOD 1946 TO 2016


WEATHER ITEM   OBSERVED TIME   RECORD YEAR NORMAL DEPARTURE LAST
                VALUE   (LST)  VALUE       VALUE  FROM      YEAR
                                                  NORMAL
..................................................................
TEMPERATURE (F)
 YESTERDAY
  MAXIMUM         52    323 PM  61    1984  46      6       MM
  MINIMUM         40   1159 PM  15    1992  30     10       MM
                                      1946
  AVERAGE         46                        38      8       MM

PRECIPITATION (IN)
  YESTERDAY        T             0.58 1960   0.08  -0.08    MM
  MONTH TO DATE    5.08                      2.34   2.74    MM
  SINCE SEP 1      5.08                      2.34   2.74    MM
  SINCE JAN 1     17.91                     13.71   4.20    MM

SNOWFALL (IN)
  YESTERDAY        0.0           3.4  2004   0.1   -0.1     MM
  MONTH TO DATE    0.0                       1.2   -1.2     MM
  SINCE SEP 1      0.0                       1.2   -1.2     MM
  SINCE JUL 1      0.0                       1.2   -1.2     MM
  SNOW DEPTH       0

DEGREE DAYS
 HEATING
  YESTERDAY       19                        27     -8       MM
  MONTH TO DATE  496                       557    -61       MM
  SINCE SEP 1    496                       557    -61       MM
  SINCE JUL 1    772                      1048   -276       MM

 COOLING
  YESTERDAY        0                         0      0       MM
  MONTH TO DATE    0                         0      0       MM
  SINCE SEP 1      0                         0      0       MM
  SINCE JAN 1     29                        20      9       MM
..................................................................


WIND (MPH)
  HIGHEST GUST SPEED    32   HIGHEST GUST DIRECTION    SW (210)


SKY COVER
  AVERAGE SKY COVER 0.8


WEATHER CONDITIONS
 THE FOLLOWING WEATHER WAS RECORDED YESTERDAY.
  LIGHT RAIN
  FOG


RELATIVE HUMIDITY (PERCENT)
 HIGHEST    89
 LOWEST     60
 AVERAGE    75

..........................................................


THE MCGRATH AK CLIMATE NORMALS FOR TODAY
                         NORMAL    RECORD    YEAR
 MAXIMUM TEMPERATURE (F)   45        65      1959
 MINIMUM TEMPERATURE (F)   30        13      1992


SUNRISE AND SUNSET
SEPTEMBER 29 2016.....SUNRISE   827 AM AKDT  SUNSET   757 PM AKDT
SEPTEMBER 30 2016.....SUNRISE   830 AM AKDT  SUNSET   754 PM AKDT

-  INDICATES NEGATIVE NUMBERS.
R  INDICATES RECORD WAS SET OR TIED.
MM INDICATES DATA IS MISSING.
T  INDICATES TRACE AMOUNT.

&&

SNOW DEPTH IS MEASURED AT 3AM AKST/4AM AKDT.

----------------------------
AVAILABLE DAYLIGHT

AMOUNT OF DAYLIGHT TODAY  (HOUR:MIN)........11:30
GAIN/LOSS SINCE YESTERDAY (HOUR:MIN:SEC)....-0:06:06

$$
SDB SEP 16
