000
CDUS43 KEAX 210636
CLIMCI

CLIMATE REPORT
NATIONAL WEATHER SERVICE KANSAS CITY/PLEASANT HILL MO
136 AM CDT SUN SEP 21 2014


...................................

...THE KANSAS CITY INTERNATIONAL MO CLIMATE SUMMARY FOR SEPTEMBER 20 2014...

CLIMATE NORMAL PERIOD 1981 TO 2010
CLIMATE RECORD PERIOD 1888 TO 2014


WEATHER ITEM   OBSERVED TIME   RECORD YEAR NORMAL DEPARTURE LAST
                VALUE   (LST)  VALUE       VALUE  FROM      YEAR
                                                  NORMAL
..................................................................
TEMPERATURE (F)
 YESTERDAY
  MAXIMUM         82    449 PM  95    1948  77      5       71
                                      1931
  MINIMUM         67    650 AM  38    1983  55     12       55
  AVERAGE         75                        66      9       63

PRECIPITATION (IN)
  YESTERDAY        0.00          3.73 1957   0.16  -0.16     0.00
  MONTH TO DATE    2.15                      3.13  -0.98     4.42
  SINCE SEP 1      2.15                      3.13  -0.98     4.42
  SINCE JAN 1     28.14                     30.53  -2.39    27.09

SNOWFALL (IN)
  YESTERDAY        0.0           0.0    MM   0.0    0.0      0.0
  MONTH TO DATE    0.0                       0.0    0.0      0.0
  SINCE SEP 1      0.0                       0.0    0.0      0.0
  SINCE JUL 1      0.0                       0.0    0.0      0.0
  SNOW DEPTH       0

DEGREE DAYS
 HEATING
  YESTERDAY        0                         3     -3        2
  MONTH TO DATE   58                        24     34        6
  SINCE SEP 1     58                        24     34        6
  SINCE JUL 1     60                        26     34        6

 COOLING
  YESTERDAY       10                         4      6        0
  MONTH TO DATE   95                       129    -34      202
  SINCE SEP 1     95                       129    -34      202
  SINCE JAN 1   1214                      1302    -88     1296
..................................................................


WIND (MPH)
  HIGHEST WIND SPEED    17   HIGHEST WIND DIRECTION    SW (240)
  HIGHEST GUST SPEED    22   HIGHEST GUST DIRECTION    SW (210)
  AVERAGE WIND SPEED     9.2


SKY COVER
  POSSIBLE SUNSHINE  MM
  AVERAGE SKY COVER 0.3


WEATHER CONDITIONS
 THE FOLLOWING WEATHER WAS RECORDED YESTERDAY.
  FOG
  HAZE


RELATIVE HUMIDITY (PERCENT)
 HIGHEST   100           400 AM
 LOWEST     74          1100 AM
 AVERAGE    87

..........................................................


THE KANSAS CITY INTERNATIONAL MO CLIMATE NORMALS FOR TODAY
                         NORMAL    RECORD    YEAR
 MAXIMUM TEMPERATURE (F)   77        96      1956
                                             1893
 MINIMUM TEMPERATURE (F)   55        35      1995


SUNRISE AND SUNSET
SEPTEMBER 21 2014.....SUNRISE   706 AM CDT   SUNSET   717 PM CDT
SEPTEMBER 22 2014.....SUNRISE   706 AM CDT   SUNSET   716 PM CDT


-  INDICATES NEGATIVE NUMBERS.
R  INDICATES RECORD WAS SET OR TIED.
MM INDICATES DATA IS MISSING.
T  INDICATES TRACE AMOUNT.



&&

...MISCELLANEOUS CLIMATE DATA FROM YESTERDAY...

LOCATION                HIGH    LOW      PRECIP
ST. JOSEPH               84      62       0.00
DOWNTOWN KANSAS CITY     84      70       0.00
OLATHE NEW CENTURY       85      65       0.00
OLATHE JO CO EXEC        83      66       0.00
LEES SUMMIT              83      67       0.00
KIRKSVILLE               80      64       0.00
CHILLICOTHE              84      65       0.00
SEDALIA                  84      66       0.00
NWS PLEASANT HILL MO     82      67       0.00


THIS PRODUCT...ALONG WITH OTHER WEATHER...HYDROLOGICAL AND CLIMATE
INFORMATION...IS AVAILABLE ON THE WEB AT HTTP://WWW.CRH.NOAA.GOV/EAX
OR AT HTTP://WEATHER.GOV

$$
