000
CDUS43 KEAX 050639
CLIMCI

CLIMATE REPORT
NATIONAL WEATHER SERVICE KANSAS CITY/PLEASANT HILL MO
137 AM CDT SAT SEP 5 2015


...................................

...THE KANSAS CITY INTERNATIONAL MO CLIMATE SUMMARY FOR SEPTEMBER 4 2015...

CLIMATE NORMAL PERIOD 1981 TO 2010
CLIMATE RECORD PERIOD 1888 TO 2015


WEATHER ITEM   OBSERVED TIME   RECORD YEAR NORMAL DEPARTURE LAST
                VALUE   (LST)  VALUE       VALUE  FROM      YEAR
                                                  NORMAL
..................................................................
TEMPERATURE (F)
 YESTERDAY
  MAXIMUM         93    257 PM 101    1954  84      9       91
                                      1913
  MINIMUM         71    641 AM  44    1974  62      9       76
  AVERAGE         82                        73      9       84

PRECIPITATION (IN)
  YESTERDAY        0.00          2.04 1892   0.15  -0.15     0.00
  MONTH TO DATE    0.17                      0.60  -0.43     1.06
  SINCE SEP 1      0.17                      0.60  -0.43     1.06
  SINCE JAN 1     32.08                     28.00   4.08    27.05

SNOWFALL (IN)
  YESTERDAY        0.0           0.0    MM   0.0    0.0      0.0
  MONTH TO DATE    0.0                       0.0    0.0      0.0
  SINCE SEP 1      0.0                       0.0    0.0      0.0
  SINCE JUL 1      0.0                       0.0    0.0      0.0
  SNOW DEPTH       0

DEGREE DAYS
 HEATING
  YESTERDAY        0                         0      0        0
  MONTH TO DATE    0                         0      0        0
  SINCE SEP 1      0                         0      0        0
  SINCE JUL 1      3                         2      1        2

 COOLING
  YESTERDAY       17                         8      9       19
  MONTH TO DATE   68                        35     33       46
  SINCE SEP 1     68                        35     33       46
  SINCE JAN 1   1143                      1208    -65     1165
..................................................................


WIND (MPH)
  HIGHEST WIND SPEED    22   HIGHEST WIND DIRECTION     S (180)
  HIGHEST GUST SPEED    28   HIGHEST GUST DIRECTION     S (200)
  AVERAGE WIND SPEED    10.4


SKY COVER
  POSSIBLE SUNSHINE  MM
  AVERAGE SKY COVER 0.3


WEATHER CONDITIONS
 THE FOLLOWING WEATHER WAS RECORDED YESTERDAY.
  NO SIGNIFICANT WEATHER WAS OBSERVED.


RELATIVE HUMIDITY (PERCENT)
 HIGHEST    84           200 AM
 LOWEST     44           100 PM
 AVERAGE    64

..........................................................


THE KANSAS CITY INTERNATIONAL MO CLIMATE NORMALS FOR TODAY
                         NORMAL    RECORD    YEAR
 MAXIMUM TEMPERATURE (F)   83       103      1936
 MINIMUM TEMPERATURE (F)   62        46      1974


SUNRISE AND SUNSET
SEPTEMBER  5 2015.....SUNRISE   651 AM CDT   SUNSET   744 PM CDT
SEPTEMBER  6 2015.....SUNRISE   652 AM CDT   SUNSET   742 PM CDT


-  INDICATES NEGATIVE NUMBERS.
R  INDICATES RECORD WAS SET OR TIED.
MM INDICATES DATA IS MISSING.
T  INDICATES TRACE AMOUNT.


&&

...MISCELLANEOUS CLIMATE DATA FROM YESTERDAY...

LOCATION                HIGH    LOW      PRECIP
ST. JOSEPH               91      68       0.00
DOWNTOWN KANSAS CITY     93      74       0.00
OLATHE NEW CENTURY       90      70       0.00
OLATHE JO CO EXEC        89      69       0.00
LEES SUMMIT              91      73       0.00
KIRKSVILLE               93      66       0.00
CHILLICOTHE              94      68       0.00
SEDALIA                  94      70       0.00
NWS PLEASANT HILL MO     93      68       0.00


THIS PRODUCT...ALONG WITH OTHER WEATHER...HYDROLOGICAL AND CLIMATE
INFORMATION...IS AVAILABLE ON THE WEB AT HTTP://WWW.WEATHER.GOV/EAX
OR AT HTTP://WEATHER.GOV

$$
