000
CDUS43 KGLD 290046 RRB
CLIMCK

CLIMATE REPORT
NATIONAL WEATHER SERVICE GOODLAND
543 PM MST FRI NOV 28 2014


...................................

...THE MCCOOK NE CLIMATE SUMMARY FOR NOVEMBER 28 2014...
VALID TODAY AS OF 0500 PM LOCAL TIME.

CLIMATE NORMAL PERIOD 1981 TO 2010
CLIMATE RECORD PERIOD 1896 TO 2014


WEATHER ITEM   OBSERVED TIME   RECORD YEAR NORMAL DEPARTURE LAST
                VALUE   (LST)  VALUE       VALUE  FROM      YEAR
                                                  NORMAL
..................................................................
TEMPERATURE (F)
 TODAY
  MAXIMUM         78R   254 PM  72    1933  46     32       39
  MINIMUM         28    826 AM -10    1952  19      9       20
  AVERAGE         53                        32     21       30

PRECIPITATION (IN)
  TODAY            0.00                      0.03  -0.03     0.00
  MONTH TO DATE    T                         0.90  -0.90     0.48
  SINCE SEP 1      1.95                      4.13  -2.18     3.44
  SINCE JAN 1     22.90                     21.84   1.06    12.61

..................................................................

THE MCCOOK NE CLIMATE NORMALS FOR TOMORROW
                         NORMAL    RECORD    YEAR
 MAXIMUM TEMPERATURE (F)   45        73      2003
 MINIMUM TEMPERATURE (F)   19        -4      1952



-  INDICATES NEGATIVE NUMBERS.
R  INDICATES RECORD WAS SET OR TIED.
MM INDICATES DATA IS MISSING.
T  INDICATES TRACE AMOUNT.




$$
