000
CDUS43 KGLD 220750
CLIMCK

CLIMATE REPORT
NATIONAL WEATHER SERVICE GOODLAND
1250 AM MST WED FEB 22 2017


...................................

...THE MCCOOK NE CLIMATE SUMMARY FOR FEBRUARY 21 2017...

CLIMATE NORMAL PERIOD 1981 TO 2010
CLIMATE RECORD PERIOD 1896 TO 2017


WEATHER ITEM   OBSERVED TIME   RECORD YEAR NORMAL DEPARTURE LAST
                VALUE   (LST)  VALUE       VALUE  FROM      YEAR
                                                  NORMAL
..................................................................
TEMPERATURE (F)
 YESTERDAY
  MAXIMUM         80R   426 PM  76    1933  46     34       54
  MINIMUM         27    606 AM  -7    1911  19      8       30
  AVERAGE         54                        32     22       42

PRECIPITATION (IN)
  YESTERDAY        0.00                      0.03  -0.03     0.00
  MONTH TO DATE    T                         0.43  -0.43     0.96
  SINCE DEC 1      1.13                      1.58  -0.45     1.14
  SINCE JAN 1      0.70                      0.94  -0.24     0.98

..................................................................

THE MCCOOK NE CLIMATE NORMALS FOR TODAY
                         NORMAL    RECORD    YEAR
 MAXIMUM TEMPERATURE (F)   47        78      1982
 MINIMUM TEMPERATURE (F)   19        -5      1911



-  INDICATES NEGATIVE NUMBERS.
R  INDICATES RECORD WAS SET OR TIED.
MM INDICATES DATA IS MISSING.
T  INDICATES TRACE AMOUNT.




$$
