000
CDUS43 KGLD 020745
CLIMCK

CLIMATE REPORT
NATIONAL WEATHER SERVICE GOODLAND
141 AM MDT THU OCT 2 2014

...................................

...THE MCCOOK NE CLIMATE SUMMARY FOR OCTOBER 1 2014...

CLIMATE NORMAL PERIOD 1981 TO 2010
CLIMATE RECORD PERIOD 1896 TO 2014

WEATHER ITEM   OBSERVED TIME   RECORD YEAR NORMAL DEPARTURE LAST
                VALUE   (LST)  VALUE       VALUE  FROM      YEAR
                                                  NORMAL
..................................................................
TEMPERATURE (F)
 YESTERDAY
  MAXIMUM         79    307 PM  94    1963  73      6       78
  MINIMUM         47    621 AM  23    1984  42      5       51
  AVERAGE         63                        57      6       65

PRECIPITATION (IN)
  YESTERDAY        0.01                      0.06  -0.05     0.00
  MONTH TO DATE    0.01                      0.06  -0.05     0.00
  SINCE SEP 1      1.69                      1.50   0.19     2.35
  SINCE JAN 1     22.64                     19.21   3.43    11.52

..................................................................

THE MCCOOK NE CLIMATE NORMALS FOR TODAY
                         NORMAL    RECORD    YEAR
 MAXIMUM TEMPERATURE (F)   72        97      1917
 MINIMUM TEMPERATURE (F)   42        28      1985

-  INDICATES NEGATIVE NUMBERS.
R  INDICATES RECORD WAS SET OR TIED.
MM INDICATES DATA IS MISSING.
T  INDICATES TRACE AMOUNT.

$$
