503
CDUS42 KFFC 260821
CLIMCN


CLIMATE REPORT
NATIONAL WEATHER SERVICE PEACHTREE CITY GA
421 AM EDT MON JUN 26 2017


...................................

...THE MACON CLIMATE SUMMARY FOR JUNE 25 2017...

CLIMATE NORMAL PERIOD 1981 TO 2010
CLIMATE RECORD PERIOD 1899 TO 2017


WEATHER ITEM   OBSERVED TIME   RECORD YEAR NORMAL DEPARTURE LAST
                VALUE   (LST)  VALUE       VALUE  FROM      YEAR
                                                  NORMAL
..................................................................
TEMPERATURE (F)
 YESTERDAY
  MAXIMUM         88    355 PM 103    2016  92     -4      103
                                      1914
  MINIMUM         69   1159 PM  59    1990  69      0       73
  AVERAGE         79                        80     -1       88

PRECIPITATION (IN)
  YESTERDAY        0.00          2.89 1960   0.14  -0.14     0.01
  MONTH TO DATE    4.55                      3.33   1.22     1.23
  SINCE JUN 1      4.55                      3.33   1.22     1.23
  SINCE JAN 1     28.28                     22.16   6.12    19.19

DEGREE DAYS
 HEATING
  YESTERDAY        0                         0      0        0
  MONTH TO DATE    0                         0      0        0
  SINCE JUN 1      0                         0      0        0
  SINCE JUL 1   1480                      2322   -842     1798

 COOLING
  YESTERDAY       14                        15     -1       23
  MONTH TO DATE  329                       340    -11      408
  SINCE JUN 1    329                       340    -11      408
  SINCE JAN 1    774                       653    121      760
..................................................................


WIND (MPH)
  RESULTANT WIND SPEED   5   RESULTANT WIND DIRECTION  NW (320)
  HIGHEST WIND SPEED    13   HIGHEST WIND DIRECTION    NW (310)
  HIGHEST GUST SPEED    22   HIGHEST GUST DIRECTION     W (290)
  AVERAGE WIND SPEED     5.9


SKY COVER
  AVERAGE SKY COVER 0.5


WEATHER CONDITIONS
 THE FOLLOWING WEATHER WAS RECORDED YESTERDAY.
  FOG


RELATIVE HUMIDITY (PERCENT)
 HIGHEST   100           200 AM
 LOWEST     43           200 PM
 AVERAGE    72

..........................................................


THE MACON CLIMATE NORMALS FOR TODAY
                         NORMAL    RECORD    YEAR
 MAXIMUM TEMPERATURE (F)   92       102      1954
                                             1952
                                             1950
 MINIMUM TEMPERATURE (F)   70        62      1936


SUNRISE AND SUNSET
JUNE 26 2017..........SUNRISE   629 AM EDT   SUNSET   846 PM EDT
JUNE 27 2017..........SUNRISE   629 AM EDT   SUNSET   846 PM EDT


-  INDICATES NEGATIVE NUMBERS.
R  INDICATES RECORD WAS SET OR TIED.
MM INDICATES DATA IS MISSING.
T  INDICATES TRACE AMOUNT.




$$
