000
CDUS42 KFFC 170917
CLIMCN


CLIMATE REPORT
NATIONAL WEATHER SERVICE PEACHTREE CITY GA
416 AM EST SUN DEC 17 2017


...................................

...THE MACON CLIMATE SUMMARY FOR DECEMBER 16 2017...

CLIMATE NORMAL PERIOD 1981 TO 2010
CLIMATE RECORD PERIOD 1899 TO 2017


WEATHER ITEM   OBSERVED TIME   RECORD YEAR NORMAL DEPARTURE LAST
                VALUE   (LST)  VALUE       VALUE  FROM      YEAR
                                                  NORMAL
..................................................................
TEMPERATURE (F)
 YESTERDAY
  MAXIMUM         57    419 PM  82    1971  59     -2       53
  MINIMUM         25    809 AM  17    1901  36    -11       30
  AVERAGE         41                        48     -7       42

PRECIPITATION (IN)
  YESTERDAY        0.00          2.85 1970   0.13  -0.13     0.00
  MONTH TO DATE    2.22                      2.06   0.16     3.80
  SINCE DEC 1      2.22                      2.06   0.16     3.80
  SINCE JAN 1     47.65                     43.70   3.95    31.55

SNOWFALL (IN)
  YESTERDAY        0.0           0.0  2001   0.0    0.0      0.0
  MONTH TO DATE    0.0                       0.0    0.0      0.0
  SINCE DEC 1      0.0                       0.0    0.0      0.0
  SINCE JUL 1      0.0                       0.0    0.0      0.0
  SNOW DEPTH       0

DEGREE DAYS
 HEATING
  YESTERDAY       24                        17      7       23
  MONTH TO DATE  255                       252      3      227
  SINCE DEC 1    255                       252      3      227
  SINCE JUL 1    613                       647    -34      469

 COOLING
  YESTERDAY        0                         0      0        0
  MONTH TO DATE    0                         0      0        0
  SINCE DEC 1      0                         0      0        0
  SINCE JAN 1   2370                      2163    207     2620
..................................................................


WIND (MPH)
  RESULTANT WIND SPEED   1   RESULTANT WIND DIRECTION   W (290)
  HIGHEST WIND SPEED     7   HIGHEST WIND DIRECTION    NW (320)
  HIGHEST GUST SPEED     9   HIGHEST GUST DIRECTION    NW (300)
  AVERAGE WIND SPEED     2.1


SKY COVER
  AVERAGE SKY COVER 0.0


WEATHER CONDITIONS
 THE FOLLOWING WEATHER WAS RECORDED YESTERDAY.
  NO SIGNIFICANT WEATHER WAS OBSERVED.


RELATIVE HUMIDITY (PERCENT)
 HIGHEST    92           600 AM
 LOWEST     28           300 PM
 AVERAGE    60

..........................................................


THE MACON CLIMATE NORMALS FOR TODAY
                         NORMAL    RECORD    YEAR
 MAXIMUM TEMPERATURE (F)   59        78      1933
 MINIMUM TEMPERATURE (F)   36        19      1955
                                             1943


SUNRISE AND SUNSET
DECEMBER 17 2017......SUNRISE   731 AM EST   SUNSET   531 PM EST
DECEMBER 18 2017......SUNRISE   731 AM EST   SUNSET   531 PM EST


-  INDICATES NEGATIVE NUMBERS.
R  INDICATES RECORD WAS SET OR TIED.
MM INDICATES DATA IS MISSING.
T  INDICATES TRACE AMOUNT.




$$
