000
CDUS42 KFFC 220830
CLIMCN


CLIMATE REPORT
NATIONAL WEATHER SERVICE PEACHTREE CITY GA
429 AM EDT TUE AUG 22 2017


...................................

...THE MACON CLIMATE SUMMARY FOR AUGUST 21 2017...

CLIMATE NORMAL PERIOD 1981 TO 2010
CLIMATE RECORD PERIOD 1899 TO 2017


WEATHER ITEM   OBSERVED TIME   RECORD YEAR NORMAL DEPARTURE LAST
                VALUE   (LST)  VALUE       VALUE  FROM      YEAR
                                                  NORMAL
..................................................................
TEMPERATURE (F)
 YESTERDAY
  MAXIMUM         92    421 PM 105    1980  91      1       95
  MINIMUM         71    633 AM  57    1943  70      1       74
  AVERAGE         82                        80      2       85

PRECIPITATION (IN)
  YESTERDAY        0.00          1.94 1906   0.14  -0.14     0.00
  MONTH TO DATE    3.66                      2.76   0.90     1.99
  SINCE JUN 1     12.56                     11.77   0.79     6.22
  SINCE JAN 1     36.29                     30.60   5.69    24.18

DEGREE DAYS
 HEATING
  YESTERDAY        0                         0      0        0
  MONTH TO DATE    0                         0      0        0
  SINCE JUN 1      0                         0      0        0
  SINCE JUL 1      0                         0      0        0

 COOLING
  YESTERDAY       17                        16      1       20
  MONTH TO DATE  346                       345      1      390
  SINCE JUN 1   1280                      1285     -5     1496
  SINCE JAN 1   1725                      1598    127     1848
..................................................................


WIND (MPH)
  RESULTANT WIND SPEED   5   RESULTANT WIND DIRECTION   E (110)
  HIGHEST WIND SPEED    18   HIGHEST WIND DIRECTION    SE (150)
  HIGHEST GUST SPEED    21   HIGHEST GUST DIRECTION     S (160)
  AVERAGE WIND SPEED     4.9


SKY COVER
  AVERAGE SKY COVER 0.0


WEATHER CONDITIONS
 THE FOLLOWING WEATHER WAS RECORDED YESTERDAY.
  NO SIGNIFICANT WEATHER WAS OBSERVED.


RELATIVE HUMIDITY (PERCENT)
 HIGHEST    93           200 AM
 LOWEST     52          1200 PM
 AVERAGE    73

..........................................................


THE MACON CLIMATE NORMALS FOR TODAY
                         NORMAL    RECORD    YEAR
 MAXIMUM TEMPERATURE (F)   91       103      1968
 MINIMUM TEMPERATURE (F)   70        58      1930
                                             1918


SUNRISE AND SUNSET
AUGUST 22 2017........SUNRISE   703 AM EDT   SUNSET   811 PM EDT
AUGUST 23 2017........SUNRISE   704 AM EDT   SUNSET   810 PM EDT


-  INDICATES NEGATIVE NUMBERS.
R  INDICATES RECORD WAS SET OR TIED.
MM INDICATES DATA IS MISSING.
T  INDICATES TRACE AMOUNT.




$$
