000
CDUS42 KFFC 110025
CLIMCN


CLIMATE REPORT
NATIONAL WEATHER SERVICE PEACHTREE CITY GA
725 PM EST SAT DEC 10 2016


...................................

...THE MACON CLIMATE SUMMARY FOR DECEMBER 10 2016...
VALID AS OF 0700 PM LOCAL TIME.

CLIMATE NORMAL PERIOD 1981 TO 2010
CLIMATE RECORD PERIOD 1899 TO 2016


WEATHER ITEM   OBSERVED TIME   RECORD YEAR NORMAL DEPARTURE LAST
                VALUE   (LST)  VALUE       VALUE  FROM      YEAR
                                                  NORMAL
..................................................................
TEMPERATURE (F)
 TODAY
  MAXIMUM         53    309 PM  82    1972  61     -8       72
  MINIMUM         24    747 AM  19    2010  37    -13       40
  AVERAGE         39                        49    -10       56

PRECIPITATION (IN)
  TODAY            0.00          2.55 2008   0.13  -0.13     0.00
  MONTH TO DATE    3.37                      1.31   2.06     0.48
  SINCE DEC 1      3.37                      1.31   2.06     0.48
  SINCE JAN 1     31.12                     42.95 -11.83    38.07

SNOWFALL (IN)
  TODAY            0.0           0.0  2001   0.0    0.0      0.0
  MONTH TO DATE    0.0                       0.0    0.0      0.0
  SINCE DEC 1      0.0                       0.0    0.0      0.0
  SINCE JUL 1      0.0                       0.0    0.0      0.0
  SNOW DEPTH       0

DEGREE DAYS
 HEATING
  TODAY           26                        16     10        9
  MONTH TO DATE  142                       151     -9      120
  SINCE DEC 1    142                       151     -9      120
  SINCE JUL 1    384                       546   -162      392
..................................................................


WIND (MPH)
  HIGHEST WIND SPEED     9   HIGHEST WIND DIRECTION    NE (60)
  HIGHEST GUST SPEED    15   HIGHEST GUST DIRECTION     E (80)
  AVERAGE WIND SPEED     4.0


SKY COVER
  AVERAGE SKY COVER 0.0


WEATHER CONDITIONS
 THE FOLLOWING WEATHER WAS RECORDED TODAY.
  NO SIGNIFICANT WEATHER WAS OBSERVED.


RELATIVE HUMIDITY (PERCENT)
 HIGHEST    88           500 AM
 LOWEST     26           400 PM

..........................................................


THE MACON CLIMATE NORMALS FOR TOMORROW
                         NORMAL    RECORD
 MAXIMUM TEMPERATURE (F)   60        82
 MINIMUM TEMPERATURE (F)   37        19


SUNRISE AND SUNSET
DECEMBER 10 2016......SUNRISE   726 AM EST   SUNSET   529 PM EST
DECEMBER 11 2016......SUNRISE   727 AM EST   SUNSET   529 PM EST


-  INDICATES NEGATIVE NUMBERS.
R  INDICATES RECORD WAS SET OR TIED.
MM INDICATES DATA IS MISSING.
T  INDICATES TRACE AMOUNT.




$$
