000
CDUS42 KFFC 270818
CLIMCN


CLIMATE REPORT
NATIONAL WEATHER SERVICE PEACHTREE CITY GA
416 AM EDT SAT AUG 27 2016


...................................

...THE MACON CLIMATE SUMMARY FOR AUGUST 26 2016...

CLIMATE NORMAL PERIOD 1981 TO 2010
CLIMATE RECORD PERIOD 1899 TO 2016


WEATHER ITEM   OBSERVED TIME   RECORD YEAR NORMAL DEPARTURE LAST
                VALUE   (LST)  VALUE       VALUE  FROM      YEAR
                                                  NORMAL
..................................................................
TEMPERATURE (F)
 YESTERDAY
  MAXIMUM         97    333 PM 101    1998  90      7       90
  MINIMUM         68    559 AM  57    2015  69     -1       57
  AVERAGE         83                        80      3       74

PRECIPITATION (IN)
  YESTERDAY        0.00          1.60 2008   0.14  -0.14     0.00
  MONTH TO DATE    2.03                      3.45  -1.42     4.02
  SINCE JUN 1      6.26                     12.46  -6.20     9.36
  SINCE JAN 1     24.22                     31.29  -7.07    25.86

DEGREE DAYS
 HEATING
  YESTERDAY        0                         0      0        0
  MONTH TO DATE    0                         0      0        0
  SINCE JUN 1      0                         0      0        0
  SINCE JUL 1      0                         0      0        0

 COOLING
  YESTERDAY       18                        15      3        9
  MONTH TO DATE  479                       420     59      429
  SINCE JUN 1   1585                      1360    225     1501
  SINCE JAN 1   1937                      1673    264     1886
..................................................................


WIND (MPH)
  RESULTANT WIND SPEED   4   RESULTANT WIND DIRECTION  SE (120)
  HIGHEST WIND SPEED    14   HIGHEST WIND DIRECTION    SE (130)
  HIGHEST GUST SPEED    20   HIGHEST GUST DIRECTION     E (80)
  AVERAGE WIND SPEED     4.1


SKY COVER
  AVERAGE SKY COVER 0.1


WEATHER CONDITIONS
 THE FOLLOWING WEATHER WAS RECORDED YESTERDAY.
  NO SIGNIFICANT WEATHER WAS OBSERVED.


RELATIVE HUMIDITY (PERCENT)
 HIGHEST    90           400 AM
 LOWEST     35           300 PM
 AVERAGE    63

..........................................................


THE MACON CLIMATE NORMALS FOR TODAY
                         NORMAL    RECORD    YEAR
 MAXIMUM TEMPERATURE (F)   90       103      1954
 MINIMUM TEMPERATURE (F)   69        57      1952


SUNRISE AND SUNSET
AUGUST 27 2016........SUNRISE   706 AM EDT   SUNSET   805 PM EDT
AUGUST 28 2016........SUNRISE   707 AM EDT   SUNSET   804 PM EDT


-  INDICATES NEGATIVE NUMBERS.
R  INDICATES RECORD WAS SET OR TIED.
MM INDICATES DATA IS MISSING.
T  INDICATES TRACE AMOUNT.




$$
