902
CDUS42 KFFC 250835
CLIMCN


CLIMATE REPORT
NATIONAL WEATHER SERVICE PEACHTREE CITY GA
435 AM EDT SAT MAR 25 2017


...................................

...THE MACON CLIMATE SUMMARY FOR MARCH 24 2017...

CLIMATE NORMAL PERIOD 1981 TO 2010
CLIMATE RECORD PERIOD 1899 TO 2017


WEATHER ITEM   OBSERVED TIME   RECORD YEAR NORMAL DEPARTURE LAST
                VALUE   (LST)  VALUE       VALUE  FROM      YEAR
                                                  NORMAL
..................................................................
TEMPERATURE (F)
 YESTERDAY
  MAXIMUM         77    334 PM  92    1929  72      5       76
  MINIMUM         49    701 AM  27    1968  46      3       47
  AVERAGE         63                        59      4       62

PRECIPITATION (IN)
  YESTERDAY        0.00          1.89 1957   0.14  -0.14     0.37
  MONTH TO DATE    1.25                      3.56  -2.31     2.06
  SINCE MAR 1      1.25                      3.56  -2.31     2.06
  SINCE JAN 1     14.45                     12.16   2.29     7.79

SNOWFALL (IN)
  YESTERDAY        0.0           0.0  2002   0.0    0.0     MM
                                      2001
                                      2000
  MONTH TO DATE    0.0                       0.2   -0.2      0.0
  SINCE MAR 1      0.0                       0.2   -0.2      0.0
  SINCE JUL 1      0.0                       0.7   -0.7       T
  SNOW DEPTH       0

DEGREE DAYS
 HEATING
  YESTERDAY        2                         7     -5        3
  MONTH TO DATE  237                       227     10      145
  SINCE MAR 1    237                       227     10      145
  SINCE JUL 1   1424                      2152   -728     1675

 COOLING
  YESTERDAY        0                         1     -1        0
  MONTH TO DATE   17                        13      4       43
  SINCE MAR 1     17                        13      4       43
  SINCE JAN 1     28                        16     12       44
..................................................................


WIND (MPH)
  RESULTANT WIND SPEED   7   RESULTANT WIND DIRECTION  SE (130)
  HIGHEST WIND SPEED    18   HIGHEST WIND DIRECTION    SE (140)
  HIGHEST GUST SPEED    25   HIGHEST GUST DIRECTION    SE (140)
  AVERAGE WIND SPEED     8.0


SKY COVER
  AVERAGE SKY COVER 0.4


WEATHER CONDITIONS
 THE FOLLOWING WEATHER WAS RECORDED YESTERDAY.
  NO SIGNIFICANT WEATHER WAS OBSERVED.


RELATIVE HUMIDITY (PERCENT)
 HIGHEST    86           700 AM
 LOWEST     38           300 PM
 AVERAGE    62

..........................................................


THE MACON CLIMATE NORMALS FOR TODAY
                         NORMAL    RECORD    YEAR
 MAXIMUM TEMPERATURE (F)   72        90      2007
                                             1929
 MINIMUM TEMPERATURE (F)   46        27      2008


SUNRISE AND SUNSET
MARCH 25 2017.........SUNRISE   731 AM EDT   SUNSET   750 PM EDT
MARCH 26 2017.........SUNRISE   730 AM EDT   SUNSET   751 PM EDT


-  INDICATES NEGATIVE NUMBERS.
R  INDICATES RECORD WAS SET OR TIED.
MM INDICATES DATA IS MISSING.
T  INDICATES TRACE AMOUNT.




$$
