000
CDUS42 KFFC 290823
CLIMCN


CLIMATE REPORT
NATIONAL WEATHER SERVICE PEACHTREE CITY GA
421 AM EDT SUN MAY 29 2016


...................................

...THE MACON CLIMATE SUMMARY FOR MAY 28 2016...

CLIMATE NORMAL PERIOD 1981 TO 2010
CLIMATE RECORD PERIOD 1899 TO 2016


WEATHER ITEM   OBSERVED TIME   RECORD YEAR NORMAL DEPARTURE LAST
                VALUE   (LST)  VALUE       VALUE  FROM      YEAR
                                                  NORMAL
..................................................................
TEMPERATURE (F)
 YESTERDAY
  MAXIMUM         87    443 PM  99    1967  88     -1       87
  MINIMUM         59    540 AM  46    1961  63     -4       67
  AVERAGE         73                        75     -2       77

PRECIPITATION (IN)
  YESTERDAY        0.00          3.43 1984   0.11  -0.11     0.00
  MONTH TO DATE    1.96                      2.38  -0.42     1.15
  SINCE MAR 1     12.23                      9.89   2.34     9.70
  SINCE JAN 1     17.96                     18.49  -0.53    16.50

DEGREE DAYS
 HEATING
  YESTERDAY        0                         0      0        0
  MONTH TO DATE   11                        11      0        6
  SINCE MAR 1    268                       393   -125      258
  SINCE JUL 1   1798                      2318   -520     2471

 COOLING
  YESTERDAY        8                        10     -2       12
  MONTH TO DATE  194                       195     -1      224
  SINCE MAR 1    313                       276     37      348
  SINCE JAN 1    314                       279     35      348
..................................................................


WIND (MPH)
  RESULTANT WIND SPEED   4   RESULTANT WIND DIRECTION   E (70)
  HIGHEST WIND SPEED    14   HIGHEST WIND DIRECTION     E (70)
  HIGHEST GUST SPEED    19   HIGHEST GUST DIRECTION     E (100)
  AVERAGE WIND SPEED     4.2


SKY COVER
  AVERAGE SKY COVER 0.2


WEATHER CONDITIONS
 THE FOLLOWING WEATHER WAS RECORDED YESTERDAY.
  FOG


RELATIVE HUMIDITY (PERCENT)
 HIGHEST    97           400 AM
 LOWEST     44           400 PM
 AVERAGE    71

..........................................................


THE MACON CLIMATE NORMALS FOR TODAY
                         NORMAL    RECORD    YEAR
 MAXIMUM TEMPERATURE (F)   88        98      2011
                                             1914
 MINIMUM TEMPERATURE (F)   64        50      1968


SUNRISE AND SUNSET
MAY 29 2016...........SUNRISE   628 AM EDT   SUNSET   836 PM EDT
MAY 30 2016...........SUNRISE   628 AM EDT   SUNSET   837 PM EDT


-  INDICATES NEGATIVE NUMBERS.
R  INDICATES RECORD WAS SET OR TIED.
MM INDICATES DATA IS MISSING.
T  INDICATES TRACE AMOUNT.




$$
