000
CDUS42 KFFC 270920
CLIMCN


CLIMATE REPORT
NATIONAL WEATHER SERVICE PEACHTREE CITY GA
419 AM EST THU NOV 27 2014


...................................

...THE MACON CLIMATE SUMMARY FOR NOVEMBER 26 2014...

CLIMATE NORMAL PERIOD 1981 TO 2010
CLIMATE RECORD PERIOD 1899 TO 2014


WEATHER ITEM   OBSERVED TIME   RECORD YEAR NORMAL DEPARTURE LAST
                VALUE   (LST)  VALUE       VALUE  FROM      YEAR
                                                  NORMAL
..................................................................
TEMPERATURE (F)
 YESTERDAY
  MAXIMUM         60    243 PM  85    1973  65     -5       57
  MINIMUM         41    832 PM  21    1950  40      1       43
  AVERAGE         51                        53     -2       50

PRECIPITATION (IN)
  YESTERDAY        0.25          1.95 2013   0.13   0.12     1.95
  MONTH TO DATE    4.31                      2.80   1.51     3.27
  SINCE SEP 1      8.67                      9.18  -0.51     5.64
  SINCE JAN 1     42.60                     41.12   1.48    63.77

SNOWFALL (IN)
  YESTERDAY        0.0           0.0  2001   0.0    0.0      0.0
  MONTH TO DATE    0.0                       0.0    0.0      0.0
  SINCE SEP 1      0.0                       0.0    0.0      0.0
  SINCE JUL 1      0.0                       0.0    0.0      0.0
  SNOW DEPTH       0

DEGREE DAYS
 HEATING
  YESTERDAY       14                        13      1       15
  MONTH TO DATE  390                       239    151      277
  SINCE SEP 1    476                       342    134      344
  SINCE JUL 1    476                       342    134      344

 COOLING
  YESTERDAY        0                         0      0        0
  MONTH TO DATE    7                        16     -9        7
  SINCE SEP 1    450                       416     34      374
  SINCE JAN 1   2048                      2160   -112     1849
..................................................................


WIND (MPH)
  RESULTANT WIND SPEED   6   RESULTANT WIND DIRECTION   W (280)
  HIGHEST WIND SPEED    17   HIGHEST WIND DIRECTION     W (290)
  HIGHEST GUST SPEED    23   HIGHEST GUST DIRECTION     W (290)
  AVERAGE WIND SPEED     6.5


SKY COVER
  AVERAGE SKY COVER 0.3


WEATHER CONDITIONS
 THE FOLLOWING WEATHER WAS RECORDED YESTERDAY.
  RAIN
  LIGHT RAIN
  FOG


RELATIVE HUMIDITY (PERCENT)
 HIGHEST   100          1200 AM
 LOWEST     24           400 PM
 AVERAGE    62

..........................................................


THE MACON CLIMATE NORMALS FOR TODAY
                         NORMAL    RECORD    YEAR
 MAXIMUM TEMPERATURE (F)   65        84      1973
 MINIMUM TEMPERATURE (F)   40        22      1903


SUNRISE AND SUNSET
NOVEMBER 27 2014......SUNRISE   715 AM EST   SUNSET   529 PM EST
NOVEMBER 28 2014......SUNRISE   716 AM EST   SUNSET   529 PM EST


-  INDICATES NEGATIVE NUMBERS.
R  INDICATES RECORD WAS SET OR TIED.
MM INDICATES DATA IS MISSING.
T  INDICATES TRACE AMOUNT.




$$
