000
CDUS42 KFFC 280028
CLIMCN


CLIMATE REPORT
NATIONAL WEATHER SERVICE PEACHTREE CITY GA
828 PM EDT THU APR 27 2017


...................................

...THE MACON CLIMATE SUMMARY FOR APRIL 27 2017...
VALID AS OF 0800 PM LOCAL TIME.

CLIMATE NORMAL PERIOD 1981 TO 2010
CLIMATE RECORD PERIOD 1899 TO 2017


WEATHER ITEM   OBSERVED TIME   RECORD YEAR NORMAL DEPARTURE LAST
                VALUE   (LST)  VALUE       VALUE  FROM      YEAR
                                                  NORMAL
..................................................................
TEMPERATURE (F)
 TODAY
  MAXIMUM         83   1133 AM  96    1986  80      3       86
  MINIMUM         60    345 AM  37    1972  53      7       62
  AVERAGE         72                        66      6       74

PRECIPITATION (IN)
  TODAY            0.71          1.27 1964   0.08   0.63     0.29
  MONTH TO DATE    2.90                      2.71   0.19     7.63
  SINCE MAR 1      4.35                      7.26  -2.91    10.27
  SINCE JAN 1     17.55                     15.86   1.69    16.00

SNOWFALL (IN)
  TODAY            0.0           0.0  2002   0.0    0.0      0.0
                                      2001
                                      2000
  MONTH TO DATE    0.0                       0.0    0.0      0.0
  SINCE MAR 1      0.0                       0.2   -0.2      0.0
  SINCE JUL 1      0.0                       0.7   -0.7       T
  SNOW DEPTH       0

DEGREE DAYS
 HEATING
  TODAY            0                         2     -2        0
  MONTH TO DATE   41                       106    -65       94
  SINCE MAR 1    278                       378   -100      257
  SINCE JUL 1   1465                      2303   -838     1787

 COOLING
  TODAY            7                         3      4        9
  MONTH TO DATE  107                        52     55       34
  SINCE MAR 1    160                        70     90       86
  SINCE JAN 1    171                        73     98       87
..................................................................


WIND (MPH)
  HIGHEST WIND SPEED    22   HIGHEST WIND DIRECTION    NW (320)
  HIGHEST GUST SPEED    31   HIGHEST GUST DIRECTION     S (200)
  AVERAGE WIND SPEED     9.2


SKY COVER
  AVERAGE SKY COVER 0.7


WEATHER CONDITIONS
 THE FOLLOWING WEATHER WAS RECORDED TODAY.
  THUNDERSTORM
  HEAVY RAIN
  LIGHT RAIN
  FOG


RELATIVE HUMIDITY (PERCENT)
 HIGHEST    93           400 PM
 LOWEST     54          1200 PM

..........................................................


THE MACON CLIMATE NORMALS FOR TOMORROW
                         NORMAL    RECORD
 MAXIMUM TEMPERATURE (F)   80        92
 MINIMUM TEMPERATURE (F)   53        40


SUNRISE AND SUNSET
APRIL 27 2017.........SUNRISE   651 AM EDT   SUNSET   813 PM EDT
APRIL 28 2017.........SUNRISE   650 AM EDT   SUNSET   814 PM EDT


-  INDICATES NEGATIVE NUMBERS.
R  INDICATES RECORD WAS SET OR TIED.
MM INDICATES DATA IS MISSING.
T  INDICATES TRACE AMOUNT.




$$
