000
CDUS42 KFFC 250818
CLIMCN


CLIMATE REPORT
NATIONAL WEATHER SERVICE PEACHTREE CITY GA
418 AM EDT MON MAY 25 2015


...................................

...THE MACON CLIMATE SUMMARY FOR MAY 24 2015...

CLIMATE NORMAL PERIOD 1981 TO 2010
CLIMATE RECORD PERIOD 1899 TO 2015


WEATHER ITEM   OBSERVED TIME   RECORD YEAR NORMAL DEPARTURE LAST
                VALUE   (LST)  VALUE       VALUE  FROM      YEAR
                                                  NORMAL
..................................................................
TEMPERATURE (F)
 YESTERDAY
  MAXIMUM         88    455 PM  97    1960  87      1       89
  MINIMUM         60    344 AM  46    1931  62     -2       62
  AVERAGE         74                        74      0       76

PRECIPITATION (IN)
  YESTERDAY        0.00          1.86 1997   0.10  -0.10     0.00
  MONTH TO DATE    0.80                      1.97  -1.17     1.93
  SINCE MAR 1      9.35                      9.48  -0.13    13.32
  SINCE JAN 1     16.15                     18.08  -1.93    21.15

DEGREE DAYS
 HEATING
  YESTERDAY        0                         0      0        0
  MONTH TO DATE    6                        11     -5       18
  SINCE MAR 1    258                       393   -135      493
  SINCE JUL 1   2471                      2318    153     2626

 COOLING
  YESTERDAY        9                         9      0       11
  MONTH TO DATE  176                       155     21      144
  SINCE MAR 1    300                       236     64      196
  SINCE JAN 1    300                       239     61      197
..................................................................


WIND (MPH)
  RESULTANT WIND SPEED   6   RESULTANT WIND DIRECTION  SE (120)
  HIGHEST WIND SPEED    15   HIGHEST WIND DIRECTION    SE (130)
  HIGHEST GUST SPEED    20   HIGHEST GUST DIRECTION    SE (130)
  AVERAGE WIND SPEED     7.1


SKY COVER
  AVERAGE SKY COVER 0.3


WEATHER CONDITIONS
 THE FOLLOWING WEATHER WAS RECORDED YESTERDAY.
  NO SIGNIFICANT WEATHER WAS OBSERVED.


RELATIVE HUMIDITY (PERCENT)
 HIGHEST    97           200 AM
 LOWEST     36           400 PM
 AVERAGE    67

..........................................................


THE MACON CLIMATE NORMALS FOR TODAY
                         NORMAL    RECORD    YEAR
 MAXIMUM TEMPERATURE (F)   87        97      2000
                                             1960
                                             1953
 MINIMUM TEMPERATURE (F)   62        49      2013
                                             1979


SUNRISE AND SUNSET
MAY 25 2015...........SUNRISE   630 AM EDT   SUNSET   833 PM EDT
MAY 26 2015...........SUNRISE   630 AM EDT   SUNSET   834 PM EDT


-  INDICATES NEGATIVE NUMBERS.
R  INDICATES RECORD WAS SET OR TIED.
MM INDICATES DATA IS MISSING.
T  INDICATES TRACE AMOUNT.




$$
