000
CDUS42 KMLB 040626
CLIMCO


CLIMATE REPORT
NATIONAL WEATHER SERVICE MELBOURNE FL
125 AM EST SUN DEC 4 2016


...................................

...THE ORLANDO  CLIMATE SUMMARY FOR DECEMBER 3 2016...

CLIMATE NORMAL PERIOD 1981 TO 2010
CLIMATE RECORD PERIOD 1892 TO 2016


WEATHER ITEM   OBSERVED TIME   RECORD YEAR NORMAL DEPARTURE LAST
                VALUE   (LST)  VALUE       VALUE  FROM      YEAR
                                                  NORMAL
..................................................................
TEMPERATURE (F)
 YESTERDAY
  MAXIMUM         78    238 PM  88    1928  75      3       71
  MINIMUM         54    446 AM  29    1910  55     -1       60
  AVERAGE         66                        65      1       66

PRECIPITATION (IN)
  YESTERDAY        0.00          1.74 1950   0.09  -0.09     0.04
  MONTH TO DATE    0.00                      0.25  -0.25     0.17
  SINCE DEC 1      0.00                      0.25  -0.25     0.17
  SINCE JAN 1     51.78                     48.40   3.38    53.53

SNOWFALL (IN)
  YESTERDAY        0.0
  MONTH TO DATE    0.0
  SINCE DEC 1      0.0
  SINCE JUL 1      0.0

DEGREE DAYS
 HEATING
  YESTERDAY        0                         3     -3        0
  MONTH TO DATE    0                         9     -9        0
  SINCE DEC 1      0                         9     -9        0
  SINCE JUL 1     23                        56    -33        9

 COOLING
  YESTERDAY        1                         3     -2        1
  MONTH TO DATE   13                         9      4       18
  SINCE DEC 1     13                         9      4       18
  SINCE JAN 1   3717                      3363    354     4060
..................................................................


WIND (MPH)
  HIGHEST WIND SPEED    15   HIGHEST WIND DIRECTION    NE (60)
  HIGHEST GUST SPEED    23   HIGHEST GUST DIRECTION    NE (60)
  AVERAGE WIND SPEED     8.8


SKY COVER
  AVERAGE SKY COVER 0.5


WEATHER CONDITIONS
 THE FOLLOWING WEATHER WAS RECORDED YESTERDAY.
  NO SIGNIFICANT WEATHER WAS OBSERVED.


RELATIVE HUMIDITY (PERCENT)
 HIGHEST    80           600 AM
 LOWEST     45           100 PM
 AVERAGE    63

..........................................................


THE ORLANDO  CLIMATE NORMALS FOR TODAY
                         NORMAL    RECORD    YEAR
 MAXIMUM TEMPERATURE (F)   75        88      1978
                                             1934
 MINIMUM TEMPERATURE (F)   55        31      1910
                                             1903


SUNRISE AND SUNSET
DECEMBER  4 2016......SUNRISE   703 AM EST   SUNSET   528 PM EST
DECEMBER  5 2016......SUNRISE   704 AM EST   SUNSET   529 PM EST


-  INDICATES NEGATIVE NUMBERS.
R  INDICATES RECORD WAS SET OR TIED.
MM INDICATES DATA IS MISSING.
T  INDICATES TRACE AMOUNT.




$$
