000
CDUS42 KMLB 040626
CLIMCO


CLIMATE REPORT
NATIONAL WEATHER SERVICE MELBOURNE FL
226 AM EDT WED MAY 4 2016


...................................

...THE ORLANDO  CLIMATE SUMMARY FOR MAY 3 2016...

CLIMATE NORMAL PERIOD 1981 TO 2010
CLIMATE RECORD PERIOD 1892 TO 2016


WEATHER ITEM   OBSERVED TIME   RECORD YEAR NORMAL DEPARTURE LAST
                VALUE   (LST)  VALUE       VALUE  FROM      YEAR
                                                  NORMAL
..................................................................
TEMPERATURE (F)
 YESTERDAY
  MAXIMUM         90    319 PM  99    1915  86      4       83
  MINIMUM         71    618 AM  47    1925  63      8       61
  AVERAGE         81                        75      6       72

PRECIPITATION (IN)
  YESTERDAY        0.21          1.24 1923   0.06   0.15     0.00
  MONTH TO DATE    1.87                      0.20   1.67     0.00
  SINCE MAR 1      8.45                      6.65   1.80     4.96
  SINCE JAN 1     15.79                     11.38   4.41    13.06

SNOWFALL (IN)
  YESTERDAY        0.0
  MONTH TO DATE    0.0
  SINCE MAR 1      0.0
  SINCE JUL 1      0.0

DEGREE DAYS
 HEATING
  YESTERDAY        0                         0      0        0
  MONTH TO DATE    0                         0      0        0
  SINCE MAR 1     16                        71    -55       16
  SINCE JUL 1    370                       570   -200      486

 COOLING
  YESTERDAY       16                        10      6        7
  MONTH TO DATE   46                        28     18       21
  SINCE MAR 1    505                       345    160      673
  SINCE JAN 1    567                       449    118      747
..................................................................


WIND (MPH)
  HIGHEST WIND SPEED    30   HIGHEST WIND DIRECTION    SW (240)
  HIGHEST GUST SPEED    39   HIGHEST GUST DIRECTION    SW (240)
  AVERAGE WIND SPEED     8.0


SKY COVER
  AVERAGE SKY COVER 0.7


WEATHER CONDITIONS
 THE FOLLOWING WEATHER WAS RECORDED YESTERDAY.
  HEAVY RAIN


RELATIVE HUMIDITY (PERCENT)
 HIGHEST    93           100 AM
 LOWEST     46           400 PM
 AVERAGE    70

..........................................................


THE ORLANDO  CLIMATE NORMALS FOR TODAY
                         NORMAL    RECORD    YEAR
 MAXIMUM TEMPERATURE (F)   86        98      1915
 MINIMUM TEMPERATURE (F)   64        49      1929
                                             1921


SUNRISE AND SUNSET
MAY  4 2016...........SUNRISE   642 AM EDT   SUNSET   802 PM EDT
MAY  5 2016...........SUNRISE   641 AM EDT   SUNSET   803 PM EDT


-  INDICATES NEGATIVE NUMBERS.
R  INDICATES RECORD WAS SET OR TIED.
MM INDICATES DATA IS MISSING.
T  INDICATES TRACE AMOUNT.




$$
