000
CDUS42 KMLB 270633
CLIMCO


CLIMATE REPORT
NATIONAL WEATHER SERVICE MELBOURNE FL
232 AM EDT TUE JUN 27 2017


...................................

...THE ORLANDO  CLIMATE SUMMARY FOR JUNE 26 2017...

CLIMATE NORMAL PERIOD 1981 TO 2010
CLIMATE RECORD PERIOD 1892 TO 2017


WEATHER ITEM   OBSERVED TIME   RECORD YEAR NORMAL DEPARTURE LAST
                VALUE   (LST)  VALUE       VALUE  FROM      YEAR
                                                  NORMAL
..................................................................
TEMPERATURE (F)
 YESTERDAY
  MAXIMUM         89   1233 PM 100    1950  91     -2       93
                                      1914
  MINIMUM         74    614 AM  66    1893  73      1       73
  AVERAGE         82                        82      0       83

PRECIPITATION (IN)
  YESTERDAY        0.08          3.47 1974   0.24  -0.16     0.58
  MONTH TO DATE    5.23                      6.59  -1.36     6.14
  SINCE JUN 1      5.23                      6.59  -1.36     6.14
  SINCE JAN 1     11.62                     21.22  -9.60    26.23

SNOWFALL (IN)
  YESTERDAY        0.0
  MONTH TO DATE    0.0
  SINCE JUN 1      0.0
  SINCE JUL 1      0.0

DEGREE DAYS
 HEATING
  YESTERDAY        0                         0      0        0
  MONTH TO DATE    0                         0      0        0
  SINCE JUN 1      0                         0      0        0
  SINCE JUL 1    209                       571   -362      370

 COOLING
  YESTERDAY       17                        17      0       18
  MONTH TO DATE  387                       422    -35      466
  SINCE JUN 1    387                       422    -35      466
  SINCE JAN 1   1423                      1223    200     1381
..................................................................


WIND (MPH)
  HIGHEST WIND SPEED    17   HIGHEST WIND DIRECTION     N (20)
  HIGHEST GUST SPEED    22   HIGHEST GUST DIRECTION     N (10)
  AVERAGE WIND SPEED     6.2


SKY COVER
  AVERAGE SKY COVER 0.8


WEATHER CONDITIONS
 THE FOLLOWING WEATHER WAS RECORDED YESTERDAY.
  THUNDERSTORM
  RAIN
  LIGHT RAIN
  FOG


RELATIVE HUMIDITY (PERCENT)
 HIGHEST   100           300 AM
 LOWEST     57           200 PM
 AVERAGE    79

..........................................................


THE ORLANDO  CLIMATE NORMALS FOR TODAY
                         NORMAL    RECORD    YEAR
 MAXIMUM TEMPERATURE (F)   91        97      1962
                                             1954
                                             1915
 MINIMUM TEMPERATURE (F)   73        64      1936


SUNRISE AND SUNSET
JUNE 27 2017..........SUNRISE   630 AM EDT   SUNSET   827 PM EDT
JUNE 28 2017..........SUNRISE   631 AM EDT   SUNSET   827 PM EDT


-  INDICATES NEGATIVE NUMBERS.
R  INDICATES RECORD WAS SET OR TIED.
MM INDICATES DATA IS MISSING.
T  INDICATES TRACE AMOUNT.




$$
