000
CDUS42 KMLB 232120
CLIMCO


CLIMATE REPORT
NATIONAL WEATHER SERVICE MELBOURNE FL
420 PM EST THU NOV 23 2017


...................................

...THE ORLANDO  CLIMATE SUMMARY FOR NOVEMBER 23 2017...
VALID TODAY AS OF 0400 PM LOCAL TIME.

CLIMATE NORMAL PERIOD 1981 TO 2010
CLIMATE RECORD PERIOD 1892 TO 2017


WEATHER ITEM   OBSERVED TIME   RECORD YEAR NORMAL DEPARTURE LAST
                VALUE   (LST)  VALUE       VALUE  FROM      YEAR
                                                  NORMAL
..................................................................
TEMPERATURE (F)
 TODAY
  MAXIMUM         77    323 PM  87    1957  77      0       81
                                      1948
  MINIMUM         67    146 AM  33    1936  57     10       54
  AVERAGE         72                        67      5       68

PRECIPITATION (IN)
  TODAY            0.07          3.78 1988   0.06   0.01     0.00
  MONTH TO DATE    0.17                      1.63  -1.46     0.02
  SINCE SEP 1     17.85                     11.00   6.85    10.05
  SINCE JAN 1     46.27                     47.61  -1.34    51.74

SNOWFALL (IN)
  TODAY            0.0
  MONTH TO DATE    0.0
  SINCE SEP 1      0.0
  SINCE JUL 1      0.0

DEGREE DAYS
 HEATING
  TODAY            0                         2     -2        0
  MONTH TO DATE    1                        29    -28       23
  SINCE SEP 1     19                        34    -15       23
  SINCE JUL 1     19                        34    -15       23

 COOLING
  TODAY            7                         4      3        3
  MONTH TO DATE  139                       123     16       98
  SINCE SEP 1    983                       937     46      987
  SINCE JAN 1   3581                      3330    251     3660
..................................................................


WIND (MPH)
  HIGHEST WIND SPEED    14   HIGHEST WIND DIRECTION    SE (130)
  HIGHEST GUST SPEED    17   HIGHEST GUST DIRECTION    SE (120)
  AVERAGE WIND SPEED     8.1


SKY COVER
  AVERAGE SKY COVER 1.0


WEATHER CONDITIONS
 THE FOLLOWING WEATHER WAS RECORDED TODAY.
  LIGHT RAIN
  FOG


RELATIVE HUMIDITY (PERCENT)
 HIGHEST    97           700 AM
 LOWEST     79           400 PM
 AVERAGE    88

..........................................................


THE ORLANDO  CLIMATE NORMALS FOR TOMORROW
                         NORMAL    RECORD    YEAR
 MAXIMUM TEMPERATURE (F)   77        87      2014
 MINIMUM TEMPERATURE (F)   57        31      1970


SUNRISE AND SUNSET
NOVEMBER 23 2017......SUNRISE   654 AM EST   SUNSET   529 PM EST
NOVEMBER 24 2017......SUNRISE   655 AM EST   SUNSET   529 PM EST


-  INDICATES NEGATIVE NUMBERS.
R  INDICATES RECORD WAS SET OR TIED.
MM INDICATES DATA IS MISSING.
T  INDICATES TRACE AMOUNT.




$$
