000
CDUS42 KMLB 192119
CLIMCO


CLIMATE REPORT
NATIONAL WEATHER SERVICE MELBOURNE FL
418 PM EST SUN FEB 19 2017


...................................

...THE ORLANDO  CLIMATE SUMMARY FOR FEBRUARY 19 2017...
VALID TODAY AS OF 0400 PM LOCAL TIME.

CLIMATE NORMAL PERIOD 1981 TO 2010
CLIMATE RECORD PERIOD 1892 TO 2017


WEATHER ITEM   OBSERVED TIME   RECORD YEAR NORMAL DEPARTURE LAST
                VALUE   (LST)  VALUE       VALUE  FROM      YEAR
                                                  NORMAL
..................................................................
TEMPERATURE (F)
 TODAY
  MAXIMUM         81    359 PM  88    1962  75      6       75
  MINIMUM         64    530 AM  30    1900  53     11       51
  AVERAGE         73                        64      9       63

PRECIPITATION (IN)
  TODAY            0.09          3.08 1920   0.08   0.01     0.00
  MONTH TO DATE    0.47                      1.59  -1.12     1.17
  SINCE DEC 1      4.97                      6.52  -1.55     7.54
  SINCE JAN 1      2.45                      3.94  -1.49     6.82

SNOWFALL (IN)
  TODAY            0.0
  MONTH TO DATE    0.0
  SINCE DEC 1      0.0
  SINCE JUL 1      0.0

DEGREE DAYS
 HEATING
  TODAY            0                         4     -4        2
  MONTH TO DATE   16                        87    -71      112
  SINCE DEC 1    146                       424   -278      312
  SINCE JUL 1    169                       471   -302      321

 COOLING
  TODAY            8                         2      6        0
  MONTH TO DATE   57                        38     19       32
  SINCE DEC 1    308                       153    155      270
  SINCE JAN 1    149                        83     66       47
..................................................................


WIND (MPH)
  HIGHEST WIND SPEED    15   HIGHEST WIND DIRECTION    NW (320)
  HIGHEST GUST SPEED    18   HIGHEST GUST DIRECTION    NW (300)
  AVERAGE WIND SPEED     7.5


SKY COVER
  AVERAGE SKY COVER 0.7


WEATHER CONDITIONS
 THE FOLLOWING WEATHER WAS RECORDED TODAY.
  HEAVY RAIN
  LIGHT RAIN
  FOG


RELATIVE HUMIDITY (PERCENT)
 HIGHEST    93           400 AM
 LOWEST     42           300 PM
 AVERAGE    68

..........................................................


THE ORLANDO  CLIMATE NORMALS FOR TOMORROW
                         NORMAL    RECORD    YEAR
 MAXIMUM TEMPERATURE (F)   75        89      1988
 MINIMUM TEMPERATURE (F)   53        33      2015
                                             1958
                                             1900


SUNRISE AND SUNSET
FEBRUARY 19 2017......SUNRISE   700 AM EST   SUNSET   619 PM EST
FEBRUARY 20 2017......SUNRISE   659 AM EST   SUNSET   620 PM EST


-  INDICATES NEGATIVE NUMBERS.
R  INDICATES RECORD WAS SET OR TIED.
MM INDICATES DATA IS MISSING.
T  INDICATES TRACE AMOUNT.




$$
