000
CDUS42 KMLB 182122
CLIMCO


CLIMATE REPORT
NATIONAL WEATHER SERVICE MELBOURNE FL
422 PM EST SUN FEB 18 2018


...................................

...THE ORLANDO  CLIMATE SUMMARY FOR FEBRUARY 18 2018...
VALID TODAY AS OF 0400 PM LOCAL TIME.

CLIMATE NORMAL PERIOD 1981 TO 2010
CLIMATE RECORD PERIOD 1892 TO 2018


WEATHER ITEM   OBSERVED TIME   RECORD YEAR NORMAL DEPARTURE LAST
                VALUE   (LST)  VALUE       VALUE  FROM      YEAR
                                                  NORMAL
..................................................................
TEMPERATURE (F)
 TODAY
  MAXIMUM         86    353 PM  87    1975  74     12       81
                                      1962
                                      1961
  MINIMUM         54    701 AM  26    1900  53      1       53
  AVERAGE         70                        64      6       67

PRECIPITATION (IN)
  TODAY            0.00          2.22 1899   0.09  -0.09     0.01
  MONTH TO DATE    0.36                      1.51  -1.15     0.38
  SINCE DEC 1      2.81                      6.44  -3.63     4.88
  SINCE JAN 1      2.46                      3.86  -1.40     2.36

SNOWFALL (IN)
  TODAY            0.0
  MONTH TO DATE    0.0
  SINCE DEC 1      0.0
  SINCE JUL 1      0.0

DEGREE DAYS
 HEATING
  TODAY            0                         4     -4        0
  MONTH TO DATE    6                        83    -77       16
  SINCE DEC 1    360                       420    -60      146
  SINCE JUL 1    384                       467    -83      169

 COOLING
  TODAY            5                         2      3        2
  MONTH TO DATE  102                        36     66       49
  SINCE DEC 1    238                       151     87      300
  SINCE JAN 1    146                        81     65      141
..................................................................


WIND (MPH)
  HIGHEST WIND SPEED    12   HIGHEST WIND DIRECTION     E (90)
  HIGHEST GUST SPEED    19   HIGHEST GUST DIRECTION     E (90)
  AVERAGE WIND SPEED     3.2


SKY COVER
  AVERAGE SKY COVER 0.1


WEATHER CONDITIONS
 THE FOLLOWING WEATHER WAS RECORDED TODAY.
  FOG


RELATIVE HUMIDITY (PERCENT)
 HIGHEST   100           400 AM
 LOWEST     37           200 PM
 AVERAGE    69

..........................................................


THE ORLANDO  CLIMATE NORMALS FOR TOMORROW
                         NORMAL    RECORD    YEAR
 MAXIMUM TEMPERATURE (F)   75        88      1962
 MINIMUM TEMPERATURE (F)   53        30      1900


SUNRISE AND SUNSET
FEBRUARY 18 2018......SUNRISE   701 AM EST   SUNSET   618 PM EST
FEBRUARY 19 2018......SUNRISE   700 AM EST   SUNSET   619 PM EST


-  INDICATES NEGATIVE NUMBERS.
R  INDICATES RECORD WAS SET OR TIED.
MM INDICATES DATA IS MISSING.
T  INDICATES TRACE AMOUNT.




$$
