000
CDUS42 KMLB 190640
CLIMCO


CLIMATE REPORT
NATIONAL WEATHER SERVICE MELBOURNE FL
130 AM EST THU JAN 19 2017


...................................

...THE ORLANDO  CLIMATE SUMMARY FOR JANUARY 18 2017...

CLIMATE NORMAL PERIOD 1981 TO 2010
CLIMATE RECORD PERIOD 1892 TO 2017


WEATHER ITEM   OBSERVED TIME   RECORD YEAR NORMAL DEPARTURE LAST
                VALUE   (LST)  VALUE       VALUE  FROM      YEAR
                                                  NORMAL
..................................................................
TEMPERATURE (F)
 YESTERDAY
  MAXIMUM         81    358 PM  86    1943  71     10       61
  MINIMUM         57    741 AM  26    1977  49      8       43
  AVERAGE         69                        60      9       52

PRECIPITATION (IN)
  YESTERDAY        0.00          1.05 2004   0.06  -0.06     0.00
  MONTH TO DATE    1.14                      1.35  -0.21     2.91
  SINCE DEC 1      3.66                      3.93  -0.27     3.63
  SINCE JAN 1      1.14                      1.35  -0.21     2.91

SNOWFALL (IN)
  YESTERDAY        0.0
  MONTH TO DATE    0.0
  SINCE DEC 1      0.0
  SINCE JUL 1      0.0

DEGREE DAYS
 HEATING
  YESTERDAY        0                         6     -6       13
  MONTH TO DATE   42                       115    -73       85
  SINCE DEC 1     74                       259   -185       94
  SINCE JUL 1     97                       306   -209      103

 COOLING
  YESTERDAY        4                         1      3        0
  MONTH TO DATE   54                        21     33       15
  SINCE DEC 1    213                        91    122      238
  SINCE JAN 1     54                        21     33       15
..................................................................


WIND (MPH)
  HIGHEST WIND SPEED    13   HIGHEST WIND DIRECTION     W (290)
  HIGHEST GUST SPEED    17   HIGHEST GUST DIRECTION     W (280)
  AVERAGE WIND SPEED     4.6


SKY COVER
  AVERAGE SKY COVER 0.7


WEATHER CONDITIONS
 THE FOLLOWING WEATHER WAS RECORDED YESTERDAY.
  FOG


RELATIVE HUMIDITY (PERCENT)
 HIGHEST   100           400 AM
 LOWEST     45           300 PM
 AVERAGE    73

..........................................................


THE ORLANDO  CLIMATE NORMALS FOR TODAY
                         NORMAL    RECORD    YEAR
 MAXIMUM TEMPERATURE (F)   71        86      1925
 MINIMUM TEMPERATURE (F)   49        24      1977


SUNRISE AND SUNSET
JANUARY 19 2017.......SUNRISE   718 AM EST   SUNSET   554 PM EST
JANUARY 20 2017.......SUNRISE   718 AM EST   SUNSET   555 PM EST


-  INDICATES NEGATIVE NUMBERS.
R  INDICATES RECORD WAS SET OR TIED.
MM INDICATES DATA IS MISSING.
T  INDICATES TRACE AMOUNT.




$$
