000
CDUS42 KMLB 280632
CLIMCO


CLIMATE REPORT
NATIONAL WEATHER SERVICE MELBOURNE FL
231 AM EDT THU MAY 28 2015


...................................

...THE ORLANDO  CLIMATE SUMMARY FOR MAY 27 2015...

CLIMATE NORMAL PERIOD 1981 TO 2010
CLIMATE RECORD PERIOD 1892 TO 2015


WEATHER ITEM   OBSERVED TIME   RECORD YEAR NORMAL DEPARTURE LAST
                VALUE   (LST)  VALUE       VALUE  FROM      YEAR
                                                  NORMAL
..................................................................
TEMPERATURE (F)
 YESTERDAY
  MAXIMUM         90    146 PM 100    1962  90      0       90
  MINIMUM         72    520 AM  53    1979  69      3       71
  AVERAGE         81                        79      2       81

PRECIPITATION (IN)
  YESTERDAY        T             2.20 1938   0.17  -0.17      T
  MONTH TO DATE    0.93                      2.74  -1.81     3.46
  SINCE MAR 1      5.89                      9.19  -3.30    12.18
  SINCE JAN 1     13.99                     13.92   0.07    17.22

SNOWFALL (IN)
  YESTERDAY        0.0
  MONTH TO DATE    0.0
  SINCE MAR 1      0.0
  SINCE JUL 1      0.0

DEGREE DAYS
 HEATING
  YESTERDAY        0                         0      0        0
  MONTH TO DATE    0                         0      0        0
  SINCE MAR 1     16                        71    -55       42
  SINCE JUL 1    486                       570    -84      406

 COOLING
  YESTERDAY       16                        14      2       16
  MONTH TO DATE  391                       321     70      351
  SINCE MAR 1   1043                       638    405      723
  SINCE JAN 1   1117                       742    375      873
..................................................................


WIND (MPH)
  HIGHEST WIND SPEED    18   HIGHEST WIND DIRECTION    NE (60)
  HIGHEST GUST SPEED    26   HIGHEST GUST DIRECTION     E (70)
  AVERAGE WIND SPEED     8.6


SKY COVER
  AVERAGE SKY COVER 0.7


WEATHER CONDITIONS
 THE FOLLOWING WEATHER WAS RECORDED YESTERDAY.
  LIGHT RAIN


RELATIVE HUMIDITY (PERCENT)
 HIGHEST    87           100 AM
 LOWEST     40           200 PM
 AVERAGE    64

..........................................................


THE ORLANDO  CLIMATE NORMALS FOR TODAY
                         NORMAL    RECORD    YEAR
 MAXIMUM TEMPERATURE (F)   90        99      2000
                                             1924
                                             1908
 MINIMUM TEMPERATURE (F)   69        58      1901


SUNRISE AND SUNSET
MAY 28 2015...........SUNRISE   629 AM EDT   SUNSET   816 PM EDT
MAY 29 2015...........SUNRISE   629 AM EDT   SUNSET   817 PM EDT


-  INDICATES NEGATIVE NUMBERS.
R  INDICATES RECORD WAS SET OR TIED.
MM INDICATES DATA IS MISSING.
T  INDICATES TRACE AMOUNT.




$$
