437
CDUS42 KMLB 240636
CLIMCO


CLIMATE REPORT
NATIONAL WEATHER SERVICE MELBOURNE FL
236 AM EDT TUE MAY 24 2016


...................................

...THE ORLANDO  CLIMATE SUMMARY FOR MAY 23 2016...

CLIMATE NORMAL PERIOD 1981 TO 2010
CLIMATE RECORD PERIOD 1892 TO 2016


WEATHER ITEM   OBSERVED TIME   RECORD YEAR NORMAL DEPARTURE LAST
                VALUE   (LST)  VALUE       VALUE  FROM      YEAR
                                                  NORMAL
..................................................................
TEMPERATURE (F)
 YESTERDAY
  MAXIMUM         89    400 PM  97    1962  89      0       93
                                      1938
  MINIMUM         68    359 AM  55    1919  68      0       74
  AVERAGE         79                        79      0       84

PRECIPITATION (IN)
  YESTERDAY        0.00          2.25 1906   0.14  -0.14     0.00
  MONTH TO DATE    4.73                      2.11   2.62     0.78
  SINCE MAR 1     11.31                      8.56   2.75     5.74
  SINCE JAN 1     18.65                     13.29   5.36    13.84

SNOWFALL (IN)
  YESTERDAY        0.0
  MONTH TO DATE    0.0
  SINCE MAR 1      0.0
  SINCE JUL 1      0.0

DEGREE DAYS
 HEATING
  YESTERDAY        0                         0      0        0
  MONTH TO DATE    0                         0      0        0
  SINCE MAR 1     16                        71    -55       16
  SINCE JUL 1    370                       570   -200      486

 COOLING
  YESTERDAY       14                        14      0       19
  MONTH TO DATE  273                       265      8      323
  SINCE MAR 1    732                       582    150      975
  SINCE JAN 1    794                       686    108     1049
..................................................................


WIND (MPH)
  HIGHEST WIND SPEED    17   HIGHEST WIND DIRECTION     E (70)
  HIGHEST GUST SPEED    21   HIGHEST GUST DIRECTION     E (70)
  AVERAGE WIND SPEED     5.1


SKY COVER
  AVERAGE SKY COVER 0.5


WEATHER CONDITIONS
 THE FOLLOWING WEATHER WAS RECORDED YESTERDAY.
  NO SIGNIFICANT WEATHER WAS OBSERVED.


RELATIVE HUMIDITY (PERCENT)
 HIGHEST    84           500 AM
 LOWEST     35           300 PM
 AVERAGE    60

..........................................................


THE ORLANDO  CLIMATE NORMALS FOR TODAY
                         NORMAL    RECORD    YEAR
 MAXIMUM TEMPERATURE (F)   89        97      1956
                                             1953
                                             1938
 MINIMUM TEMPERATURE (F)   68        56      1919
                                             1893


SUNRISE AND SUNSET
MAY 24 2016...........SUNRISE   630 AM EDT   SUNSET   814 PM EDT
MAY 25 2016...........SUNRISE   630 AM EDT   SUNSET   815 PM EDT


-  INDICATES NEGATIVE NUMBERS.
R  INDICATES RECORD WAS SET OR TIED.
MM INDICATES DATA IS MISSING.
T  INDICATES TRACE AMOUNT.




$$
