000
CDUS42 KMLB 012158
CLIMCO


CLIMATE REPORT
NATIONAL WEATHER SERVICE MELBOURNE FL
557 PM EDT WED JUL 1 2015


...................................

...THE ORLANDO  CLIMATE SUMMARY FOR JULY 1 2015...
VALID TODAY AS OF 0400 PM LOCAL TIME.

CLIMATE NORMAL PERIOD 1981 TO 2010
CLIMATE RECORD PERIOD 1892 TO 2015


WEATHER ITEM   OBSERVED TIME   RECORD YEAR NORMAL DEPARTURE LAST
                VALUE   (LST)  VALUE       VALUE  FROM      YEAR
                                                  NORMAL
..................................................................
TEMPERATURE (F)
 TODAY
  MAXIMUM         94    138 PM  99    1998  91      3       93
  MINIMUM         76    526 AM  64    1981  73      3       76
                                      1893
  AVERAGE         85                        82      3       85

PRECIPITATION (IN)
  TODAY            0.01          3.13 1896   0.23  -0.22      T
  MONTH TO DATE    0.01                      0.23  -0.22      T
  SINCE JUN 1      6.80                      7.81  -1.01     4.64
  SINCE JAN 1     20.79                     22.44  -1.65    21.99

SNOWFALL (IN)
  TODAY            0.0
  MONTH TO DATE    0.0
  SINCE JUN 1      0.0
  SINCE JUL 1      0.0

DEGREE DAYS
 HEATING
  TODAY            0                         0      0        0
  MONTH TO DATE    0                         0      0        0
  SINCE JUN 1      0                         0      0        0
  SINCE JUL 1      0                         0      0        0

 COOLING
  TODAY           20                        17      3       20
  MONTH TO DATE   20                        17      3       20
  SINCE JUN 1    566                       507     59      523
  SINCE JAN 1   1746                      1308    438     1457
..................................................................


WIND (MPH)
  HIGHEST WIND SPEED    26   HIGHEST WIND DIRECTION    SW (220)
  HIGHEST GUST SPEED    30   HIGHEST GUST DIRECTION    SW (220)
  AVERAGE WIND SPEED     6.7


SKY COVER
  AVERAGE SKY COVER 0.7


WEATHER CONDITIONS
 THE FOLLOWING WEATHER WAS RECORDED TODAY.
  RAIN
  LIGHT RAIN


RELATIVE HUMIDITY (PERCENT)
 HIGHEST    88           500 AM
 LOWEST     49           300 PM
 AVERAGE    69

..........................................................


THE ORLANDO  CLIMATE NORMALS FOR TOMORROW
                         NORMAL    RECORD    YEAR
 MAXIMUM TEMPERATURE (F)   91       101      1998
 MINIMUM TEMPERATURE (F)   73        66      1981
                                             1931
                                             1893


SUNRISE AND SUNSET
JULY  1 2015..........SUNRISE   631 AM EDT   SUNSET   827 PM EDT
JULY  2 2015..........SUNRISE   632 AM EDT   SUNSET   827 PM EDT


-  INDICATES NEGATIVE NUMBERS.
R  INDICATES RECORD WAS SET OR TIED.
MM INDICATES DATA IS MISSING.
T  INDICATES TRACE AMOUNT.




$$
