000
CDUS42 KMLB 282134
CLIMCO


CLIMATE REPORT
NATIONAL WEATHER SERVICE MELBOURNE FL
433 PM EST WED JAN 28 2015


...................................

...THE ORLANDO  CLIMATE SUMMARY FOR JANUARY 28 2015...
VALID TODAY AS OF 400 PM LOCAL TIME.

CLIMATE NORMAL PERIOD 1981 TO 2010
CLIMATE RECORD PERIOD 1892 TO 2015


WEATHER ITEM   OBSERVED TIME   RECORD YEAR NORMAL DEPARTURE LAST
                VALUE   (LST)  VALUE       VALUE  FROM      YEAR
                                                  NORMAL
..................................................................
TEMPERATURE (F)
 TODAY
  MAXIMUM         62    357 PM  86    1920  72    -10       81
  MINIMUM         44    730 AM  24    1905  50     -6       53
  AVERAGE         53                        61     -8       67

PRECIPITATION (IN)
  TODAY            0.00          1.56 1900   0.08  -0.08     0.00
  MONTH TO DATE    3.52                      2.12   1.40     1.87
  SINCE DEC 1      5.11                      4.70   0.41     2.14
  SINCE JAN 1      3.52                      2.12   1.40     1.87

SNOWFALL (IN)
  TODAY            0.0
  MONTH TO DATE    0.0
  SINCE DEC 1      0.0
  SINCE JUL 1      0.0

DEGREE DAYS
 HEATING
  TODAY           12                         6      6        0
  MONTH TO DATE  123                       175    -52      203
  SINCE DEC 1    217                       319   -102      237
  SINCE JUL 1    299                       366    -67      260

 COOLING
  TODAY            0                         2     -2        2
  MONTH TO DATE   52                        32     20       45
  SINCE DEC 1    156                       102     54      178
  SINCE JAN 1     52                        32     20       45
..................................................................


WIND (MPH)
  HIGHEST WIND SPEED    15   HIGHEST WIND DIRECTION     N (360)
  HIGHEST GUST SPEED    19   HIGHEST GUST DIRECTION    NW (320)
  AVERAGE WIND SPEED     9.2


SKY COVER
  AVERAGE SKY COVER 0.1


WEATHER CONDITIONS
 THE FOLLOWING WEATHER WAS RECORDED TODAY.
  NO SIGNIFICANT WEATHER WAS OBSERVED.


RELATIVE HUMIDITY (PERCENT)
 HIGHEST    77           300 AM
 LOWEST     34           300 PM
 AVERAGE    56

..........................................................


THE ORLANDO  CLIMATE NORMALS FOR TOMORROW
                         NORMAL    RECORD    YEAR
 MAXIMUM TEMPERATURE (F)   72        85      2013
                                             2009
                                             1917
 MINIMUM TEMPERATURE (F)   50        27      1897


SUNRISE AND SUNSET
JANUARY 28 2015.......SUNRISE   715 AM EST   SUNSET   602 PM EST
JANUARY 29 2015.......SUNRISE   715 AM EST   SUNSET   602 PM EST


-  INDICATES NEGATIVE NUMBERS.
R  INDICATES RECORD WAS SET OR TIED.
MM INDICATES DATA IS MISSING.
T  INDICATES TRACE AMOUNT.




$$
