000
CDUS43 KDMX 290634
CLIMCW

CLIMATE REPORT
NATIONAL WEATHER SERVICE DES MOINES IA
132 AM CDT MON JUN 29 2015


...................................

...THE MASON CITY IA CLIMATE SUMMARY FOR JUNE 28 2015...

CLIMATE NORMAL PERIOD 1981 TO 2010
CLIMATE RECORD PERIOD 1893 TO 2015


WEATHER ITEM   OBSERVED TIME   RECORD YEAR NORMAL DEPARTURE LAST
                VALUE   (LST)  VALUE       VALUE  FROM      YEAR
                                                  NORMAL
..................................................................
TEMPERATURE (F)
 YESTERDAY
  MAXIMUM         81    343 PM 102    1931  83     -2       84
  MINIMUM         61   1129 PM  40    1911  60      1       66
  AVERAGE         71                        71      0       75

PRECIPITATION (IN)
  YESTERDAY        0.23          1.84 1924   0.16   0.07     0.67
  MONTH TO DATE    5.04                      4.81   0.23     7.78
  SINCE JUN 1      5.04                      4.81   0.23     7.78
  SINCE JAN 1     16.04                     17.29  -1.25    21.82

SNOWFALL (IN)
  YESTERDAY        0.0          MM      MM   0.0    0.0      0.0
  MONTH TO DATE    0.0                       0.0    0.0      0.0
  SINCE JUN 1      0.0                       0.0    0.0      0.0
  SINCE JUL 1     40.0                      41.2   -1.2     58.0
  SNOW DEPTH       0

DEGREE DAYS
 HEATING
  YESTERDAY        0                         0      0        0
  MONTH TO DATE   12                        44    -32       13
  SINCE JUN 1     12                        44    -32       13
  SINCE JUL 1   7696                      7679     17     8624

 COOLING
  YESTERDAY        6                         7     -1       10
  MONTH TO DATE  126                       125      1      128
  SINCE JUN 1    126                       125      1      128
  SINCE JAN 1    156                       160     -4      181
..................................................................


WIND (MPH)
  HIGHEST WIND SPEED    28   HIGHEST WIND DIRECTION     N (340)
  HIGHEST GUST SPEED    35   HIGHEST GUST DIRECTION     N (20)
  AVERAGE WIND SPEED     9.3


SKY COVER
  POSSIBLE SUNSHINE  MM
  AVERAGE SKY COVER 0.5


WEATHER CONDITIONS
 THE FOLLOWING WEATHER WAS RECORDED YESTERDAY.
  THUNDERSTORM
  LIGHT RAIN
  FOG


RELATIVE HUMIDITY (PERCENT)
 HIGHEST   100           900 PM
 LOWEST     58           400 PM
 AVERAGE    79

..........................................................


THE MASON CITY IA CLIMATE NORMALS FOR TODAY
                         NORMAL    RECORD    YEAR
 MAXIMUM TEMPERATURE (F)   83       102      1970
 MINIMUM TEMPERATURE (F)   60        40      1895


SUNRISE AND SUNSET
JUNE 29 2015..........SUNRISE   536 AM CDT   SUNSET   857 PM CDT
JUNE 30 2015..........SUNRISE   537 AM CDT   SUNSET   857 PM CDT


-  INDICATES NEGATIVE NUMBERS.
R  INDICATES RECORD WAS SET OR TIED.
MM INDICATES DATA IS MISSING.
T  INDICATES TRACE AMOUNT.




$$
