000
CDUS43 KDMX 240654 RRA
CLIMCW

CLIMATE REPORT
NATIONAL WEATHER SERVICE DES MOINES IA
1252 AM CST FRI NOV 24 2017


...................................

...THE MASON CITY IA CLIMATE SUMMARY FOR NOVEMBER 23 2017...

CLIMATE NORMAL PERIOD 1981 TO 2010
CLIMATE RECORD PERIOD 1893 TO 2017


WEATHER ITEM   OBSERVED TIME   RECORD YEAR NORMAL DEPARTURE LAST
                VALUE   (LST)  VALUE       VALUE  FROM      YEAR
                                                  NORMAL
..................................................................
TEMPERATURE (F)
 YESTERDAY
  MAXIMUM         48    354 PM  58    1931  38     10       38
  MINIMUM         21    705 AM  -9    1898  20      1       33
  AVERAGE         35                        29      6       36

PRECIPITATION (IN)
  YESTERDAY        0.00          2.11 1931   0.06  -0.06     0.29
  MONTH TO DATE    0.27                      1.50  -1.23     0.80
  SINCE SEP 1      7.53                      7.22   0.31    13.99
  SINCE JAN 1     30.45                     33.58  -3.13    45.25

SNOWFALL (IN)
  YESTERDAY        0.0           4.0  1977   0.2   -0.2      0.0
  MONTH TO DATE    T                         2.6   -2.6       T
  SINCE SEP 1      0.2                       3.0   -2.8       T
  SINCE JUL 1      0.2                       3.0   -2.8       T
  SNOW DEPTH       0

DEGREE DAYS
 HEATING
  YESTERDAY       30                        36     -6       29
  MONTH TO DATE  758                       675     83      477
  SINCE SEP 1   1298                      1377    -79      950
  SINCE JUL 1   1321                      1413    -92      968

 COOLING
  YESTERDAY        0                         0      0        0
  MONTH TO DATE    0                         0      0        0
  SINCE SEP 1    104                        60     44       89
  SINCE JAN 1    603                       616    -13      697
..................................................................


WIND (MPH)
  HIGHEST WIND SPEED    13   HIGHEST WIND DIRECTION     S (180)
  HIGHEST GUST SPEED    17   HIGHEST GUST DIRECTION     S (180)
  AVERAGE WIND SPEED     7.8


SKY COVER
  POSSIBLE SUNSHINE  MM
  AVERAGE SKY COVER 0.0


WEATHER CONDITIONS
 THE FOLLOWING WEATHER WAS RECORDED YESTERDAY.
  NO SIGNIFICANT WEATHER WAS OBSERVED.


RELATIVE HUMIDITY (PERCENT)
 HIGHEST    84           700 AM
 LOWEST     45          1200 PM
 AVERAGE    65

..........................................................


THE MASON CITY IA CLIMATE NORMALS FOR TODAY
                         NORMAL    RECORD    YEAR
 MAXIMUM TEMPERATURE (F)   38        63      2011
                                             1990
 MINIMUM TEMPERATURE (F)   20       -11      1898


SUNRISE AND SUNSET
NOVEMBER 24 2017......SUNRISE   718 AM CST   SUNSET   442 PM CST
NOVEMBER 25 2017......SUNRISE   719 AM CST   SUNSET   442 PM CST


-  INDICATES NEGATIVE NUMBERS.
R  INDICATES RECORD WAS SET OR TIED.
MM INDICATES DATA IS MISSING.
T  INDICATES TRACE AMOUNT.




$$
