000
CDUS41 KCTP 240645
CLIMDT


CLIMATE REPORT
NATIONAL WEATHER SERVICE STATE COLLEGE PA
245 AM EDT THU JUL 24 2014


...................................

...THE HARRISBURG PA CLIMATE SUMMARY FOR JULY 23 2014...

CLIMATE NORMAL PERIOD 1981 TO 2010
CLIMATE RECORD PERIOD 1888 TO 2014


WEATHER ITEM   OBSERVED TIME   RECORD YEAR NORMAL DEPARTURE LAST
                VALUE   (LST)  VALUE       VALUE  FROM      YEAR
                                                  NORMAL
..................................................................
TEMPERATURE (F)
 YESTERDAY
  MAXIMUM         94    330 PM 103    1991  86      8       85
  MINIMUM         72   1038 PM  54    1983  67      5       71
                                      1947
  AVERAGE         83                        76      7       78

PRECIPITATION (IN)
  YESTERDAY        0.33          4.00 1969   0.15   0.18     0.00
  MONTH TO DATE    2.57                      3.48  -0.91     4.03
  SINCE JUN 1      6.35                      7.08  -0.73     7.80
  SINCE JAN 1     27.99                     22.61   5.38    19.96

DEGREE DAYS
 HEATING
  YESTERDAY        0                         0      0        0
  MONTH TO DATE    0                         0      0        0
  SINCE JUN 1      1                        18    -17        2
  SINCE JUL 1      0                         0      0        0

 COOLING
  YESTERDAY       18                        11      7       13
  MONTH TO DATE  292                       251     41      356
  SINCE JUN 1    539                       464     75      580
  SINCE JAN 1    599                       529     70      663
..................................................................


WIND (MPH)
  HIGHEST WIND SPEED    26   HIGHEST WIND DIRECTION     N (340)
  HIGHEST GUST SPEED    32   HIGHEST GUST DIRECTION    NW (330)
  AVERAGE WIND SPEED     4.8


SKY COVER
  POSSIBLE SUNSHINE  MM
  AVERAGE SKY COVER 0.4


WEATHER CONDITIONS
 THE FOLLOWING WEATHER WAS RECORDED YESTERDAY.
  THUNDERSTORM
  HEAVY RAIN
  LIGHT RAIN
  FOG
  HAZE


RELATIVE HUMIDITY (PERCENT)
 HIGHEST    87          1000 PM
 LOWEST     49           200 PM
 AVERAGE    68

..........................................................


THE HARRISBURG PA CLIMATE NORMALS FOR TODAY
                         NORMAL    RECORD    YEAR
 MAXIMUM TEMPERATURE (F)   85        96      2001
                                             1999
                                             1965
 MINIMUM TEMPERATURE (F)   66        54      1947


SUNRISE AND SUNSET
JULY 24 2014..........SUNRISE   558 AM EDT   SUNSET   829 PM EDT
JULY 25 2014..........SUNRISE   559 AM EDT   SUNSET   828 PM EDT


-  INDICATES NEGATIVE NUMBERS.
R  INDICATES RECORD WAS SET OR TIED.
MM INDICATES DATA IS MISSING.
T  INDICATES TRACE AMOUNT.




$$
