000
CDUS41 KCTP 290636
CLIMDT


CLIMATE REPORT
NATIONAL WEATHER SERVICE STATE COLLEGE PA
236 AM EDT SAT APR 29 2017


...................................

...THE HARRISBURG PA CLIMATE SUMMARY FOR APRIL 28 2017...

CLIMATE NORMAL PERIOD 1981 TO 2010
CLIMATE RECORD PERIOD 1888 TO 2017


WEATHER ITEM   OBSERVED TIME   RECORD YEAR NORMAL DEPARTURE LAST
                VALUE   (LST)  VALUE       VALUE  FROM      YEAR
                                                  NORMAL
..................................................................
TEMPERATURE (F)
 YESTERDAY
  MAXIMUM         83    351 PM  90    1957  67     16       54
  MINIMUM         58    536 AM  33    1934  46     12       45
                                      1928
  AVERAGE         71                        56     15       50

PRECIPITATION (IN)
  YESTERDAY        0.00          1.55 2011   0.10  -0.10     0.37
  MONTH TO DATE    3.00                      2.89   0.11     2.36
  SINCE MAR 1      7.72                      6.26   1.46     3.66
  SINCE JAN 1     12.10                     11.53   0.57    13.58

SNOWFALL (IN)
  YESTERDAY        0.0           0.9  1928   0.0    0.0      0.0
  MONTH TO DATE    0.0                       0.4   -0.4      1.2
  SINCE MAR 1     18.4                       5.6   12.8      1.4
  SINCE JUL 1     23.9                      30.6   -6.7     39.1
  SNOW DEPTH       0

DEGREE DAYS
 HEATING
  YESTERDAY        0                         9     -9       15
  MONTH TO DATE  216                       375   -159      362
  SINCE MAR 1    978                      1098   -120      882
  SINCE JUL 1   4216                      5086   -870     4254

 COOLING
  YESTERDAY        6                         0      6        0
  MONTH TO DATE   15                         0     15       11
  SINCE MAR 1     15                         1     14       12
  SINCE JAN 1     15                         1     14       12
..................................................................


WIND (MPH)
  HIGHEST WIND SPEED    12   HIGHEST WIND DIRECTION    NW (300)
  HIGHEST GUST SPEED    16   HIGHEST GUST DIRECTION    NW (300)
  AVERAGE WIND SPEED     4.6


SKY COVER
  POSSIBLE SUNSHINE  MM
  AVERAGE SKY COVER 0.5


WEATHER CONDITIONS
 THE FOLLOWING WEATHER WAS RECORDED YESTERDAY.
  FOG


RELATIVE HUMIDITY (PERCENT)
 HIGHEST   100           300 AM
 LOWEST     28           400 PM
 AVERAGE    64

..........................................................


THE HARRISBURG PA CLIMATE NORMALS FOR TODAY
                         NORMAL    RECORD    YEAR
 MAXIMUM TEMPERATURE (F)   67        90      1974
 MINIMUM TEMPERATURE (F)   46        32      2001


SUNRISE AND SUNSET
APRIL 29 2017.........SUNRISE   609 AM EDT   SUNSET   800 PM EDT
APRIL 30 2017.........SUNRISE   608 AM EDT   SUNSET   801 PM EDT


-  INDICATES NEGATIVE NUMBERS.
R  INDICATES RECORD WAS SET OR TIED.
MM INDICATES DATA IS MISSING.
T  INDICATES TRACE AMOUNT.




$$
