000
CDUS41 KCTP 210621
CLIMDT


CLIMATE REPORT
NATIONAL WEATHER SERVICE STATE COLLEGE PA
221 AM EDT THU AUG 21 2014


...................................

...THE HARRISBURG PA CLIMATE SUMMARY FOR AUGUST 20 2014...

CLIMATE NORMAL PERIOD 1981 TO 2010
CLIMATE RECORD PERIOD 1888 TO 2014


WEATHER ITEM   OBSERVED TIME   RECORD YEAR NORMAL DEPARTURE LAST
                VALUE   (LST)  VALUE       VALUE  FROM      YEAR
                                                  NORMAL
..................................................................
TEMPERATURE (F)
 YESTERDAY
  MAXIMUM         84    105 PM 100    1983  83      1       85
                                      1962
  MINIMUM         69    416 AM  50    1964  64      5       63
                                      1949
                                      1944
  AVERAGE         77                        74      3       74

PRECIPITATION (IN)
  YESTERDAY        0.01          1.97 2004   0.10  -0.09     0.00
  MONTH TO DATE    3.46                      2.08   1.38     2.11
  SINCE JUN 1     11.58                     10.29   1.29    11.11
  SINCE JAN 1     33.22                     25.82   7.40    23.27

DEGREE DAYS
 HEATING
  YESTERDAY        0                         0      0        0
  MONTH TO DATE    0                         0      0        0
  SINCE JUN 1      1                        18    -17        2
  SINCE JUL 1      0                         0      0        0

 COOLING
  YESTERDAY       12                         9      3        9
  MONTH TO DATE  151                       193    -42      127
  SINCE JUN 1    748                       744      4      759
  SINCE JAN 1    808                       809     -1      842
..................................................................


WIND (MPH)
  HIGHEST WIND SPEED    12   HIGHEST WIND DIRECTION    SE (150)
  HIGHEST GUST SPEED    14   HIGHEST GUST DIRECTION    SE (140)
  AVERAGE WIND SPEED     4.6


SKY COVER
  POSSIBLE SUNSHINE  MM
  AVERAGE SKY COVER 0.8


WEATHER CONDITIONS
 THE FOLLOWING WEATHER WAS RECORDED YESTERDAY.
  LIGHT RAIN


RELATIVE HUMIDITY (PERCENT)
 HIGHEST    87           400 PM
 LOWEST     55           100 PM
 AVERAGE    71

..........................................................


THE HARRISBURG PA CLIMATE NORMALS FOR TODAY
                         NORMAL    RECORD    YEAR
 MAXIMUM TEMPERATURE (F)   83        97      1916
 MINIMUM TEMPERATURE (F)   64        50      2000
                                             1949
                                             1940


SUNRISE AND SUNSET
AUGUST 21 2014........SUNRISE   624 AM EDT   SUNSET   756 PM EDT
AUGUST 22 2014........SUNRISE   625 AM EDT   SUNSET   754 PM EDT


-  INDICATES NEGATIVE NUMBERS.
R  INDICATES RECORD WAS SET OR TIED.
MM INDICATES DATA IS MISSING.
T  INDICATES TRACE AMOUNT.




$$
