000
CDUS41 KCTP 300630
CLIMDT


CLIMATE REPORT
NATIONAL WEATHER SERVICE STATE COLLEGE PA
229 AM EDT TUE JUN 30 2015


...................................

...THE HARRISBURG PA CLIMATE SUMMARY FOR JUNE 29 2015...

CLIMATE NORMAL PERIOD 1981 TO 2010
CLIMATE RECORD PERIOD 1888 TO 2015


WEATHER ITEM   OBSERVED TIME   RECORD YEAR NORMAL DEPARTURE LAST
                VALUE   (LST)  VALUE       VALUE  FROM      YEAR
                                                  NORMAL
..................................................................
TEMPERATURE (F)
 YESTERDAY
  MAXIMUM         81    433 PM 100    1934  85     -4       84
  MINIMUM         56    429 AM  53    1956  65     -9       66
  AVERAGE         69                        75     -6       75

PRECIPITATION (IN)
  YESTERDAY        0.00          2.07 1928   0.12  -0.12     0.00
  MONTH TO DATE    6.76                      3.47   3.29     3.78
  SINCE JUN 1      6.76                      3.47   3.29     3.78
  SINCE JAN 1     19.50                     19.00   0.50    25.42

DEGREE DAYS
 HEATING
  YESTERDAY        0                         0      0        0
  MONTH TO DATE   13                        17     -4        1
  SINCE JUN 1     13                        17     -4        1
  SINCE JUL 1   5600                      5268    332     5726

 COOLING
  YESTERDAY        4                        10     -6       10
  MONTH TO DATE  250                       203     47      233
  SINCE JUN 1    250                       203     47      233
  SINCE JAN 1    424                       268    156      293
..................................................................


WIND (MPH)
  HIGHEST WIND SPEED    13   HIGHEST WIND DIRECTION    SW (220)
  HIGHEST GUST SPEED    17   HIGHEST GUST DIRECTION    SW (230)
  AVERAGE WIND SPEED     4.8


SKY COVER
  POSSIBLE SUNSHINE  MM
  AVERAGE SKY COVER 0.4


WEATHER CONDITIONS
 THE FOLLOWING WEATHER WAS RECORDED YESTERDAY.
  NO SIGNIFICANT WEATHER WAS OBSERVED.


RELATIVE HUMIDITY (PERCENT)
 HIGHEST    86           500 AM
 LOWEST     45           100 PM
 AVERAGE    66

..........................................................


THE HARRISBURG PA CLIMATE NORMALS FOR TODAY
                         NORMAL    RECORD    YEAR
 MAXIMUM TEMPERATURE (F)   85        97      1991
                                             1964
                                             1901
 MINIMUM TEMPERATURE (F)   65        49      1988


SUNRISE AND SUNSET
JUNE 30 2015..........SUNRISE   541 AM EDT   SUNSET   841 PM EDT
JULY  1 2015..........SUNRISE   541 AM EDT   SUNSET   840 PM EDT


-  INDICATES NEGATIVE NUMBERS.
R  INDICATES RECORD WAS SET OR TIED.
MM INDICATES DATA IS MISSING.
T  INDICATES TRACE AMOUNT.




$$
