000
CDUS41 KCTP 260626
CLIMDT


CLIMATE REPORT
NATIONAL WEATHER SERVICE STATE COLLEGE PA
125 AM EST MON JAN 26 2015


...................................

...THE HARRISBURG PA CLIMATE SUMMARY FOR JANUARY 25 2015...

CLIMATE NORMAL PERIOD 1981 TO 2010
CLIMATE RECORD PERIOD 1888 TO 2015


WEATHER ITEM   OBSERVED TIME   RECORD YEAR NORMAL DEPARTURE LAST
                VALUE   (LST)  VALUE       VALUE  FROM      YEAR
                                                  NORMAL
..................................................................
TEMPERATURE (F)
 YESTERDAY
  MAXIMUM         39    429 PM  71    1967  37      2       28
  MINIMUM         31   1159 PM   0    1936  22      9       14
  AVERAGE         35                        30      5       21

PRECIPITATION (IN)
  YESTERDAY        0.10          1.48 1978   0.09   0.01      T
  MONTH TO DATE    2.29                      2.35  -0.06     2.44
  SINCE DEC 1      5.55                      5.58  -0.03     6.18
  SINCE JAN 1      2.29                      2.35  -0.06     2.44

SNOWFALL (IN)
  YESTERDAY        0.2           5.4  1988   0.3   -0.1      0.1
  MONTH TO DATE    9.2                       6.7    2.5     11.8
  SINCE DEC 1     11.3                      11.8   -0.5     21.0
  SINCE JUL 1     13.7                      12.4    1.3     21.0
  SNOW DEPTH       1

DEGREE DAYS
 HEATING
  YESTERDAY       30                        35     -5       44
  MONTH TO DATE  933                       872     61     1008
  SINCE DEC 1   1813                      1834    -21     1956
  SINCE JUL 1   2826                      2873    -47     3009

 COOLING
  YESTERDAY        0                         0      0        0
  MONTH TO DATE    0                         0      0        0
  SINCE DEC 1      0                         0      0        0
  SINCE JAN 1      0                         0      0        0
..................................................................


WIND (MPH)
  HIGHEST WIND SPEED    16   HIGHEST WIND DIRECTION     W (270)
  HIGHEST GUST SPEED    20   HIGHEST GUST DIRECTION     W (260)
  AVERAGE WIND SPEED     7.1


SKY COVER
  POSSIBLE SUNSHINE  MM
  AVERAGE SKY COVER 1.0


WEATHER CONDITIONS
 THE FOLLOWING WEATHER WAS RECORDED YESTERDAY.
  RAIN
  LIGHT RAIN
  LIGHT SNOW
  FOG


RELATIVE HUMIDITY (PERCENT)
 HIGHEST    92           700 PM
 LOWEST     64           500 AM
 AVERAGE    78

..........................................................


THE HARRISBURG PA CLIMATE NORMALS FOR TODAY
                         NORMAL    RECORD    YEAR
 MAXIMUM TEMPERATURE (F)   37        73      1950
 MINIMUM TEMPERATURE (F)   22        -2      1948


SUNRISE AND SUNSET
JANUARY 26 2015.......SUNRISE   721 AM EST   SUNSET   518 PM EST
JANUARY 27 2015.......SUNRISE   721 AM EST   SUNSET   520 PM EST


-  INDICATES NEGATIVE NUMBERS.
R  INDICATES RECORD WAS SET OR TIED.
MM INDICATES DATA IS MISSING.
T  INDICATES TRACE AMOUNT.




$$
