000
CDUS41 KCTP 180644
CLIMDT


CLIMATE REPORT
NATIONAL WEATHER SERVICE STATE COLLEGE PA
244 AM EDT WED OCT 18 2017


...................................

...THE HARRISBURG PA CLIMATE SUMMARY FOR OCTOBER 17 2017...

CLIMATE NORMAL PERIOD 1981 TO 2010
CLIMATE RECORD PERIOD 1888 TO 2017


WEATHER ITEM   OBSERVED TIME   RECORD YEAR NORMAL DEPARTURE LAST
                VALUE   (LST)  VALUE       VALUE  FROM      YEAR
                                                  NORMAL
..................................................................
TEMPERATURE (F)
 YESTERDAY
  MAXIMUM         62    325 PM  86    1908  64     -2       80
  MINIMUM         39    628 AM  31    1937  44     -5       54
  AVERAGE         51                        54     -3       67

PRECIPITATION (IN)
  YESTERDAY        0.00          2.49 1932   0.10  -0.10     0.00
  MONTH TO DATE    2.16                      1.94   0.22     0.58
  SINCE SEP 1      4.71                      6.01  -1.30     5.00
  SINCE JAN 1     38.92                     32.95   5.97    35.77

SNOWFALL (IN)
  YESTERDAY        0.0           0.0  2002   0.0    0.0      0.0
                                      2001
  MONTH TO DATE    0.0                       0.0    0.0      0.0
  SINCE SEP 1      0.0                       0.0    0.0      0.0
  SINCE JUL 1      0.0                       0.0    0.0      0.0
  SNOW DEPTH       0

DEGREE DAYS
 HEATING
  YESTERDAY       14                        11      3        0
  MONTH TO DATE   56                       151    -95       91
  SINCE SEP 1     94                       221   -127      112
  SINCE JUL 1     96                       223   -127      112

 COOLING
  YESTERDAY        0                         0      0        2
  MONTH TO DATE   61                        10     51        4
  SINCE SEP 1    216                       107    109      227
  SINCE JAN 1   1214                      1003    211     1491
..................................................................


WIND (MPH)
  HIGHEST WIND SPEED    10   HIGHEST WIND DIRECTION    SW (210)
  HIGHEST GUST SPEED    13   HIGHEST GUST DIRECTION    SW (220)
  AVERAGE WIND SPEED     2.7


SKY COVER
  POSSIBLE SUNSHINE  MM
  AVERAGE SKY COVER 0.0


WEATHER CONDITIONS
 THE FOLLOWING WEATHER WAS RECORDED YESTERDAY.
  HAZE


RELATIVE HUMIDITY (PERCENT)
 HIGHEST    92           600 AM
 LOWEST     30           300 PM
 AVERAGE    61

..........................................................


THE HARRISBURG PA CLIMATE NORMALS FOR TODAY
                         NORMAL    RECORD    YEAR
 MAXIMUM TEMPERATURE (F)   63        84      2016
 MINIMUM TEMPERATURE (F)   44        30      1982


SUNRISE AND SUNSET
OCTOBER 18 2017.......SUNRISE   721 AM EDT   SUNSET   623 PM EDT
OCTOBER 19 2017.......SUNRISE   722 AM EDT   SUNSET   621 PM EDT


-  INDICATES NEGATIVE NUMBERS.
R  INDICATES RECORD WAS SET OR TIED.
MM INDICATES DATA IS MISSING.
T  INDICATES TRACE AMOUNT.




$$
