000
CDUS41 KCTP 100627
CLIMDT


CLIMATE REPORT
NATIONAL WEATHER SERVICE STATE COLLEGE PA
126 AM EST SAT DEC 10 2016


...................................

...THE HARRISBURG PA CLIMATE SUMMARY FOR DECEMBER 9 2016...

CLIMATE NORMAL PERIOD 1981 TO 2010
CLIMATE RECORD PERIOD 1888 TO 2016


WEATHER ITEM   OBSERVED TIME   RECORD YEAR NORMAL DEPARTURE LAST
                VALUE   (LST)  VALUE       VALUE  FROM      YEAR
                                                  NORMAL
..................................................................
TEMPERATURE (F)
 YESTERDAY
  MAXIMUM         37    152 PM  68    1946  43     -6       46
  MINIMUM         30   1159 PM   7    1989  28      2       28
  AVERAGE         34                        36     -2       37

PRECIPITATION (IN)
  YESTERDAY        0.00          1.54 1973   0.11  -0.11      T
  MONTH TO DATE    1.03                      1.04  -0.01     1.04
  SINCE DEC 1      1.03                      1.04  -0.01     1.04
  SINCE JAN 1     39.64                     38.55   1.09    38.80

SNOWFALL (IN)
  YESTERDAY        0.0           8.0  2005   0.2   -0.2      0.0
  MONTH TO DATE    T                         1.2   -1.2      0.0
  SINCE DEC 1      T                         1.2   -1.2      0.0
  SINCE JUL 1      T                         1.8   -1.8      0.0
  SNOW DEPTH       0

DEGREE DAYS
 HEATING
  YESTERDAY       31                        29      2       28
  MONTH TO DATE  209                       254    -45      218
  SINCE DEC 1    209                       254    -45      218
  SINCE JUL 1    995                      1293   -298      993

 COOLING
  YESTERDAY        0                         0      0        0
  MONTH TO DATE    0                         0      0        0
  SINCE DEC 1      0                         0      0        0
  SINCE JAN 1   1515                      1002    513     1334
..................................................................


WIND (MPH)
  HIGHEST WIND SPEED    29   HIGHEST WIND DIRECTION    NW (310)
  HIGHEST GUST SPEED    35   HIGHEST GUST DIRECTION    NW (300)
  AVERAGE WIND SPEED    15.3


SKY COVER
  POSSIBLE SUNSHINE  MM
  AVERAGE SKY COVER 0.6


WEATHER CONDITIONS
 THE FOLLOWING WEATHER WAS RECORDED YESTERDAY.
  NO SIGNIFICANT WEATHER WAS OBSERVED.


RELATIVE HUMIDITY (PERCENT)
 HIGHEST    63           600 AM
 LOWEST     47           300 PM
 AVERAGE    55

..........................................................


THE HARRISBURG PA CLIMATE NORMALS FOR TODAY
                         NORMAL    RECORD    YEAR
 MAXIMUM TEMPERATURE (F)   43        71      1946
 MINIMUM TEMPERATURE (F)   28         6      1917


SUNRISE AND SUNSET
DECEMBER 10 2016......SUNRISE   719 AM EST   SUNSET   441 PM EST
DECEMBER 11 2016......SUNRISE   720 AM EST   SUNSET   441 PM EST


-  INDICATES NEGATIVE NUMBERS.
R  INDICATES RECORD WAS SET OR TIED.
MM INDICATES DATA IS MISSING.
T  INDICATES TRACE AMOUNT.




$$
