000
CDUS41 KCTP 190637
CLIMDT


CLIMATE REPORT
NATIONAL WEATHER SERVICE STATE COLLEGE PA
137 AM EST MON FEB 19 2018


...................................

...THE HARRISBURG PA CLIMATE SUMMARY FOR FEBRUARY 18 2018...

CLIMATE NORMAL PERIOD 1981 TO 2010
CLIMATE RECORD PERIOD 1888 TO 2018


WEATHER ITEM   OBSERVED TIME   RECORD YEAR NORMAL DEPARTURE LAST
                VALUE   (LST)  VALUE       VALUE  FROM      YEAR
                                                  NORMAL
..................................................................
TEMPERATURE (F)
 YESTERDAY
  MAXIMUM         44    300 PM  69    2011  41      3       68
                                      1890
  MINIMUM         28   1054 PM  -5    1979  26      2       26
  AVERAGE         36                        34      2       47

PRECIPITATION (IN)
  YESTERDAY        0.00          0.96 1960   0.09  -0.09     0.00
  MONTH TO DATE    4.07                      1.49   2.58     1.21
  SINCE DEC 1      9.25                      7.60   1.65     6.20
  SINCE JAN 1      8.07                      4.37   3.70     3.84

SNOWFALL (IN)
  YESTERDAY        0.0           9.7  1964   0.4   -0.4      0.0
  MONTH TO DATE    6.7                       7.1   -0.4      3.6
  SINCE DEC 1     18.1                      21.0   -2.9      5.5
  SINCE JUL 1     18.1                      21.6   -3.5      5.5
  SNOW DEPTH       3

DEGREE DAYS
 HEATING
  YESTERDAY       29                        31     -2       18
  MONTH TO DATE  551                       600    -49      506
  SINCE DEC 1   2672                      2650     22     2299
  SINCE JUL 1   3527                      3689   -162     3085

 COOLING
  YESTERDAY        0                         0      0        0
  MONTH TO DATE    0                         0      0        0
  SINCE DEC 1      0                         0      0        0
  SINCE JAN 1      0                         0      0        0
..................................................................


WIND (MPH)
  HIGHEST WIND SPEED    17   HIGHEST WIND DIRECTION     N (340)
  HIGHEST GUST SPEED    24   HIGHEST GUST DIRECTION    NW (330)
  AVERAGE WIND SPEED     5.8


SKY COVER
  POSSIBLE SUNSHINE  MM
  AVERAGE SKY COVER 0.6


WEATHER CONDITIONS
 THE FOLLOWING WEATHER WAS RECORDED YESTERDAY.
  NO SIGNIFICANT WEATHER WAS OBSERVED.


RELATIVE HUMIDITY (PERCENT)
 HIGHEST    92           100 AM
 LOWEST     49           200 PM
 AVERAGE    71

..........................................................


THE HARRISBURG PA CLIMATE NORMALS FOR TODAY
                         NORMAL    RECORD    YEAR
 MAXIMUM TEMPERATURE (F)   42        69      2017
 MINIMUM TEMPERATURE (F)   26         0      1959


SUNRISE AND SUNSET
FEBRUARY 19 2018......SUNRISE   655 AM EST   SUNSET   547 PM EST
FEBRUARY 20 2018......SUNRISE   654 AM EST   SUNSET   549 PM EST


-  INDICATES NEGATIVE NUMBERS.
R  INDICATES RECORD WAS SET OR TIED.
MM INDICATES DATA IS MISSING.
T  INDICATES TRACE AMOUNT.




$$
