000
CDUS41 KCTP 172124
CLIMDT


CLIMATE REPORT
NATIONAL WEATHER SERVICE STATE COLLEGE PA
524 PM EDT THU AUG 17 2017


...................................

...THE HARRISBURG PA CLIMATE SUMMARY FOR AUGUST 17 2017...
VALID TODAY AS OF 0500 PM LOCAL TIME.

CLIMATE NORMAL PERIOD 1981 TO 2010
CLIMATE RECORD PERIOD 1888 TO 2017


WEATHER ITEM   OBSERVED TIME   RECORD YEAR NORMAL DEPARTURE LAST
                VALUE   (LST)  VALUE       VALUE  FROM      YEAR
                                                  NORMAL
..................................................................
TEMPERATURE (F)
 TODAY
  MAXIMUM         87    334 PM  97    1999  84      3       88
                                      1965
  MINIMUM         66    556 AM  48    1979  65      1       73
  AVERAGE         77                        74      3       81

PRECIPITATION (IN)
  TODAY            0.00          2.08 1994   0.10  -0.10     0.04
  MONTH TO DATE    3.54                      1.79   1.75     1.68
  SINCE JUN 1     16.63                     10.00   6.63    11.24
  SINCE JAN 1     33.08                     25.53   7.55    28.43

DEGREE DAYS
 HEATING
  TODAY            0                         0      0        0
  MONTH TO DATE    0                         0      0        0
  SINCE JUN 1      7                        18    -11        5
  SINCE JUL 1      0                         0      0        0

 COOLING
  TODAY           12                         9      3       16
  MONTH TO DATE  151                       166    -15      262
  SINCE JUN 1    815                       717     98      983
  SINCE JAN 1    892                       782    110     1080
..................................................................


WIND (MPH)
  HIGHEST WIND SPEED    12   HIGHEST WIND DIRECTION    SE (120)
  HIGHEST GUST SPEED    13   HIGHEST GUST DIRECTION    SE (130)
  AVERAGE WIND SPEED     2.6


SKY COVER
  POSSIBLE SUNSHINE  MM
  AVERAGE SKY COVER 0.5


WEATHER CONDITIONS
 THE FOLLOWING WEATHER WAS RECORDED TODAY.
  FOG
  HAZE


RELATIVE HUMIDITY (PERCENT)
 HIGHEST   100           400 AM
 LOWEST     61          1200 PM
 AVERAGE    81

..........................................................


THE HARRISBURG PA CLIMATE NORMALS FOR TOMORROW
                         NORMAL    RECORD    YEAR
 MAXIMUM TEMPERATURE (F)   83        97      1965
 MINIMUM TEMPERATURE (F)   65        48      1981


SUNRISE AND SUNSET
AUGUST 17 2017........SUNRISE   621 AM EDT   SUNSET   801 PM EDT
AUGUST 18 2017........SUNRISE   621 AM EDT   SUNSET   800 PM EDT


-  INDICATES NEGATIVE NUMBERS.
R  INDICATES RECORD WAS SET OR TIED.
MM INDICATES DATA IS MISSING.
T  INDICATES TRACE AMOUNT.




$$
