000
CDUS41 KCTP 020638
CLIMDT


CLIMATE REPORT
NATIONAL WEATHER SERVICE STATE COLLEGE PA
238 AM EDT SUN AUG 2 2015


...................................

...THE HARRISBURG PA CLIMATE SUMMARY FOR AUGUST 1 2015...

CLIMATE NORMAL PERIOD 1981 TO 2010
CLIMATE RECORD PERIOD 1888 TO 2015


WEATHER ITEM   OBSERVED TIME   RECORD YEAR NORMAL DEPARTURE LAST
                VALUE   (LST)  VALUE       VALUE  FROM      YEAR
                                                  NORMAL
..................................................................
TEMPERATURE (F)
 YESTERDAY
  MAXIMUM         88    329 PM  97    2002  85      3       83
                                      1955
                                      1933
  MINIMUM         67    458 AM  54    1964  66      1       65
  AVERAGE         78                        75      3       74

PRECIPITATION (IN)
  YESTERDAY        0.00          2.05 2004   0.11  -0.11     0.01
  MONTH TO DATE    0.00                      0.11  -0.11     0.01
  SINCE JUN 1      9.53                      8.32   1.21     8.13
  SINCE JAN 1     22.27                     23.85  -1.58    29.77

DEGREE DAYS
 HEATING
  YESTERDAY        0                         0      0        0
  MONTH TO DATE    0                         0      0        0
  SINCE JUN 1     13                        18     -5        1
  SINCE JUL 1      0                         0      0        0

 COOLING
  YESTERDAY       13                        10      3        9
  MONTH TO DATE   13                        10      3        9
  SINCE JUN 1    622                       561     61      606
  SINCE JAN 1    796                       626    170      666
..................................................................


WIND (MPH)
  HIGHEST WIND SPEED    17   HIGHEST WIND DIRECTION    NW (310)
  HIGHEST GUST SPEED    22   HIGHEST GUST DIRECTION    NW (300)
  AVERAGE WIND SPEED     6.1


SKY COVER
  POSSIBLE SUNSHINE  MM
  AVERAGE SKY COVER 0.4


WEATHER CONDITIONS
 THE FOLLOWING WEATHER WAS RECORDED YESTERDAY.
  NO SIGNIFICANT WEATHER WAS OBSERVED.


RELATIVE HUMIDITY (PERCENT)
 HIGHEST    87           500 AM
 LOWEST     31           100 PM
 AVERAGE    59

..........................................................


THE HARRISBURG PA CLIMATE NORMALS FOR TODAY
                         NORMAL    RECORD    YEAR
 MAXIMUM TEMPERATURE (F)   85       100      2002
                                             1991
 MINIMUM TEMPERATURE (F)   66        53      1947


SUNRISE AND SUNSET
AUGUST  2 2015........SUNRISE   606 AM EDT   SUNSET   820 PM EDT
AUGUST  3 2015........SUNRISE   607 AM EDT   SUNSET   819 PM EDT


-  INDICATES NEGATIVE NUMBERS.
R  INDICATES RECORD WAS SET OR TIED.
MM INDICATES DATA IS MISSING.
T  INDICATES TRACE AMOUNT.




$$
