000
CDUS43 KLOT 250643
CLIMDW


CLIMATE REPORT
NATIONAL WEATHER SERVICE CHICAGO IL
143 AM CDT FRI APR 25 2014


...................................

...THE CHICAGO-MIDWAY CLIMATE SUMMARY FOR APRIL 24 2014...

CLIMATE NORMAL PERIOD 1981 TO 2010
CLIMATE RECORD PERIOD 1928 TO 2014


WEATHER ITEM   OBSERVED TIME   RECORD YEAR NORMAL DEPARTURE LAST
                VALUE   (LST)  VALUE       VALUE  FROM      YEAR
                                                  NORMAL
..................................................................
TEMPERATURE (F)
 YESTERDAY
  MAXIMUM         64    242 PM  89    1990  63      1       51
  MINIMUM         41    133 AM  29    1930  45     -4       37
  AVERAGE         53                        54     -1       44

PRECIPITATION (IN)
  YESTERDAY        0.01          2.05 1976   0.12  -0.11     0.01
  MONTH TO DATE    2.26                      2.88  -0.62     6.37
  SINCE MAR 1      3.35                      5.60  -2.25     7.63
  SINCE JAN 1      5.84                      9.60  -3.76    11.88

DEGREE DAYS
 HEATING
  YESTERDAY       12                        12      0       21
  MONTH TO DATE  379                       385     -6      466
  SINCE MAR 1   1376                      1197    179     1429
  SINCE JUL 1   6578                      5708    870     5581

 COOLING
  YESTERDAY        0                         1     -1        0
  MONTH TO DATE    5                         6     -1        0
  SINCE MAR 1      5                         7     -2        0
  SINCE JAN 1      5                         7     -2        0
..................................................................


WIND (MPH)
  RESULTANT WIND SPEED  11   RESULTANT WIND DIRECTION  SE (130)
  HIGHEST WIND SPEED    26   HIGHEST WIND DIRECTION    SE (140)
  HIGHEST GUST SPEED    36   HIGHEST GUST DIRECTION    SE (140)
  AVERAGE WIND SPEED    13.5



WEATHER CONDITIONS
 THE FOLLOWING WEATHER WAS RECORDED YESTERDAY.
  LIGHT RAIN


..........................................................


THE CHICAGO-MIDWAY CLIMATE NORMALS FOR TODAY
                         NORMAL    RECORD    YEAR
 MAXIMUM TEMPERATURE (F)   63        89      1990
 MINIMUM TEMPERATURE (F)   45        27      1934


SUNRISE AND SUNSET
APRIL 25 2014.........SUNRISE   556 AM CDT   SUNSET   743 PM CDT
APRIL 26 2014.........SUNRISE   554 AM CDT   SUNSET   744 PM CDT


-  INDICATES NEGATIVE NUMBERS.
R  INDICATES RECORD WAS SET OR TIED.
MM INDICATES DATA IS MISSING.
T  INDICATES TRACE AMOUNT.




$$
