000
CDUS44 KMEG 280748
CLIMEG


CLIMATE REPORT
NATIONAL WEATHER SERVICE MEMPHIS TN
147 AM CST FRI NOV 28 2014


...................................

...THE MEMPHIS/GERMANTOWN WFO CLIMATE SUMMARY FOR NOVEMBER 27 2014...

CLIMATE NORMAL PERIOD 1981 TO 2010
CLIMATE RECORD PERIOD 1988 TO 2014


WEATHER ITEM   OBSERVED TIME   RECORD YEAR NORMAL DEPARTURE LAST
                VALUE   (LST)  VALUE       VALUE  FROM      YEAR
                                                  NORMAL
..................................................................
TEMPERATURE (F)
 YESTERDAY
  MAXIMUM         46        MM  77    1989  57    -11       34
  MINIMUM         30        MM  21    2013  37     -7       21
  AVERAGE         38                        47     -9       28

PRECIPITATION (IN)
  YESTERDAY        0.00          2.07 1988   0.21  -0.21     0.00
  MONTH TO DATE    2.70                      4.73  -2.03     2.85
  SINCE SEP 1     12.19                     12.31  -0.12    10.21
  SINCE JAN 1     55.15                     48.32   6.83    58.57

SNOWFALL (IN)
  YESTERDAY        0.0          MM      MM   0.0    0.0      0.0
  MONTH TO DATE    0.3                       0.0    0.3       T
  SINCE SEP 1      0.3                       0.0    0.3       T
  SINCE JUL 1      0.3                       0.0    0.3       T
  SNOW DEPTH       0

DEGREE DAYS
 HEATING
  YESTERDAY       27                        18      9       37
  MONTH TO DATE  518                       359    159      442
  SINCE SEP 1    635                       543     92      582
  SINCE JUL 1    635                       543     92      582

 COOLING
  YESTERDAY        0                         0      0        0
  MONTH TO DATE    0                         7     -7        2
  SINCE SEP 1    384                       329     55      416
  SINCE JAN 1   1965                      1924     41     1964
..................................................................







THE MEMPHIS/GERMANTOWN WFO CLIMATE NORMALS FOR TODAY
                         NORMAL    RECORD    YEAR
 MAXIMUM TEMPERATURE (F)   57        79      1990
 MINIMUM TEMPERATURE (F)   36        19      2013


SUNRISE AND SUNSET
NOVEMBER 28 2014......SUNRISE   646 AM CST   SUNSET   448 PM CST
NOVEMBER 29 2014......SUNRISE   647 AM CST   SUNSET   448 PM CST


-  INDICATES NEGATIVE NUMBERS.
R  INDICATES RECORD WAS SET OR TIED.
MM INDICATES DATA IS MISSING.
T  INDICATES TRACE AMOUNT.




$$
