000
CDUS44 KMEG 072150
CLIMEG


CLIMATE REPORT
NATIONAL WEATHER SERVICE MEMPHIS TN
449 PM CDT TUE JUL 7 2015


...................................

...THE MEMPHIS/GERMANTOWN WFO CLIMATE SUMMARY FOR JULY 7 2015...
VALID TODAY AS OF 0400 PM LOCAL TIME.

CLIMATE NORMAL PERIOD 1981 TO 2010
CLIMATE RECORD PERIOD 1988 TO 2015


WEATHER ITEM   OBSERVED TIME   RECORD YEAR NORMAL DEPARTURE LAST
                VALUE   (LST)  VALUE       VALUE  FROM      YEAR
                                                  NORMAL
..................................................................
TEMPERATURE (F)
 TODAY
  MAXIMUM         91    250 PM 100    1998  91      0       90
  MINIMUM         76    550 AM  63    2006  71      5       70
  AVERAGE         84                        81      3       80

PRECIPITATION (IN)
  TODAY            0.00          1.50 1994   0.14  -0.14     0.00
  MONTH TO DATE    2.22                      0.96   1.26     0.12
  SINCE JUN 1      5.16                      4.64   0.52    13.21
  SINCE JAN 1     26.84                     29.13  -2.29    38.79

SNOWFALL (IN)
  TODAY            0.0

DEGREE DAYS
 HEATING
  TODAY            0                         0      0        0
  MONTH TO DATE    0                         0      0        0
  SINCE JUN 1      0                         2     -2        0
  SINCE JUL 1      0                         0      0        0

 COOLING
  TODAY           19                        16      3       15
  MONTH TO DATE   93                       110    -17       78
  SINCE JUN 1    545                       491     54      495
  SINCE JAN 1    845                       742    103      794
..................................................................







THE MEMPHIS/GERMANTOWN WFO CLIMATE NORMALS FOR TOMORROW
                         NORMAL    RECORD    YEAR
 MAXIMUM TEMPERATURE (F)   91       102      1998
 MINIMUM TEMPERATURE (F)   71        64        MM


SUNRISE AND SUNSET
JULY  7 2015..........SUNRISE   551 AM CDT   SUNSET   817 PM CDT
JULY  8 2015..........SUNRISE   552 AM CDT   SUNSET   816 PM CDT


-  INDICATES NEGATIVE NUMBERS.
R  INDICATES RECORD WAS SET OR TIED.
MM INDICATES DATA IS MISSING.
T  INDICATES TRACE AMOUNT.




$$
