000
CDUS44 KMEG 250737
CLIMEG


CLIMATE REPORT
NATIONAL WEATHER SERVICE MEMPHIS TN
137 AM CST SAT FEB 25 2017


...................................

...THE MEMPHIS/GERMANTOWN WFO CLIMATE SUMMARY FOR FEBRUARY 24 2017...

CLIMATE NORMAL PERIOD 1981 TO 2010
CLIMATE RECORD PERIOD 1988 TO 2017


WEATHER ITEM   OBSERVED TIME   RECORD YEAR NORMAL DEPARTURE LAST
                VALUE   (LST)  VALUE       VALUE  FROM      YEAR
                                                  NORMAL
..................................................................
TEMPERATURE (F)
 YESTERDAY
  MAXIMUM         68        MM  77    2000  56     12       47
  MINIMUM         52        MM  16    1989  35     17       37
  AVERAGE         60                        45     15       42

PRECIPITATION (IN)
  YESTERDAY        T             1.67 2007   0.18  -0.18     0.26
  MONTH TO DATE    1.27                      3.98  -2.71     6.21
  SINCE DEC 1     12.24                     13.88  -1.64    14.50
  SINCE JAN 1      4.93                      7.94  -3.01     8.95

SNOWFALL (IN)
  YESTERDAY        0.0           0.0    MM                   0.0
  MONTH TO DATE    0.0                                        T
  SINCE DEC 1      1.0                                       0.9
  SINCE JUL 1      1.0                                       0.9
  SNOW DEPTH       0

DEGREE DAYS
 HEATING
  YESTERDAY        5                        20    -15       23
  MONTH TO DATE  263                       542   -279      452
  SINCE DEC 1   1470                      2072   -602     1625
  SINCE JUL 1   1792                      2671   -879     2006

 COOLING
  YESTERDAY        0                         0      0        0
  MONTH TO DATE   13                         0     13        0
  SINCE DEC 1     18                         1     17       13
  SINCE JAN 1     13                         0     13        0
..................................................................







THE MEMPHIS/GERMANTOWN WFO CLIMATE NORMALS FOR TODAY
                         NORMAL    RECORD    YEAR
 MAXIMUM TEMPERATURE (F)   56        75      2000
 MINIMUM TEMPERATURE (F)   35        16      1989


SUNRISE AND SUNSET
FEBRUARY 25 2017......SUNRISE   633 AM CST   SUNSET   551 PM CST
FEBRUARY 26 2017......SUNRISE   632 AM CST   SUNSET   552 PM CST


-  INDICATES NEGATIVE NUMBERS.
R  INDICATES RECORD WAS SET OR TIED.
MM INDICATES DATA IS MISSING.
T  INDICATES TRACE AMOUNT.




$$
