000
CDUS44 KMEG 170637
CLIMEG


CLIMATE REPORT
NATIONAL WEATHER SERVICE MEMPHIS TN
137 AM CDT WED SEP 17 2014


...................................

...THE MEMPHIS/GERMANTOWN WFO CLIMATE SUMMARY FOR SEPTEMBER 16 2014...

CLIMATE NORMAL PERIOD 1981 TO 2010
CLIMATE RECORD PERIOD 1988 TO 2014


WEATHER ITEM   OBSERVED TIME   RECORD YEAR NORMAL DEPARTURE LAST
                VALUE   (LST)  VALUE       VALUE  FROM      YEAR
                                                  NORMAL
..................................................................
TEMPERATURE (F)
 YESTERDAY
  MAXIMUM         76        MM  95    2006  84     -8       88
  MINIMUM         65        MM  53    2008  62      3       58
                                      2007
                                      2003
  AVERAGE         71                        73     -2       73

PRECIPITATION (IN)
  YESTERDAY        0.00          1.74 1989   0.11  -0.11     0.00
  MONTH TO DATE    5.08                      1.67   3.41     0.91
  SINCE SEP 1      5.08                      1.67   3.41     0.91
  SINCE JAN 1     48.04                     37.68  10.36    49.27

SNOWFALL (IN)
  YESTERDAY        0.0          MM      MM   0.0    0.0      0.0
  MONTH TO DATE    0.0                       0.0    0.0      0.0
  SINCE SEP 1      0.0                       0.0    0.0      0.0
  SINCE JUL 1      0.0                       0.0    0.0      0.0
  SNOW DEPTH       0

DEGREE DAYS
 HEATING
  YESTERDAY        0                         0      0        0
  MONTH TO DATE    5                         0      5        0
  SINCE SEP 1      5                         0      5        0
  SINCE JUL 1      5                         0      5        0

 COOLING
  YESTERDAY        6                         8     -2        8
  MONTH TO DATE  185                       172     13      212
  SINCE SEP 1    185                       172     13      212
  SINCE JAN 1   1766                      1767     -1     1760
..................................................................







THE MEMPHIS/GERMANTOWN WFO CLIMATE NORMALS FOR TODAY
                         NORMAL    RECORD    YEAR
 MAXIMUM TEMPERATURE (F)   84        92      1991
 MINIMUM TEMPERATURE (F)   61        48      2000


SUNRISE AND SUNSET
SEPTEMBER 17 2014.....SUNRISE   643 AM CDT   SUNSET   703 PM CDT
SEPTEMBER 18 2014.....SUNRISE   644 AM CDT   SUNSET   702 PM CDT


-  INDICATES NEGATIVE NUMBERS.
R  INDICATES RECORD WAS SET OR TIED.
MM INDICATES DATA IS MISSING.
T  INDICATES TRACE AMOUNT.




$$
