000
CDUS44 KMEG 170758
CLIMEG


CLIMATE REPORT
NATIONAL WEATHER SERVICE MEMPHIS TN
146 AM CST WED DEC 17 2014


...................................

...THE MEMPHIS/GERMANTOWN WFO CLIMATE SUMMARY FOR DECEMBER 16 2014...

CLIMATE NORMAL PERIOD 1981 TO 2010
CLIMATE RECORD PERIOD 1988 TO 2014


WEATHER ITEM   OBSERVED TIME   RECORD YEAR NORMAL DEPARTURE LAST
                VALUE   (LST)  VALUE       VALUE  FROM      YEAR
                                                  NORMAL
..................................................................
TEMPERATURE (F)
 YESTERDAY
  MAXIMUM         50        MM  70    1995  51     -1       58
  MINIMUM         34        MM   7    1989  32      2       32
  AVERAGE         42                        41      1       45

PRECIPITATION (IN)
  YESTERDAY        0.00          0.68 2000   0.18  -0.18     0.00
  MONTH TO DATE    1.68                      3.24  -1.56     3.18
  SINCE DEC 1      1.68                      3.24  -1.56     3.18
  SINCE JAN 1     56.83                     52.19   4.64    61.75

SNOWFALL (IN)
  YESTERDAY        0.0           0.5  2000   0.0    0.0      0.0
  MONTH TO DATE    0.0                       0.0    0.0       T
  SINCE DEC 1      0.0                       0.0    0.0       T
  SINCE JUL 1      0.3                       0.0    0.3       T
  SNOW DEPTH       0

DEGREE DAYS
 HEATING
  YESTERDAY       23                        24     -1       20
  MONTH TO DATE  278                       348    -70      390
  SINCE DEC 1    278                       348    -70      390
  SINCE JUL 1    957                       947     10     1050

 COOLING
  YESTERDAY        0                         0      0        0
  MONTH TO DATE    0                         0      0        1
  SINCE DEC 1      0                         0      0        1
  SINCE JAN 1   1967                      1926     41     1965
..................................................................







THE MEMPHIS/GERMANTOWN WFO CLIMATE NORMALS FOR TODAY
                         NORMAL    RECORD    YEAR
 MAXIMUM TEMPERATURE (F)   51        68      2002
 MINIMUM TEMPERATURE (F)   31         7      1989


SUNRISE AND SUNSET
DECEMBER 17 2014......SUNRISE   701 AM CST   SUNSET   449 PM CST
DECEMBER 18 2014......SUNRISE   702 AM CST   SUNSET   450 PM CST


-  INDICATES NEGATIVE NUMBERS.
R  INDICATES RECORD WAS SET OR TIED.
MM INDICATES DATA IS MISSING.
T  INDICATES TRACE AMOUNT.




$$
