000
CDUS44 KMEG 240637
CLIMEG


CLIMATE REPORT
NATIONAL WEATHER SERVICE MEMPHIS TN
135 AM CDT FRI MAR 24 2017


...................................

...THE MEMPHIS/GERMANTOWN WFO CLIMATE SUMMARY FOR MARCH 23 2017...

CLIMATE NORMAL PERIOD 1981 TO 2010
CLIMATE RECORD PERIOD 1988 TO 2017


WEATHER ITEM   OBSERVED TIME   RECORD YEAR NORMAL DEPARTURE LAST
                VALUE   (LST)  VALUE       VALUE  FROM      YEAR
                                                  NORMAL
..................................................................
TEMPERATURE (F)
 YESTERDAY
  MAXIMUM         82    316 PM  83    2007  65     17       72
  MINIMUM         47    433 AM  26    2002  42      5       56
  AVERAGE         65                        53     12       64

PRECIPITATION (IN)
  YESTERDAY        0.00          0.60 1993   0.17  -0.17     0.00
  MONTH TO DATE    3.48                      3.62  -0.14    13.36
  SINCE MAR 1      3.48                      3.62  -0.14    13.36
  SINCE JAN 1      8.69                     12.25  -3.56    22.31

SNOWFALL (IN)
  YESTERDAY        0.0           0.0    MM                   0.0
  MONTH TO DATE    0.4                                        T
  SINCE MAR 1      0.4                                        T
  SINCE JUL 1      1.4                                       0.9
  SNOW DEPTH       0

DEGREE DAYS
 HEATING
  YESTERDAY        0                        12    -12        1
  MONTH TO DATE  300                       348    -48      199
  SINCE MAR 1    300                       348    -48      199
  SINCE JUL 1   2141                      3094   -953     2286

 COOLING
  YESTERDAY        0                         0      0        0
  MONTH TO DATE    9                         0      9        9
  SINCE MAR 1      9                         0      9        9
  SINCE JAN 1     23                         1     22        9
..................................................................







THE MEMPHIS/GERMANTOWN WFO CLIMATE NORMALS FOR TODAY
                         NORMAL    RECORD    YEAR
 MAXIMUM TEMPERATURE (F)   65        86      2007
 MINIMUM TEMPERATURE (F)   42        29      2008
                                             2006


SUNRISE AND SUNSET
MARCH 24 2017.........SUNRISE   657 AM CDT   SUNSET   714 PM CDT
MARCH 25 2017.........SUNRISE   655 AM CDT   SUNSET   715 PM CDT


-  INDICATES NEGATIVE NUMBERS.
R  INDICATES RECORD WAS SET OR TIED.
MM INDICATES DATA IS MISSING.
T  INDICATES TRACE AMOUNT.




$$
