419
CDUS44 KMEG 240736
CLIMEG


CLIMATE REPORT
NATIONAL WEATHER SERVICE MEMPHIS TN
136 AM CST WED JAN 24 2018


...................................

...THE MEMPHIS/GERMANTOWN WFO CLIMATE SUMMARY FOR JANUARY 23 2018...

CLIMATE NORMAL PERIOD 1981 TO 2010
CLIMATE RECORD PERIOD 1988 TO 2018


WEATHER ITEM   OBSERVED TIME   RECORD YEAR NORMAL DEPARTURE LAST
                VALUE   (LST)  VALUE       VALUE  FROM      YEAR
                                                  NORMAL
..................................................................
TEMPERATURE (F)
 YESTERDAY
  MAXIMUM         48   1200 AM  74    2002  49     -1       53
  MINIMUM         29   1159 PM  10    2003  30     -1       37
  AVERAGE         39                        39      0       45

PRECIPITATION (IN)
  YESTERDAY        0.00          1.01 1999   0.13  -0.13     0.00
  MONTH TO DATE    3.44                      2.95   0.49     3.66
  SINCE DEC 1     10.40                      8.89   1.51    10.97
  SINCE JAN 1      3.44                      2.95   0.49     3.66

SNOWFALL (IN)
  YESTERDAY        0.0           T    2015                   0.0
                                      2003
  MONTH TO DATE    3.8                                       1.0
  SINCE DEC 1      3.8                                       1.0
  SINCE JUL 1      3.8                                       1.0
  SNOW DEPTH       0

DEGREE DAYS
 HEATING
  YESTERDAY       26                        26      0       20
  MONTH TO DATE  712                       598    114      385
  SINCE DEC 1   1430                      1323    107     1060
  SINCE JUL 1   1935                      1922     13     1382

 COOLING
  YESTERDAY        0                         0      0        0
  MONTH TO DATE    0                         0      0        0
  SINCE DEC 1      0                         1     -1        5
  SINCE JAN 1      0                         0      0        0
..................................................................







THE MEMPHIS/GERMANTOWN WFO CLIMATE NORMALS FOR TODAY
                         NORMAL    RECORD    YEAR
 MAXIMUM TEMPERATURE (F)   49        70      1993
 MINIMUM TEMPERATURE (F)   30         7      2014
                                             2003


SUNRISE AND SUNSET
JANUARY 24 2018.......SUNRISE   703 AM CST   SUNSET   520 PM CST
JANUARY 25 2018.......SUNRISE   703 AM CST   SUNSET   521 PM CST


-  INDICATES NEGATIVE NUMBERS.
R  INDICATES RECORD WAS SET OR TIED.
MM INDICATES DATA IS MISSING.
T  INDICATES TRACE AMOUNT.




$$
