000
CDUS44 KMEG 240637
CLIMEG


CLIMATE REPORT
NATIONAL WEATHER SERVICE MEMPHIS TN
137 AM CDT TUE OCT 24 2017


...................................

...THE MEMPHIS/GERMANTOWN WFO CLIMATE SUMMARY FOR OCTOBER 23 2017...

CLIMATE NORMAL PERIOD 1981 TO 2010
CLIMATE RECORD PERIOD 1988 TO 2017


WEATHER ITEM   OBSERVED TIME   RECORD YEAR NORMAL DEPARTURE LAST
                VALUE   (LST)  VALUE       VALUE  FROM      YEAR
                                                  NORMAL
..................................................................
TEMPERATURE (F)
 YESTERDAY
  MAXIMUM         71    401 PM  87    2000  72     -1       77
  MINIMUM         52    940 AM  33    2006  47      5       47
  AVERAGE         62                        60      2       62

PRECIPITATION (IN)
  YESTERDAY        0.02          1.89 2008   0.15  -0.13     0.00
  MONTH TO DATE    2.61                      3.18  -0.57     1.62
  SINCE SEP 1      3.98                      6.46  -2.48     2.18
  SINCE JAN 1     43.17                     42.47   0.70    53.42

SNOWFALL (IN)
  YESTERDAY        0.0          MM      MM                   0.0
  MONTH TO DATE    0.0                                       0.0
  SINCE SEP 1      0.0                                       0.0
  SINCE JUL 1      0.0                                       0.0
  SNOW DEPTH       0

DEGREE DAYS
 HEATING
  YESTERDAY        3                         7     -4        3
  MONTH TO DATE   35                       102    -67       27
  SINCE SEP 1     39                       120    -81       29
  SINCE JUL 1     39                       120    -81       29

 COOLING
  YESTERDAY        0                         1     -1        0
  MONTH TO DATE  132                        55     77      128
  SINCE SEP 1    414                       312    102      521
  SINCE JAN 1   2106                      1907    199     2357
..................................................................







THE MEMPHIS/GERMANTOWN WFO CLIMATE NORMALS FOR TODAY
                         NORMAL    RECORD    YEAR
 MAXIMUM TEMPERATURE (F)   71        87      2003
 MINIMUM TEMPERATURE (F)   47        31      1999


SUNRISE AND SUNSET
OCTOBER 24 2017.......SUNRISE   713 AM CDT   SUNSET   613 PM CDT
OCTOBER 25 2017.......SUNRISE   714 AM CDT   SUNSET   612 PM CDT


-  INDICATES NEGATIVE NUMBERS.
R  INDICATES RECORD WAS SET OR TIED.
MM INDICATES DATA IS MISSING.
T  INDICATES TRACE AMOUNT.


$$
