000
CDUS44 KJAN 270816
CLIMEI


CLIMATE REPORT
NATIONAL WEATHER SERVICE JACKSON MS
315 AM CDT FRI MAR 27 2015


...................................

...THE MERIDIAN CLIMATE SUMMARY FOR MARCH 26 2015...

CLIMATE NORMAL PERIOD 1981 TO 2010
CLIMATE RECORD PERIOD 1889 TO 2015


WEATHER ITEM   OBSERVED TIME   RECORD YEAR NORMAL DEPARTURE LAST
                VALUE   (LST)  VALUE       VALUE  FROM      YEAR
                                                  NORMAL
..................................................................
TEMPERATURE (F)
 YESTERDAY
  MAXIMUM         74    345 PM  87    1936  72      2       60
                                      1910
  MINIMUM         49   1159 PM  25    1894  44      5       28
  AVERAGE         62                        58      4       44

PRECIPITATION (IN)
  YESTERDAY        0.02          2.82 1976   0.18  -0.16     0.00
  MONTH TO DATE    4.86                      4.58   0.28     2.44
  SINCE MAR 1      4.86                      4.58   0.28     2.44
  SINCE JAN 1     15.70                     15.31   0.39    11.79

SNOWFALL (IN)
  YESTERDAY        0.0           0.0  2001   0.0    0.0      0.0
  MONTH TO DATE    T                         0.2   -0.2      0.0
  SINCE MAR 1      T                         0.2   -0.2      0.0
  SINCE JUL 1      T                         0.5   -0.5      2.5

DEGREE DAYS
 HEATING
  YESTERDAY        3                         8     -5       21
  MONTH TO DATE  165                       271   -106      314
  SINCE MAR 1    165                       271   -106      314
  SINCE JUL 1   2406                      2368     38     2690

 COOLING
  YESTERDAY        0                         1     -1        0
  MONTH TO DATE   24                        18      6        2
  SINCE MAR 1     24                        18      6        2
  SINCE JAN 1     24                        25     -1        9
..................................................................


WIND (MPH)
  HIGHEST WIND SPEED    21   HIGHEST WIND DIRECTION     N (340)
  HIGHEST GUST SPEED    25   HIGHEST GUST DIRECTION     N (350)
  AVERAGE WIND SPEED     6.2


SKY COVER
  POSSIBLE SUNSHINE  MM
  AVERAGE SKY COVER 0.6


WEATHER CONDITIONS
 THE FOLLOWING WEATHER WAS RECORDED YESTERDAY.
  LIGHT RAIN
  FOG


RELATIVE HUMIDITY (PERCENT)
 HIGHEST   100           200 AM
 LOWEST     61           400 PM
 AVERAGE    81

..........................................................


THE MERIDIAN CLIMATE NORMALS FOR TODAY
                         NORMAL    RECORD    YEAR
 MAXIMUM TEMPERATURE (F)   72        86      1929
 MINIMUM TEMPERATURE (F)   44        20      1955


SUNRISE AND SUNSET
MARCH 27 2015.........SUNRISE   650 AM CDT   SUNSET   711 PM CDT
MARCH 28 2015.........SUNRISE   649 AM CDT   SUNSET   712 PM CDT


-  INDICATES NEGATIVE NUMBERS.
R  INDICATES RECORD WAS SET OR TIED.
MM INDICATES DATA IS MISSING.
T  INDICATES TRACE AMOUNT.




$$
