000
CDUS44 KJAN 272236
CLIMEI


CLIMATE REPORT
NATIONAL WEATHER SERVICE JACKSON MS
430 PM CST FRI FEB 27 2015


...................................

...THE MERIDIAN CLIMATE SUMMARY FOR FEBRUARY 27 2015...
VALID TODAY AS OF 0400 PM LOCAL TIME.

CLIMATE NORMAL PERIOD 1981 TO 2010
CLIMATE RECORD PERIOD 1889 TO 2015


WEATHER ITEM   OBSERVED TIME   RECORD YEAR NORMAL DEPARTURE LAST
                VALUE   (LST)  VALUE       VALUE  FROM      YEAR
                                                  NORMAL
..................................................................
TEMPERATURE (F)
 TODAY
  MAXIMUM         48    359 PM  84    1981  64    -16       53
  MINIMUM         30    719 AM  17    1963  39     -9       22
  AVERAGE         39                        52    -13       38

PRECIPITATION (IN)
  TODAY            0.00          2.22 1939   0.20  -0.20     0.00
  MONTH TO DATE    4.13                      5.41  -1.28     6.88
  SINCE DEC 1     19.52                     15.60   3.92    16.70
  SINCE JAN 1     10.84                     10.54   0.30     9.35

SNOWFALL (IN)
  TODAY            0.0           0.0  2002   0.0    0.0      0.0
                                      2001
  MONTH TO DATE    0.0                       0.0    0.0      0.5
  SINCE DEC 1      0.0                       0.3   -0.3      2.5
  SINCE JUL 1      0.0                       0.3   -0.3      2.5

DEGREE DAYS
 HEATING
  TODAY           26                        13     13       27
  MONTH TO DATE  601                       446    155      481
  SINCE DEC 1   1676                      1633     43     1853
  SINCE JUL 1   2225                      2083    142     2354

 COOLING
  TODAY            0                         0      0        0
  MONTH TO DATE    0                         0      0        7
  SINCE DEC 1      0                         9     -9       32
  SINCE JAN 1      0                         3     -3        7
..................................................................


WIND (MPH)
  HIGHEST WIND SPEED    18   HIGHEST WIND DIRECTION    NE (30)
  HIGHEST GUST SPEED    23   HIGHEST GUST DIRECTION    NE (30)
  AVERAGE WIND SPEED    11.4


SKY COVER
  POSSIBLE SUNSHINE  MM
  AVERAGE SKY COVER 0.5


WEATHER CONDITIONS
 THE FOLLOWING WEATHER WAS RECORDED TODAY.
  NO SIGNIFICANT WEATHER WAS OBSERVED.


RELATIVE HUMIDITY (PERCENT)
 HIGHEST    85          1200 AM
 LOWEST     38           300 PM
 AVERAGE    62

..........................................................


THE MERIDIAN CLIMATE NORMALS FOR TOMORROW
                         NORMAL    RECORD    YEAR
 MAXIMUM TEMPERATURE (F)   65        84      1981
 MINIMUM TEMPERATURE (F)   39        17      2002


SUNRISE AND SUNSET
FEBRUARY 27 2015......SUNRISE   625 AM CST   SUNSET   551 PM CST
FEBRUARY 28 2015......SUNRISE   624 AM CST   SUNSET   552 PM CST


-  INDICATES NEGATIVE NUMBERS.
R  INDICATES RECORD WAS SET OR TIED.
MM INDICATES DATA IS MISSING.
T  INDICATES TRACE AMOUNT.




$$
