000
CDUS44 KJAN 050808
CLIMEI


CLIMATE REPORT
NATIONAL WEATHER SERVICE JACKSON MS
306 AM CDT SUN JUL 5 2015


...................................

...THE MERIDIAN CLIMATE SUMMARY FOR JULY 4 2015...

CLIMATE NORMAL PERIOD 1981 TO 2010
CLIMATE RECORD PERIOD 1889 TO 2015


WEATHER ITEM   OBSERVED TIME   RECORD YEAR NORMAL DEPARTURE LAST
                VALUE   (LST)  VALUE       VALUE  FROM      YEAR
                                                  NORMAL
..................................................................
TEMPERATURE (F)
 YESTERDAY
  MAXIMUM         87   1106 AM 102    1977  92     -5       86
                                      1969
  MINIMUM         70   1159 PM  58    1924  69      1       63
  AVERAGE         79                        80     -1       75

PRECIPITATION (IN)
  YESTERDAY        0.57          1.72 1908   0.17   0.40     0.00
  MONTH TO DATE    0.72                      0.67   0.05     0.02
  SINCE JUN 1      5.69                      5.07   0.62     2.56
  SINCE JAN 1     28.75                     30.50  -1.75    34.28

SNOWFALL (IN)
  YESTERDAY        0.0           0.0    MM   0.0    0.0      0.0
  MONTH TO DATE    0.0                       0.0    0.0      0.0
  SINCE JUN 1      0.0                       0.0    0.0      0.0
  SINCE JUL 1      0.0                       0.0    0.0      0.0

DEGREE DAYS
 HEATING
  YESTERDAY        0                         0      0        0
  MONTH TO DATE    0                         0      0        0
  SINCE JUN 1      0                         0      0        0
  SINCE JUL 1      0                         0      0        0

 COOLING
  YESTERDAY       14                        15     -1       10
  MONTH TO DATE   60                        60      0       59
  SINCE JUN 1    476                       440     36      469
  SINCE JAN 1    841                       723    118      739
..................................................................


WIND (MPH)
  HIGHEST WIND SPEED    18   HIGHEST WIND DIRECTION     N (360)
  HIGHEST GUST SPEED    24   HIGHEST GUST DIRECTION    NW (320)
  AVERAGE WIND SPEED     7.3


SKY COVER
  POSSIBLE SUNSHINE  MM
  AVERAGE SKY COVER 0.4


WEATHER CONDITIONS
 THE FOLLOWING WEATHER WAS RECORDED YESTERDAY.
  THUNDERSTORM
  RAIN
  LIGHT RAIN
  FOG


RELATIVE HUMIDITY (PERCENT)
 HIGHEST   100          1100 PM
 LOWEST     65          1000 AM
 AVERAGE    83

..........................................................


THE MERIDIAN CLIMATE NORMALS FOR TODAY
                         NORMAL    RECORD    YEAR
 MAXIMUM TEMPERATURE (F)   92       101      1977
 MINIMUM TEMPERATURE (F)   69        59      2014
                                             1924


SUNRISE AND SUNSET
JULY  5 2015..........SUNRISE   553 AM CDT   SUNSET   806 PM CDT
JULY  6 2015..........SUNRISE   554 AM CDT   SUNSET   805 PM CDT


-  INDICATES NEGATIVE NUMBERS.
R  INDICATES RECORD WAS SET OR TIED.
MM INDICATES DATA IS MISSING.
T  INDICATES TRACE AMOUNT.




$$
