000
CDUS44 KJAN 210641
CLIMEI


CLIMATE REPORT
NATIONAL WEATHER SERVICE JACKSON MS
139 AM CDT SAT OCT 21 2017


...................................

...THE MERIDIAN CLIMATE SUMMARY FOR OCTOBER 20 2017...

CLIMATE NORMAL PERIOD 1981 TO 2010
CLIMATE RECORD PERIOD 1889 TO 2017


WEATHER ITEM   OBSERVED TIME   RECORD YEAR NORMAL DEPARTURE LAST
                VALUE   (LST)  VALUE       VALUE  FROM      YEAR
                                                  NORMAL
..................................................................
TEMPERATURE (F)
 YESTERDAY
  MAXIMUM         83    130 PM  89    2016  76      7       89
  MINIMUM         51    540 AM  30    1964  49      2       63
  AVERAGE         67                        63      4       76

PRECIPITATION (IN)
  YESTERDAY        0.00          2.39 1909   0.13  -0.13      T
  MONTH TO DATE    1.36                      2.35  -0.99      T
  SINCE SEP 1      2.41                      5.78  -3.37     0.57
  SINCE JAN 1     55.29                     44.74  10.55    37.90

SNOWFALL (IN)
  YESTERDAY        0.0           0.0  2002   0.0    0.0      0.0
                                      2001
  MONTH TO DATE    0.0                       0.0    0.0      0.0
  SINCE SEP 1      0.0                       0.0    0.0      0.0
  SINCE JUL 1      0.0                       0.0    0.0      0.0

DEGREE DAYS
 HEATING
  YESTERDAY        0                         5     -5        0
  MONTH TO DATE   11                        52    -41        0
  SINCE SEP 1     14                        59    -45        0
  SINCE JUL 1     14                        59    -45        0

 COOLING
  YESTERDAY        2                         2      0       11
  MONTH TO DATE  178                        72    106      175
  SINCE SEP 1    518                       375    143      687
  SINCE JAN 1   2482                      1995    487     2798
..................................................................


WIND (MPH)
  HIGHEST WIND SPEED    12   HIGHEST WIND DIRECTION    SE (140)
  HIGHEST GUST SPEED    19   HIGHEST GUST DIRECTION    SE (130)
  AVERAGE WIND SPEED     4.7


SKY COVER
  POSSIBLE SUNSHINE  MM
  AVERAGE SKY COVER 0.0


WEATHER CONDITIONS
 THE FOLLOWING WEATHER WAS RECORDED YESTERDAY.
  NO SIGNIFICANT WEATHER WAS OBSERVED.


RELATIVE HUMIDITY (PERCENT)
 HIGHEST   100          1200 AM
 LOWEST     43           100 PM
 AVERAGE    72

..........................................................


THE MERIDIAN CLIMATE NORMALS FOR TODAY
                         NORMAL    RECORD    YEAR
 MAXIMUM TEMPERATURE (F)   76        88      2004
                                             1963
                                             1941
 MINIMUM TEMPERATURE (F)   49        29      1976


SUNRISE AND SUNSET
OCTOBER 21 2017.......SUNRISE   703 AM CDT   SUNSET   615 PM CDT
OCTOBER 22 2017.......SUNRISE   704 AM CDT   SUNSET   614 PM CDT


-  INDICATES NEGATIVE NUMBERS.
R  INDICATES RECORD WAS SET OR TIED.
MM INDICATES DATA IS MISSING.
T  INDICATES TRACE AMOUNT.




$$
