000
CDUS44 KJAN 290631
CLIMEI


CLIMATE REPORT
NATIONAL WEATHER SERVICE JACKSON MS
130 AM CDT MON AUG 29 2016


...................................

...THE MERIDIAN CLIMATE SUMMARY FOR AUGUST 28 2016...

CLIMATE NORMAL PERIOD 1981 TO 2010
CLIMATE RECORD PERIOD 1889 TO 2016


WEATHER ITEM   OBSERVED TIME   RECORD YEAR NORMAL DEPARTURE LAST
                VALUE   (LST)  VALUE       VALUE  FROM      YEAR
                                                  NORMAL
..................................................................
TEMPERATURE (F)
 YESTERDAY
  MAXIMUM         94    148 PM 103    2000  91      3       91
  MINIMUM         72    535 AM  56    1952  68      4       60
  AVERAGE         83                        79      4       76

PRECIPITATION (IN)
  YESTERDAY        0.00          2.32 1902   0.10  -0.10     0.00
  MONTH TO DATE    5.03                      3.66   1.37     3.20
  SINCE JUN 1     12.34                     13.20  -0.86    11.74
  SINCE JAN 1     37.33                     38.63  -1.30    34.80

SNOWFALL (IN)
  YESTERDAY        0.0           0.0  2002   0.0    0.0      0.0
                                      2001
  MONTH TO DATE    0.0                       0.0    0.0      0.0
  SINCE JUN 1      0.0                       0.0    0.0      0.0
  SINCE JUL 1      0.0                       0.0    0.0      0.0

DEGREE DAYS
 HEATING
  YESTERDAY        0                         0      0        0
  MONTH TO DATE    0                         0      0        0
  SINCE JUN 1      0                         0      0        0
  SINCE JUL 1      0                         0      0        0

 COOLING
  YESTERDAY       18                        14      4       11
  MONTH TO DATE  565                       433    132      452
  SINCE JUN 1   1739                      1297    442     1415
  SINCE JAN 1   2051                      1580    471     1780
..................................................................


WIND (MPH)
  HIGHEST WIND SPEED    15   HIGHEST WIND DIRECTION    NE (40)
  HIGHEST GUST SPEED    21   HIGHEST GUST DIRECTION    NE (60)
  AVERAGE WIND SPEED     4.4


SKY COVER
  POSSIBLE SUNSHINE  MM
  AVERAGE SKY COVER 0.1


WEATHER CONDITIONS
 THE FOLLOWING WEATHER WAS RECORDED YESTERDAY.
  NO SIGNIFICANT WEATHER WAS OBSERVED.


RELATIVE HUMIDITY (PERCENT)
 HIGHEST    90           500 AM
 LOWEST     46           100 PM
 AVERAGE    68

..........................................................


THE MERIDIAN CLIMATE NORMALS FOR TODAY
                         NORMAL    RECORD    YEAR
 MAXIMUM TEMPERATURE (F)   91       106      2000
 MINIMUM TEMPERATURE (F)   68        51      1891


SUNRISE AND SUNSET
AUGUST 29 2016........SUNRISE   628 AM CDT   SUNSET   722 PM CDT
AUGUST 30 2016........SUNRISE   629 AM CDT   SUNSET   721 PM CDT


-  INDICATES NEGATIVE NUMBERS.
R  INDICATES RECORD WAS SET OR TIED.
MM INDICATES DATA IS MISSING.
T  INDICATES TRACE AMOUNT.




$$
