000
CDUS44 KJAN 240749
CLIMEI


CLIMATE REPORT
NATIONAL WEATHER SERVICE JACKSON MS
238 AM CDT SAT JUN 24 2017


...................................

...THE MERIDIAN CLIMATE SUMMARY FOR JUNE 23 2017...

CLIMATE NORMAL PERIOD 1981 TO 2010
CLIMATE RECORD PERIOD 1889 TO 2017


WEATHER ITEM   OBSERVED TIME   RECORD YEAR NORMAL DEPARTURE LAST
                VALUE   (LST)  VALUE       VALUE  FROM      YEAR
                                                  NORMAL
..................................................................
TEMPERATURE (F)
 YESTERDAY
  MAXIMUM         90    103 PM 101    2006  90      0       95
                                      1944
  MINIMUM         74    611 AM  52    1902  68      6       70
  AVERAGE         82                        79      3       83

PRECIPITATION (IN)
  YESTERDAY        0.74          2.45 1900   0.15   0.59     0.00
  MONTH TO DATE    9.59                      3.29   6.30     3.51
  SINCE JUN 1      9.59                      3.29   6.30     3.51
  SINCE JAN 1     38.23                     28.72   9.51    28.50

SNOWFALL (IN)
  YESTERDAY        0.0           0.0         0.0    0.0      0.0
  MONTH TO DATE    0.0                       0.0    0.0      0.0
  SINCE JUN 1      0.0                       0.0    0.0      0.0
  SINCE JUL 1      0.8                       0.6    0.2       T

DEGREE DAYS
 HEATING
  YESTERDAY        0                         0      0        0
  MONTH TO DATE    0                         0      0        0
  SINCE JUN 1      0                         0      0        0
  SINCE JUL 1   1362                      2553  -1191     1815

 COOLING
  YESTERDAY       17                        14      3       18
  MONTH TO DATE  310                       279     31      401
  SINCE JUN 1    310                       279     31      401
  SINCE JAN 1    803                       562    241      713
..................................................................


WIND (MPH)
  HIGHEST WIND SPEED    26   HIGHEST WIND DIRECTION     W (290)
  HIGHEST GUST SPEED    38   HIGHEST GUST DIRECTION    NW (300)
  AVERAGE WIND SPEED    10.3


SKY COVER
  POSSIBLE SUNSHINE  MM
  AVERAGE SKY COVER 0.9


WEATHER CONDITIONS
 THE FOLLOWING WEATHER WAS RECORDED YESTERDAY.
  THUNDERSTORM
  HEAVY RAIN
  RAIN
  LIGHT RAIN
  FOG


RELATIVE HUMIDITY (PERCENT)
 HIGHEST   100           600 PM
 LOWEST     68           100 PM
 AVERAGE    84

..........................................................


THE MERIDIAN CLIMATE NORMALS FOR TODAY
                         NORMAL    RECORD    YEAR
 MAXIMUM TEMPERATURE (F)   91       100      1944
                                             1897
 MINIMUM TEMPERATURE (F)   68        58      1902
                                             1893


SUNRISE AND SUNSET
JUNE 24 2017..........SUNRISE   549 AM CDT   SUNSET   806 PM CDT
JUNE 25 2017..........SUNRISE   550 AM CDT   SUNSET   806 PM CDT


-  INDICATES NEGATIVE NUMBERS.
R  INDICATES RECORD WAS SET OR TIED.
MM INDICATES DATA IS MISSING.
T  INDICATES TRACE AMOUNT.




$$
