000
CDUS44 KMEG 020636
CLIMEM


CLIMATE REPORT
NATIONAL WEATHER SERVICE MEMPHIS TN
136 AM CDT TUE JUN 2 2015


...................................

...THE MEMPHIS CLIMATE SUMMARY FOR JUNE 1 2015...

CLIMATE NORMAL PERIOD 1981 TO 2010
CLIMATE RECORD PERIOD 1872 TO 2015


WEATHER ITEM   OBSERVED TIME   RECORD YEAR NORMAL DEPARTURE LAST
                VALUE   (LST)  VALUE       VALUE  FROM      YEAR
                                                  NORMAL
..................................................................
TEMPERATURE (F)
 YESTERDAY
  MAXIMUM         76    417 PM  97    1951  86    -10       89
  MINIMUM         63   1158 PM  48    1966  67     -4       71
  AVERAGE         70                        76     -6       80

PRECIPITATION (IN)
  YESTERDAY        0.00          1.71 1892   0.14  -0.14     0.15
  MONTH TO DATE    0.00                      0.14  -0.14     0.15
  SINCE JUN 1      0.00                      0.14  -0.14     0.15
  SINCE JAN 1     20.22                     24.42  -4.20    26.11

SNOWFALL (IN)
  YESTERDAY        0.0          MM      MM   0.0    0.0      0.0
  MONTH TO DATE    0.0                       0.0    0.0      0.0
  SINCE JUN 1      0.0                       0.0    0.0      0.0
  SINCE JUL 1      6.1                       3.8    2.3      0.8
  SNOW DEPTH       0

DEGREE DAYS
 HEATING
  YESTERDAY        0                         0      0        0
  MONTH TO DATE    0                         0      0        0
  SINCE JUN 1      0                         0      0        0
  SINCE JUL 1   3184                      2964    220     3484

 COOLING
  YESTERDAY        5                        11     -6       15
  MONTH TO DATE    5                        11     -6       15
  SINCE JUN 1      5                        11     -6       15
  SINCE JAN 1    359                       332     27      326
..................................................................


WIND (MPH)
  HIGHEST WIND SPEED    13   HIGHEST WIND DIRECTION     N (20)
  HIGHEST GUST SPEED    16   HIGHEST GUST DIRECTION     N (20)
  AVERAGE WIND SPEED     7.6


SKY COVER
  POSSIBLE SUNSHINE  MM
  AVERAGE SKY COVER 0.8


WEATHER CONDITIONS
 THE FOLLOWING WEATHER WAS RECORDED YESTERDAY.
  FOG
  HAZE


RELATIVE HUMIDITY (PERCENT)
 HIGHEST    93           600 AM
 LOWEST     60           400 PM
 AVERAGE    77

..........................................................


THE MEMPHIS CLIMATE NORMALS FOR TODAY
                         NORMAL    RECORD    YEAR
 MAXIMUM TEMPERATURE (F)   86        98      1895
 MINIMUM TEMPERATURE (F)   67        52      1948


SUNRISE AND SUNSET
JUNE  2 2015..........SUNRISE   547 AM CDT   SUNSET   809 PM CDT
JUNE  3 2015..........SUNRISE   547 AM CDT   SUNSET   810 PM CDT


-  INDICATES NEGATIVE NUMBERS.
R  INDICATES RECORD WAS SET OR TIED.
MM INDICATES DATA IS MISSING.
T  INDICATES TRACE AMOUNT.




$$
