000
CDUS44 KMEG 110737
CLIMEM


CLIMATE REPORT
NATIONAL WEATHER SERVICE MEMPHIS TN
136 AM CST SUN DEC 11 2016


...................................

...THE MEMPHIS CLIMATE SUMMARY FOR DECEMBER 10 2016...

CLIMATE NORMAL PERIOD 1981 TO 2010
CLIMATE RECORD PERIOD 1872 TO 2016


WEATHER ITEM   OBSERVED TIME   RECORD YEAR NORMAL DEPARTURE LAST
                VALUE   (LST)  VALUE       VALUE  FROM      YEAR
                                                  NORMAL
..................................................................
TEMPERATURE (F)
 YESTERDAY
  MAXIMUM         47    305 PM  75    1918  53     -6       69
  MINIMUM         24    728 AM   8    1917  36    -12       47
  AVERAGE         36                        45     -9       58

PRECIPITATION (IN)
  YESTERDAY        0.00          2.22 1911   0.20  -0.20     0.00
  MONTH TO DATE    2.32                      1.97   0.35     0.07
  SINCE DEC 1      2.32                      1.97   0.35     0.07
  SINCE JAN 1     56.58                     49.91   6.67    47.96

SNOWFALL (IN)
  YESTERDAY        0.0           T    2003   0.0    0.0      0.0
                                      1998
                                      1972
  MONTH TO DATE    0.0                       0.0    0.0      0.0
  SINCE DEC 1      0.0                       0.0    0.0      0.0
  SINCE JUL 1      0.0                       T      0.0      0.0
  SNOW DEPTH       0

DEGREE DAYS
 HEATING
  YESTERDAY       29                        21      8        7
  MONTH TO DATE  225                       193     32      145
  SINCE DEC 1    225                       193     32      145
  SINCE JUL 1    495                       692   -197      446

 COOLING
  YESTERDAY        0                         0      0        0
  MONTH TO DATE    0                         0      0        0
  SINCE DEC 1      0                         0      0        0
  SINCE JAN 1   2804                      2256    548     2460
..................................................................


WIND (MPH)
  HIGHEST WIND SPEED    13   HIGHEST WIND DIRECTION    SE (150)
  HIGHEST GUST SPEED    16   HIGHEST GUST DIRECTION    SE (150)
  AVERAGE WIND SPEED     4.6


SKY COVER
  POSSIBLE SUNSHINE  MM
  AVERAGE SKY COVER 0.2


WEATHER CONDITIONS
 THE FOLLOWING WEATHER WAS RECORDED YESTERDAY.
  NO SIGNIFICANT WEATHER WAS OBSERVED.


RELATIVE HUMIDITY (PERCENT)
 HIGHEST    75           800 AM
 LOWEST     25           300 PM
 AVERAGE    50

..........................................................


THE MEMPHIS CLIMATE NORMALS FOR TODAY
                         NORMAL    RECORD    YEAR
 MAXIMUM TEMPERATURE (F)   53        77      2015
                                             2007
                                             1949
 MINIMUM TEMPERATURE (F)   36         9      1917


SUNRISE AND SUNSET
DECEMBER 11 2016......SUNRISE   658 AM CST   SUNSET   449 PM CST
DECEMBER 12 2016......SUNRISE   659 AM CST   SUNSET   449 PM CST


-  INDICATES NEGATIVE NUMBERS.
R  INDICATES RECORD WAS SET OR TIED.
MM INDICATES DATA IS MISSING.
T  INDICATES TRACE AMOUNT.




$$
