000
CDUS44 KMEG 190632
CLIMEM


CLIMATE REPORT
NATIONAL WEATHER SERVICE MEMPHIS TN
131 AM CDT THU OCT 19 2017


...................................

...THE MEMPHIS CLIMATE SUMMARY FOR OCTOBER 18 2017...

CLIMATE NORMAL PERIOD 1981 TO 2010
CLIMATE RECORD PERIOD 1872 TO 2017


WEATHER ITEM   OBSERVED TIME   RECORD YEAR NORMAL DEPARTURE LAST
                VALUE   (LST)  VALUE       VALUE  FROM      YEAR
                                                  NORMAL
..................................................................
TEMPERATURE (F)
 YESTERDAY
  MAXIMUM         74    333 PM  90    2007  74      0       86
  MINIMUM         49    450 AM  29    1948  53     -4       70
  AVERAGE         62                        63     -1       78

PRECIPITATION (IN)
  YESTERDAY        0.00          2.45 1905   0.14  -0.14     0.00
  MONTH TO DATE    2.55                      2.19   0.36     1.18
  SINCE SEP 1      4.16                      5.28  -1.12     1.85
  SINCE JAN 1     40.82                     40.66   0.16    51.66

SNOWFALL (IN)
  YESTERDAY        0.0           0.0  2002   0.0    0.0      0.0
                                      2001
  MONTH TO DATE    0.0                       0.0    0.0      0.0
  SINCE SEP 1      0.0                       0.0    0.0      0.0
  SINCE JUL 1      0.0                       0.0    0.0      0.0
  SNOW DEPTH       0

DEGREE DAYS
 HEATING
  YESTERDAY        3                         4     -1        0
  MONTH TO DATE   21                        46    -25        2
  SINCE SEP 1     24                        57    -33        2
  SINCE JUL 1     24                        57    -33        2

 COOLING
  YESTERDAY        0                         2     -2       13
  MONTH TO DATE  135                        69     66      137
  SINCE SEP 1    456                       385     71      607
  SINCE JAN 1   2272                      2220     52     2708
..................................................................


WIND (MPH)
  HIGHEST WIND SPEED    14   HIGHEST WIND DIRECTION     S (170)
  HIGHEST GUST SPEED    21   HIGHEST GUST DIRECTION    SW (240)
  AVERAGE WIND SPEED     6.8


SKY COVER
  POSSIBLE SUNSHINE  MM
  AVERAGE SKY COVER 0.0


WEATHER CONDITIONS
 THE FOLLOWING WEATHER WAS RECORDED YESTERDAY.
  NO SIGNIFICANT WEATHER WAS OBSERVED.


RELATIVE HUMIDITY (PERCENT)
 HIGHEST    83           400 AM
 LOWEST     38           200 PM
 AVERAGE    61

..........................................................


THE MEMPHIS CLIMATE NORMALS FOR TODAY
                         NORMAL    RECORD    YEAR
 MAXIMUM TEMPERATURE (F)   73        89      2005
 MINIMUM TEMPERATURE (F)   53        30      1948


SUNRISE AND SUNSET
OCTOBER 19 2017.......SUNRISE   710 AM CDT   SUNSET   620 PM CDT
OCTOBER 20 2017.......SUNRISE   710 AM CDT   SUNSET   618 PM CDT


-  INDICATES NEGATIVE NUMBERS.
R  INDICATES RECORD WAS SET OR TIED.
MM INDICATES DATA IS MISSING.
T  INDICATES TRACE AMOUNT.




$$
