432
CDUS44 KMEG 180632
CLIMEM


CLIMATE REPORT
NATIONAL WEATHER SERVICE MEMPHIS TN
132 AM CDT FRI AUG 18 2017


...................................

...THE MEMPHIS CLIMATE SUMMARY FOR AUGUST 17 2017...

CLIMATE NORMAL PERIOD 1981 TO 2010
CLIMATE RECORD PERIOD 1872 TO 2017


WEATHER ITEM   OBSERVED TIME   RECORD YEAR NORMAL DEPARTURE LAST
                VALUE   (LST)  VALUE       VALUE  FROM      YEAR
                                                  NORMAL
..................................................................
TEMPERATURE (F)
 YESTERDAY
  MAXIMUM         88   1254 PM 103    2000  92     -4       80
                                      1956
  MINIMUM         75   1159 PM  59    1963  73      2       75
  AVERAGE         82                        82      0       78

PRECIPITATION (IN)
  YESTERDAY        0.40          2.01 1894   0.09   0.31     0.07
  MONTH TO DATE    3.54                      1.79   1.75     2.21
  SINCE JUN 1     12.06                     10.01   2.05    11.40
  SINCE JAN 1     30.91                     34.29  -3.38    46.49

SNOWFALL (IN)
  YESTERDAY        0.0          MM      MM   0.0    0.0      0.0
  MONTH TO DATE    0.0                       0.0    0.0      0.0
  SINCE JUN 1      0.0                       0.0    0.0      0.0
  SINCE JUL 1      0.0                       0.0    0.0      0.0
  SNOW DEPTH       0

DEGREE DAYS
 HEATING
  YESTERDAY        0                         0      0        0
  MONTH TO DATE    0                         0      0        0
  SINCE JUN 1      0                         0      0        0
  SINCE JUL 1      0                         0      0        0

 COOLING
  YESTERDAY       17                        17      0       13
  MONTH TO DATE  249                       301    -52      349
  SINCE JUN 1   1230                      1288    -58     1530
  SINCE JAN 1   1610                      1609      1     1835
..................................................................


WIND (MPH)
  HIGHEST WIND SPEED    16   HIGHEST WIND DIRECTION    SW (210)
  HIGHEST GUST SPEED    25   HIGHEST GUST DIRECTION    SW (240)
  AVERAGE WIND SPEED     8.4


SKY COVER
  POSSIBLE SUNSHINE  MM
  AVERAGE SKY COVER 0.7


WEATHER CONDITIONS
 THE FOLLOWING WEATHER WAS RECORDED YESTERDAY.
  THUNDERSTORM
  HEAVY RAIN
  LIGHT RAIN
  FOG


RELATIVE HUMIDITY (PERCENT)
 HIGHEST    97           700 PM
 LOWEST     72           100 PM
 AVERAGE    85

..........................................................


THE MEMPHIS CLIMATE NORMALS FOR TODAY
                         NORMAL    RECORD    YEAR
 MAXIMUM TEMPERATURE (F)   92       101      2007
                                             1936
 MINIMUM TEMPERATURE (F)   73        62      1963
                                             1896
                                             1879


SUNRISE AND SUNSET
AUGUST 18 2017........SUNRISE   622 AM CDT   SUNSET   744 PM CDT
AUGUST 19 2017........SUNRISE   623 AM CDT   SUNSET   743 PM CDT


-  INDICATES NEGATIVE NUMBERS.
R  INDICATES RECORD WAS SET OR TIED.
MM INDICATES DATA IS MISSING.
T  INDICATES TRACE AMOUNT.




$$
