000
CDUS44 KMEG 310623
CLIMEM


CLIMATE REPORT
NATIONAL WEATHER SERVICE MEMPHIS TN
123 AM CDT FRI JUL 31 2015


...................................

...THE MEMPHIS CLIMATE SUMMARY FOR JULY 30 2015...

CLIMATE NORMAL PERIOD 1981 TO 2010
CLIMATE RECORD PERIOD 1872 TO 2015


WEATHER ITEM   OBSERVED TIME   RECORD YEAR NORMAL DEPARTURE LAST
                VALUE   (LST)  VALUE       VALUE  FROM      YEAR
                                                  NORMAL
..................................................................
TEMPERATURE (F)
 YESTERDAY
  MAXIMUM         91    341 PM 104    1986  92     -1       85
  MINIMUM         78   1156 PM  61    1965  74      4       63
  AVERAGE         85                        83      2       74

PRECIPITATION (IN)
  YESTERDAY        0.00          2.02 2009   0.13  -0.13      T
  MONTH TO DATE    5.17                      4.45   0.72     2.55
  SINCE JUN 1      9.64                      8.08   1.56    15.95
  SINCE JAN 1     29.86                     32.36  -2.50    41.91

SNOWFALL (IN)
  YESTERDAY        0.0          MM      MM   0.0    0.0      0.0
  MONTH TO DATE    0.0                       0.0    0.0      0.0
  SINCE JUN 1      0.0                       0.0    0.0      0.0
  SINCE JUL 1      0.0                       0.0    0.0      0.0
  SNOW DEPTH       0

DEGREE DAYS
 HEATING
  YESTERDAY        0                         0      0        0
  MONTH TO DATE    0                         0      0        0
  SINCE JUN 1      0                         0      0        0
  SINCE JUL 1      0                         0      0        0

 COOLING
  YESTERDAY       20                        18      2        9
  MONTH TO DATE  595                       536     59      395
  SINCE JUN 1   1072                       974     98      832
  SINCE JAN 1   1426                      1295    131     1143
..................................................................


WIND (MPH)
  HIGHEST WIND SPEED    21   HIGHEST WIND DIRECTION    NE (40)
  HIGHEST GUST SPEED    24   HIGHEST GUST DIRECTION    NE (40)
  AVERAGE WIND SPEED    11.0


SKY COVER
  POSSIBLE SUNSHINE  MM
  AVERAGE SKY COVER 0.2


WEATHER CONDITIONS
 THE FOLLOWING WEATHER WAS RECORDED YESTERDAY.
  NO SIGNIFICANT WEATHER WAS OBSERVED.


RELATIVE HUMIDITY (PERCENT)
 HIGHEST    85           500 AM
 LOWEST     36           200 PM
 AVERAGE    61

..........................................................


THE MEMPHIS CLIMATE NORMALS FOR TODAY
                         NORMAL    RECORD    YEAR
 MAXIMUM TEMPERATURE (F)   92       104      1986
 MINIMUM TEMPERATURE (F)   74        57      1971


SUNRISE AND SUNSET
JULY 31 2015..........SUNRISE   608 AM CDT   SUNSET   804 PM CDT
AUGUST  1 2015........SUNRISE   609 AM CDT   SUNSET   803 PM CDT


-  INDICATES NEGATIVE NUMBERS.
R  INDICATES RECORD WAS SET OR TIED.
MM INDICATES DATA IS MISSING.
T  INDICATES TRACE AMOUNT.




$$
