000
CDUS44 KMEG 202146
CLIMEM


CLIMATE REPORT
NATIONAL WEATHER SERVICE MEMPHIS TN
446 PM CDT MON OCT 20 2014


...................................

...THE MEMPHIS CLIMATE SUMMARY FOR OCTOBER 20 2014...
VALID TODAY AS OF 0400 PM LOCAL TIME.

CLIMATE NORMAL PERIOD 1981 TO 2010
CLIMATE RECORD PERIOD 1872 TO 2014


WEATHER ITEM   OBSERVED TIME   RECORD YEAR NORMAL DEPARTURE LAST
                VALUE   (LST)  VALUE       VALUE  FROM      YEAR
                                                  NORMAL
..................................................................
TEMPERATURE (F)
 TODAY
  MAXIMUM         73    256 PM  88    1941  73      0       67
  MINIMUM         48    444 AM  34    1964  52     -4       42
  AVERAGE         61                        63     -2       55

PRECIPITATION (IN)
  TODAY            0.00          1.32 1962   0.15  -0.15     0.00
  MONTH TO DATE    3.35                      2.48   0.87     2.02
  SINCE SEP 1      8.10                      5.57   2.53     4.71
  SINCE JAN 1     51.82                     40.95  10.87    50.66

SNOWFALL (IN)
  TODAY            0.0

DEGREE DAYS
 HEATING
  TODAY            4                         4      0       10
  MONTH TO DATE   34                        54    -20       43
  SINCE SEP 1     35                        65    -30       43
  SINCE JUL 1     35                        65    -30       43

 COOLING
  TODAY            0                         2     -2        0
  MONTH TO DATE   88                        73     15      103
  SINCE SEP 1    433                       389     44      504
  SINCE JAN 1   2139                      2224    -85     2230
..................................................................


WIND (MPH)
  HIGHEST WIND SPEED     9   HIGHEST WIND DIRECTION     W (250)
  HIGHEST GUST SPEED    14   HIGHEST GUST DIRECTION    SW (230)
  AVERAGE WIND SPEED     3.0


SKY COVER
  POSSIBLE SUNSHINE  MM
  AVERAGE SKY COVER 0.3


WEATHER CONDITIONS
 THE FOLLOWING WEATHER WAS RECORDED TODAY.
  NO SIGNIFICANT WEATHER WAS OBSERVED.


RELATIVE HUMIDITY (PERCENT)
 HIGHEST    93           300 AM
 LOWEST     46           300 PM
 AVERAGE    70

..........................................................


THE MEMPHIS CLIMATE NORMALS FOR TOMORROW
                         NORMAL    RECORD    YEAR
 MAXIMUM TEMPERATURE (F)   73        89      1979
                                             1947
 MINIMUM TEMPERATURE (F)   52        32      1952


SUNRISE AND SUNSET
OCTOBER 20 2014.......SUNRISE   710 AM CDT   SUNSET   619 PM CDT
OCTOBER 21 2014.......SUNRISE   711 AM CDT   SUNSET   618 PM CDT


-  INDICATES NEGATIVE NUMBERS.
R  INDICATES RECORD WAS SET OR TIED.
MM INDICATES DATA IS MISSING.
T  INDICATES TRACE AMOUNT.




$$
