000
CDUS44 KMEG 130742
CLIMEM


CLIMATE REPORT
NATIONAL WEATHER SERVICE MEMPHIS TN
141 AM CST WED DEC 13 2017


...................................

...THE MEMPHIS CLIMATE SUMMARY FOR DECEMBER 12 2017...

CLIMATE NORMAL PERIOD 1981 TO 2010
CLIMATE RECORD PERIOD 1872 TO 2017


WEATHER ITEM   OBSERVED TIME   RECORD YEAR NORMAL DEPARTURE LAST
                VALUE   (LST)  VALUE       VALUE  FROM      YEAR
                                                  NORMAL
..................................................................
TEMPERATURE (F)
 YESTERDAY
  MAXIMUM         51    114 AM  76    2015  53     -2       56
  MINIMUM         29   1050 PM   4    1962  36     -7       44
  AVERAGE         40                        44     -4       50

PRECIPITATION (IN)
  YESTERDAY        0.00          2.75 1979   0.20  -0.20     0.72
  MONTH TO DATE    1.11                      2.37  -1.26     3.09
  SINCE DEC 1      1.11                      2.37  -1.26     3.09
  SINCE JAN 1     45.23                     50.31  -5.08    57.35

SNOWFALL (IN)
  YESTERDAY        0.0           3.0  1914   0.0    0.0      0.0
  MONTH TO DATE    0.0                       0.0    0.0      0.0
  SINCE DEC 1      0.0                       0.0    0.0      0.0
  SINCE JUL 1      0.0                       T      0.0      0.0
  SNOW DEPTH       0

DEGREE DAYS
 HEATING
  YESTERDAY       25                        21      4       15
  MONTH TO DATE  222                       235    -13      257
  SINCE DEC 1    222                       235    -13      257
  SINCE JUL 1    668                       734    -66      527

 COOLING
  YESTERDAY        0                         0      0        0
  MONTH TO DATE    0                         0      0        0
  SINCE DEC 1      0                         0      0        0
  SINCE JAN 1   2302                      2256     46     2804
..................................................................


WIND (MPH)
  HIGHEST WIND SPEED    21   HIGHEST WIND DIRECTION    NW (330)
  HIGHEST GUST SPEED    29   HIGHEST GUST DIRECTION    NW (320)
  AVERAGE WIND SPEED     9.5


SKY COVER
  POSSIBLE SUNSHINE  MM
  AVERAGE SKY COVER 0.2


WEATHER CONDITIONS
 THE FOLLOWING WEATHER WAS RECORDED YESTERDAY.
  NO SIGNIFICANT WEATHER WAS OBSERVED.


RELATIVE HUMIDITY (PERCENT)
 HIGHEST    72          1100 PM
 LOWEST     36           300 PM
 AVERAGE    54

..........................................................


THE MEMPHIS CLIMATE NORMALS FOR TODAY
                         NORMAL    RECORD    YEAR
 MAXIMUM TEMPERATURE (F)   52        76      1984
                                             1927
                                             1889
 MINIMUM TEMPERATURE (F)   35         5      1962


SUNRISE AND SUNSET
DECEMBER 13 2017......SUNRISE   659 AM CST   SUNSET   449 PM CST
DECEMBER 14 2017......SUNRISE   700 AM CST   SUNSET   449 PM CST


-  INDICATES NEGATIVE NUMBERS.
R  INDICATES RECORD WAS SET OR TIED.
MM INDICATES DATA IS MISSING.
T  INDICATES TRACE AMOUNT.




$$
