000
CDUS44 KMEG 010733
CLIMEM


CLIMATE REPORT
NATIONAL WEATHER SERVICE MEMPHIS TN
133 AM CST SUN MAR 1 2015


...................................

...THE MEMPHIS CLIMATE SUMMARY FOR FEBRUARY 28 2015...

CLIMATE NORMAL PERIOD 1981 TO 2010
CLIMATE RECORD PERIOD 1872 TO 2015


WEATHER ITEM   OBSERVED TIME   RECORD YEAR NORMAL DEPARTURE LAST
                VALUE   (LST)  VALUE       VALUE  FROM      YEAR
                                                  NORMAL
..................................................................
TEMPERATURE (F)
 YESTERDAY
  MAXIMUM         49    406 PM  78    1918  59    -10       57
  MINIMUM         29    359 AM  21    1888  40    -11       31
  AVERAGE         39                        49    -10       44

PRECIPITATION (IN)
  YESTERDAY        0.00          2.20 1882   0.16  -0.16     0.06
  MONTH TO DATE    4.35                      4.39  -0.04     4.96
  SINCE DEC 1      8.25                     14.11  -5.86    12.94
  SINCE JAN 1      5.65                      8.37  -2.72     8.12

SNOWFALL (IN)
  YESTERDAY        0.0           3.0  2009   0.0    0.0      0.0
                                      1964
                                      1962
  MONTH TO DATE    2.3                       1.3    1.0      0.3
  SINCE DEC 1      2.3                       3.4   -1.1      0.3
  SINCE JUL 1      2.5                       3.4   -0.9      0.3
  SNOW DEPTH       0

DEGREE DAYS
 HEATING
  YESTERDAY       26                        16     10       21
  MONTH TO DATE  802                       547    255      665
  SINCE DEC 1   2114                      1951    163     2241
  SINCE JUL 1   2723                      2450    273     2826

 COOLING
  YESTERDAY        0                         0      0        0
  MONTH TO DATE    0                         2     -2        0
  SINCE DEC 1      0                         5     -5        3
  SINCE JAN 1      0                         3     -3        0
..................................................................


WIND (MPH)
  HIGHEST WIND SPEED    16   HIGHEST WIND DIRECTION    NE (60)
  HIGHEST GUST SPEED    24   HIGHEST GUST DIRECTION     E (80)
  AVERAGE WIND SPEED     8.1


SKY COVER
  POSSIBLE SUNSHINE  MM
  AVERAGE SKY COVER 0.9


WEATHER CONDITIONS
 THE FOLLOWING WEATHER WAS RECORDED YESTERDAY.
  NO SIGNIFICANT WEATHER WAS OBSERVED.


RELATIVE HUMIDITY (PERCENT)
 HIGHEST    50          1200 AM
 LOWEST     29           300 PM
 AVERAGE    40

..........................................................


THE MEMPHIS CLIMATE NORMALS FOR TODAY
                         NORMAL    RECORD    YEAR
 MAXIMUM TEMPERATURE (F)   59        79      1997
 MINIMUM TEMPERATURE (F)   40        17      1890


SUNRISE AND SUNSET
MARCH  1 2015.........SUNRISE   630 AM CST   SUNSET   555 PM CST
MARCH  2 2015.........SUNRISE   628 AM CST   SUNSET   556 PM CST


-  INDICATES NEGATIVE NUMBERS.
R  INDICATES RECORD WAS SET OR TIED.
MM INDICATES DATA IS MISSING.
T  INDICATES TRACE AMOUNT.




$$
