554
CDUS44 KMEG 302146
CLIMEM


CLIMATE REPORT
NATIONAL WEATHER SERVICE MEMPHIS TN
446 PM CDT SUN APR 30 2017


...................................

...THE MEMPHIS CLIMATE SUMMARY FOR APRIL 30 2017...
VALID TODAY AS OF 0400 PM LOCAL TIME.

CLIMATE NORMAL PERIOD 1981 TO 2010
CLIMATE RECORD PERIOD 1872 TO 2017


WEATHER ITEM   OBSERVED TIME   RECORD YEAR NORMAL DEPARTURE LAST
                VALUE   (LST)  VALUE       VALUE  FROM      YEAR
                                                  NORMAL
..................................................................
TEMPERATURE (F)
 TODAY
  MAXIMUM         77    143 AM  91    1987  77      0       78
  MINIMUM         69    753 AM  40    1908  58     11       65
  AVERAGE         73                        67      6       72

PRECIPITATION (IN)
  TODAY            1.04          2.30 1873   0.19   0.85     0.59
  MONTH TO DATE    5.34                      5.50  -0.16     5.97
  SINCE MAR 1      8.95                     10.66  -1.71    22.17
  SINCE JAN 1     14.61                     19.03  -4.42    30.02

SNOWFALL (IN)
  TODAY            0.0

DEGREE DAYS
 HEATING
  TODAY            0                         2     -2        0
  MONTH TO DATE   57                       137    -80       80
  SINCE MAR 1    337                       495   -158      293
  SINCE JUL 1   2036                      2945   -909     2164

 COOLING
  TODAY            8                         4      4        7
  MONTH TO DATE  120                        75     45       83
  SINCE MAR 1    158                        92     66      104
  SINCE JAN 1    180                        95     85      107
..................................................................


WIND (MPH)
  HIGHEST WIND SPEED    31   HIGHEST WIND DIRECTION    SW (220)
  HIGHEST GUST SPEED    41   HIGHEST GUST DIRECTION    SW (230)
  AVERAGE WIND SPEED    16.3


SKY COVER
  POSSIBLE SUNSHINE  MM
  AVERAGE SKY COVER 1.0


WEATHER CONDITIONS
 THE FOLLOWING WEATHER WAS RECORDED TODAY.
  THUNDERSTORM
  HEAVY RAIN
  RAIN
  LIGHT RAIN
  FOG


RELATIVE HUMIDITY (PERCENT)
 HIGHEST    93           700 AM
 LOWEST     74           100 AM
 AVERAGE    84

..........................................................


THE MEMPHIS CLIMATE NORMALS FOR TOMORROW
                         NORMAL    RECORD    YEAR
 MAXIMUM TEMPERATURE (F)   77        92      1901
 MINIMUM TEMPERATURE (F)   58        40      1963
                                             1903


SUNRISE AND SUNSET
APRIL 30 2017.........SUNRISE   610 AM CDT   SUNSET   745 PM CDT
MAY  1 2017...........SUNRISE   609 AM CDT   SUNSET   746 PM CDT


-  INDICATES NEGATIVE NUMBERS.
R  INDICATES RECORD WAS SET OR TIED.
MM INDICATES DATA IS MISSING.
T  INDICATES TRACE AMOUNT.




$$
