000
CDUS44 KMEG 190733
CLIMEM


CLIMATE REPORT
NATIONAL WEATHER SERVICE MEMPHIS TN
132 AM CST SUN FEB 19 2017


...................................

...THE MEMPHIS CLIMATE SUMMARY FOR FEBRUARY 18 2017...

CLIMATE NORMAL PERIOD 1981 TO 2010
CLIMATE RECORD PERIOD 1872 TO 2017


WEATHER ITEM   OBSERVED TIME   RECORD YEAR NORMAL DEPARTURE LAST
                VALUE   (LST)  VALUE       VALUE  FROM      YEAR
                                                  NORMAL
..................................................................
TEMPERATURE (F)
 YESTERDAY
  MAXIMUM         66    352 PM  78    1986  56     10       70
  MINIMUM         51   1159 PM   1    1936  37     14       40
  AVERAGE         59                        46     13       55

PRECIPITATION (IN)
  YESTERDAY        0.04          3.91 1938   0.16  -0.12     0.00
  MONTH TO DATE    1.00                      2.77  -1.77     3.51
  SINCE DEC 1     12.59                     12.49   0.10    10.55
  SINCE JAN 1      5.26                      6.75  -1.49     5.78

SNOWFALL (IN)
  YESTERDAY        0.0           5.5  1921   0.1   -0.1      0.0
  MONTH TO DATE    0.0                       1.0   -1.0      0.0
  SINCE DEC 1      2.0                       3.1   -1.1      0.3
  SINCE JUL 1      2.0                       3.1   -1.1      0.3
  SNOW DEPTH       0

DEGREE DAYS
 HEATING
  YESTERDAY        6                        19    -13       10
  MONTH TO DATE  239                       376   -137      365
  SINCE DEC 1   1372                      1779   -407     1449
  SINCE JUL 1   1642                      2278   -636     1750

 COOLING
  YESTERDAY        0                         0      0        0
  MONTH TO DATE   11                         0     11        1
  SINCE DEC 1     16                         3     13       22
  SINCE JAN 1     13                         1     12        3
..................................................................


WIND (MPH)
  HIGHEST WIND SPEED    14   HIGHEST WIND DIRECTION     S (180)
  HIGHEST GUST SPEED    18   HIGHEST GUST DIRECTION     S (180)
  AVERAGE WIND SPEED     5.3


SKY COVER
  POSSIBLE SUNSHINE  MM
  AVERAGE SKY COVER 0.8


WEATHER CONDITIONS
 THE FOLLOWING WEATHER WAS RECORDED YESTERDAY.
  LIGHT RAIN


RELATIVE HUMIDITY (PERCENT)
 HIGHEST    96           700 AM
 LOWEST     55           100 AM
 AVERAGE    76

..........................................................


THE MEMPHIS CLIMATE NORMALS FOR TODAY
                         NORMAL    RECORD    YEAR
 MAXIMUM TEMPERATURE (F)   56        76      1986
                                             1882
 MINIMUM TEMPERATURE (F)   37         9      1958


SUNRISE AND SUNSET
FEBRUARY 19 2017......SUNRISE   641 AM CST   SUNSET   547 PM CST
FEBRUARY 20 2017......SUNRISE   640 AM CST   SUNSET   548 PM CST


-  INDICATES NEGATIVE NUMBERS.
R  INDICATES RECORD WAS SET OR TIED.
MM INDICATES DATA IS MISSING.
T  INDICATES TRACE AMOUNT.




$$
