000
CDUS41 KCLE 210545
CLIMFD


CLIMATE REPORT
NATIONAL WEATHER SERVICE CLEVELAND OH
145 AM EDT TUE OCT 21 2014


...................................

...THE MANSFIELD OH CLIMATE SUMMARY FOR OCTOBER 20 2014...

CLIMATE NORMAL PERIOD 1981 TO 2010
CLIMATE RECORD PERIOD 1916 TO 2014


WEATHER ITEM   OBSERVED TIME   RECORD YEAR NORMAL DEPARTURE LAST
                VALUE   (LST)  VALUE       VALUE  FROM      YEAR
                                                  NORMAL
..................................................................
TEMPERATURE (F)
 YESTERDAY
  MAXIMUM         60    208 PM  79    1953  60      0       60
  MINIMUM         46    702 AM  21    1930  41      5       39
  AVERAGE         53                        50      3       50

PRECIPITATION (IN)
  YESTERDAY        0.15                      0.09   0.06     0.00
  MONTH TO DATE    1.30                      1.87  -0.57     3.43
  SINCE SEP 1      2.77                      5.19  -2.42     6.16
  SINCE JAN 1     31.99                     36.02  -4.03    35.08

SNOWFALL (IN)
  YESTERDAY       MM                         0.0   MM        0.0
  MONTH TO DATE    0.0                       0.1   -0.1      0.0
  SINCE SEP 1      0.0                       0.1   -0.1      0.0
  SINCE JUL 1      0.0                       0.1   -0.1      0.0
  SNOW DEPTH       0

DEGREE DAYS
 HEATING
  YESTERDAY       12                        15     -3       15
  MONTH TO DATE  218                       237    -19      152
  SINCE SEP 1    330                       362    -32      270
  SINCE JUL 1    357                       387    -30      298

 COOLING
  YESTERDAY        0                         0      0        0
  MONTH TO DATE    4                         5     -1       24
  SINCE SEP 1     69                        68      1       99
  SINCE JAN 1    623                       630     -7      741
..................................................................


WIND (MPH)
  HIGHEST WIND SPEED    20   HIGHEST WIND DIRECTION    SW (210)
  HIGHEST GUST SPEED    25   HIGHEST GUST DIRECTION     S (190)
  AVERAGE WIND SPEED     9.5


SKY COVER
  POSSIBLE SUNSHINE  MM
  AVERAGE SKY COVER 0.7


WEATHER CONDITIONS
 THE FOLLOWING WEATHER WAS RECORDED YESTERDAY.
  LIGHT RAIN
  FOG


RELATIVE HUMIDITY (PERCENT)
 HIGHEST   100           900 PM
 LOWEST     62           200 PM
 AVERAGE    81

..........................................................


THE MANSFIELD OH CLIMATE NORMALS FOR TODAY
                         NORMAL    RECORD    YEAR
 MAXIMUM TEMPERATURE (F)   60        80      2007
 MINIMUM TEMPERATURE (F)   40        21      1952


SUNRISE AND SUNSET
OCTOBER 21 2014.......SUNRISE   748 AM EDT   SUNSET   641 PM EDT
OCTOBER 22 2014.......SUNRISE   749 AM EDT   SUNSET   639 PM EDT


-  INDICATES NEGATIVE NUMBERS.
R  INDICATES RECORD WAS SET OR TIED.
MM INDICATES DATA IS MISSING.
T  INDICATES TRACE AMOUNT.




$$
