000
CDUS41 KCLE 070529
CLIMFD


CLIMATE REPORT
NATIONAL WEATHER SERVICE CLEVELAND OH
1228 AM EST SAT MAR 7 2015


...................................

...THE MANSFIELD OH CLIMATE SUMMARY FOR MARCH 6 2015...

CLIMATE NORMAL PERIOD 1981 TO 2010
CLIMATE RECORD PERIOD 1916 TO 2015


WEATHER ITEM   OBSERVED TIME   RECORD YEAR NORMAL DEPARTURE LAST
                VALUE   (LST)  VALUE       VALUE  FROM      YEAR
                                                  NORMAL
..................................................................
TEMPERATURE (F)
 YESTERDAY
  MAXIMUM         22    520 PM  72    1973  42    -20       39
  MINIMUM          0R   210 AM   4    1960  25    -25       14
  AVERAGE         11                        34    -23       27

PRECIPITATION (IN)
  YESTERDAY        0.00                      0.10  -0.10     0.00
  MONTH TO DATE    0.57                      0.56   0.01     0.20
  SINCE MAR 1      0.57                      0.56   0.01     0.20
  SINCE JAN 1      5.73                      5.82  -0.09     4.53

SNOWFALL (IN)
  YESTERDAY        0.0                       0.3   -0.3      0.0
  MONTH TO DATE    5.5                       2.0    3.5      2.6
  SINCE MAR 1      5.5                       2.0    3.5      2.6
  SINCE JUL 1     58.0                      39.9   18.1     56.5
  SNOW DEPTH       3

DEGREE DAYS
 HEATING
  YESTERDAY       54                        32     22       38
  MONTH TO DATE  264                       195     69      268
  SINCE MAR 1    264                       195     69      268
  SINCE JUL 1   5336                      4820    516     5312

 COOLING
  YESTERDAY        0                         0      0        0
  MONTH TO DATE    0                         0      0        0
  SINCE MAR 1      0                         0      0        0
  SINCE JAN 1      0                         0      0        0
..................................................................


WIND (MPH)
  HIGHEST WIND SPEED    21   HIGHEST WIND DIRECTION     S (190)
  HIGHEST GUST SPEED    27   HIGHEST GUST DIRECTION     S (190)
  AVERAGE WIND SPEED    11.2


SKY COVER
  POSSIBLE SUNSHINE  MM
  AVERAGE SKY COVER 0.1


WEATHER CONDITIONS
 THE FOLLOWING WEATHER WAS RECORDED YESTERDAY.
  NO SIGNIFICANT WEATHER WAS OBSERVED.


RELATIVE HUMIDITY (PERCENT)
 HIGHEST    91           100 AM
 LOWEST     52           600 PM
 AVERAGE    72

..........................................................


THE MANSFIELD OH CLIMATE NORMALS FOR TODAY
                         NORMAL    RECORD    YEAR
 MAXIMUM TEMPERATURE (F)   42        75      1983
 MINIMUM TEMPERATURE (F)   25         3      1986


SUNRISE AND SUNSET
MARCH  7 2015.........SUNRISE   655 AM EST   SUNSET   628 PM EST
MARCH  8 2015.........SUNRISE   753 AM EDT   SUNSET   729 PM EDT


-  INDICATES NEGATIVE NUMBERS.
R  INDICATES RECORD WAS SET OR TIED.
MM INDICATES DATA IS MISSING.
T  INDICATES TRACE AMOUNT.




$$
