000
CDUS41 KCLE 220528
CLIMFD


CLIMATE REPORT
NATIONAL WEATHER SERVICE CLEVELAND OH
1228 AM EST THU FEB 22 2018


...................................

...THE MANSFIELD OH CLIMATE SUMMARY FOR FEBRUARY 21 2018...

CLIMATE NORMAL PERIOD 1981 TO 2010
CLIMATE RECORD PERIOD 1916 TO 2018


WEATHER ITEM   OBSERVED TIME   RECORD YEAR NORMAL DEPARTURE LAST
                VALUE   (LST)  VALUE       VALUE  FROM      YEAR
                                                  NORMAL
..................................................................
TEMPERATURE (F)
 YESTERDAY
  MAXIMUM         67    613 AM  68    1930  38     29       64
  MINIMUM         32   1159 PM  -5    1963  22     10       48
  AVERAGE         50                        30     20       56

PRECIPITATION (IN)
  YESTERDAY        0.25                      0.09   0.16     0.00
  MONTH TO DATE    2.89                      1.77   1.12     1.24
  SINCE DEC 1      7.25                      7.93  -0.68    10.29
  SINCE JAN 1      5.40                      4.64   0.76     7.15

SNOWFALL (IN)
  YESTERDAY        0.0                       0.4   -0.4      0.0
  MONTH TO DATE    8.1                       8.5   -0.4      3.8
  SINCE DEC 1     29.9                      32.3   -2.4     21.4
  SINCE JUL 1     30.0                      35.0   -5.0     21.6
  SNOW DEPTH       0

DEGREE DAYS
 HEATING
  YESTERDAY       15                        35    -20        9
  MONTH TO DATE  696                       786    -90      581
  SINCE DEC 1   3097                      3105     -8     2683
  SINCE JUL 1   4179                      4386   -207     3560

 COOLING
  YESTERDAY        0                         0      0        0
  MONTH TO DATE    1                         0      1        0
  SINCE DEC 1      1                         0      1        0
  SINCE JAN 1      1                         0      1        0
..................................................................


WIND (MPH)
  HIGHEST WIND SPEED    31   HIGHEST WIND DIRECTION     S (200)
  HIGHEST GUST SPEED    39   HIGHEST GUST DIRECTION     S (200)
  AVERAGE WIND SPEED    12.7


SKY COVER
  POSSIBLE SUNSHINE  MM
  AVERAGE SKY COVER 0.9


WEATHER CONDITIONS
 THE FOLLOWING WEATHER WAS RECORDED YESTERDAY.
  LIGHT RAIN
  FOG


RELATIVE HUMIDITY (PERCENT)
 HIGHEST   100           900 AM
 LOWEST     68          1200 AM
 AVERAGE    84

..........................................................


THE MANSFIELD OH CLIMATE NORMALS FOR TODAY
                         NORMAL    RECORD    YEAR
 MAXIMUM TEMPERATURE (F)   38        69      1930
 MINIMUM TEMPERATURE (F)   22       -10      1963


SUNRISE AND SUNSET
FEBRUARY 22 2018......SUNRISE   714 AM EST   SUNSET   613 PM EST
FEBRUARY 23 2018......SUNRISE   713 AM EST   SUNSET   614 PM EST


-  INDICATES NEGATIVE NUMBERS.
R  INDICATES RECORD WAS SET OR TIED.
MM INDICATES DATA IS MISSING.
T  INDICATES TRACE AMOUNT.




$$
