000
CDUS41 KCLE 242121
CLIMFD


CLIMATE REPORT
NATIONAL WEATHER SERVICE CLEVELAND OH
520 PM EDT THU APR 24 2014


...................................

...THE MANSFIELD OH CLIMATE SUMMARY FOR APRIL 24 2014...
VALID TODAY AS OF 0500 PM LOCAL TIME.

CLIMATE NORMAL PERIOD 1981 TO 2010
CLIMATE RECORD PERIOD 1916 TO 2014


WEATHER ITEM   OBSERVED TIME   RECORD YEAR NORMAL DEPARTURE LAST
                VALUE   (LST)  VALUE       VALUE  FROM      YEAR
                                                  NORMAL
..................................................................
TEMPERATURE (F)
 TODAY
  MAXIMUM         58    358 PM  87    1925  63     -5       63
  MINIMUM         37    106 AM  24    1930  41     -4       35
  AVERAGE         48                        52     -4       49

PRECIPITATION (IN)
  TODAY            0.00                      0.13  -0.13     0.81
  MONTH TO DATE    4.06                      3.34   0.72     4.22
  SINCE MAR 1      5.90                      6.73  -0.83     6.17
  SINCE JAN 1     10.23                     11.99  -1.76    10.90

SNOWFALL (IN)
  TODAY            0.0                       0.0    0.0      0.0
  MONTH TO DATE    1.0                       2.4   -1.4      0.1
  SINCE MAR 1     11.5                      10.2    1.3      9.6
  SINCE JUL 1     65.4                      48.1   17.3     39.4
  SNOW DEPTH       0

DEGREE DAYS
 HEATING
  TODAY           17                        13      4       16
  MONTH TO DATE  368                       420    -52      402
  SINCE MAR 1   1395                      1285    110     1377
  SINCE JUL 1   6439                      5910    529     5750

 COOLING
  TODAY            0                         0      0        0
  MONTH TO DATE    2                         0      2        6
  SINCE MAR 1      2                         1      1        6
  SINCE JAN 1      2                         1      1        6
..................................................................


WIND (MPH)
  HIGHEST WIND SPEED    17   HIGHEST WIND DIRECTION     E (100)
  HIGHEST GUST SPEED    23   HIGHEST GUST DIRECTION     E (90)


SKY COVER
  POSSIBLE SUNSHINE  MM
  AVERAGE SKY COVER 0.4


WEATHER CONDITIONS
 THE FOLLOWING WEATHER WAS RECORDED TODAY.
  NO SIGNIFICANT WEATHER WAS OBSERVED.


RELATIVE HUMIDITY (PERCENT)
 HIGHEST    64          1200 AM
 LOWEST     25           400 PM
 AVERAGE    45

..........................................................


THE MANSFIELD OH CLIMATE NORMALS FOR TOMORROW
                         NORMAL    RECORD    YEAR
 MAXIMUM TEMPERATURE (F)   63        85      2009
                                             1990
 MINIMUM TEMPERATURE (F)   41        24      1919


SUNRISE AND SUNSET
APRIL 24 2014.........SUNRISE   638 AM EDT   SUNSET   819 PM EDT
APRIL 25 2014.........SUNRISE   637 AM EDT   SUNSET   820 PM EDT


-  INDICATES NEGATIVE NUMBERS.
R  INDICATES RECORD WAS SET OR TIED.
MM INDICATES DATA IS MISSING.
T  INDICATES TRACE AMOUNT.




$$
