000
CDUS44 KBRO 302136
CLIMFE


CLIMATE REPORT
NATIONAL WEATHER SERVICE BROWNSVILLE TX
436 PM CDT THU MAR 30 2017


...................................

...THE MCALLEN CLIMATE SUMMARY FOR MARCH 30 2017...
VALID TODAY AS OF 0400 PM LOCAL TIME.

CLIMATE NORMAL PERIOD 1981 TO 2010
CLIMATE RECORD PERIOD 1961 TO 2017


WEATHER ITEM   OBSERVED TIME   RECORD YEAR NORMAL DEPARTURE LAST
                VALUE   (LST)  VALUE       VALUE  FROM      YEAR
                                                  NORMAL
..................................................................
TEMPERATURE (F)
 TODAY
  MAXIMUM         90    257 PM 104    1989  85      5       87
  MINIMUM         67   1259 AM  38    2003  63      4       76
  AVERAGE         79                        74      5       82

PRECIPITATION (IN)
  TODAY            0.00          0.16 1965   0.02  -0.02     0.00
  MONTH TO DATE    2.52                      1.00   1.52     0.03
  SINCE MAR 1      2.52                      1.00   1.52     0.03
  SINCE JAN 1      4.15                      3.16   0.99     0.43

SNOWFALL (IN)
  TODAY            0.0
  MONTH TO DATE    0.0
  SINCE MAR 1      0.0
  SINCE JUL 1      0.0
  SNOW DEPTH       0

DEGREE DAYS
 HEATING
  TODAY            0                         1     -1        0
  MONTH TO DATE    1                        41    -40        6
  SINCE MAR 1      1                        41    -40        6
  SINCE JUL 1    189                       574   -385      317

 COOLING
  TODAY           14                         9      5       17
  MONTH TO DATE  351                       208    143      338
  SINCE MAR 1    351                       208    143      338
  SINCE JAN 1    832                       367    465      543
..................................................................


WIND (MPH)
  HIGHEST WIND SPEED    21   HIGHEST WIND DIRECTION     N (350)
  HIGHEST GUST SPEED    31   HIGHEST GUST DIRECTION     N (340)
  AVERAGE WIND SPEED    11.4



WEATHER CONDITIONS
 THE FOLLOWING WEATHER WAS RECORDED TODAY.
  HAZE


..........................................................


THE MCALLEN CLIMATE NORMALS FOR TOMORROW
                         NORMAL    RECORD    YEAR
 MAXIMUM TEMPERATURE (F)   85       100      2016
 MINIMUM TEMPERATURE (F)   63        36      1987


SUNRISE AND SUNSET
MARCH 30 2017.........SUNRISE   726 AM CDT   SUNSET   749 PM CDT
MARCH 31 2017.........SUNRISE   725 AM CDT   SUNSET   750 PM CDT


-  INDICATES NEGATIVE NUMBERS.
R  INDICATES RECORD WAS SET OR TIED.
MM INDICATES DATA IS MISSING.
T  INDICATES TRACE AMOUNT.




$$
