000
CDUS44 KBRO 310729
CLIMFE


CLIMATE REPORT
NATIONAL WEATHER SERVICE BROWNSVILLE TX
128 AM CST SAT JAN 31 2015


...................................

...THE MCALLEN CLIMATE SUMMARY FOR JANUARY 30 2015...

CLIMATE NORMAL PERIOD 1981 TO 2010
CLIMATE RECORD PERIOD 1941 TO 2015


WEATHER ITEM   OBSERVED TIME   RECORD YEAR NORMAL DEPARTURE LAST
                VALUE   (LST)  VALUE       VALUE  FROM      YEAR
                                                  NORMAL
..................................................................
TEMPERATURE (F)
 YESTERDAY
  MAXIMUM         75    240 PM  90    2006  73      2       68
  MINIMUM         61    434 AM  25    1949  52      9       42
  AVERAGE         68                        62      6

PRECIPITATION (IN)
  YESTERDAY        0.00          0.16 1976   0.04  -0.04     0.00
  MONTH TO DATE    0.17                      1.02  -0.85     0.66
  SINCE DEC 1      1.02                      2.21  -1.19     3.69
  SINCE JAN 1      0.17                      1.02  -0.85     0.66

SNOWFALL (IN)
  YESTERDAY        0.0
  MONTH TO DATE    0.0
  SINCE DEC 1      0.0
  SINCE JUL 1      0.0

DEGREE DAYS
 HEATING
  YESTERDAY        0                         5     -5       10
  MONTH TO DATE  301                       186    115      236
  SINCE DEC 1    406                       363     43      475
  SINCE JUL 1    535                       423    112      601

 COOLING
  YESTERDAY        3                         2      1        0
  MONTH TO DATE   12                        60    -48       16
  SINCE DEC 1     95                       143    -48       62
  SINCE JAN 1     12                        60    -48       16
..................................................................


WIND (MPH)
  HIGHEST WIND SPEED    21   HIGHEST WIND DIRECTION    NE (60)
  HIGHEST GUST SPEED    27   HIGHEST GUST DIRECTION    NE (60)
  AVERAGE WIND SPEED    10.5



WEATHER CONDITIONS
 THE FOLLOWING WEATHER WAS RECORDED YESTERDAY.
  FOG


RELATIVE HUMIDITY (PERCENT)
 HIGHEST   100
 LOWEST     61
 AVERAGE    81

..........................................................


THE MCALLEN CLIMATE NORMALS FOR TODAY
                         NORMAL    RECORD    YEAR
 MAXIMUM TEMPERATURE (F)   73        93      1971
 MINIMUM TEMPERATURE (F)   52        22      1949


SUNRISE AND SUNSET
JANUARY 31 2015.......SUNRISE   718 AM CST   SUNSET   615 PM CST
FEBRUARY  1 2015......SUNRISE   717 AM CST   SUNSET   616 PM CST


-  INDICATES NEGATIVE NUMBERS.
R  INDICATES RECORD WAS SET OR TIED.
MM INDICATES DATA IS MISSING.
T  INDICATES TRACE AMOUNT.




$$
