000
CDUS44 KBRO 040730
CLIMFE


CLIMATE REPORT
NATIONAL WEATHER SERVICE BROWNSVILLE TX
127 AM CST SUN DEC 4 2016


...................................

...THE MCALLEN CLIMATE SUMMARY FOR DECEMBER 3 2016...

CLIMATE NORMAL PERIOD 1981 TO 2010
CLIMATE RECORD PERIOD 1961 TO 2016


WEATHER ITEM   OBSERVED TIME   RECORD YEAR NORMAL DEPARTURE LAST
                VALUE   (LST)  VALUE       VALUE  FROM      YEAR
                                                  NORMAL
..................................................................
TEMPERATURE (F)
 YESTERDAY
  MAXIMUM         87    300 PM  91    1978  75     12       73
  MINIMUM         62   1159 PM  33    1976  54      8       47
  AVERAGE         75                        64     11

PRECIPITATION (IN)
  YESTERDAY        T             0.86 1979   0.03  -0.03     0.00
  MONTH TO DATE    0.02                      0.09  -0.07     0.00
  SINCE DEC 1      0.02                      0.09  -0.07     0.00
  SINCE JAN 1     13.17                     21.10  -7.93    26.36

SNOWFALL (IN)
  YESTERDAY        0.0
  MONTH TO DATE    0.0
  SINCE DEC 1      0.0
  SINCE JUL 1      0.0

DEGREE DAYS
 HEATING
  YESTERDAY        0                         4     -4        5
  MONTH TO DATE    0                        12    -12       13
  SINCE DEC 1      0                        12    -12       13
  SINCE JUL 1      7                        72    -65       47

 COOLING
  YESTERDAY       10                         3      7        0
  MONTH TO DATE   25                        11     14        0
  SINCE DEC 1     25                        11     14        0
  SINCE JAN 1   5539                      4380   1159     4800
..................................................................


WIND (MPH)
  HIGHEST WIND SPEED    24   HIGHEST WIND DIRECTION     N (340)
  HIGHEST GUST SPEED    31   HIGHEST GUST DIRECTION     N (340)
  AVERAGE WIND SPEED    11.6



WEATHER CONDITIONS
 THE FOLLOWING WEATHER WAS RECORDED YESTERDAY.
  LIGHT RAIN
  FOG
  HAZE


RELATIVE HUMIDITY (PERCENT)
 HIGHEST    87
 LOWEST     55
 AVERAGE    71

..........................................................


THE MCALLEN CLIMATE NORMALS FOR TODAY
                         NORMAL    RECORD    YEAR
 MAXIMUM TEMPERATURE (F)   74        92      1977
 MINIMUM TEMPERATURE (F)   54        37      2009
                                             1968


SUNRISE AND SUNSET
DECEMBER  4 2016......SUNRISE   706 AM CST   SUNSET   541 PM CST
DECEMBER  5 2016......SUNRISE   707 AM CST   SUNSET   541 PM CST


-  INDICATES NEGATIVE NUMBERS.
R  INDICATES RECORD WAS SET OR TIED.
MM INDICATES DATA IS MISSING.
T  INDICATES TRACE AMOUNT.




$$
