000
CDUS44 KBRO 212229
CLIMFE


CLIMATE REPORT
NATIONAL WEATHER SERVICE BROWNSVILLE TX
428 PM CST SAT JAN 21 2017


...................................

...THE MCALLEN CLIMATE SUMMARY FOR JANUARY 21 2017...
VALID TODAY AS OF 0400 PM LOCAL TIME.

CLIMATE NORMAL PERIOD 1981 TO 2010
CLIMATE RECORD PERIOD 1961 TO 2017


WEATHER ITEM   OBSERVED TIME   RECORD YEAR NORMAL DEPARTURE LAST
                VALUE   (LST)  VALUE       VALUE  FROM      YEAR
                                                  NORMAL
..................................................................
TEMPERATURE (F)
 TODAY
  MAXIMUM         96R   316 PM  91    1999  71     25       81
  MINIMUM         54    746 AM  26    1985  51      3       57
  AVERAGE         75                        61     14       69

PRECIPITATION (IN)
  TODAY            0.00          1.52 1994   0.03  -0.03     0.00
  MONTH TO DATE    0.80                      0.69   0.11     0.40
  SINCE DEC 1      1.43                      1.88  -0.45     0.44
  SINCE JAN 1      0.80                      0.69   0.11     0.40

SNOWFALL (IN)
  TODAY            0.0
  MONTH TO DATE    0.0
  SINCE DEC 1      0.0
  SINCE JUL 1      0.0
  SNOW DEPTH       0

DEGREE DAYS
 HEATING
  TODAY            0                         6     -6        0
  MONTH TO DATE   60                       137    -77      126
  SINCE DEC 1    146                       314   -168      195
  SINCE JUL 1    153                       374   -221      229

 COOLING
  TODAY           10                         2      8        4
  MONTH TO DATE  149                        42    107       23
  SINCE DEC 1    332                       125    207      167
  SINCE JAN 1    149                        42    107       23
..................................................................


WIND (MPH)
  HIGHEST WIND SPEED    16   HIGHEST WIND DIRECTION    SE (140)
  HIGHEST GUST SPEED    19   HIGHEST GUST DIRECTION    SE (130)
  AVERAGE WIND SPEED     3.5



WEATHER CONDITIONS
 THE FOLLOWING WEATHER WAS RECORDED TODAY.
  FOG
  FOG W/VISIBILITY <= 1/4 MILE
  HAZE


..........................................................


THE MCALLEN CLIMATE NORMALS FOR TOMORROW
                         NORMAL    RECORD    YEAR
 MAXIMUM TEMPERATURE (F)   71        91      1982
                                             1972
 MINIMUM TEMPERATURE (F)   51        34      1985
                                             1978


SUNRISE AND SUNSET
JANUARY 21 2017.......SUNRISE   721 AM CST   SUNSET   608 PM CST
JANUARY 22 2017.......SUNRISE   721 AM CST   SUNSET   609 PM CST


-  INDICATES NEGATIVE NUMBERS.
R  INDICATES RECORD WAS SET OR TIED.
MM INDICATES DATA IS MISSING.
T  INDICATES TRACE AMOUNT.




$$
