000
CDUS44 KBRO 200726
CLIMFE


CLIMATE REPORT
NATIONAL WEATHER SERVICE BROWNSVILLE TX
126 AM CST MON FEB 20 2017


...................................

...THE MCALLEN CLIMATE SUMMARY FOR FEBRUARY 19 2017...

CLIMATE NORMAL PERIOD 1981 TO 2010
CLIMATE RECORD PERIOD 1961 TO 2017


WEATHER ITEM   OBSERVED TIME   RECORD YEAR NORMAL DEPARTURE LAST
                VALUE   (LST)  VALUE       VALUE  FROM      YEAR
                                                  NORMAL
..................................................................
TEMPERATURE (F)
 YESTERDAY
  MAXIMUM         93    324 PM  97    1986  76     17       92
  MINIMUM         74    505 AM  37    1964  55     19       62
  AVERAGE         84                        65     19

PRECIPITATION (IN)
  YESTERDAY        0.00          0.91 1982   0.03  -0.03     0.00
  MONTH TO DATE    0.33                      0.81  -0.48     0.00
  SINCE DEC 1      1.94                      3.05  -1.11     0.44
  SINCE JAN 1      1.31                      1.86  -0.55     0.40

SNOWFALL (IN)
  YESTERDAY        0.0
  MONTH TO DATE    0.0
  SINCE DEC 1      0.0
  SINCE JUL 1      0.0

DEGREE DAYS
 HEATING
  YESTERDAY        0                         3     -3        0
  MONTH TO DATE    8                        82    -74       38
  SINCE DEC 1    181                       449   -268      273
  SINCE JUL 1    188                       509   -321      307

 COOLING
  YESTERDAY       19                         4     15       12
  MONTH TO DATE  191                        58    133       88
  SINCE DEC 1    553                       203    350      277
  SINCE JAN 1    370                       120    250      133
..................................................................


WIND (MPH)
  HIGHEST WIND SPEED    28   HIGHEST WIND DIRECTION    SE (140)
  HIGHEST GUST SPEED    36   HIGHEST GUST DIRECTION    SE (150)
  AVERAGE WIND SPEED    18.7



WEATHER CONDITIONS
 THE FOLLOWING WEATHER WAS RECORDED YESTERDAY.
  HAZE


RELATIVE HUMIDITY (PERCENT)
 HIGHEST    82
 LOWEST     46
 AVERAGE    64

..........................................................


THE MCALLEN CLIMATE NORMALS FOR TODAY
                         NORMAL    RECORD    YEAR
 MAXIMUM TEMPERATURE (F)   76        99      1996
 MINIMUM TEMPERATURE (F)   55        37      1968


SUNRISE AND SUNSET
FEBRUARY 20 2017......SUNRISE   704 AM CST   SUNSET   629 PM CST
FEBRUARY 21 2017......SUNRISE   703 AM CST   SUNSET   630 PM CST


-  INDICATES NEGATIVE NUMBERS.
R  INDICATES RECORD WAS SET OR TIED.
MM INDICATES DATA IS MISSING.
T  INDICATES TRACE AMOUNT.




$$
