955
CDUS44 KBRO 220626
CLIMFE


CLIMATE REPORT
NATIONAL WEATHER SERVICE BROWNSVILLE TX
125 AM CDT TUE AUG 22 2017


...................................

...THE MCALLEN CLIMATE SUMMARY FOR AUGUST 21 2017...

CLIMATE NORMAL PERIOD 1981 TO 2010
CLIMATE RECORD PERIOD 1961 TO 2017


WEATHER ITEM   OBSERVED TIME   RECORD YEAR NORMAL DEPARTURE LAST
                VALUE   (LST)  VALUE       VALUE  FROM      YEAR
                                                  NORMAL
..................................................................
TEMPERATURE (F)
 YESTERDAY
  MAXIMUM         99    344 PM 103    1997  98      1       98
  MINIMUM         79    620 AM  70    1961  77      2       79
  AVERAGE         89                        87      2

PRECIPITATION (IN)
  YESTERDAY        T             1.45 2000   0.09  -0.09     0.08
  MONTH TO DATE    0.55                      1.17  -0.62     0.79
  SINCE JUN 1      0.91                      5.75  -4.84     1.28
  SINCE JAN 1      6.78                     12.53  -5.75     9.25

SNOWFALL (IN)
  YESTERDAY        0.0
  MONTH TO DATE    0.0
  SINCE JUN 1      0.0
  SINCE JUL 1      0.0

DEGREE DAYS
 HEATING
  YESTERDAY        0                         0      0        0
  MONTH TO DATE    0                         0      0        0
  SINCE JUN 1      0                         0      0        0
  SINCE JUL 1      0                         0      0        0

 COOLING
  YESTERDAY       24                        22      2       24
  MONTH TO DATE  552                       480     72      557
  SINCE JUN 1   2075                      1782    293     2035
  SINCE JAN 1   4014                      3037    977     3653
..................................................................


WIND (MPH)
  HIGHEST WIND SPEED    20   HIGHEST WIND DIRECTION    NE (60)
  HIGHEST GUST SPEED    25   HIGHEST GUST DIRECTION    NE (60)
  AVERAGE WIND SPEED     8.1



WEATHER CONDITIONS
 THE FOLLOWING WEATHER WAS RECORDED YESTERDAY.
  LIGHT RAIN


RELATIVE HUMIDITY (PERCENT)
 HIGHEST    91
 LOWEST     42
 AVERAGE    67

..........................................................


THE MCALLEN CLIMATE NORMALS FOR TODAY
                         NORMAL    RECORD    YEAR
 MAXIMUM TEMPERATURE (F)   98       104      2009
                                             1997
 MINIMUM TEMPERATURE (F)   77        68      1961


SUNRISE AND SUNSET
AUGUST 22 2017........SUNRISE   709 AM CDT   SUNSET   802 PM CDT
AUGUST 23 2017........SUNRISE   709 AM CDT   SUNSET   801 PM CDT


-  INDICATES NEGATIVE NUMBERS.
R  INDICATES RECORD WAS SET OR TIED.
MM INDICATES DATA IS MISSING.
T  INDICATES TRACE AMOUNT.




$$
