000
CDUS44 KBRO 240626
CLIMFE


CLIMATE REPORT
NATIONAL WEATHER SERVICE BROWNSVILLE TX
125 AM CDT WED MAY 24 2017


...................................

...THE MCALLEN CLIMATE SUMMARY FOR MAY 23 2017...

CLIMATE NORMAL PERIOD 1981 TO 2010
CLIMATE RECORD PERIOD 1961 TO 2017


WEATHER ITEM   OBSERVED TIME   RECORD YEAR NORMAL DEPARTURE LAST
                VALUE   (LST)  VALUE       VALUE  FROM      YEAR
                                                  NORMAL
..................................................................
TEMPERATURE (F)
 YESTERDAY
  MAXIMUM         97    215 PM 102    2008  93      4       94
  MINIMUM         73   1159 PM  59    1967  73      0       80
  AVERAGE         85                        83      2

PRECIPITATION (IN)
  YESTERDAY        0.23          0.61 2015   0.06   0.17     0.00
                                      1964
  MONTH TO DATE    0.31                      1.64  -1.33     4.39
  SINCE MAR 1      3.56                      4.01  -0.45     5.01
  SINCE JAN 1      5.19                      6.17  -0.98     5.41

SNOWFALL (IN)
  YESTERDAY        0.0
  MONTH TO DATE    0.0
  SINCE MAR 1      0.0
  SINCE JUL 1      0.0

DEGREE DAYS
 HEATING
  YESTERDAY        0                         0      0        0
  MONTH TO DATE    0                         0      0        0
  SINCE MAR 1      1                        46    -45        7
  SINCE JUL 1    189                       579   -390      318

 COOLING
  YESTERDAY       20                        18      2       22
  MONTH TO DATE  443                       372     71      419
  SINCE MAR 1   1291                       944    347     1241
  SINCE JAN 1   1772                      1103    669     1446
..................................................................


WIND (MPH)
  HIGHEST WIND SPEED    31   HIGHEST WIND DIRECTION     N (10)
  HIGHEST GUST SPEED    39   HIGHEST GUST DIRECTION     N (360)
  AVERAGE WIND SPEED     7.8



WEATHER CONDITIONS
 THE FOLLOWING WEATHER WAS RECORDED YESTERDAY.
  THUNDERSTORM
  HEAVY RAIN
  RAIN
  LIGHT RAIN
  FOG


RELATIVE HUMIDITY (PERCENT)
 HIGHEST    91
 LOWEST     52
 AVERAGE    72

..........................................................


THE MCALLEN CLIMATE NORMALS FOR TODAY
                         NORMAL    RECORD    YEAR
 MAXIMUM TEMPERATURE (F)   93        99      2011
                                             2008
 MINIMUM TEMPERATURE (F)   74        60      1967


SUNRISE AND SUNSET
MAY 24 2017...........SUNRISE   643 AM CDT   SUNSET   817 PM CDT
MAY 25 2017...........SUNRISE   642 AM CDT   SUNSET   818 PM CDT


-  INDICATES NEGATIVE NUMBERS.
R  INDICATES RECORD WAS SET OR TIED.
MM INDICATES DATA IS MISSING.
T  INDICATES TRACE AMOUNT.




$$
