000
CDUS44 KBRO 212126
CLIMFE


CLIMATE REPORT
NATIONAL WEATHER SERVICE BROWNSVILLE TX
426 PM CDT SUN SEP 21 2014


...................................

...THE MCALLEN CLIMATE SUMMARY FOR SEPTEMBER 21 2014...
VALID TODAY AS OF 0400 PM LOCAL TIME.

CLIMATE NORMAL PERIOD 1981 TO 2010
CLIMATE RECORD PERIOD 1941 TO 2014


WEATHER ITEM   OBSERVED TIME   RECORD YEAR NORMAL DEPARTURE LAST
                VALUE   (LST)  VALUE       VALUE  FROM      YEAR
                                                  NORMAL
..................................................................
TEMPERATURE (F)
 TODAY
  MAXIMUM         90    132 PM 102    1947  92     -2       83
  MINIMUM         77    652 AM  58    1991  72      5       73
  AVERAGE         84                        82      2       78

PRECIPITATION (IN)
  TODAY            T             5.52 1967   0.14  -0.14     0.03
  MONTH TO DATE    8.61                      3.35   5.26     6.22
  SINCE SEP 1      8.61                      3.35   5.26     6.22
  SINCE JAN 1     15.47                     16.92  -1.45    12.16

SNOWFALL (IN)
  TODAY            0.0
  MONTH TO DATE    0.0
  SINCE SEP 1      0.0
  SINCE JUL 1      0.0
  SNOW DEPTH       0

DEGREE DAYS
 HEATING
  TODAY            0                         0      0        0
  MONTH TO DATE    0                         0      0        0
  SINCE SEP 1      0                         0      0        0
  SINCE JUL 1      0                         0      0        0

 COOLING
  TODAY           19                        17      2       13
  MONTH TO DATE  387                       403    -16      387
  SINCE SEP 1    387                       403    -16      387
  SINCE JAN 1   3582                      3654    -72     3774
..................................................................


WIND (MPH)
  HIGHEST WIND SPEED    20   HIGHEST WIND DIRECTION    NE (50)
  HIGHEST GUST SPEED    24   HIGHEST GUST DIRECTION    NE (60)
  AVERAGE WIND SPEED     6.0



WEATHER CONDITIONS
 THE FOLLOWING WEATHER WAS RECORDED TODAY.
  LIGHT RAIN


..........................................................


THE MCALLEN CLIMATE NORMALS FOR TOMORROW
                         NORMAL    RECORD    YEAR
 MAXIMUM TEMPERATURE (F)   92       101      2009
 MINIMUM TEMPERATURE (F)   72        59      1995


SUNRISE AND SUNSET
SEPTEMBER 21 2014.....SUNRISE   721 AM CDT   SUNSET   730 PM CDT
SEPTEMBER 22 2014.....SUNRISE   721 AM CDT   SUNSET   729 PM CDT


-  INDICATES NEGATIVE NUMBERS.
R  INDICATES RECORD WAS SET OR TIED.
MM INDICATES DATA IS MISSING.
T  INDICATES TRACE AMOUNT.




$$
