000
CDUS44 KBRO 280625
CLIMFE


CLIMATE REPORT
NATIONAL WEATHER SERVICE BROWNSVILLE TX
125 AM CDT MON JUL 28 2014


...................................

...THE MCALLEN CLIMATE SUMMARY FOR JULY 27 2014...

CLIMATE NORMAL PERIOD 1981 TO 2010
CLIMATE RECORD PERIOD 1941 TO 2014


WEATHER ITEM   OBSERVED TIME   RECORD YEAR NORMAL DEPARTURE LAST
                VALUE   (LST)  VALUE       VALUE  FROM      YEAR
                                                  NORMAL
..................................................................
TEMPERATURE (F)
 YESTERDAY
  MAXIMUM        100    217 PM 104    2009  98      2      103
  MINIMUM         80    633 AM  69    1976  77      3       79
  AVERAGE         90                        87      3

PRECIPITATION (IN)
  YESTERDAY        0.00          1.58 1975   0.05  -0.05     0.00
  MONTH TO DATE    0.60                      1.81  -1.21     1.16
  SINCE JUN 1      0.90                      4.39  -3.49     2.04
  SINCE JAN 1      3.78                     11.17  -7.39     5.46

SNOWFALL (IN)
  YESTERDAY        0.0
  MONTH TO DATE    0.0
  SINCE JUN 1      0.0
  SINCE JUL 1      0.0

DEGREE DAYS
 HEATING
  YESTERDAY        0                         0      0        0
  MONTH TO DATE    0                         0      0        0
  SINCE JUN 1      0                         0      0        0
  SINCE JUL 1      0                         0      0        0

 COOLING
  YESTERDAY       25                        22      3       26
  MONTH TO DATE  611                       584     27      596
  SINCE JUN 1   1281                      1212     69     1273
  SINCE JAN 1   2337                      2467   -130     2569
..................................................................


WIND (MPH)
  HIGHEST WIND SPEED    26   HIGHEST WIND DIRECTION    SE (130)
  HIGHEST GUST SPEED    36   HIGHEST GUST DIRECTION    SE (140)
  AVERAGE WIND SPEED    16.7



WEATHER CONDITIONS
 THE FOLLOWING WEATHER WAS RECORDED YESTERDAY.
  NO SIGNIFICANT WEATHER WAS OBSERVED.


RELATIVE HUMIDITY (PERCENT)
 HIGHEST    91
 LOWEST     39
 AVERAGE    65

..........................................................


THE MCALLEN CLIMATE NORMALS FOR TODAY
                         NORMAL    RECORD    YEAR
 MAXIMUM TEMPERATURE (F)   98       104      1943
 MINIMUM TEMPERATURE (F)   77        70      1952
                                             1956
                                             1961


SUNRISE AND SUNSET
JULY 28 2014..........SUNRISE   657 AM CDT   SUNSET   822 PM CDT
JULY 29 2014..........SUNRISE   657 AM CDT   SUNSET   821 PM CDT


-  INDICATES NEGATIVE NUMBERS.
R  INDICATES RECORD WAS SET OR TIED.
MM INDICATES DATA IS MISSING.
T  INDICATES TRACE AMOUNT.




$$
