000
CDUS44 KBRO 230629
CLIMFE


CLIMATE REPORT
NATIONAL WEATHER SERVICE BROWNSVILLE TX
128 AM CDT MON OCT 23 2017


...................................

...THE MCALLEN CLIMATE SUMMARY FOR OCTOBER 22 2017...

CLIMATE NORMAL PERIOD 1981 TO 2010
CLIMATE RECORD PERIOD 1961 TO 2017


WEATHER ITEM   OBSERVED TIME   RECORD YEAR NORMAL DEPARTURE LAST
                VALUE   (LST)  VALUE       VALUE  FROM      YEAR
                                                  NORMAL
..................................................................
TEMPERATURE (F)
 YESTERDAY
  MAXIMUM         98R   227 PM  94    1994  87     11       87
  MINIMUM         74   1159 PM  46    1965  66      8       57
  AVERAGE         86                        76     10

PRECIPITATION (IN)
  YESTERDAY        0.14          1.58 1992   0.07   0.07     0.00
  MONTH TO DATE    6.14                      1.57   4.57     0.14
  SINCE SEP 1      8.58                      6.04   2.54     1.83
  SINCE JAN 1     15.37                     19.61  -4.24    11.13

SNOWFALL (IN)
  YESTERDAY        0.0
  MONTH TO DATE    0.0
  SINCE SEP 1      0.0
  SINCE JUL 1      0.0

DEGREE DAYS
 HEATING
  YESTERDAY        0                         0      0        0
  MONTH TO DATE    0                         0      0        0
  SINCE SEP 1      0                         0      0        0
  SINCE JUL 1      0                         0      0        0

 COOLING
  YESTERDAY       21                        11     10        7
  MONTH TO DATE  351                       291     60      419
  SINCE SEP 1   1001                       839    162     1140
  SINCE JAN 1   5267                      4090   1177     5042
..................................................................


WIND (MPH)
  HIGHEST WIND SPEED    26   HIGHEST WIND DIRECTION    NE (40)
  HIGHEST GUST SPEED    37   HIGHEST GUST DIRECTION    NE (50)
  AVERAGE WIND SPEED     6.4



WEATHER CONDITIONS
 THE FOLLOWING WEATHER WAS RECORDED YESTERDAY.
  THUNDERSTORM
  HEAVY RAIN
  LIGHT RAIN
  FOG
  FOG W/VISIBILITY <= 1/4 MILE


RELATIVE HUMIDITY (PERCENT)
 HIGHEST    94
 LOWEST     43
 AVERAGE    69

..........................................................


THE MCALLEN CLIMATE NORMALS FOR TODAY
                         NORMAL    RECORD    YEAR
 MAXIMUM TEMPERATURE (F)   86        95      1970
 MINIMUM TEMPERATURE (F)   65        46      2007


SUNRISE AND SUNSET
OCTOBER 23 2017.......SUNRISE   737 AM CDT   SUNSET   658 PM CDT
OCTOBER 24 2017.......SUNRISE   737 AM CDT   SUNSET   657 PM CDT


-  INDICATES NEGATIVE NUMBERS.
R  INDICATES RECORD WAS SET OR TIED.
MM INDICATES DATA IS MISSING.
T  INDICATES TRACE AMOUNT.




$$
