000
CDUS44 KBRO 270639
CLIMFE


CLIMATE REPORT
NATIONAL WEATHER SERVICE BROWNSVILLE TX
138 AM CDT WED JUL 27 2016


...................................

...THE MCALLEN CLIMATE SUMMARY FOR JULY 26 2016...

CLIMATE NORMAL PERIOD 1981 TO 2010
CLIMATE RECORD PERIOD 1961 TO 2016


WEATHER ITEM   OBSERVED TIME   RECORD YEAR NORMAL DEPARTURE LAST
                VALUE   (LST)  VALUE       VALUE  FROM      YEAR
                                                  NORMAL
..................................................................
TEMPERATURE (F)
 YESTERDAY
  MAXIMUM        102    221 PM 106    1986  98      4      105
  MINIMUM         81    623 AM  71    1988  77      4       81
                                      1976
                                      1968
  AVERAGE         92                        87      5

PRECIPITATION (IN)
  YESTERDAY        0.00          1.41 2000   0.05  -0.05     0.00
  MONTH TO DATE    0.25                      1.76  -1.51     0.25
  SINCE JUN 1      0.49                      4.34  -3.85     5.64
  SINCE JAN 1      8.46                     11.12  -2.66    17.11

SNOWFALL (IN)
  YESTERDAY        0.0
  MONTH TO DATE    0.0
  SINCE JUN 1      0.0
  SINCE JUL 1      0.0

DEGREE DAYS
 HEATING
  YESTERDAY        0                         0      0        0
  MONTH TO DATE    0                         0      0        0
  SINCE JUN 1      0                         0      0        0
  SINCE JUL 1      0                         0      0        0

 COOLING
  YESTERDAY       27                        22      5       28
  MONTH TO DATE  687                       562    125      623
  SINCE JUN 1   1344                      1190    154     1264
  SINCE JAN 1   2962                      2445    517     2509
..................................................................


WIND (MPH)
  HIGHEST WIND SPEED    24   HIGHEST WIND DIRECTION    SE (140)
  HIGHEST GUST SPEED    33   HIGHEST GUST DIRECTION    SE (130)
  AVERAGE WIND SPEED    14.7



WEATHER CONDITIONS
 THE FOLLOWING WEATHER WAS RECORDED YESTERDAY.
  NO SIGNIFICANT WEATHER WAS OBSERVED.


RELATIVE HUMIDITY (PERCENT)
 HIGHEST    80
 LOWEST     29
 AVERAGE    55

..........................................................


THE MCALLEN CLIMATE NORMALS FOR TODAY
                         NORMAL    RECORD    YEAR
 MAXIMUM TEMPERATURE (F)   98       104      2009
                                             1994
 MINIMUM TEMPERATURE (F)   77        71      1968


SUNRISE AND SUNSET
JULY 27 2016..........SUNRISE   656 AM CDT   SUNSET   822 PM CDT
JULY 28 2016..........SUNRISE   657 AM CDT   SUNSET   822 PM CDT


-  INDICATES NEGATIVE NUMBERS.
R  INDICATES RECORD WAS SET OR TIED.
MM INDICATES DATA IS MISSING.
T  INDICATES TRACE AMOUNT.




$$
